[INFO] fetching crate as_derive_utils 0.11.0...
[INFO] testing as_derive_utils-0.11.0 against beta-2024-12-08 for beta-1.84.0-4-retry
[INFO] extracting crate as_derive_utils 0.11.0 into /workspace/builds/worker-2-tc2/source
[INFO] validating manifest of crates.io crate as_derive_utils 0.11.0 on toolchain beta-2024-12-08
[INFO] running `Command { std: CARGO_HOME="/workspace/cargo-home" RUSTUP_HOME="/workspace/rustup-home" "/workspace/cargo-home/bin/cargo" "+beta-2024-12-08" "metadata" "--manifest-path" "Cargo.toml" "--no-deps", kill_on_drop: false }`
[INFO] started tweaking crates.io crate as_derive_utils 0.11.0
[INFO] finished tweaking crates.io crate as_derive_utils 0.11.0
[INFO] tweaked toml for crates.io crate as_derive_utils 0.11.0 written to /workspace/builds/worker-2-tc2/source/Cargo.toml
[INFO] running `Command { std: CARGO_HOME="/workspace/cargo-home" RUSTUP_HOME="/workspace/rustup-home" "/workspace/cargo-home/bin/cargo" "+beta-2024-12-08" "generate-lockfile" "--manifest-path" "Cargo.toml", kill_on_drop: false }`
[INFO] [stderr]     Updating crates.io index
[INFO] [stderr]      Locking 17 packages to latest compatible versions
[INFO] [stderr]       Adding aho-corasick v0.7.20 (available: v1.1.3)
[INFO] [stderr]       Adding bitflags v1.3.2 (available: v2.6.0)
[INFO] [stderr]       Adding ron v0.7.1 (available: v0.8.1)
[INFO] [stderr]       Adding syn v1.0.109 (available: v2.0.90)
[INFO] running `Command { std: CARGO_HOME="/workspace/cargo-home" RUSTUP_HOME="/workspace/rustup-home" "/workspace/cargo-home/bin/cargo" "+beta-2024-12-08" "fetch" "--manifest-path" "Cargo.toml", kill_on_drop: false }`
[INFO] [stderr] warning: `default_features` is deprecated in favor of `default-features` and will not work in the 2024 edition
[INFO] [stderr] (in the `core_extensions` dependency)
[INFO] [stderr]     Blocking waiting for file lock on package cache
[INFO] running `Command { std: "docker" "create" "-v" "/var/lib/crater-agent-workspace/builds/worker-2-tc2/target:/opt/rustwide/target:rw,Z" "-v" "/var/lib/crater-agent-workspace/builds/worker-2-tc2/source:/opt/rustwide/workdir:ro,Z" "-v" "/var/lib/crater-agent-workspace/cargo-home:/opt/rustwide/cargo-home:ro,Z" "-v" "/var/lib/crater-agent-workspace/rustup-home:/opt/rustwide/rustup-home:ro,Z" "-e" "SOURCE_DIR=/opt/rustwide/workdir" "-e" "CARGO_TARGET_DIR=/opt/rustwide/target" "-e" "CARGO_HOME=/opt/rustwide/cargo-home" "-e" "RUSTUP_HOME=/opt/rustwide/rustup-home" "-w" "/opt/rustwide/workdir" "-m" "1610612736" "--user" "0:0" "--network" "none" "ghcr.io/rust-lang/crates-build-env/linux@sha256:f3a9d4ad9d972b27faf3965f35b62e55ba32bbce8f20bc8fe909558a86702fde" "/opt/rustwide/cargo-home/bin/cargo" "+beta-2024-12-08" "metadata" "--no-deps" "--format-version=1", kill_on_drop: false }`
[INFO] [stdout] 4c5d6886ea59acb314810986b27789a3dd6e149f798b4537ab0394d77c5835d9
[INFO] running `Command { std: "docker" "start" "-a" "4c5d6886ea59acb314810986b27789a3dd6e149f798b4537ab0394d77c5835d9", kill_on_drop: false }`
[INFO] running `Command { std: "docker" "inspect" "4c5d6886ea59acb314810986b27789a3dd6e149f798b4537ab0394d77c5835d9", kill_on_drop: false }`
[INFO] running `Command { std: "docker" "rm" "-f" "4c5d6886ea59acb314810986b27789a3dd6e149f798b4537ab0394d77c5835d9", kill_on_drop: false }`
[INFO] [stdout] 4c5d6886ea59acb314810986b27789a3dd6e149f798b4537ab0394d77c5835d9
[INFO] running `Command { std: "docker" "create" "-v" "/var/lib/crater-agent-workspace/builds/worker-2-tc2/target:/opt/rustwide/target:rw,Z" "-v" "/var/lib/crater-agent-workspace/builds/worker-2-tc2/source:/opt/rustwide/workdir:ro,Z" "-v" "/var/lib/crater-agent-workspace/cargo-home:/opt/rustwide/cargo-home:ro,Z" "-v" "/var/lib/crater-agent-workspace/rustup-home:/opt/rustwide/rustup-home:ro,Z" "-e" "SOURCE_DIR=/opt/rustwide/workdir" "-e" "CARGO_TARGET_DIR=/opt/rustwide/target" "-e" "CARGO_INCREMENTAL=0" "-e" "RUST_BACKTRACE=full" "-e" "RUSTFLAGS=--cap-lints=warn" "-e" "RUSTDOCFLAGS=--cap-lints=warn" "-e" "CARGO_HOME=/opt/rustwide/cargo-home" "-e" "RUSTUP_HOME=/opt/rustwide/rustup-home" "-w" "/opt/rustwide/workdir" "-m" "1610612736" "--user" "0:0" "--network" "none" "ghcr.io/rust-lang/crates-build-env/linux@sha256:f3a9d4ad9d972b27faf3965f35b62e55ba32bbce8f20bc8fe909558a86702fde" "/opt/rustwide/cargo-home/bin/cargo" "+beta-2024-12-08" "build" "--frozen" "--message-format=json", kill_on_drop: false }`
[INFO] [stdout] e2078846201ec4f5065efbf7ebfda8086288f87e0d41b2a87e06bad4dfe44968
[INFO] running `Command { std: "docker" "start" "-a" "e2078846201ec4f5065efbf7ebfda8086288f87e0d41b2a87e06bad4dfe44968", kill_on_drop: false }`
[INFO] [stderr] warning: `default_features` is deprecated in favor of `default-features` and will not work in the 2024 edition
[INFO] [stderr] (in the `core_extensions` dependency)
[INFO] [stderr]    Compiling proc-macro2 v1.0.92
[INFO] [stderr]    Compiling unicode-ident v1.0.14
[INFO] [stderr]    Compiling syn v1.0.109
[INFO] [stderr]    Compiling core_extensions v1.5.3
[INFO] [stderr]    Compiling quote v1.0.37
[INFO] [stderr]    Compiling as_derive_utils v0.11.0 (/opt/rustwide/workdir)
[INFO] [stderr]     Finished `dev` profile [unoptimized + debuginfo] target(s) in 4.94s
[INFO] running `Command { std: "docker" "inspect" "e2078846201ec4f5065efbf7ebfda8086288f87e0d41b2a87e06bad4dfe44968", kill_on_drop: false }`
[INFO] running `Command { std: "docker" "rm" "-f" "e2078846201ec4f5065efbf7ebfda8086288f87e0d41b2a87e06bad4dfe44968", kill_on_drop: false }`
[INFO] [stdout] e2078846201ec4f5065efbf7ebfda8086288f87e0d41b2a87e06bad4dfe44968
[INFO] running `Command { std: "docker" "create" "-v" "/var/lib/crater-agent-workspace/builds/worker-2-tc2/target:/opt/rustwide/target:rw,Z" "-v" "/var/lib/crater-agent-workspace/builds/worker-2-tc2/source:/opt/rustwide/workdir:ro,Z" "-v" "/var/lib/crater-agent-workspace/cargo-home:/opt/rustwide/cargo-home:ro,Z" "-v" "/var/lib/crater-agent-workspace/rustup-home:/opt/rustwide/rustup-home:ro,Z" "-e" "SOURCE_DIR=/opt/rustwide/workdir" "-e" "CARGO_TARGET_DIR=/opt/rustwide/target" "-e" "CARGO_INCREMENTAL=0" "-e" "RUST_BACKTRACE=full" "-e" "RUSTFLAGS=--cap-lints=warn" "-e" "RUSTDOCFLAGS=--cap-lints=warn" "-e" "CARGO_HOME=/opt/rustwide/cargo-home" "-e" "RUSTUP_HOME=/opt/rustwide/rustup-home" "-w" "/opt/rustwide/workdir" "-m" "1610612736" "--user" "0:0" "--network" "none" "ghcr.io/rust-lang/crates-build-env/linux@sha256:f3a9d4ad9d972b27faf3965f35b62e55ba32bbce8f20bc8fe909558a86702fde" "/opt/rustwide/cargo-home/bin/cargo" "+beta-2024-12-08" "test" "--frozen" "--no-run" "--message-format=json", kill_on_drop: false }`
[INFO] [stdout] bda375e670d4a85926f47cc883fb087753653471b3c7693f6ebefed6737dbe06
[INFO] running `Command { std: "docker" "start" "-a" "bda375e670d4a85926f47cc883fb087753653471b3c7693f6ebefed6737dbe06", kill_on_drop: false }`
[INFO] [stderr] warning: `default_features` is deprecated in favor of `default-features` and will not work in the 2024 edition
[INFO] [stderr] (in the `core_extensions` dependency)
[INFO] [stderr]    Compiling as_derive_utils v0.11.0 (/opt/rustwide/workdir)
[INFO] [stderr]     Finished `test` profile [unoptimized + debuginfo] target(s) in 0.55s
[INFO] running `Command { std: "docker" "inspect" "bda375e670d4a85926f47cc883fb087753653471b3c7693f6ebefed6737dbe06", kill_on_drop: false }`
[INFO] running `Command { std: "docker" "rm" "-f" "bda375e670d4a85926f47cc883fb087753653471b3c7693f6ebefed6737dbe06", kill_on_drop: false }`
[INFO] [stdout] bda375e670d4a85926f47cc883fb087753653471b3c7693f6ebefed6737dbe06
[INFO] running `Command { std: "docker" "create" "-v" "/var/lib/crater-agent-workspace/builds/worker-2-tc2/target:/opt/rustwide/target:rw,Z" "-v" "/var/lib/crater-agent-workspace/builds/worker-2-tc2/source:/opt/rustwide/workdir:ro,Z" "-v" "/var/lib/crater-agent-workspace/cargo-home:/opt/rustwide/cargo-home:ro,Z" "-v" "/var/lib/crater-agent-workspace/rustup-home:/opt/rustwide/rustup-home:ro,Z" "-e" "SOURCE_DIR=/opt/rustwide/workdir" "-e" "CARGO_TARGET_DIR=/opt/rustwide/target" "-e" "CARGO_INCREMENTAL=0" "-e" "RUST_BACKTRACE=full" "-e" "RUSTFLAGS=--cap-lints=warn" "-e" "RUSTDOCFLAGS=--cap-lints=warn" "-e" "CARGO_HOME=/opt/rustwide/cargo-home" "-e" "RUSTUP_HOME=/opt/rustwide/rustup-home" "-w" "/opt/rustwide/workdir" "-m" "1610612736" "--user" "0:0" "--network" "none" "ghcr.io/rust-lang/crates-build-env/linux@sha256:f3a9d4ad9d972b27faf3965f35b62e55ba32bbce8f20bc8fe909558a86702fde" "/opt/rustwide/cargo-home/bin/cargo" "+beta-2024-12-08" "test" "--frozen", kill_on_drop: false }`
[INFO] [stdout] 56ce32676593521b2bf6270a24f6c621e60d75c56e326cb5c5569d531543747d
[INFO] running `Command { std: "docker" "start" "-a" "56ce32676593521b2bf6270a24f6c621e60d75c56e326cb5c5569d531543747d", kill_on_drop: false }`
[INFO] [stderr] warning: `default_features` is deprecated in favor of `default-features` and will not work in the 2024 edition
[INFO] [stderr] (in the `core_extensions` dependency)
[INFO] [stderr]     Finished `test` profile [unoptimized + debuginfo] target(s) in 0.02s
[INFO] [stderr]      Running unittests src/lib.rs (/opt/rustwide/target/debug/deps/as_derive_utils-76f8f1a0269a5cc6)
[INFO] [stderr]    Doc-tests as_derive_utils
[INFO] [stdout] 
[INFO] [stdout] running 0 tests
[INFO] [stdout] 
[INFO] [stdout] test result: ok. 0 passed; 0 failed; 0 ignored; 0 measured; 0 filtered out; finished in 0.00s
[INFO] [stdout] 
[INFO] [stdout] 
[INFO] [stdout] running 1 test
[INFO] [stdout] test src/datastructure.rs - datastructure::Field<'a>::pat_ident (line 279) ... FAILED
[INFO] [stdout] 
[INFO] [stdout] failures:
[INFO] [stdout] 
[INFO] [stdout] ---- src/datastructure.rs - datastructure::Field<'a>::pat_ident (line 279) stdout ----
[INFO] [stdout] error[E0609]: no field `field` on type `as_derive_utils::datastructure::Struct<'_>`
[INFO] [stdout]  --> src/datastructure.rs:284:26
[INFO] [stdout]   |
[INFO] [stdout] 8 |     let field = &struct_.field[0];
[INFO] [stdout]   |                          ^^^^^ unknown field
[INFO] [stderr] error: doctest failed, to rerun pass `--doc`
[INFO] [stdout]   |
[INFO] [stdout] help: a field with a similar name exists
[INFO] [stdout]   |
[INFO] [stdout] 8 |     let field = &struct_.fields[0];
[INFO] [stdout]   |                          ~~~~~~
[INFO] [stdout] 
[INFO] [stdout] error: aborting due to 1 previous error
[INFO] [stdout] 
[INFO] [stdout] For more information about this error, try `rustc --explain E0609`.
[INFO] [stdout] Couldn't compile the test.
[INFO] [stdout] 
[INFO] [stdout] failures:
[INFO] [stdout]     src/datastructure.rs - datastructure::Field<'a>::pat_ident (line 279)
[INFO] [stdout] 
[INFO] [stdout] test result: FAILED. 0 passed; 1 failed; 0 ignored; 0 measured; 0 filtered out; finished in 0.06s
[INFO] [stdout] 
[INFO] running `Command { std: "docker" "inspect" "56ce32676593521b2bf6270a24f6c621e60d75c56e326cb5c5569d531543747d", kill_on_drop: false }`
[INFO] running `Command { std: "docker" "rm" "-f" "56ce32676593521b2bf6270a24f6c621e60d75c56e326cb5c5569d531543747d", kill_on_drop: false }`
[INFO] [stdout] 56ce32676593521b2bf6270a24f6c621e60d75c56e326cb5c5569d531543747d
