[INFO] fetching crate arrows_common 0.1.0...
[INFO] testing arrows_common-0.1.0 against beta-2024-12-08 for beta-1.84.0-4-retry
[INFO] extracting crate arrows_common 0.1.0 into /workspace/builds/worker-3-tc2/source
[INFO] validating manifest of crates.io crate arrows_common 0.1.0 on toolchain beta-2024-12-08
[INFO] running `Command { std: CARGO_HOME="/workspace/cargo-home" RUSTUP_HOME="/workspace/rustup-home" "/workspace/cargo-home/bin/cargo" "+beta-2024-12-08" "metadata" "--manifest-path" "Cargo.toml" "--no-deps", kill_on_drop: false }`
[INFO] started tweaking crates.io crate arrows_common 0.1.0
[INFO] finished tweaking crates.io crate arrows_common 0.1.0
[INFO] tweaked toml for crates.io crate arrows_common 0.1.0 written to /workspace/builds/worker-3-tc2/source/Cargo.toml
[INFO] running `Command { std: CARGO_HOME="/workspace/cargo-home" RUSTUP_HOME="/workspace/rustup-home" "/workspace/cargo-home/bin/cargo" "+beta-2024-12-08" "generate-lockfile" "--manifest-path" "Cargo.toml", kill_on_drop: false }`
[INFO] [stderr]     Updating crates.io index
[INFO] [stderr]      Locking 50 packages to latest compatible versions
[INFO] [stderr]       Adding local-ip-address v0.4.9 (available: v0.6.3)
[INFO] [stderr]       Adding parking_lot v0.11.2 (available: v0.12.3)
[INFO] [stderr]       Adding typetag v0.1.8 (available: v0.2.18)
[INFO] [stderr]       Adding uuid v0.8.2 (available: v1.11.0)
[INFO] running `Command { std: CARGO_HOME="/workspace/cargo-home" RUSTUP_HOME="/workspace/rustup-home" "/workspace/cargo-home/bin/cargo" "+beta-2024-12-08" "fetch" "--manifest-path" "Cargo.toml", kill_on_drop: false }`
[INFO] [stderr]     Blocking waiting for file lock on package cache
[INFO] running `Command { std: "docker" "create" "-v" "/var/lib/crater-agent-workspace/builds/worker-3-tc2/target:/opt/rustwide/target:rw,Z" "-v" "/var/lib/crater-agent-workspace/builds/worker-3-tc2/source:/opt/rustwide/workdir:ro,Z" "-v" "/var/lib/crater-agent-workspace/cargo-home:/opt/rustwide/cargo-home:ro,Z" "-v" "/var/lib/crater-agent-workspace/rustup-home:/opt/rustwide/rustup-home:ro,Z" "-e" "SOURCE_DIR=/opt/rustwide/workdir" "-e" "CARGO_TARGET_DIR=/opt/rustwide/target" "-e" "CARGO_HOME=/opt/rustwide/cargo-home" "-e" "RUSTUP_HOME=/opt/rustwide/rustup-home" "-w" "/opt/rustwide/workdir" "-m" "1610612736" "--user" "0:0" "--network" "none" "ghcr.io/rust-lang/crates-build-env/linux@sha256:f3a9d4ad9d972b27faf3965f35b62e55ba32bbce8f20bc8fe909558a86702fde" "/opt/rustwide/cargo-home/bin/cargo" "+beta-2024-12-08" "metadata" "--no-deps" "--format-version=1", kill_on_drop: false }`
[INFO] [stdout] 0231e3c5cdf0773a817093e9f3c50ca096c5f449c2894b8d5f9a305838db3bd7
[INFO] running `Command { std: "docker" "start" "-a" "0231e3c5cdf0773a817093e9f3c50ca096c5f449c2894b8d5f9a305838db3bd7", kill_on_drop: false }`
[INFO] running `Command { std: "docker" "inspect" "0231e3c5cdf0773a817093e9f3c50ca096c5f449c2894b8d5f9a305838db3bd7", kill_on_drop: false }`
[INFO] running `Command { std: "docker" "rm" "-f" "0231e3c5cdf0773a817093e9f3c50ca096c5f449c2894b8d5f9a305838db3bd7", kill_on_drop: false }`
[INFO] [stdout] 0231e3c5cdf0773a817093e9f3c50ca096c5f449c2894b8d5f9a305838db3bd7
[INFO] running `Command { std: "docker" "create" "-v" "/var/lib/crater-agent-workspace/builds/worker-3-tc2/target:/opt/rustwide/target:rw,Z" "-v" "/var/lib/crater-agent-workspace/builds/worker-3-tc2/source:/opt/rustwide/workdir:ro,Z" "-v" "/var/lib/crater-agent-workspace/cargo-home:/opt/rustwide/cargo-home:ro,Z" "-v" "/var/lib/crater-agent-workspace/rustup-home:/opt/rustwide/rustup-home:ro,Z" "-e" "SOURCE_DIR=/opt/rustwide/workdir" "-e" "CARGO_TARGET_DIR=/opt/rustwide/target" "-e" "CARGO_INCREMENTAL=0" "-e" "RUST_BACKTRACE=full" "-e" "RUSTFLAGS=--cap-lints=warn" "-e" "RUSTDOCFLAGS=--cap-lints=warn" "-e" "CARGO_HOME=/opt/rustwide/cargo-home" "-e" "RUSTUP_HOME=/opt/rustwide/rustup-home" "-w" "/opt/rustwide/workdir" "-m" "1610612736" "--user" "0:0" "--network" "none" "ghcr.io/rust-lang/crates-build-env/linux@sha256:f3a9d4ad9d972b27faf3965f35b62e55ba32bbce8f20bc8fe909558a86702fde" "/opt/rustwide/cargo-home/bin/cargo" "+beta-2024-12-08" "build" "--frozen" "--message-format=json", kill_on_drop: false }`
[INFO] [stdout] ea415e2edf06d5ed70f5063587af279799dbb9b0c3cc4a564cb5abf025da0c92
[INFO] running `Command { std: "docker" "start" "-a" "ea415e2edf06d5ed70f5063587af279799dbb9b0c3cc4a564cb5abf025da0c92", kill_on_drop: false }`
[INFO] [stderr]    Compiling proc-macro2 v1.0.92
[INFO] [stderr]    Compiling unicode-ident v1.0.14
[INFO] [stderr]    Compiling libc v0.2.168
[INFO] [stderr]    Compiling serde v1.0.216
[INFO] [stderr]    Compiling syn v1.0.109
[INFO] [stderr]    Compiling cfg-if v1.0.0
[INFO] [stderr]    Compiling autocfg v1.4.0
[INFO] [stderr]    Compiling thiserror v1.0.69
[INFO] [stderr]    Compiling parking_lot_core v0.8.6
[INFO] [stderr]    Compiling instant v0.1.13
[INFO] [stderr]    Compiling scopeguard v1.2.0
[INFO] [stderr]    Compiling byteorder v1.5.0
[INFO] [stderr]    Compiling serde_json v1.0.133
[INFO] [stderr]    Compiling smallvec v1.13.2
[INFO] [stderr]    Compiling itoa v1.0.14
[INFO] [stderr]    Compiling ryu v1.0.18
[INFO] [stderr]    Compiling memchr v2.7.4
[INFO] [stderr]    Compiling once_cell v1.20.2
[INFO] [stderr]    Compiling lazy_static v1.5.0
[INFO] [stderr]    Compiling lock_api v0.4.12
[INFO] [stderr]    Compiling quote v1.0.37
[INFO] [stderr]    Compiling syn v2.0.90
[INFO] [stderr]    Compiling neli v0.5.3
[INFO] [stderr]    Compiling getrandom v0.2.15
[INFO] [stderr]    Compiling uuid v0.8.2
[INFO] [stderr]    Compiling parking_lot v0.11.2
[INFO] [stderr]    Compiling serde_derive v1.0.216
[INFO] [stderr]    Compiling ghost v0.1.18
[INFO] [stderr]    Compiling thiserror-impl v1.0.69
[INFO] [stderr]    Compiling ctor v0.1.26
[INFO] [stderr]    Compiling typetag-impl v0.1.8
[INFO] [stderr]    Compiling local-ip-address v0.4.9
[INFO] [stderr]    Compiling inventory v0.2.3
[INFO] [stderr]    Compiling erased-serde v0.3.31
[INFO] [stderr]    Compiling bincode v1.3.3
[INFO] [stderr]    Compiling typetag v0.1.8
[INFO] [stderr]    Compiling arrows_common v0.1.0 (/opt/rustwide/workdir)
[INFO] [stdout] warning: non-local `impl` definition, `impl` blocks should be written at the same level as their item
[INFO] [stdout]   --> src/common/actor.rs:77:1
[INFO] [stdout]    |
[INFO] [stdout] 77 | #[typetag::serde]
[INFO] [stdout]    | ^^^^^^^^^^^^^^^^^
[INFO] [stdout]    | |
[INFO] [stdout]    | `Serialize` is not local
[INFO] [stdout]    | move the `impl` block outside of this constant `_Producer_registry`
[INFO] [stdout] 78 | pub trait Producer {
[INFO] [stdout]    |           -------- `Producer` is not local
[INFO] [stdout]    |
[INFO] [stdout]    = note: the attribute macro `typetag::serde` defines the non-local `impl`, and may need to be changed
[INFO] [stdout]    = note: the attribute macro `typetag::serde` may come from an old version of the `typetag_impl` crate, try updating your dependency with `cargo update -p typetag_impl`
[INFO] [stdout]    = note: an `impl` is never scoped, even when it is nested inside an item, as it may impact type checking outside of that item, which can be the case if neither the trait or the self type are at the same nesting level as the `impl`
[INFO] [stdout]    = note: items in an anonymous const item (`const _: () = { ... }`) are treated as in the same scope as the anonymous const's declaration for the purpose of this lint
[INFO] [stdout]    = note: `#[warn(non_local_definitions)]` on by default
[INFO] [stdout]    = note: this warning originates in the attribute macro `typetag::serde` (in Nightly builds, run with -Z macro-backtrace for more info)
[INFO] [stdout] 
[INFO] [stdout] 
[INFO] [stdout] warning: non-local `impl` definition, `impl` blocks should be written at the same level as their item
[INFO] [stdout]   --> src/common/actor.rs:77:1
[INFO] [stdout]    |
[INFO] [stdout] 77 | #[typetag::serde]
[INFO] [stdout]    | ^^^^^^^^^^^^^^^^^
[INFO] [stdout]    | |
[INFO] [stdout]    | `Send` is not local
[INFO] [stdout]    | `Serialize` is not local
[INFO] [stdout]    | move the `impl` block outside of this constant `_Producer_registry`
[INFO] [stdout] 78 | pub trait Producer {
[INFO] [stdout]    |           -------- `Producer` is not local
[INFO] [stdout]    |
[INFO] [stdout]    = note: the attribute macro `typetag::serde` defines the non-local `impl`, and may need to be changed
[INFO] [stdout]    = note: the attribute macro `typetag::serde` may come from an old version of the `typetag_impl` crate, try updating your dependency with `cargo update -p typetag_impl`
[INFO] [stdout]    = note: an `impl` is never scoped, even when it is nested inside an item, as it may impact type checking outside of that item, which can be the case if neither the trait or the self type are at the same nesting level as the `impl`
[INFO] [stdout]    = note: items in an anonymous const item (`const _: () = { ... }`) are treated as in the same scope as the anonymous const's declaration for the purpose of this lint
[INFO] [stdout]    = note: this warning originates in the attribute macro `typetag::serde` (in Nightly builds, run with -Z macro-backtrace for more info)
[INFO] [stdout] 
[INFO] [stdout] 
[INFO] [stdout] warning: non-local `impl` definition, `impl` blocks should be written at the same level as their item
[INFO] [stdout]   --> src/common/actor.rs:77:1
[INFO] [stdout]    |
[INFO] [stdout] 77 | #[typetag::serde]
[INFO] [stdout]    | ^^^^^^^^^^^^^^^^^
[INFO] [stdout]    | |
[INFO] [stdout]    | `Sync` is not local
[INFO] [stdout]    | `Serialize` is not local
[INFO] [stdout]    | move the `impl` block outside of this constant `_Producer_registry`
[INFO] [stdout] 78 | pub trait Producer {
[INFO] [stdout]    |           -------- `Producer` is not local
[INFO] [stdout]    |
[INFO] [stdout]    = note: the attribute macro `typetag::serde` defines the non-local `impl`, and may need to be changed
[INFO] [stdout]    = note: the attribute macro `typetag::serde` may come from an old version of the `typetag_impl` crate, try updating your dependency with `cargo update -p typetag_impl`
[INFO] [stdout]    = note: an `impl` is never scoped, even when it is nested inside an item, as it may impact type checking outside of that item, which can be the case if neither the trait or the self type are at the same nesting level as the `impl`
[INFO] [stdout]    = note: items in an anonymous const item (`const _: () = { ... }`) are treated as in the same scope as the anonymous const's declaration for the purpose of this lint
[INFO] [stdout]    = note: this warning originates in the attribute macro `typetag::serde` (in Nightly builds, run with -Z macro-backtrace for more info)
[INFO] [stdout] 
[INFO] [stdout] 
[INFO] [stdout] warning: non-local `impl` definition, `impl` blocks should be written at the same level as their item
[INFO] [stdout]   --> src/common/actor.rs:77:1
[INFO] [stdout]    |
[INFO] [stdout] 77 | #[typetag::serde]
[INFO] [stdout]    | ^^^^^^^^^^^^^^^^^
[INFO] [stdout]    | |
[INFO] [stdout]    | `Send` is not local
[INFO] [stdout]    | `Sync` is not local
[INFO] [stdout]    | `Serialize` is not local
[INFO] [stdout]    | move the `impl` block outside of this constant `_Producer_registry`
[INFO] [stdout] 78 | pub trait Producer {
[INFO] [stdout]    |           -------- `Producer` is not local
[INFO] [stdout]    |
[INFO] [stdout]    = note: the attribute macro `typetag::serde` defines the non-local `impl`, and may need to be changed
[INFO] [stdout]    = note: the attribute macro `typetag::serde` may come from an old version of the `typetag_impl` crate, try updating your dependency with `cargo update -p typetag_impl`
[INFO] [stdout]    = note: an `impl` is never scoped, even when it is nested inside an item, as it may impact type checking outside of that item, which can be the case if neither the trait or the self type are at the same nesting level as the `impl`
[INFO] [stdout]    = note: items in an anonymous const item (`const _: () = { ... }`) are treated as in the same scope as the anonymous const's declaration for the purpose of this lint
[INFO] [stdout]    = note: this warning originates in the attribute macro `typetag::serde` (in Nightly builds, run with -Z macro-backtrace for more info)
[INFO] [stdout] 
[INFO] [stdout] 
[INFO] [stdout] warning: non-local `impl` definition, `impl` blocks should be written at the same level as their item
[INFO] [stdout]   --> src/common/actor.rs:77:1
[INFO] [stdout]    |
[INFO] [stdout] 77 | #[typetag::serde]
[INFO] [stdout]    | ^^^^^^^^^^^^^^^^^ move the `impl` block outside of this constant `_Producer_registry`
[INFO] [stdout] 78 | pub trait Producer {
[INFO] [stdout]    |           -------- `Producer` is not local
[INFO] [stdout]    |
[INFO] [stdout]    = note: the attribute macro `typetag::serde` defines the non-local `impl`, and may need to be changed
[INFO] [stdout]    = note: the attribute macro `typetag::serde` may come from an old version of the `typetag_impl` crate, try updating your dependency with `cargo update -p typetag_impl`
[INFO] [stdout]    = note: an `impl` is never scoped, even when it is nested inside an item, as it may impact type checking outside of that item, which can be the case if neither the trait or the self type are at the same nesting level as the `impl`
[INFO] [stdout]    = note: items in an anonymous const item (`const _: () = { ... }`) are treated as in the same scope as the anonymous const's declaration for the purpose of this lint
[INFO] [stdout]    = note: this warning originates in the attribute macro `typetag::serde` (in Nightly builds, run with -Z macro-backtrace for more info)
[INFO] [stdout] 
[INFO] [stdout] 
[INFO] [stdout] warning: non-local `impl` definition, `impl` blocks should be written at the same level as their item
[INFO] [stdout]   --> src/common/actor.rs:77:1
[INFO] [stdout]    |
[INFO] [stdout] 77 | #[typetag::serde]
[INFO] [stdout]    | ^^^^^^^^^^^^^^^^^
[INFO] [stdout]    | |
[INFO] [stdout]    | `Strictest` is not local
[INFO] [stdout]    | move the `impl` block outside of this constant `_Producer_registry`
[INFO] [stdout] 78 | pub trait Producer {
[INFO] [stdout]    |           -------- `Producer` is not local
[INFO] [stdout]    |
[INFO] [stdout]    = note: the attribute macro `typetag::serde` defines the non-local `impl`, and may need to be changed
[INFO] [stdout]    = note: the attribute macro `typetag::serde` may come from an old version of the `typetag_impl` crate, try updating your dependency with `cargo update -p typetag_impl`
[INFO] [stdout]    = note: an `impl` is never scoped, even when it is nested inside an item, as it may impact type checking outside of that item, which can be the case if neither the trait or the self type are at the same nesting level as the `impl`
[INFO] [stdout]    = note: items in an anonymous const item (`const _: () = { ... }`) are treated as in the same scope as the anonymous const's declaration for the purpose of this lint
[INFO] [stdout]    = note: this warning originates in the attribute macro `typetag::serde` (in Nightly builds, run with -Z macro-backtrace for more info)
[INFO] [stdout] 
[INFO] [stdout] 
[INFO] [stdout] warning: non-local `impl` definition, `impl` blocks should be written at the same level as their item
[INFO] [stdout]   --> src/common/actor.rs:77:1
[INFO] [stdout]    |
[INFO] [stdout] 77 | #[typetag::serde]
[INFO] [stdout]    | -^^^^^^^^^^^^^^^^
[INFO] [stdout]    | |
[INFO] [stdout]    | `Box` is not local
[INFO] [stdout]    | `Deserialize` is not local
[INFO] [stdout]    | move the `impl` block outside of this constant `_Producer_registry`
[INFO] [stdout] 78 | pub trait Producer {
[INFO] [stdout]    |           -------- `Producer` is not local
[INFO] [stdout]    |
[INFO] [stdout]    = note: the attribute macro `typetag::serde` defines the non-local `impl`, and may need to be changed
[INFO] [stdout]    = note: the attribute macro `typetag::serde` may come from an old version of the `typetag_impl` crate, try updating your dependency with `cargo update -p typetag_impl`
[INFO] [stdout]    = note: an `impl` is never scoped, even when it is nested inside an item, as it may impact type checking outside of that item, which can be the case if neither the trait or the self type are at the same nesting level as the `impl`
[INFO] [stdout]    = note: items in an anonymous const item (`const _: () = { ... }`) are treated as in the same scope as the anonymous const's declaration for the purpose of this lint
[INFO] [stdout]    = note: this warning originates in the attribute macro `typetag::serde` (in Nightly builds, run with -Z macro-backtrace for more info)
[INFO] [stdout] 
[INFO] [stdout] 
[INFO] [stderr]     Finished `dev` profile [unoptimized + debuginfo] target(s) in 36.54s
[INFO] running `Command { std: "docker" "inspect" "ea415e2edf06d5ed70f5063587af279799dbb9b0c3cc4a564cb5abf025da0c92", kill_on_drop: false }`
[INFO] running `Command { std: "docker" "rm" "-f" "ea415e2edf06d5ed70f5063587af279799dbb9b0c3cc4a564cb5abf025da0c92", kill_on_drop: false }`
[INFO] [stdout] ea415e2edf06d5ed70f5063587af279799dbb9b0c3cc4a564cb5abf025da0c92
[INFO] running `Command { std: "docker" "create" "-v" "/var/lib/crater-agent-workspace/builds/worker-3-tc2/target:/opt/rustwide/target:rw,Z" "-v" "/var/lib/crater-agent-workspace/builds/worker-3-tc2/source:/opt/rustwide/workdir:ro,Z" "-v" "/var/lib/crater-agent-workspace/cargo-home:/opt/rustwide/cargo-home:ro,Z" "-v" "/var/lib/crater-agent-workspace/rustup-home:/opt/rustwide/rustup-home:ro,Z" "-e" "SOURCE_DIR=/opt/rustwide/workdir" "-e" "CARGO_TARGET_DIR=/opt/rustwide/target" "-e" "CARGO_INCREMENTAL=0" "-e" "RUST_BACKTRACE=full" "-e" "RUSTFLAGS=--cap-lints=warn" "-e" "RUSTDOCFLAGS=--cap-lints=warn" "-e" "CARGO_HOME=/opt/rustwide/cargo-home" "-e" "RUSTUP_HOME=/opt/rustwide/rustup-home" "-w" "/opt/rustwide/workdir" "-m" "1610612736" "--user" "0:0" "--network" "none" "ghcr.io/rust-lang/crates-build-env/linux@sha256:f3a9d4ad9d972b27faf3965f35b62e55ba32bbce8f20bc8fe909558a86702fde" "/opt/rustwide/cargo-home/bin/cargo" "+beta-2024-12-08" "test" "--frozen" "--no-run" "--message-format=json", kill_on_drop: false }`
[INFO] [stdout] f4baadd532154857de851b77b17a7a36ddfcfab9ba16b1ca56d8fae58b7aad66
[INFO] running `Command { std: "docker" "start" "-a" "f4baadd532154857de851b77b17a7a36ddfcfab9ba16b1ca56d8fae58b7aad66", kill_on_drop: false }`
[INFO] [stdout] warning: non-local `impl` definition, `impl` blocks should be written at the same level as their item
[INFO] [stdout]   --> src/common/actor.rs:77:1
[INFO] [stdout]    |
[INFO] [stdout] 77 | #[typetag::serde]
[INFO] [stdout]    | ^^^^^^^^^^^^^^^^^
[INFO] [stdout]    | |
[INFO] [stdout]    | `Serialize` is not local
[INFO] [stdout]    | move the `impl` block outside of this constant `_Producer_registry`
[INFO] [stdout] 78 | pub trait Producer {
[INFO] [stdout]    |           -------- `Producer` is not local
[INFO] [stdout]    |
[INFO] [stdout]    = note: the attribute macro `typetag::serde` defines the non-local `impl`, and may need to be changed
[INFO] [stdout]    = note: the attribute macro `typetag::serde` may come from an old version of the `typetag_impl` crate, try updating your dependency with `cargo update -p typetag_impl`
[INFO] [stdout]    = note: an `impl` is never scoped, even when it is nested inside an item, as it may impact type checking outside of that item, which can be the case if neither the trait or the self type are at the same nesting level as the `impl`
[INFO] [stdout]    = note: items in an anonymous const item (`const _: () = { ... }`) are treated as in the same scope as the anonymous const's declaration for the purpose of this lint
[INFO] [stdout]    = note: `#[warn(non_local_definitions)]` on by default
[INFO] [stdout]    = note: this warning originates in the attribute macro `typetag::serde` (in Nightly builds, run with -Z macro-backtrace for more info)
[INFO] [stdout] 
[INFO] [stdout] 
[INFO] [stdout] warning: non-local `impl` definition, `impl` blocks should be written at the same level as their item
[INFO] [stdout]   --> src/common/actor.rs:77:1
[INFO] [stdout]    |
[INFO] [stdout] 77 | #[typetag::serde]
[INFO] [stdout]    | ^^^^^^^^^^^^^^^^^
[INFO] [stdout]    | |
[INFO] [stdout]    | `Send` is not local
[INFO] [stdout]    | `Serialize` is not local
[INFO] [stdout]    | move the `impl` block outside of this constant `_Producer_registry`
[INFO] [stdout] 78 | pub trait Producer {
[INFO] [stdout]    |           -------- `Producer` is not local
[INFO] [stdout]    |
[INFO] [stdout]    = note: the attribute macro `typetag::serde` defines the non-local `impl`, and may need to be changed
[INFO] [stdout]    = note: the attribute macro `typetag::serde` may come from an old version of the `typetag_impl` crate, try updating your dependency with `cargo update -p typetag_impl`
[INFO] [stdout]    = note: an `impl` is never scoped, even when it is nested inside an item, as it may impact type checking outside of that item, which can be the case if neither the trait or the self type are at the same nesting level as the `impl`
[INFO] [stdout]    = note: items in an anonymous const item (`const _: () = { ... }`) are treated as in the same scope as the anonymous const's declaration for the purpose of this lint
[INFO] [stdout]    = note: this warning originates in the attribute macro `typetag::serde` (in Nightly builds, run with -Z macro-backtrace for more info)
[INFO] [stdout] 
[INFO] [stdout] 
[INFO] [stdout] warning: non-local `impl` definition, `impl` blocks should be written at the same level as their item
[INFO] [stdout]   --> src/common/actor.rs:77:1
[INFO] [stdout]    |
[INFO] [stdout] 77 | #[typetag::serde]
[INFO] [stdout]    | ^^^^^^^^^^^^^^^^^
[INFO] [stdout]    | |
[INFO] [stdout]    | `Sync` is not local
[INFO] [stdout]    | `Serialize` is not local
[INFO] [stdout]    | move the `impl` block outside of this constant `_Producer_registry`
[INFO] [stdout] 78 | pub trait Producer {
[INFO] [stdout]    |           -------- `Producer` is not local
[INFO] [stdout]    |
[INFO] [stdout]    = note: the attribute macro `typetag::serde` defines the non-local `impl`, and may need to be changed
[INFO] [stdout]    = note: the attribute macro `typetag::serde` may come from an old version of the `typetag_impl` crate, try updating your dependency with `cargo update -p typetag_impl`
[INFO] [stdout]    = note: an `impl` is never scoped, even when it is nested inside an item, as it may impact type checking outside of that item, which can be the case if neither the trait or the self type are at the same nesting level as the `impl`
[INFO] [stdout]    = note: items in an anonymous const item (`const _: () = { ... }`) are treated as in the same scope as the anonymous const's declaration for the purpose of this lint
[INFO] [stdout]    = note: this warning originates in the attribute macro `typetag::serde` (in Nightly builds, run with -Z macro-backtrace for more info)
[INFO] [stdout] 
[INFO] [stdout] 
[INFO] [stdout] warning: non-local `impl` definition, `impl` blocks should be written at the same level as their item
[INFO] [stdout]   --> src/common/actor.rs:77:1
[INFO] [stdout]    |
[INFO] [stdout] 77 | #[typetag::serde]
[INFO] [stdout]    | ^^^^^^^^^^^^^^^^^
[INFO] [stdout]    | |
[INFO] [stdout]    | `Send` is not local
[INFO] [stdout]    | `Sync` is not local
[INFO] [stdout]    | `Serialize` is not local
[INFO] [stdout]    | move the `impl` block outside of this constant `_Producer_registry`
[INFO] [stdout] 78 | pub trait Producer {
[INFO] [stdout]    |           -------- `Producer` is not local
[INFO] [stdout]    |
[INFO] [stdout]    = note: the attribute macro `typetag::serde` defines the non-local `impl`, and may need to be changed
[INFO] [stdout]    = note: the attribute macro `typetag::serde` may come from an old version of the `typetag_impl` crate, try updating your dependency with `cargo update -p typetag_impl`
[INFO] [stdout]    = note: an `impl` is never scoped, even when it is nested inside an item, as it may impact type checking outside of that item, which can be the case if neither the trait or the self type are at the same nesting level as the `impl`
[INFO] [stdout]    = note: items in an anonymous const item (`const _: () = { ... }`) are treated as in the same scope as the anonymous const's declaration for the purpose of this lint
[INFO] [stdout]    = note: this warning originates in the attribute macro `typetag::serde` (in Nightly builds, run with -Z macro-backtrace for more info)
[INFO] [stdout] 
[INFO] [stdout] 
[INFO] [stdout] warning: non-local `impl` definition, `impl` blocks should be written at the same level as their item
[INFO] [stdout]   --> src/common/actor.rs:77:1
[INFO] [stdout]    |
[INFO] [stdout] 77 | #[typetag::serde]
[INFO] [stdout]    | ^^^^^^^^^^^^^^^^^ move the `impl` block outside of this constant `_Producer_registry`
[INFO] [stdout] 78 | pub trait Producer {
[INFO] [stdout]    |           -------- `Producer` is not local
[INFO] [stdout]    |
[INFO] [stdout]    = note: the attribute macro `typetag::serde` defines the non-local `impl`, and may need to be changed
[INFO] [stdout]    = note: the attribute macro `typetag::serde` may come from an old version of the `typetag_impl` crate, try updating your dependency with `cargo update -p typetag_impl`
[INFO] [stdout]    = note: an `impl` is never scoped, even when it is nested inside an item, as it may impact type checking outside of that item, which can be the case if neither the trait or the self type are at the same nesting level as the `impl`
[INFO] [stdout]    = note: items in an anonymous const item (`const _: () = { ... }`) are treated as in the same scope as the anonymous const's declaration for the purpose of this lint
[INFO] [stdout]    = note: this warning originates in the attribute macro `typetag::serde` (in Nightly builds, run with -Z macro-backtrace for more info)
[INFO] [stdout] 
[INFO] [stdout] 
[INFO] [stdout] warning: non-local `impl` definition, `impl` blocks should be written at the same level as their item
[INFO] [stdout]   --> src/common/actor.rs:77:1
[INFO] [stdout]    |
[INFO] [stdout] 77 | #[typetag::serde]
[INFO] [stdout]    | ^^^^^^^^^^^^^^^^^
[INFO] [stdout]    | |
[INFO] [stdout]    | `Strictest` is not local
[INFO] [stdout]    | move the `impl` block outside of this constant `_Producer_registry`
[INFO] [stdout] 78 | pub trait Producer {
[INFO] [stdout]    |           -------- `Producer` is not local
[INFO] [stdout]    |
[INFO] [stdout]    = note: the attribute macro `typetag::serde` defines the non-local `impl`, and may need to be changed
[INFO] [stdout]    = note: the attribute macro `typetag::serde` may come from an old version of the `typetag_impl` crate, try updating your dependency with `cargo update -p typetag_impl`
[INFO] [stdout]    = note: an `impl` is never scoped, even when it is nested inside an item, as it may impact type checking outside of that item, which can be the case if neither the trait or the self type are at the same nesting level as the `impl`
[INFO] [stdout]    = note: items in an anonymous const item (`const _: () = { ... }`) are treated as in the same scope as the anonymous const's declaration for the purpose of this lint
[INFO] [stdout]    = note: this warning originates in the attribute macro `typetag::serde` (in Nightly builds, run with -Z macro-backtrace for more info)
[INFO] [stdout] 
[INFO] [stdout] 
[INFO] [stdout] warning: non-local `impl` definition, `impl` blocks should be written at the same level as their item
[INFO] [stdout]   --> src/common/actor.rs:77:1
[INFO] [stdout]    |
[INFO] [stdout] 77 | #[typetag::serde]
[INFO] [stdout]    | -^^^^^^^^^^^^^^^^
[INFO] [stdout]    | |
[INFO] [stdout]    | `Box` is not local
[INFO] [stdout]    | `Deserialize` is not local
[INFO] [stdout]    | move the `impl` block outside of this constant `_Producer_registry`
[INFO] [stdout] 78 | pub trait Producer {
[INFO] [stdout]    |           -------- `Producer` is not local
[INFO] [stdout]    |
[INFO] [stdout]    = note: the attribute macro `typetag::serde` defines the non-local `impl`, and may need to be changed
[INFO] [stdout]    = note: the attribute macro `typetag::serde` may come from an old version of the `typetag_impl` crate, try updating your dependency with `cargo update -p typetag_impl`
[INFO] [stdout]    = note: an `impl` is never scoped, even when it is nested inside an item, as it may impact type checking outside of that item, which can be the case if neither the trait or the self type are at the same nesting level as the `impl`
[INFO] [stdout]    = note: items in an anonymous const item (`const _: () = { ... }`) are treated as in the same scope as the anonymous const's declaration for the purpose of this lint
[INFO] [stdout]    = note: this warning originates in the attribute macro `typetag::serde` (in Nightly builds, run with -Z macro-backtrace for more info)
[INFO] [stdout] 
[INFO] [stdout] 
[INFO] [stderr]    Compiling arrows_common v0.1.0 (/opt/rustwide/workdir)
[INFO] [stdout] warning: non-local `impl` definition, `impl` blocks should be written at the same level as their item
[INFO] [stdout]   --> src/common/actor.rs:77:1
[INFO] [stdout]    |
[INFO] [stdout] 77 | #[typetag::serde]
[INFO] [stdout]    | ^^^^^^^^^^^^^^^^^
[INFO] [stdout]    | |
[INFO] [stdout]    | `Serialize` is not local
[INFO] [stdout]    | move the `impl` block outside of this constant `_Producer_registry`
[INFO] [stdout] 78 | pub trait Producer {
[INFO] [stdout]    |           -------- `Producer` is not local
[INFO] [stdout]    |
[INFO] [stdout]    = note: the attribute macro `typetag::serde` defines the non-local `impl`, and may need to be changed
[INFO] [stdout]    = note: the attribute macro `typetag::serde` may come from an old version of the `typetag_impl` crate, try updating your dependency with `cargo update -p typetag_impl`
[INFO] [stdout]    = note: an `impl` is never scoped, even when it is nested inside an item, as it may impact type checking outside of that item, which can be the case if neither the trait or the self type are at the same nesting level as the `impl`
[INFO] [stdout]    = note: items in an anonymous const item (`const _: () = { ... }`) are treated as in the same scope as the anonymous const's declaration for the purpose of this lint
[INFO] [stdout]    = note: `#[warn(non_local_definitions)]` on by default
[INFO] [stdout]    = note: this warning originates in the attribute macro `typetag::serde` (in Nightly builds, run with -Z macro-backtrace for more info)
[INFO] [stdout] 
[INFO] [stdout] 
[INFO] [stdout] warning: non-local `impl` definition, `impl` blocks should be written at the same level as their item
[INFO] [stdout]   --> src/common/actor.rs:77:1
[INFO] [stdout]    |
[INFO] [stdout] 77 | #[typetag::serde]
[INFO] [stdout]    | ^^^^^^^^^^^^^^^^^
[INFO] [stdout]    | |
[INFO] [stdout]    | `Send` is not local
[INFO] [stdout]    | `Serialize` is not local
[INFO] [stdout]    | move the `impl` block outside of this constant `_Producer_registry`
[INFO] [stdout] 78 | pub trait Producer {
[INFO] [stdout]    |           -------- `Producer` is not local
[INFO] [stdout]    |
[INFO] [stdout]    = note: the attribute macro `typetag::serde` defines the non-local `impl`, and may need to be changed
[INFO] [stdout]    = note: the attribute macro `typetag::serde` may come from an old version of the `typetag_impl` crate, try updating your dependency with `cargo update -p typetag_impl`
[INFO] [stdout]    = note: an `impl` is never scoped, even when it is nested inside an item, as it may impact type checking outside of that item, which can be the case if neither the trait or the self type are at the same nesting level as the `impl`
[INFO] [stdout]    = note: items in an anonymous const item (`const _: () = { ... }`) are treated as in the same scope as the anonymous const's declaration for the purpose of this lint
[INFO] [stdout]    = note: this warning originates in the attribute macro `typetag::serde` (in Nightly builds, run with -Z macro-backtrace for more info)
[INFO] [stdout] 
[INFO] [stdout] 
[INFO] [stdout] warning: non-local `impl` definition, `impl` blocks should be written at the same level as their item
[INFO] [stdout]   --> src/common/actor.rs:77:1
[INFO] [stdout]    |
[INFO] [stdout] 77 | #[typetag::serde]
[INFO] [stdout]    | ^^^^^^^^^^^^^^^^^
[INFO] [stdout]    | |
[INFO] [stdout]    | `Sync` is not local
[INFO] [stdout]    | `Serialize` is not local
[INFO] [stdout]    | move the `impl` block outside of this constant `_Producer_registry`
[INFO] [stdout] 78 | pub trait Producer {
[INFO] [stdout]    |           -------- `Producer` is not local
[INFO] [stdout]    |
[INFO] [stdout]    = note: the attribute macro `typetag::serde` defines the non-local `impl`, and may need to be changed
[INFO] [stdout]    = note: the attribute macro `typetag::serde` may come from an old version of the `typetag_impl` crate, try updating your dependency with `cargo update -p typetag_impl`
[INFO] [stdout]    = note: an `impl` is never scoped, even when it is nested inside an item, as it may impact type checking outside of that item, which can be the case if neither the trait or the self type are at the same nesting level as the `impl`
[INFO] [stdout]    = note: items in an anonymous const item (`const _: () = { ... }`) are treated as in the same scope as the anonymous const's declaration for the purpose of this lint
[INFO] [stdout]    = note: this warning originates in the attribute macro `typetag::serde` (in Nightly builds, run with -Z macro-backtrace for more info)
[INFO] [stdout] 
[INFO] [stdout] 
[INFO] [stdout] warning: non-local `impl` definition, `impl` blocks should be written at the same level as their item
[INFO] [stdout]   --> src/common/actor.rs:77:1
[INFO] [stdout]    |
[INFO] [stdout] 77 | #[typetag::serde]
[INFO] [stdout]    | ^^^^^^^^^^^^^^^^^
[INFO] [stdout]    | |
[INFO] [stdout]    | `Send` is not local
[INFO] [stdout]    | `Sync` is not local
[INFO] [stdout]    | `Serialize` is not local
[INFO] [stdout]    | move the `impl` block outside of this constant `_Producer_registry`
[INFO] [stdout] 78 | pub trait Producer {
[INFO] [stdout]    |           -------- `Producer` is not local
[INFO] [stdout]    |
[INFO] [stdout]    = note: the attribute macro `typetag::serde` defines the non-local `impl`, and may need to be changed
[INFO] [stdout]    = note: the attribute macro `typetag::serde` may come from an old version of the `typetag_impl` crate, try updating your dependency with `cargo update -p typetag_impl`
[INFO] [stdout]    = note: an `impl` is never scoped, even when it is nested inside an item, as it may impact type checking outside of that item, which can be the case if neither the trait or the self type are at the same nesting level as the `impl`
[INFO] [stdout]    = note: items in an anonymous const item (`const _: () = { ... }`) are treated as in the same scope as the anonymous const's declaration for the purpose of this lint
[INFO] [stdout]    = note: this warning originates in the attribute macro `typetag::serde` (in Nightly builds, run with -Z macro-backtrace for more info)
[INFO] [stdout] 
[INFO] [stdout] 
[INFO] [stdout] warning: non-local `impl` definition, `impl` blocks should be written at the same level as their item
[INFO] [stdout]   --> src/common/actor.rs:77:1
[INFO] [stdout]    |
[INFO] [stdout] 77 | #[typetag::serde]
[INFO] [stdout]    | ^^^^^^^^^^^^^^^^^ move the `impl` block outside of this constant `_Producer_registry`
[INFO] [stdout] 78 | pub trait Producer {
[INFO] [stdout]    |           -------- `Producer` is not local
[INFO] [stdout]    |
[INFO] [stdout]    = note: the attribute macro `typetag::serde` defines the non-local `impl`, and may need to be changed
[INFO] [stdout]    = note: the attribute macro `typetag::serde` may come from an old version of the `typetag_impl` crate, try updating your dependency with `cargo update -p typetag_impl`
[INFO] [stdout]    = note: an `impl` is never scoped, even when it is nested inside an item, as it may impact type checking outside of that item, which can be the case if neither the trait or the self type are at the same nesting level as the `impl`
[INFO] [stdout]    = note: items in an anonymous const item (`const _: () = { ... }`) are treated as in the same scope as the anonymous const's declaration for the purpose of this lint
[INFO] [stdout]    = note: this warning originates in the attribute macro `typetag::serde` (in Nightly builds, run with -Z macro-backtrace for more info)
[INFO] [stdout] 
[INFO] [stdout] 
[INFO] [stdout] warning: non-local `impl` definition, `impl` blocks should be written at the same level as their item
[INFO] [stdout]   --> src/common/actor.rs:77:1
[INFO] [stdout]    |
[INFO] [stdout] 77 | #[typetag::serde]
[INFO] [stdout]    | ^^^^^^^^^^^^^^^^^
[INFO] [stdout]    | |
[INFO] [stdout]    | `Strictest` is not local
[INFO] [stdout]    | move the `impl` block outside of this constant `_Producer_registry`
[INFO] [stdout] 78 | pub trait Producer {
[INFO] [stdout]    |           -------- `Producer` is not local
[INFO] [stdout]    |
[INFO] [stdout]    = note: the attribute macro `typetag::serde` defines the non-local `impl`, and may need to be changed
[INFO] [stdout]    = note: the attribute macro `typetag::serde` may come from an old version of the `typetag_impl` crate, try updating your dependency with `cargo update -p typetag_impl`
[INFO] [stdout]    = note: an `impl` is never scoped, even when it is nested inside an item, as it may impact type checking outside of that item, which can be the case if neither the trait or the self type are at the same nesting level as the `impl`
[INFO] [stdout]    = note: items in an anonymous const item (`const _: () = { ... }`) are treated as in the same scope as the anonymous const's declaration for the purpose of this lint
[INFO] [stdout]    = note: this warning originates in the attribute macro `typetag::serde` (in Nightly builds, run with -Z macro-backtrace for more info)
[INFO] [stdout] 
[INFO] [stdout] 
[INFO] [stdout] warning: non-local `impl` definition, `impl` blocks should be written at the same level as their item
[INFO] [stdout]   --> src/common/actor.rs:77:1
[INFO] [stdout]    |
[INFO] [stdout] 77 | #[typetag::serde]
[INFO] [stdout]    | -^^^^^^^^^^^^^^^^
[INFO] [stdout]    | |
[INFO] [stdout]    | `Box` is not local
[INFO] [stdout]    | `Deserialize` is not local
[INFO] [stdout]    | move the `impl` block outside of this constant `_Producer_registry`
[INFO] [stdout] 78 | pub trait Producer {
[INFO] [stdout]    |           -------- `Producer` is not local
[INFO] [stdout]    |
[INFO] [stdout]    = note: the attribute macro `typetag::serde` defines the non-local `impl`, and may need to be changed
[INFO] [stdout]    = note: the attribute macro `typetag::serde` may come from an old version of the `typetag_impl` crate, try updating your dependency with `cargo update -p typetag_impl`
[INFO] [stdout]    = note: an `impl` is never scoped, even when it is nested inside an item, as it may impact type checking outside of that item, which can be the case if neither the trait or the self type are at the same nesting level as the `impl`
[INFO] [stdout]    = note: items in an anonymous const item (`const _: () = { ... }`) are treated as in the same scope as the anonymous const's declaration for the purpose of this lint
[INFO] [stdout]    = note: this warning originates in the attribute macro `typetag::serde` (in Nightly builds, run with -Z macro-backtrace for more info)
[INFO] [stdout] 
[INFO] [stdout] 
[INFO] [stderr]     Finished `test` profile [unoptimized + debuginfo] target(s) in 2.37s
[INFO] running `Command { std: "docker" "inspect" "f4baadd532154857de851b77b17a7a36ddfcfab9ba16b1ca56d8fae58b7aad66", kill_on_drop: false }`
[INFO] running `Command { std: "docker" "rm" "-f" "f4baadd532154857de851b77b17a7a36ddfcfab9ba16b1ca56d8fae58b7aad66", kill_on_drop: false }`
[INFO] [stdout] f4baadd532154857de851b77b17a7a36ddfcfab9ba16b1ca56d8fae58b7aad66
[INFO] running `Command { std: "docker" "create" "-v" "/var/lib/crater-agent-workspace/builds/worker-3-tc2/target:/opt/rustwide/target:rw,Z" "-v" "/var/lib/crater-agent-workspace/builds/worker-3-tc2/source:/opt/rustwide/workdir:ro,Z" "-v" "/var/lib/crater-agent-workspace/cargo-home:/opt/rustwide/cargo-home:ro,Z" "-v" "/var/lib/crater-agent-workspace/rustup-home:/opt/rustwide/rustup-home:ro,Z" "-e" "SOURCE_DIR=/opt/rustwide/workdir" "-e" "CARGO_TARGET_DIR=/opt/rustwide/target" "-e" "CARGO_INCREMENTAL=0" "-e" "RUST_BACKTRACE=full" "-e" "RUSTFLAGS=--cap-lints=warn" "-e" "RUSTDOCFLAGS=--cap-lints=warn" "-e" "CARGO_HOME=/opt/rustwide/cargo-home" "-e" "RUSTUP_HOME=/opt/rustwide/rustup-home" "-w" "/opt/rustwide/workdir" "-m" "1610612736" "--user" "0:0" "--network" "none" "ghcr.io/rust-lang/crates-build-env/linux@sha256:f3a9d4ad9d972b27faf3965f35b62e55ba32bbce8f20bc8fe909558a86702fde" "/opt/rustwide/cargo-home/bin/cargo" "+beta-2024-12-08" "test" "--frozen", kill_on_drop: false }`
[INFO] [stdout] ce042313bd756b68e9a9ca9065327a67af4d6691699489e0a81eb82d8473b950
[INFO] running `Command { std: "docker" "start" "-a" "ce042313bd756b68e9a9ca9065327a67af4d6691699489e0a81eb82d8473b950", kill_on_drop: false }`
[INFO] [stderr] warning: non-local `impl` definition, `impl` blocks should be written at the same level as their item
[INFO] [stderr]   --> src/common/actor.rs:77:1
[INFO] [stderr]    |
[INFO] [stderr] 77 | #[typetag::serde]
[INFO] [stderr]    | ^^^^^^^^^^^^^^^^^
[INFO] [stderr]    | |
[INFO] [stderr]    | `Serialize` is not local
[INFO] [stderr]    | move the `impl` block outside of this constant `_Producer_registry`
[INFO] [stderr] 78 | pub trait Producer {
[INFO] [stderr]    |           -------- `Producer` is not local
[INFO] [stderr]    |
[INFO] [stderr]    = note: the attribute macro `typetag::serde` defines the non-local `impl`, and may need to be changed
[INFO] [stderr]    = note: the attribute macro `typetag::serde` may come from an old version of the `typetag_impl` crate, try updating your dependency with `cargo update -p typetag_impl`
[INFO] [stderr]    = note: an `impl` is never scoped, even when it is nested inside an item, as it may impact type checking outside of that item, which can be the case if neither the trait or the self type are at the same nesting level as the `impl`
[INFO] [stderr]    = note: items in an anonymous const item (`const _: () = { ... }`) are treated as in the same scope as the anonymous const's declaration for the purpose of this lint
[INFO] [stderr]    = note: `#[warn(non_local_definitions)]` on by default
[INFO] [stderr]    = note: this warning originates in the attribute macro `typetag::serde` (in Nightly builds, run with -Z macro-backtrace for more info)
[INFO] [stdout] 
[INFO] [stderr] 
[INFO] [stdout] running 17 tests
[INFO] [stderr] warning: non-local `impl` definition, `impl` blocks should be written at the same level as their item
[INFO] [stderr]   --> src/common/actor.rs:77:1
[INFO] [stderr]    |
[INFO] [stderr] 77 | #[typetag::serde]
[INFO] [stderr]    | ^^^^^^^^^^^^^^^^^
[INFO] [stderr]    | |
[INFO] [stderr]    | `Send` is not local
[INFO] [stderr]    | `Serialize` is not local
[INFO] [stderr]    | move the `impl` block outside of this constant `_Producer_registry`
[INFO] [stderr] 78 | pub trait Producer {
[INFO] [stderr]    |           -------- `Producer` is not local
[INFO] [stderr]    |
[INFO] [stderr]    = note: the attribute macro `typetag::serde` defines the non-local `impl`, and may need to be changed
[INFO] [stderr]    = note: the attribute macro `typetag::serde` may come from an old version of the `typetag_impl` crate, try updating your dependency with `cargo update -p typetag_impl`
[INFO] [stderr]    = note: an `impl` is never scoped, even when it is nested inside an item, as it may impact type checking outside of that item, which can be the case if neither the trait or the self type are at the same nesting level as the `impl`
[INFO] [stderr]    = note: items in an anonymous const item (`const _: () = { ... }`) are treated as in the same scope as the anonymous const's declaration for the purpose of this lint
[INFO] [stderr]    = note: this warning originates in the attribute macro `typetag::serde` (in Nightly builds, run with -Z macro-backtrace for more info)
[INFO] [stderr] 
[INFO] [stderr] warning: non-local `impl` definition, `impl` blocks should be written at the same level as their item
[INFO] [stderr]   --> src/common/actor.rs:77:1
[INFO] [stderr]    |
[INFO] [stderr] 77 | #[typetag::serde]
[INFO] [stderr]    | ^^^^^^^^^^^^^^^^^
[INFO] [stderr]    | |
[INFO] [stderr]    | `Sync` is not local
[INFO] [stderr]    | `Serialize` is not local
[INFO] [stderr]    | move the `impl` block outside of this constant `_Producer_registry`
[INFO] [stderr] 78 | pub trait Producer {
[INFO] [stderr]    |           -------- `Producer` is not local
[INFO] [stderr]    |
[INFO] [stderr]    = note: the attribute macro `typetag::serde` defines the non-local `impl`, and may need to be changed
[INFO] [stderr]    = note: the attribute macro `typetag::serde` may come from an old version of the `typetag_impl` crate, try updating your dependency with `cargo update -p typetag_impl`
[INFO] [stderr]    = note: an `impl` is never scoped, even when it is nested inside an item, as it may impact type checking outside of that item, which can be the case if neither the trait or the self type are at the same nesting level as the `impl`
[INFO] [stderr]    = note: items in an anonymous const item (`const _: () = { ... }`) are treated as in the same scope as the anonymous const's declaration for the purpose of this lint
[INFO] [stderr]    = note: this warning originates in the attribute macro `typetag::serde` (in Nightly builds, run with -Z macro-backtrace for more info)
[INFO] [stderr] 
[INFO] [stderr] warning: non-local `impl` definition, `impl` blocks should be written at the same level as their item
[INFO] [stderr]   --> src/common/actor.rs:77:1
[INFO] [stderr]    |
[INFO] [stderr] 77 | #[typetag::serde]
[INFO] [stderr]    | ^^^^^^^^^^^^^^^^^
[INFO] [stderr]    | |
[INFO] [stderr]    | `Send` is not local
[INFO] [stderr]    | `Sync` is not local
[INFO] [stderr]    | `Serialize` is not local
[INFO] [stderr]    | move the `impl` block outside of this constant `_Producer_registry`
[INFO] [stderr] 78 | pub trait Producer {
[INFO] [stderr]    |           -------- `Producer` is not local
[INFO] [stderr]    |
[INFO] [stderr]    = note: the attribute macro `typetag::serde` defines the non-local `impl`, and may need to be changed
[INFO] [stderr]    = note: the attribute macro `typetag::serde` may come from an old version of the `typetag_impl` crate, try updating your dependency with `cargo update -p typetag_impl`
[INFO] [stderr]    = note: an `impl` is never scoped, even when it is nested inside an item, as it may impact type checking outside of that item, which can be the case if neither the trait or the self type are at the same nesting level as the `impl`
[INFO] [stderr]    = note: items in an anonymous const item (`const _: () = { ... }`) are treated as in the same scope as the anonymous const's declaration for the purpose of this lint
[INFO] [stderr]    = note: this warning originates in the attribute macro `typetag::serde` (in Nightly builds, run with -Z macro-backtrace for more info)
[INFO] [stderr] 
[INFO] [stderr] warning: non-local `impl` definition, `impl` blocks should be written at the same level as their item
[INFO] [stderr]   --> src/common/actor.rs:77:1
[INFO] [stderr]    |
[INFO] [stderr] 77 | #[typetag::serde]
[INFO] [stderr]    | ^^^^^^^^^^^^^^^^^ move the `impl` block outside of this constant `_Producer_registry`
[INFO] [stderr] 78 | pub trait Producer {
[INFO] [stderr]    |           -------- `Producer` is not local
[INFO] [stderr]    |
[INFO] [stderr]    = note: the attribute macro `typetag::serde` defines the non-local `impl`, and may need to be changed
[INFO] [stderr]    = note: the attribute macro `typetag::serde` may come from an old version of the `typetag_impl` crate, try updating your dependency with `cargo update -p typetag_impl`
[INFO] [stderr]    = note: an `impl` is never scoped, even when it is nested inside an item, as it may impact type checking outside of that item, which can be the case if neither the trait or the self type are at the same nesting level as the `impl`
[INFO] [stderr]    = note: items in an anonymous const item (`const _: () = { ... }`) are treated as in the same scope as the anonymous const's declaration for the purpose of this lint
[INFO] [stderr]    = note: this warning originates in the attribute macro `typetag::serde` (in Nightly builds, run with -Z macro-backtrace for more info)
[INFO] [stderr] 
[INFO] [stderr] warning: non-local `impl` definition, `impl` blocks should be written at the same level as their item
[INFO] [stderr]   --> src/common/actor.rs:77:1
[INFO] [stderr]    |
[INFO] [stderr] 77 | #[typetag::serde]
[INFO] [stderr]    | ^^^^^^^^^^^^^^^^^
[INFO] [stderr]    | |
[INFO] [stderr]    | `Strictest` is not local
[INFO] [stderr]    | move the `impl` block outside of this constant `_Producer_registry`
[INFO] [stderr] 78 | pub trait Producer {
[INFO] [stderr]    |           -------- `Producer` is not local
[INFO] [stderr]    |
[INFO] [stderr]    = note: the attribute macro `typetag::serde` defines the non-local `impl`, and may need to be changed
[INFO] [stderr]    = note: the attribute macro `typetag::serde` may come from an old version of the `typetag_impl` crate, try updating your dependency with `cargo update -p typetag_impl`
[INFO] [stderr]    = note: an `impl` is never scoped, even when it is nested inside an item, as it may impact type checking outside of that item, which can be the case if neither the trait or the self type are at the same nesting level as the `impl`
[INFO] [stderr]    = note: items in an anonymous const item (`const _: () = { ... }`) are treated as in the same scope as the anonymous const's declaration for the purpose of this lint
[INFO] [stderr]    = note: this warning originates in the attribute macro `typetag::serde` (in Nightly builds, run with -Z macro-backtrace for more info)
[INFO] [stderr] 
[INFO] [stderr] warning: non-local `impl` definition, `impl` blocks should be written at the same level as their item
[INFO] [stderr]   --> src/common/actor.rs:77:1
[INFO] [stderr]    |
[INFO] [stderr] 77 | #[typetag::serde]
[INFO] [stderr]    | -^^^^^^^^^^^^^^^^
[INFO] [stderr]    | |
[INFO] [stderr]    | `Box` is not local
[INFO] [stderr]    | `Deserialize` is not local
[INFO] [stderr]    | move the `impl` block outside of this constant `_Producer_registry`
[INFO] [stderr] 78 | pub trait Producer {
[INFO] [stderr]    |           -------- `Producer` is not local
[INFO] [stderr]    |
[INFO] [stderr]    = note: the attribute macro `typetag::serde` defines the non-local `impl`, and may need to be changed
[INFO] [stderr]    = note: the attribute macro `typetag::serde` may come from an old version of the `typetag_impl` crate, try updating your dependency with `cargo update -p typetag_impl`
[INFO] [stderr]    = note: an `impl` is never scoped, even when it is nested inside an item, as it may impact type checking outside of that item, which can be the case if neither the trait or the self type are at the same nesting level as the `impl`
[INFO] [stderr]    = note: items in an anonymous const item (`const _: () = { ... }`) are treated as in the same scope as the anonymous const's declaration for the purpose of this lint
[INFO] [stderr]    = note: this warning originates in the attribute macro `typetag::serde` (in Nightly builds, run with -Z macro-backtrace for more info)
[INFO] [stderr] 
[INFO] [stderr] warning: `arrows_common` (lib) generated 7 warnings
[INFO] [stderr] warning: `arrows_common` (lib test) generated 7 warnings (7 duplicates)
[INFO] [stderr]     Finished `test` profile [unoptimized + debuginfo] target(s) in 0.08s
[INFO] [stderr]      Running unittests src/lib.rs (/opt/rustwide/target/debug/deps/arrows_common-cd414f5a3ed65592)
[INFO] [stdout] test common::addr::tests::create_addr_test2 ... ok
[INFO] [stdout] test common::addr::tests::create_addr_test3 ... ok
[INFO] [stdout] test common::mail::tests::create_trade_msg_test_alter_content_and_to ... ok
[INFO] [stdout] test common::mail::tests::binary_reply_test_1 ... ok
[INFO] [stdout] test common::mail::tests::as_text_test_1 ... ok
[INFO] [stdout] test common::addr::tests::create_addr_test1 ... ok
[INFO] [stdout] test common::mail::tests::create_trade_msg_test_from ... ok
[INFO] [stdout] test common::mail::tests::create_trade_msg_test_content_and_to ... ok
[INFO] [stdout] test common::mail::tests::mail_is_command_test_1 ... ok
[INFO] [stdout] test common::mail::tests::outbound_mgs_test_1 ... ok
[INFO] [stdout] test common::mail::tests::test_mail_partition ... ok
[INFO] [stdout] test common::mail::tests::text_reply_test_1 ... ok
[INFO] [stdout] test common::utils::tests::from_bytes_test_1 ... ok
[INFO] [stdout] test common::mail::tests::set_recipient_test_1 ... ok
[INFO] [stdout] test common::mail::tests::mail_print_test ... ok
[INFO] [stdout] test common::addr::tests::create_addr_change_ip_test1 ... FAILED
[INFO] [stdout] test common::addr::tests::create_addr_change_port_test_1 ... FAILED
[INFO] [stdout] 
[INFO] [stdout] failures:
[INFO] [stdout] 
[INFO] [stdout] ---- common::addr::tests::create_addr_change_ip_test1 stdout ----
[INFO] [stdout] Could not parse given ip: "300.300.300.300"
[INFO] [stdout] thread 'common::addr::tests::create_addr_change_ip_test1' panicked at src/common/addr.rs:200:9:
[INFO] [stdout] assertion failed: addr.is_local()
[INFO] [stdout] stack backtrace:
[INFO] [stdout]    0:     0x5b287c8a9eea - std::backtrace_rs::backtrace::libunwind::trace::h8810477743020387
[INFO] [stdout]                                at /rustc/202008a1b8de96d2e5b6bc02d379db03a877d34d/library/std/src/../../backtrace/src/backtrace/libunwind.rs:116:5
[INFO] [stdout]    1:     0x5b287c8a9eea - std::backtrace_rs::backtrace::trace_unsynchronized::h3aa55355dd6c54a6
[INFO] [stdout]                                at /rustc/202008a1b8de96d2e5b6bc02d379db03a877d34d/library/std/src/../../backtrace/src/backtrace/mod.rs:66:5
[INFO] [stdout]    2:     0x5b287c8a9eea - std::sys::backtrace::_print_fmt::h8588b0f62410823f
[INFO] [stdout]                                at /rustc/202008a1b8de96d2e5b6bc02d379db03a877d34d/library/std/src/sys/backtrace.rs:66:9
[INFO] [stdout]    3:     0x5b287c8a9eea - <std::sys::backtrace::BacktraceLock::print::DisplayBacktrace as core::fmt::Display>::fmt::h98c26ac25ffe89bb
[INFO] [stdout]                                at /rustc/202008a1b8de96d2e5b6bc02d379db03a877d34d/library/std/src/sys/backtrace.rs:39:26
[INFO] [stdout]    4:     0x5b287c8d1be3 - core::fmt::rt::Argument::fmt::hf95377f4aebd453b
[INFO] [stdout]                                at /rustc/202008a1b8de96d2e5b6bc02d379db03a877d34d/library/core/src/fmt/rt.rs:177:76
[INFO] [stdout]    5:     0x5b287c8d1be3 - core::fmt::write::h0dd5f6e2238c7982
[INFO] [stdout]                                at /rustc/202008a1b8de96d2e5b6bc02d379db03a877d34d/library/core/src/fmt/mod.rs:1189:21
[INFO] [stdout]    6:     0x5b287c8a7083 - std::io::Write::write_fmt::h03bb0ca26e6faf8c
[INFO] [stdout]                                at /rustc/202008a1b8de96d2e5b6bc02d379db03a877d34d/library/std/src/io/mod.rs:1884:15
[INFO] [stdout]    7:     0x5b287c8a9d32 - std::sys::backtrace::BacktraceLock::print::h5c19c1c038ee186d
[INFO] [stdout]                                at /rustc/202008a1b8de96d2e5b6bc02d379db03a877d34d/library/std/src/sys/backtrace.rs:42:9
[INFO] [stdout]    8:     0x5b287c8ab36d - std::panicking::default_hook::{{closure}}::h77172f079a1fcb13
[INFO] [stdout]                                at /rustc/202008a1b8de96d2e5b6bc02d379db03a877d34d/library/std/src/panicking.rs:268:22
[INFO] [stdout]    9:     0x5b287c8ab177 - std::panicking::default_hook::he5f8e3b203ccddba
[INFO] [stdout]                                at /rustc/202008a1b8de96d2e5b6bc02d379db03a877d34d/library/std/src/panicking.rs:292:9
[INFO] [stdout]   10:     0x5b287c83a107 - <alloc::boxed::Box<F,A> as core::ops::function::Fn<Args>>::call::h7a3c7b4a1ae77f2f
[INFO] [stdout]                                at /rustc/202008a1b8de96d2e5b6bc02d379db03a877d34d/library/alloc/src/boxed.rs:1986:9
[INFO] [stdout]   11:     0x5b287c83a107 - test::test_main::{{closure}}::hf0d3b69ae9b353d1
[INFO] [stdout]                                at /rustc/202008a1b8de96d2e5b6bc02d379db03a877d34d/library/test/src/lib.rs:134:21
[INFO] [stdout]   12:     0x5b287c8aba18 - <alloc::boxed::Box<F,A> as core::ops::function::Fn<Args>>::call::h6332e82e7b189abd
[INFO] [stdout]                                at /rustc/202008a1b8de96d2e5b6bc02d379db03a877d34d/library/alloc/src/boxed.rs:1986:9
[INFO] [stdout]   13:     0x5b287c8aba18 - std::panicking::rust_panic_with_hook::h53863d4e9018df39
[INFO] [stdout]                                at /rustc/202008a1b8de96d2e5b6bc02d379db03a877d34d/library/std/src/panicking.rs:809:13
[INFO] [stdout]   14:     0x5b287c8ab7a6 - std::panicking::begin_panic_handler::{{closure}}::h67280e6fa0757873
[INFO] [stdout]                                at /rustc/202008a1b8de96d2e5b6bc02d379db03a877d34d/library/std/src/panicking.rs:667:13
[INFO] [stdout]   15:     0x5b287c8aa3c9 - std::sys::backtrace::__rust_end_short_backtrace::h1dac3f54d6fbbeb2
[INFO] [stdout]                                at /rustc/202008a1b8de96d2e5b6bc02d379db03a877d34d/library/std/src/sys/backtrace.rs:170:18
[INFO] [stdout]   16:     0x5b287c8ab46c - rust_begin_unwind
[INFO] [stdout]                                at /rustc/202008a1b8de96d2e5b6bc02d379db03a877d34d/library/std/src/panicking.rs:665:5
[INFO] [stdout]   17:     0x5b287c796110 - core::panicking::panic_fmt::h6792bd1b2bf01041
[INFO] [stdout]                                at /rustc/202008a1b8de96d2e5b6bc02d379db03a877d34d/library/core/src/panicking.rs:76:14
[INFO] [stdout]   18:     0x5b287c79619c - core::panicking::panic::hbb5c236a846c507c
[INFO] [stdout]                                at /rustc/202008a1b8de96d2e5b6bc02d379db03a877d34d/library/core/src/panicking.rs:148:5
[INFO] [stdout]   19:     0x5b287c7a26fe - arrows_common::common::addr::tests::create_addr_change_ip_test1::h0b684f4b7e4f63fd
[INFO] [stdout]                                at /opt/rustwide/workdir/src/common/addr.rs:200:9
[INFO] [stdout]   20:     0x5b287c7a2547 - arrows_common::common::addr::tests::create_addr_change_ip_test1::{{closure}}::h72fb8c109c9d011a
[INFO] [stdout]                                at /opt/rustwide/workdir/src/common/addr.rs:192:37
[INFO] [stdout]   21:     0x5b287c7a3856 - core::ops::function::FnOnce::call_once::hf6259c5495f0578e
[INFO] [stdout]                                at /rustc/202008a1b8de96d2e5b6bc02d379db03a877d34d/library/core/src/ops/function.rs:250:5
[INFO] [stdout]   22:     0x5b287c83ec2b - core::ops::function::FnOnce::call_once::h871bf86719ec9aa4
[INFO] [stdout]                                at /rustc/202008a1b8de96d2e5b6bc02d379db03a877d34d/library/core/src/ops/function.rs:250:5
[INFO] [stdout]   23:     0x5b287c83ec2b - test::__rust_begin_short_backtrace::h2167df1e2b7d76fd
[INFO] [stdout]                                at /rustc/202008a1b8de96d2e5b6bc02d379db03a877d34d/library/test/src/lib.rs:632:18
[INFO] [stdout]   24:     0x5b287c83e618 - test::run_test_in_process::{{closure}}::h15d92f75a3adfb79
[INFO] [stdout]                                at /rustc/202008a1b8de96d2e5b6bc02d379db03a877d34d/library/test/src/lib.rs:655:60
[INFO] [stdout]   25:     0x5b287c83e618 - <core::panic::unwind_safe::AssertUnwindSafe<F> as core::ops::function::FnOnce<()>>::call_once::hb6c8955835a8dbbb
[INFO] [stdout]                                at /rustc/202008a1b8de96d2e5b6bc02d379db03a877d34d/library/core/src/panic/unwind_safe.rs:272:9
[INFO] [stdout]   26:     0x5b287c83e618 - std::panicking::try::do_call::hc79d0fc888a0bd30
[INFO] [stdout]                                at /rustc/202008a1b8de96d2e5b6bc02d379db03a877d34d/library/std/src/panicking.rs:557:40
[INFO] [stdout]   27:     0x5b287c83e618 - std::panicking::try::hb8a7878e3a8589d6
[INFO] [stdout]                                at /rustc/202008a1b8de96d2e5b6bc02d379db03a877d34d/library/std/src/panicking.rs:520:19
[INFO] [stdout]   28:     0x5b287c83e618 - std::panic::catch_unwind::hb8e4600ff0ff5cfa
[INFO] [stdout]                                at /rustc/202008a1b8de96d2e5b6bc02d379db03a877d34d/library/std/src/panic.rs:358:14
[INFO] [stdout]   29:     0x5b287c83e618 - test::run_test_in_process::hc2900b0b18688dd6
[INFO] [stdout]                                at /rustc/202008a1b8de96d2e5b6bc02d379db03a877d34d/library/test/src/lib.rs:655:27
[INFO] [stdout]   30:     0x5b287c83e618 - test::run_test::{{closure}}::hac2a9cb07be3d48d
[INFO] [stdout]                                at /rustc/202008a1b8de96d2e5b6bc02d379db03a877d34d/library/test/src/lib.rs:576:43
[INFO] [stdout]   31:     0x5b287c8020ba - test::run_test::{{closure}}::h4a5b729e66a38cd8
[INFO] [stdout]                                at /rustc/202008a1b8de96d2e5b6bc02d379db03a877d34d/library/test/src/lib.rs:606:41
[INFO] [stdout]   32:     0x5b287c8020ba - std::sys::backtrace::__rust_begin_short_backtrace::h0496fb742492f573
[INFO] [stdout]                                at /rustc/202008a1b8de96d2e5b6bc02d379db03a877d34d/library/std/src/sys/backtrace.rs:154:18
[INFO] [stdout]   33:     0x5b287c805a34 - std::thread::Builder::spawn_unchecked_::{{closure}}::{{closure}}::hbb6d257c550a54bd
[INFO] [stdout]                                at /rustc/202008a1b8de96d2e5b6bc02d379db03a877d34d/library/std/src/thread/mod.rs:561:17
[INFO] [stdout]   34:     0x5b287c805a34 - <core::panic::unwind_safe::AssertUnwindSafe<F> as core::ops::function::FnOnce<()>>::call_once::h46696fe4a6832328
[INFO] [stdout]                                at /rustc/202008a1b8de96d2e5b6bc02d379db03a877d34d/library/core/src/panic/unwind_safe.rs:272:9
[INFO] [stdout]   35:     0x5b287c805a34 - std::panicking::try::do_call::h2625a51b667bfb64
[INFO] [stdout]                                at /rustc/202008a1b8de96d2e5b6bc02d379db03a877d34d/library/std/src/panicking.rs:557:40
[INFO] [stdout]   36:     0x5b287c805a34 - std::panicking::try::hb956a59a1973aa4c
[INFO] [stdout]                                at /rustc/202008a1b8de96d2e5b6bc02d379db03a877d34d/library/std/src/panicking.rs:520:19
[INFO] [stdout]   37:     0x5b287c805a34 - std::panic::catch_unwind::h64f3b9d1067ef6a0
[INFO] [stdout]                                at /rustc/202008a1b8de96d2e5b6bc02d379db03a877d34d/library/std/src/panic.rs:358:14
[INFO] [stdout]   38:     0x5b287c805a34 - std::thread::Builder::spawn_unchecked_::{{closure}}::h42b2841295b6c0b2
[INFO] [stdout]                                at /rustc/202008a1b8de96d2e5b6bc02d379db03a877d34d/library/std/src/thread/mod.rs:559:30
[INFO] [stdout]   39:     0x5b287c805a34 - core::ops::function::FnOnce::call_once{{vtable.shim}}::h6127de71b8124639
[INFO] [stdout]                                at /rustc/202008a1b8de96d2e5b6bc02d379db03a877d34d/library/core/src/ops/function.rs:250:5
[INFO] [stdout]   40:     0x5b287c8afc4b - <alloc::boxed::Box<F,A> as core::ops::function::FnOnce<Args>>::call_once::h42f0ba71002a1b2c
[INFO] [stdout]                                at /rustc/202008a1b8de96d2e5b6bc02d379db03a877d34d/library/alloc/src/boxed.rs:1972:9
[INFO] [stdout]   41:     0x5b287c8afc4b - <alloc::boxed::Box<F,A> as core::ops::function::FnOnce<Args>>::call_once::had9e47d7a3dcecb8
[INFO] [stdout]                                at /rustc/202008a1b8de96d2e5b6bc02d379db03a877d34d/library/alloc/src/boxed.rs:1972:9
[INFO] [stdout]   42:     0x5b287c8afc4b - std::sys::pal::unix::thread::Thread::new::thread_start::h48cf765408f6f5f2
[INFO] [stdout]                                at /rustc/202008a1b8de96d2e5b6bc02d379db03a877d34d/library/std/src/sys/pal/unix/thread.rs:105:17
[INFO] [stdout]   43:     0x71c30b684ac3 - <unknown>
[INFO] [stdout]   44:     0x71c30b715a04 - clone
[INFO] [stdout]   45:                0x0 - <unknown>
[INFO] [stdout] 
[INFO] [stdout] ---- common::addr::tests::create_addr_change_port_test_1 stdout ----
[INFO] [stdout] 6161 id 918721096488779972 port Some(7171)
[INFO] [stdout] thread 'common::addr::tests::create_addr_change_port_test_1' panicked at src/common/addr.rs:185:9:
[INFO] [stdout] assertion `left != right` failed
[INFO] [stdout]   left: 918721096488779972
[INFO] [stdout]  right: 918721096488779972
[INFO] [stdout] stack backtrace:
[INFO] [stdout]    0:     0x5b287c8a9eea - std::backtrace_rs::backtrace::libunwind::trace::h8810477743020387
[INFO] [stdout]                                at /rustc/202008a1b8de96d2e5b6bc02d379db03a877d34d/library/std/src/../../backtrace/src/backtrace/libunwind.rs:116:5
[INFO] [stdout]    1:     0x5b287c8a9eea - std::backtrace_rs::backtrace::trace_unsynchronized::h3aa55355dd6c54a6
[INFO] [stdout]                                at /rustc/202008a1b8de96d2e5b6bc02d379db03a877d34d/library/std/src/../../backtrace/src/backtrace/mod.rs:66:5
[INFO] [stdout]    2:     0x5b287c8a9eea - std::sys::backtrace::_print_fmt::h8588b0f62410823f
[INFO] [stdout]                                at /rustc/202008a1b8de96d2e5b6bc02d379db03a877d34d/library/std/src/sys/backtrace.rs:66:9
[INFO] [stdout]    3:     0x5b287c8a9eea - <std::sys::backtrace::BacktraceLock::print::DisplayBacktrace as core::fmt::Display>::fmt::h98c26ac25ffe89bb
[INFO] [stdout]                                at /rustc/202008a1b8de96d2e5b6bc02d379db03a877d34d/library/std/src/sys/backtrace.rs:39:26
[INFO] [stdout]    4:     0x5b287c8d1be3 - core::fmt::rt::Argument::fmt::hf95377f4aebd453b
[INFO] [stdout]                                at /rustc/202008a1b8de96d2e5b6bc02d379db03a877d34d/library/core/src/fmt/rt.rs:177:76
[INFO] [stdout]    5:     0x5b287c8d1be3 - core::fmt::write::h0dd5f6e2238c7982
[INFO] [stdout]                                at /rustc/202008a1b8de96d2e5b6bc02d379db03a877d34d/library/core/src/fmt/mod.rs:1189:21
[INFO] [stdout]    6:     0x5b287c8a7083 - std::io::Write::write_fmt::h03bb0ca26e6faf8c
[INFO] [stdout]                                at /rustc/202008a1b8de96d2e5b6bc02d379db03a877d34d/library/std/src/io/mod.rs:1884:15
[INFO] [stdout]    7:     0x5b287c8a9d32 - std::sys::backtrace::BacktraceLock::print::h5c19c1c038ee186d
[INFO] [stdout]                                at /rustc/202008a1b8de96d2e5b6bc02d379db03a877d34d/library/std/src/sys/backtrace.rs:42:9
[INFO] [stdout]    8:     0x5b287c8ab36d - std::panicking::default_hook::{{closure}}::h77172f079a1fcb13
[INFO] [stdout]                                at /rustc/202008a1b8de96d2e5b6bc02d379db03a877d34d/library/std/src/panicking.rs:268:22
[INFO] [stdout]    9:     0x5b287c8ab177 - std::panicking::default_hook::he5f8e3b203ccddba
[INFO] [stdout]                                at /rustc/202008a1b8de96d2e5b6bc02d379db03a877d34d/library/std/src/panicking.rs:292:9
[INFO] [stdout]   10:     0x5b287c83a107 - <alloc::boxed::Box<F,A> as core::ops::function::Fn<Args>>::call::h7a3c7b4a1ae77f2f
[INFO] [stdout]                                at /rustc/202008a1b8de96d2e5b6bc02d379db03a877d34d/library/alloc/src/boxed.rs:1986:9
[INFO] [stdout]   11:     0x5b287c83a107 - test::test_main::{{closure}}::hf0d3b69ae9b353d1
[INFO] [stdout]                                at /rustc/202008a1b8de96d2e5b6bc02d379db03a877d34d/library/test/src/lib.rs:134:21
[INFO] [stdout]   12:     0x5b287c8aba18 - <alloc::boxed::Box<F,A> as core::ops::function::Fn<Args>>::call::h6332e82e7b189abd
[INFO] [stdout]                                at /rustc/202008a1b8de96d2e5b6bc02d379db03a877d34d/library/alloc/src/boxed.rs:1986:9
[INFO] [stdout]   13:     0x5b287c8aba18 - std::panicking::rust_panic_with_hook::h53863d4e9018df39
[INFO] [stdout]                                at /rustc/202008a1b8de96d2e5b6bc02d379db03a877d34d/library/std/src/panicking.rs:809:13
[INFO] [stdout]   14:     0x5b287c8ab7da - std::panicking::begin_panic_handler::{{closure}}::h67280e6fa0757873
[INFO] [stdout]                                at /rustc/202008a1b8de96d2e5b6bc02d379db03a877d34d/library/std/src/panicking.rs:674:13
[INFO] [stdout]   15:     0x5b287c8aa3c9 - std::sys::backtrace::__rust_end_short_backtrace::h1dac3f54d6fbbeb2
[INFO] [stdout]                                at /rustc/202008a1b8de96d2e5b6bc02d379db03a877d34d/library/std/src/sys/backtrace.rs:170:18
[INFO] [stdout]   16:     0x5b287c8ab46c - rust_begin_unwind
[INFO] [stdout]                                at /rustc/202008a1b8de96d2e5b6bc02d379db03a877d34d/library/std/src/panicking.rs:665:5
[INFO] [stdout]   17:     0x5b287c796110 - core::panicking::panic_fmt::h6792bd1b2bf01041
[INFO] [stdout]                                at /rustc/202008a1b8de96d2e5b6bc02d379db03a877d34d/library/core/src/panicking.rs:76:14
[INFO] [stdout]   18:     0x5b287c796575 - core::panicking::assert_failed_inner::hf2c17e6d30928787
[INFO] [stdout]   19:     0x5b287c79591d - core::panicking::assert_failed::he8e2cb1628ee150d
[INFO] [stdout]   20:     0x5b287c7a20c2 - arrows_common::common::addr::tests::create_addr_change_port_test_1::h713bfe1d93550110
[INFO] [stdout]                                at /opt/rustwide/workdir/src/common/addr.rs:185:9
[INFO] [stdout]   21:     0x5b287c7a1d77 - arrows_common::common::addr::tests::create_addr_change_port_test_1::{{closure}}::h8d9322cc5c1a10e0
[INFO] [stdout]                                at /opt/rustwide/workdir/src/common/addr.rs:177:40
[INFO] [stdout]   22:     0x5b287c7a3526 - core::ops::function::FnOnce::call_once::ha043d412e1776708
[INFO] [stdout]                                at /rustc/202008a1b8de96d2e5b6bc02d379db03a877d34d/library/core/src/ops/function.rs:250:5
[INFO] [stdout]   23:     0x5b287c83ec2b - core::ops::function::FnOnce::call_once::h871bf86719ec9aa4
[INFO] [stdout]                                at /rustc/202008a1b8de96d2e5b6bc02d379db03a877d34d/library/core/src/ops/function.rs:250:5
[INFO] [stdout]   24:     0x5b287c83ec2b - test::__rust_begin_short_backtrace::h2167df1e2b7d76fd
[INFO] [stdout]                                at /rustc/202008a1b8de96d2e5b6bc02d379db03a877d34d/library/test/src/lib.rs:632:18
[INFO] [stdout]   25:     0x5b287c83e618 - test::run_test_in_process::{{closure}}::h15d92f75a3adfb79
[INFO] [stdout]                                at /rustc/202008a1b8de96d2e5b6bc02d379db03a877d34d/library/test/src/lib.rs:655:60
[INFO] [stdout]   26:     0x5b287c83e618 - <core::panic::unwind_safe::AssertUnwindSafe<F> as core::ops::function::FnOnce<()>>::call_once::hb6c8955835a8dbbb
[INFO] [stdout]                                at /rustc/202008a1b8de96d2e5b6bc02d379db03a877d34d/library/core/src/panic/unwind_safe.rs:272:9
[INFO] [stdout]   27:     0x5b287c83e618 - std::panicking::try::do_call::hc79d0fc888a0bd30
[INFO] [stdout]                                at /rustc/202008a1b8de96d2e5b6bc02d379db03a877d34d/library/std/src/panicking.rs:557:40
[INFO] [stdout]   28:     0x5b287c83e618 - std::panicking::try::hb8a7878e3a8589d6
[INFO] [stdout]                                at /rustc/202008a1b8de96d2e5b6bc02d379db03a877d34d/library/std/src/panicking.rs:520:19
[INFO] [stdout]   29:     0x5b287c83e618 - std::panic::catch_unwind::hb8e4600ff0ff5cfa
[INFO] [stdout]                                at /rustc/202008a1b8de96d2e5b6bc02d379db03a877d34d/library/std/src/panic.rs:358:14
[INFO] [stdout]   30:     0x5b287c83e618 - test::run_test_in_process::hc2900b0b18688dd6
[INFO] [stdout]                                at /rustc/202008a1b8de96d2e5b6bc02d379db03a877d34d/library/test/src/lib.rs:655:27
[INFO] [stdout]   31:     0x5b287c83e618 - test::run_test::{{closure}}::hac2a9cb07be3d48d
[INFO] [stdout]                                at /rustc/202008a1b8de96d2e5b6bc02d379db03a877d34d/library/test/src/lib.rs:576:43
[INFO] [stdout]   32:     0x5b287c8020ba - test::run_test::{{closure}}::h4a5b729e66a38cd8
[INFO] [stdout]                                at /rustc/202008a1b8de96d2e5b6bc02d379db03a877d34d/library/test/src/lib.rs:606:41
[INFO] [stdout]   33:     0x5b287c8020ba - std::sys::backtrace::__rust_begin_short_backtrace::h0496fb742492f573
[INFO] [stdout]                                at /rustc/202008a1b8de96d2e5b6bc02d379db03a877d34d/library/std/src/sys/backtrace.rs:154:18
[INFO] [stdout]   34:     0x5b287c805a34 - std::thread::Builder::spawn_unchecked_::{{closure}}::{{closure}}::hbb6d257c550a54bd
[INFO] [stdout]                                at /rustc/202008a1b8de96d2e5b6bc02d379db03a877d34d/library/std/src/thread/mod.rs:561:17
[INFO] [stdout]   35:     0x5b287c805a34 - <core::panic::unwind_safe::AssertUnwindSafe<F> as core::ops::function::FnOnce<()>>::call_once::h46696fe4a6832328
[INFO] [stdout]                                at /rustc/202008a1b8de96d2e5b6bc02d379db03a877d34d/library/core/src/panic/unwind_safe.rs:272:9
[INFO] [stdout]   36:     0x5b287c805a34 - std::panicking::try::do_call::h2625a51b667bfb64
[INFO] [stdout]                                at /rustc/202008a1b8de96d2e5b6bc02d379db03a877d34d/library/std/src/panicking.rs:557:40
[INFO] [stdout]   37:     0x5b287c805a34 - std::panicking::try::hb956a59a1973aa4c
[INFO] [stdout]                                at /rustc/202008a1b8de96d2e5b6bc02d379db03a877d34d/library/std/src/panicking.rs:520:19
[INFO] [stdout]   38:     0x5b287c805a34 - std::panic::catch_unwind::h64f3b9d1067ef6a0
[INFO] [stdout]                                at /rustc/202008a1b8de96d2e5b6bc02d379db03a877d34d/library/std/src/panic.rs:358:14
[INFO] [stdout]   39:     0x5b287c805a34 - std::thread::Builder::spawn_unchecked_::{{closure}}::h42b2841295b6c0b2
[INFO] [stdout]                                at /rustc/202008a1b8de96d2e5b6bc02d379db03a877d34d/library/std/src/thread/mod.rs:559:30
[INFO] [stdout]   40:     0x5b287c805a34 - core::ops::function::FnOnce::call_once{{vtable.shim}}::h6127de71b8124639
[INFO] [stdout]                                at /rustc/202008a1b8de96d2e5b6bc02d379db03a877d34d/library/core/src/ops/function.rs:250:5
[INFO] [stdout]   41:     0x5b287c8afc4b - <alloc::boxed::Box<F,A> as core::ops::function::FnOnce<Args>>::call_once::h42f0ba71002a1b2c
[INFO] [stdout]                                at /rustc/202008a1b8de96d2e5b6bc02d379db03a877d34d/library/alloc/src/boxed.rs:1972:9
[INFO] [stdout]   42:     0x5b287c8afc4b - <alloc::boxed::Box<F,A> as core::ops::function::FnOnce<Args>>::call_once::had9e47d7a3dcecb8
[INFO] [stdout]                                at /rustc/202008a1b8de96d2e5b6bc02d379db03a877d34d/library/alloc/src/boxed.rs:1972:9
[INFO] [stdout]   43:     0x5b287c8afc4b - std::sys::pal::unix::thread::Thread::new::thread_start::h48cf765408f6f5f2
[INFO] [stdout]                                at /rustc/202008a1b8de96d2e5b6bc02d379db03a877d34d/library/std/src/sys/pal/unix/thread.rs:105:17
[INFO] [stdout]   44:     0x71c30b684ac3 - <unknown>
[INFO] [stdout]   45:     0x71c30b715a04 - clone
[INFO] [stdout]   46:                0x0 - <unknown>
[INFO] [stderr] error: test failed, to rerun pass `--lib`
[INFO] [stdout] 
[INFO] [stdout] 
[INFO] [stdout] failures:
[INFO] [stdout]     common::addr::tests::create_addr_change_ip_test1
[INFO] [stdout]     common::addr::tests::create_addr_change_port_test_1
[INFO] [stdout] 
[INFO] [stdout] test result: FAILED. 15 passed; 2 failed; 0 ignored; 0 measured; 0 filtered out; finished in 0.05s
[INFO] [stdout] 
[INFO] running `Command { std: "docker" "inspect" "ce042313bd756b68e9a9ca9065327a67af4d6691699489e0a81eb82d8473b950", kill_on_drop: false }`
[INFO] running `Command { std: "docker" "rm" "-f" "ce042313bd756b68e9a9ca9065327a67af4d6691699489e0a81eb82d8473b950", kill_on_drop: false }`
[INFO] [stdout] ce042313bd756b68e9a9ca9065327a67af4d6691699489e0a81eb82d8473b950
