[INFO] fetching crate arrow2_convert 0.5.0...
[INFO] testing arrow2_convert-0.5.0 against beta-2024-12-08 for beta-1.84.0-4-retry
[INFO] extracting crate arrow2_convert 0.5.0 into /workspace/builds/worker-4-tc2/source
[INFO] validating manifest of crates.io crate arrow2_convert 0.5.0 on toolchain beta-2024-12-08
[INFO] running `Command { std: CARGO_HOME="/workspace/cargo-home" RUSTUP_HOME="/workspace/rustup-home" "/workspace/cargo-home/bin/cargo" "+beta-2024-12-08" "metadata" "--manifest-path" "Cargo.toml" "--no-deps", kill_on_drop: false }`
[INFO] started tweaking crates.io crate arrow2_convert 0.5.0
[INFO] finished tweaking crates.io crate arrow2_convert 0.5.0
[INFO] tweaked toml for crates.io crate arrow2_convert 0.5.0 written to /workspace/builds/worker-4-tc2/source/Cargo.toml
[INFO] running `Command { std: CARGO_HOME="/workspace/cargo-home" RUSTUP_HOME="/workspace/rustup-home" "/workspace/cargo-home/bin/cargo" "+beta-2024-12-08" "generate-lockfile" "--manifest-path" "Cargo.toml", kill_on_drop: false }`
[INFO] [stderr]     Updating crates.io index
[INFO] [stderr]      Locking 112 packages to latest compatible versions
[INFO] [stderr]       Adding arrow2 v0.17.4 (available: v0.18.0)
[INFO] [stderr]       Adding criterion v0.4.0 (available: v0.5.1)
[INFO] running `Command { std: CARGO_HOME="/workspace/cargo-home" RUSTUP_HOME="/workspace/rustup-home" "/workspace/cargo-home/bin/cargo" "+beta-2024-12-08" "fetch" "--manifest-path" "Cargo.toml", kill_on_drop: false }`
[INFO] [stderr] warning: `default_features` is deprecated in favor of `default-features` and will not work in the 2024 edition
[INFO] [stderr] (in the `chrono` dependency)
[INFO] running `Command { std: "docker" "create" "-v" "/var/lib/crater-agent-workspace/builds/worker-4-tc2/target:/opt/rustwide/target:rw,Z" "-v" "/var/lib/crater-agent-workspace/builds/worker-4-tc2/source:/opt/rustwide/workdir:ro,Z" "-v" "/var/lib/crater-agent-workspace/cargo-home:/opt/rustwide/cargo-home:ro,Z" "-v" "/var/lib/crater-agent-workspace/rustup-home:/opt/rustwide/rustup-home:ro,Z" "-e" "SOURCE_DIR=/opt/rustwide/workdir" "-e" "CARGO_TARGET_DIR=/opt/rustwide/target" "-e" "CARGO_HOME=/opt/rustwide/cargo-home" "-e" "RUSTUP_HOME=/opt/rustwide/rustup-home" "-w" "/opt/rustwide/workdir" "-m" "1610612736" "--user" "0:0" "--network" "none" "ghcr.io/rust-lang/crates-build-env/linux@sha256:f3a9d4ad9d972b27faf3965f35b62e55ba32bbce8f20bc8fe909558a86702fde" "/opt/rustwide/cargo-home/bin/cargo" "+beta-2024-12-08" "metadata" "--no-deps" "--format-version=1", kill_on_drop: false }`
[INFO] [stdout] e06f7e6d8b75b6877e5faeb9395053efdf5ca21ec1053d4b2accf83caa61fdd2
[INFO] running `Command { std: "docker" "start" "-a" "e06f7e6d8b75b6877e5faeb9395053efdf5ca21ec1053d4b2accf83caa61fdd2", kill_on_drop: false }`
[INFO] running `Command { std: "docker" "inspect" "e06f7e6d8b75b6877e5faeb9395053efdf5ca21ec1053d4b2accf83caa61fdd2", kill_on_drop: false }`
[INFO] running `Command { std: "docker" "rm" "-f" "e06f7e6d8b75b6877e5faeb9395053efdf5ca21ec1053d4b2accf83caa61fdd2", kill_on_drop: false }`
[INFO] [stdout] e06f7e6d8b75b6877e5faeb9395053efdf5ca21ec1053d4b2accf83caa61fdd2
[INFO] running `Command { std: "docker" "create" "-v" "/var/lib/crater-agent-workspace/builds/worker-4-tc2/target:/opt/rustwide/target:rw,Z" "-v" "/var/lib/crater-agent-workspace/builds/worker-4-tc2/source:/opt/rustwide/workdir:ro,Z" "-v" "/var/lib/crater-agent-workspace/cargo-home:/opt/rustwide/cargo-home:ro,Z" "-v" "/var/lib/crater-agent-workspace/rustup-home:/opt/rustwide/rustup-home:ro,Z" "-e" "SOURCE_DIR=/opt/rustwide/workdir" "-e" "CARGO_TARGET_DIR=/opt/rustwide/target" "-e" "CARGO_INCREMENTAL=0" "-e" "RUST_BACKTRACE=full" "-e" "RUSTFLAGS=--cap-lints=warn" "-e" "RUSTDOCFLAGS=--cap-lints=warn" "-e" "CARGO_HOME=/opt/rustwide/cargo-home" "-e" "RUSTUP_HOME=/opt/rustwide/rustup-home" "-w" "/opt/rustwide/workdir" "-m" "1610612736" "--user" "0:0" "--network" "none" "ghcr.io/rust-lang/crates-build-env/linux@sha256:f3a9d4ad9d972b27faf3965f35b62e55ba32bbce8f20bc8fe909558a86702fde" "/opt/rustwide/cargo-home/bin/cargo" "+beta-2024-12-08" "build" "--frozen" "--message-format=json", kill_on_drop: false }`
[INFO] [stdout] ab80b6db4e9e85f17807ee5636259c4d173f05d1bb814c01340925b4774f433a
[INFO] running `Command { std: "docker" "start" "-a" "ab80b6db4e9e85f17807ee5636259c4d173f05d1bb814c01340925b4774f433a", kill_on_drop: false }`
[INFO] [stderr] warning: `default_features` is deprecated in favor of `default-features` and will not work in the 2024 edition
[INFO] [stderr] (in the `chrono` dependency)
[INFO] [stderr]    Compiling proc-macro2 v1.0.92
[INFO] [stderr]    Compiling version_check v0.9.5
[INFO] [stderr]    Compiling unicode-ident v1.0.14
[INFO] [stderr]    Compiling syn v1.0.109
[INFO] [stderr]    Compiling semver v1.0.24
[INFO] [stderr]    Compiling libc v0.2.168
[INFO] [stderr]    Compiling rustversion v1.0.18
[INFO] [stderr]    Compiling autocfg v1.4.0
[INFO] [stderr]    Compiling cfg-if v1.0.0
[INFO] [stderr]    Compiling unicode-xid v0.2.6
[INFO] [stderr]    Compiling zerocopy v0.7.35
[INFO] [stderr]    Compiling once_cell v1.20.2
[INFO] [stderr]    Compiling ethnum v1.5.0
[INFO] [stderr]    Compiling dyn-clone v1.0.17
[INFO] [stderr]    Compiling either v1.13.0
[INFO] [stderr]    Compiling foreign_vec v0.1.0
[INFO] [stderr]    Compiling simdutf8 v0.1.5
[INFO] [stderr]    Compiling hash_hasher v2.0.3
[INFO] [stderr]    Compiling proc-macro-error-attr v1.0.4
[INFO] [stderr]    Compiling proc-macro-error v1.0.4
[INFO] [stderr]    Compiling ahash v0.8.11
[INFO] [stderr]    Compiling num-traits v0.2.19
[INFO] [stderr]    Compiling rustc_version v0.4.1
[INFO] [stderr]    Compiling arrow2 v0.17.4
[INFO] [stderr]    Compiling err-derive v0.3.1
[INFO] [stderr]    Compiling quote v1.0.37
[INFO] [stderr]    Compiling syn v2.0.90
[INFO] [stderr]    Compiling getrandom v0.2.15
[INFO] [stderr]    Compiling chrono v0.4.39
[INFO] [stderr]    Compiling bytemuck_derive v1.8.0
[INFO] [stderr]    Compiling synstructure v0.12.6
[INFO] [stderr]    Compiling arrow2_convert_derive v0.5.0
[INFO] [stderr]    Compiling bytemuck v1.20.0
[INFO] [stderr]    Compiling arrow2_convert v0.5.0 (/opt/rustwide/workdir)
[INFO] [stdout] warning: use of deprecated method `chrono::NaiveDateTime::timestamp_nanos`: use `.and_utc().timestamp_nanos_opt()` instead
[INFO] [stdout]    --> src/serialize.rs:162:31
[INFO] [stdout]     |
[INFO] [stdout] 162 |         array.try_push(Some(v.timestamp_nanos()))
[INFO] [stdout]     |                               ^^^^^^^^^^^^^^^
[INFO] [stdout]     |
[INFO] [stdout]     = note: `#[warn(deprecated)]` on by default
[INFO] [stdout] 
[INFO] [stdout] 
[INFO] [stderr]     Finished `dev` profile [unoptimized + debuginfo] target(s) in 24.12s
[INFO] running `Command { std: "docker" "inspect" "ab80b6db4e9e85f17807ee5636259c4d173f05d1bb814c01340925b4774f433a", kill_on_drop: false }`
[INFO] running `Command { std: "docker" "rm" "-f" "ab80b6db4e9e85f17807ee5636259c4d173f05d1bb814c01340925b4774f433a", kill_on_drop: false }`
[INFO] [stdout] ab80b6db4e9e85f17807ee5636259c4d173f05d1bb814c01340925b4774f433a
[INFO] running `Command { std: "docker" "create" "-v" "/var/lib/crater-agent-workspace/builds/worker-4-tc2/target:/opt/rustwide/target:rw,Z" "-v" "/var/lib/crater-agent-workspace/builds/worker-4-tc2/source:/opt/rustwide/workdir:ro,Z" "-v" "/var/lib/crater-agent-workspace/cargo-home:/opt/rustwide/cargo-home:ro,Z" "-v" "/var/lib/crater-agent-workspace/rustup-home:/opt/rustwide/rustup-home:ro,Z" "-e" "SOURCE_DIR=/opt/rustwide/workdir" "-e" "CARGO_TARGET_DIR=/opt/rustwide/target" "-e" "CARGO_INCREMENTAL=0" "-e" "RUST_BACKTRACE=full" "-e" "RUSTFLAGS=--cap-lints=warn" "-e" "RUSTDOCFLAGS=--cap-lints=warn" "-e" "CARGO_HOME=/opt/rustwide/cargo-home" "-e" "RUSTUP_HOME=/opt/rustwide/rustup-home" "-w" "/opt/rustwide/workdir" "-m" "1610612736" "--user" "0:0" "--network" "none" "ghcr.io/rust-lang/crates-build-env/linux@sha256:f3a9d4ad9d972b27faf3965f35b62e55ba32bbce8f20bc8fe909558a86702fde" "/opt/rustwide/cargo-home/bin/cargo" "+beta-2024-12-08" "test" "--frozen" "--no-run" "--message-format=json", kill_on_drop: false }`
[INFO] [stdout] 46b82104abf288a9e658caa1a266749ab022566a73424eedb612a8f905f398e5
[INFO] running `Command { std: "docker" "start" "-a" "46b82104abf288a9e658caa1a266749ab022566a73424eedb612a8f905f398e5", kill_on_drop: false }`
[INFO] [stderr] warning: `default_features` is deprecated in favor of `default-features` and will not work in the 2024 edition
[INFO] [stderr] (in the `chrono` dependency)
[INFO] [stderr]    Compiling serde v1.0.216
[INFO] [stderr]    Compiling serde_derive v1.0.216
[INFO] [stderr]    Compiling crossbeam-utils v0.8.20
[INFO] [stderr]    Compiling serde_json v1.0.133
[INFO] [stderr]    Compiling indexmap v1.9.3
[INFO] [stderr]    Compiling equivalent v1.0.1
[INFO] [stderr]    Compiling rayon-core v1.12.1
[INFO] [stderr]    Compiling hashbrown v0.15.2
[INFO] [stderr]    Compiling itoa v1.0.14
[INFO] [stderr]    Compiling ryu v1.0.18
[INFO] [stderr]    Compiling memchr v2.7.4
[INFO] [stderr]    Compiling half v2.4.1
[INFO] [stderr]    Compiling os_str_bytes v6.6.1
[INFO] [stderr]    Compiling regex-syntax v0.8.5
[INFO] [stderr]    Compiling target-triple v0.1.3
[INFO] [stderr]    Compiling winnow v0.6.20
[INFO] [stderr]    Compiling ciborium-io v0.2.2
[INFO] [stderr]    Compiling plotters-backend v0.3.7
[INFO] [stderr]    Compiling hashbrown v0.12.3
[INFO] [stderr]    Compiling itertools v0.10.5
[INFO] [stderr]    Compiling ciborium-ll v0.2.2
[INFO] [stderr]    Compiling clap_lex v0.2.4
[INFO] [stderr]    Compiling plotters-svg v0.3.7
[INFO] [stderr]    Compiling same-file v1.0.6
[INFO] [stderr]    Compiling bitflags v1.3.2
[INFO] [stderr]    Compiling cast v0.3.0
[INFO] [stderr]    Compiling textwrap v0.16.1
[INFO] [stderr]    Compiling atty v0.2.14
[INFO] [stderr]    Compiling glob v0.3.1
[INFO] [stderr]    Compiling walkdir v2.5.0
[INFO] [stderr]    Compiling termcolor v1.4.1
[INFO] [stderr]    Compiling plotters v0.3.7
[INFO] [stderr]    Compiling lazy_static v1.5.0
[INFO] [stderr]    Compiling oorandom v11.1.4
[INFO] [stderr]    Compiling anes v0.1.6
[INFO] [stdout] warning: use of deprecated method `chrono::NaiveDateTime::timestamp_nanos`: use `.and_utc().timestamp_nanos_opt()` instead
[INFO] [stdout]    --> src/serialize.rs:162:31
[INFO] [stdout]     |
[INFO] [stdout] 162 |         array.try_push(Some(v.timestamp_nanos()))
[INFO] [stdout]     |                               ^^^^^^^^^^^^^^^
[INFO] [stdout]     |
[INFO] [stdout]     = note: `#[warn(deprecated)]` on by default
[INFO] [stdout] 
[INFO] [stdout] 
[INFO] [stderr]    Compiling indexmap v2.7.0
[INFO] [stderr]    Compiling crossbeam-epoch v0.9.18
[INFO] [stderr]    Compiling criterion-plot v0.5.0
[INFO] [stderr]    Compiling crossbeam-deque v0.8.5
[INFO] [stderr]    Compiling clap v3.2.25
[INFO] [stderr]    Compiling regex-automata v0.4.9
[INFO] [stderr]    Compiling rayon v1.10.0
[INFO] [stderr]    Compiling regex v1.11.1
[INFO] [stderr]    Compiling serde_spanned v0.6.8
[INFO] [stderr]    Compiling toml_datetime v0.6.8
[INFO] [stderr]    Compiling ciborium v0.2.2
[INFO] [stderr]    Compiling toml_edit v0.22.22
[INFO] [stderr]    Compiling tinytemplate v1.2.1
[INFO] [stderr]    Compiling criterion v0.4.0
[INFO] [stderr]    Compiling toml v0.8.19
[INFO] [stderr]    Compiling trybuild v1.0.101
[INFO] [stderr]    Compiling arrow2_convert v0.5.0 (/opt/rustwide/workdir)
[INFO] [stdout] warning: field `0` is never read
[INFO] [stdout]   --> tests/test_serialize.rs:92:27
[INFO] [stdout]    |
[INFO] [stdout] 92 |     pub struct CustomType(u64);
[INFO] [stdout]    |                ---------- ^^^
[INFO] [stdout]    |                |
[INFO] [stdout]    |                field in this struct
[INFO] [stdout]    |
[INFO] [stdout]    = help: consider removing this field
[INFO] [stdout]    = note: `#[warn(dead_code)]` on by default
[INFO] [stdout] 
[INFO] [stdout] 
[INFO] [stdout] warning: field `0` is never read
[INFO] [stdout]   --> tests/test_schema.rs:79:27
[INFO] [stdout]    |
[INFO] [stdout] 79 |     pub struct CustomType(u64);
[INFO] [stdout]    |                ---------- ^^^
[INFO] [stdout]    |                |
[INFO] [stdout]    |                field in this struct
[INFO] [stdout]    |
[INFO] [stdout]    = help: consider removing this field
[INFO] [stdout]    = note: `CustomType` has a derived impl for the trait `Debug`, but this is intentionally ignored during dead code analysis
[INFO] [stdout]    = note: `#[warn(dead_code)]` on by default
[INFO] [stdout] 
[INFO] [stdout] 
[INFO] [stdout] warning: use of deprecated method `chrono::NaiveDateTime::timestamp_nanos`: use `.and_utc().timestamp_nanos_opt()` instead
[INFO] [stdout]    --> src/serialize.rs:162:31
[INFO] [stdout]     |
[INFO] [stdout] 162 |         array.try_push(Some(v.timestamp_nanos()))
[INFO] [stdout]     |                               ^^^^^^^^^^^^^^^
[INFO] [stdout]     |
[INFO] [stdout]     = note: `#[warn(deprecated)]` on by default
[INFO] [stdout] 
[INFO] [stdout] 
[INFO] [stdout] warning: use of deprecated associated function `chrono::NaiveDateTime::from_timestamp_opt`: use `DateTime::from_timestamp` instead
[INFO] [stdout]    --> tests/complex_example.rs:130:28
[INFO] [stdout]     |
[INFO] [stdout] 130 |         a5: NaiveDateTime::from_timestamp_opt(10000, 0).unwrap(),
[INFO] [stdout]     |                            ^^^^^^^^^^^^^^^^^^
[INFO] [stdout]     |
[INFO] [stdout]     = note: `#[warn(deprecated)]` on by default
[INFO] [stdout] 
[INFO] [stdout] 
[INFO] [stdout] warning: use of deprecated associated function `chrono::NaiveDateTime::from_timestamp_opt`: use `DateTime::from_timestamp` instead
[INFO] [stdout]    --> tests/complex_example.rs:131:33
[INFO] [stdout]     |
[INFO] [stdout] 131 |         a6: Some(NaiveDateTime::from_timestamp_opt(10001, 0)).unwrap(),
[INFO] [stdout]     |                                 ^^^^^^^^^^^^^^^^^^
[INFO] [stdout] 
[INFO] [stdout] 
[INFO] [stdout] warning: use of deprecated associated function `chrono::NaiveDateTime::from_timestamp_opt`: use `DateTime::from_timestamp` instead
[INFO] [stdout]    --> tests/complex_example.rs:133:28
[INFO] [stdout]     |
[INFO] [stdout] 133 |             NaiveDateTime::from_timestamp_opt(10000, 10).unwrap(),
[INFO] [stdout]     |                            ^^^^^^^^^^^^^^^^^^
[INFO] [stdout] 
[INFO] [stdout] 
[INFO] [stdout] warning: use of deprecated associated function `chrono::NaiveDateTime::from_timestamp_opt`: use `DateTime::from_timestamp` instead
[INFO] [stdout]    --> tests/complex_example.rs:134:28
[INFO] [stdout]     |
[INFO] [stdout] 134 |             NaiveDateTime::from_timestamp_opt(10000, 11).unwrap(),
[INFO] [stdout]     |                            ^^^^^^^^^^^^^^^^^^
[INFO] [stdout] 
[INFO] [stdout] 
[INFO] [stdout] warning: use of deprecated associated function `chrono::NaiveDateTime::from_timestamp_opt`: use `DateTime::from_timestamp` instead
[INFO] [stdout]    --> tests/complex_example.rs:176:28
[INFO] [stdout]     |
[INFO] [stdout] 176 |         a5: NaiveDateTime::from_timestamp_opt(10000, 0).unwrap(),
[INFO] [stdout]     |                            ^^^^^^^^^^^^^^^^^^
[INFO] [stdout] 
[INFO] [stdout] 
[INFO] [stdout] warning: use of deprecated associated function `chrono::NaiveDateTime::from_timestamp_opt`: use `DateTime::from_timestamp` instead
[INFO] [stdout]    --> tests/complex_example.rs:179:28
[INFO] [stdout]     |
[INFO] [stdout] 179 |             NaiveDateTime::from_timestamp_opt(10000, 10).unwrap(),
[INFO] [stdout]     |                            ^^^^^^^^^^^^^^^^^^
[INFO] [stdout] 
[INFO] [stdout] 
[INFO] [stdout] warning: use of deprecated associated function `chrono::NaiveDateTime::from_timestamp_opt`: use `DateTime::from_timestamp` instead
[INFO] [stdout]    --> tests/complex_example.rs:180:28
[INFO] [stdout]     |
[INFO] [stdout] 180 |             NaiveDateTime::from_timestamp_opt(10000, 11).unwrap(),
[INFO] [stdout]     |                            ^^^^^^^^^^^^^^^^^^
[INFO] [stdout] 
[INFO] [stdout] 
[INFO] [stderr]     Finished `test` profile [unoptimized + debuginfo] target(s) in 34.37s
[INFO] running `Command { std: "docker" "inspect" "46b82104abf288a9e658caa1a266749ab022566a73424eedb612a8f905f398e5", kill_on_drop: false }`
[INFO] running `Command { std: "docker" "rm" "-f" "46b82104abf288a9e658caa1a266749ab022566a73424eedb612a8f905f398e5", kill_on_drop: false }`
[INFO] [stdout] 46b82104abf288a9e658caa1a266749ab022566a73424eedb612a8f905f398e5
[INFO] running `Command { std: "docker" "create" "-v" "/var/lib/crater-agent-workspace/builds/worker-4-tc2/target:/opt/rustwide/target:rw,Z" "-v" "/var/lib/crater-agent-workspace/builds/worker-4-tc2/source:/opt/rustwide/workdir:ro,Z" "-v" "/var/lib/crater-agent-workspace/cargo-home:/opt/rustwide/cargo-home:ro,Z" "-v" "/var/lib/crater-agent-workspace/rustup-home:/opt/rustwide/rustup-home:ro,Z" "-e" "SOURCE_DIR=/opt/rustwide/workdir" "-e" "CARGO_TARGET_DIR=/opt/rustwide/target" "-e" "CARGO_INCREMENTAL=0" "-e" "RUST_BACKTRACE=full" "-e" "RUSTFLAGS=--cap-lints=warn" "-e" "RUSTDOCFLAGS=--cap-lints=warn" "-e" "CARGO_HOME=/opt/rustwide/cargo-home" "-e" "RUSTUP_HOME=/opt/rustwide/rustup-home" "-w" "/opt/rustwide/workdir" "-m" "1610612736" "--user" "0:0" "--network" "none" "ghcr.io/rust-lang/crates-build-env/linux@sha256:f3a9d4ad9d972b27faf3965f35b62e55ba32bbce8f20bc8fe909558a86702fde" "/opt/rustwide/cargo-home/bin/cargo" "+beta-2024-12-08" "test" "--frozen", kill_on_drop: false }`
[INFO] [stdout] 1945ffeb8a8e4cb8f79d967c16d0350ff0879e104fe3512bda5f04137395b378
[INFO] running `Command { std: "docker" "start" "-a" "1945ffeb8a8e4cb8f79d967c16d0350ff0879e104fe3512bda5f04137395b378", kill_on_drop: false }`
[INFO] [stderr] warning: `default_features` is deprecated in favor of `default-features` and will not work in the 2024 edition
[INFO] [stderr] (in the `chrono` dependency)
[INFO] [stderr] warning: use of deprecated method `chrono::NaiveDateTime::timestamp_nanos`: use `.and_utc().timestamp_nanos_opt()` instead
[INFO] [stderr]    --> src/serialize.rs:162:31
[INFO] [stderr]     |
[INFO] [stderr] 162 |         array.try_push(Some(v.timestamp_nanos()))
[INFO] [stderr]     |                               ^^^^^^^^^^^^^^^
[INFO] [stderr]     |
[INFO] [stderr]     = note: `#[warn(deprecated)]` on by default
[INFO] [stderr] 
[INFO] [stderr] warning: `arrow2_convert` (lib) generated 1 warning
[INFO] [stderr] warning: field `0` is never read
[INFO] [stderr]   --> tests/test_serialize.rs:92:27
[INFO] [stderr]    |
[INFO] [stderr] 92 |     pub struct CustomType(u64);
[INFO] [stderr]    |                ---------- ^^^
[INFO] [stderr]    |                |
[INFO] [stderr]    |                field in this struct
[INFO] [stderr]    |
[INFO] [stderr]    = help: consider removing this field
[INFO] [stderr]    = note: `#[warn(dead_code)]` on by default
[INFO] [stderr] 
[INFO] [stderr] warning: use of deprecated associated function `chrono::NaiveDateTime::from_timestamp_opt`: use `DateTime::from_timestamp` instead
[INFO] [stderr]    --> tests/complex_example.rs:130:28
[INFO] [stderr]     |
[INFO] [stderr] 130 |         a5: NaiveDateTime::from_timestamp_opt(10000, 0).unwrap(),
[INFO] [stderr]     |                            ^^^^^^^^^^^^^^^^^^
[INFO] [stderr]     |
[INFO] [stderr]     = note: `#[warn(deprecated)]` on by default
[INFO] [stderr] 
[INFO] [stderr] warning: use of deprecated associated function `chrono::NaiveDateTime::from_timestamp_opt`: use `DateTime::from_timestamp` instead
[INFO] [stderr]    --> tests/complex_example.rs:131:33
[INFO] [stderr]     |
[INFO] [stderr] 131 |         a6: Some(NaiveDateTime::from_timestamp_opt(10001, 0)).unwrap(),
[INFO] [stderr]     |                                 ^^^^^^^^^^^^^^^^^^
[INFO] [stderr] 
[INFO] [stderr] warning: use of deprecated associated function `chrono::NaiveDateTime::from_timestamp_opt`: use `DateTime::from_timestamp` instead
[INFO] [stderr]    --> tests/complex_example.rs:133:28
[INFO] [stderr]     |
[INFO] [stderr] 133 |             NaiveDateTime::from_timestamp_opt(10000, 10).unwrap(),
[INFO] [stderr]     |                            ^^^^^^^^^^^^^^^^^^
[INFO] [stderr] 
[INFO] [stderr] warning: use of deprecated associated function `chrono::NaiveDateTime::from_timestamp_opt`: use `DateTime::from_timestamp` instead
[INFO] [stderr]    --> tests/complex_example.rs:134:28
[INFO] [stderr]     |
[INFO] [stderr] 134 |             NaiveDateTime::from_timestamp_opt(10000, 11).unwrap(),
[INFO] [stderr]     |                            ^^^^^^^^^^^^^^^^^^
[INFO] [stderr] 
[INFO] [stderr] warning: use of deprecated associated function `chrono::NaiveDateTime::from_timestamp_opt`: use `DateTime::from_timestamp` instead
[INFO] [stderr]    --> tests/complex_example.rs:176:28
[INFO] [stderr]     |
[INFO] [stderr] 176 |         a5: NaiveDateTime::from_timestamp_opt(10000, 0).unwrap(),
[INFO] [stderr]     |                            ^^^^^^^^^^^^^^^^^^
[INFO] [stderr] 
[INFO] [stderr] warning: use of deprecated associated function `chrono::NaiveDateTime::from_timestamp_opt`: use `DateTime::from_timestamp` instead
[INFO] [stderr]    --> tests/complex_example.rs:179:28
[INFO] [stderr]     |
[INFO] [stderr] 179 |             NaiveDateTime::from_timestamp_opt(10000, 10).unwrap(),
[INFO] [stderr]     |                            ^^^^^^^^^^^^^^^^^^
[INFO] [stderr] 
[INFO] [stderr] warning: use of deprecated associated function `chrono::NaiveDateTime::from_timestamp_opt`: use `DateTime::from_timestamp` instead
[INFO] [stderr]    --> tests/complex_example.rs:180:28
[INFO] [stderr]     |
[INFO] [stderr] 180 |             NaiveDateTime::from_timestamp_opt(10000, 11).unwrap(),
[INFO] [stderr]     |                            ^^^^^^^^^^^^^^^^^^
[INFO] [stderr] 
[INFO] [stderr] warning: field `0` is never read
[INFO] [stderr]   --> tests/test_schema.rs:79:27
[INFO] [stderr]    |
[INFO] [stderr] 79 |     pub struct CustomType(u64);
[INFO] [stderr]    |                ---------- ^^^
[INFO] [stderr]    |                |
[INFO] [stderr]    |                field in this struct
[INFO] [stderr]    |
[INFO] [stderr]    = help: consider removing this field
[INFO] [stderr]    = note: `CustomType` has a derived impl for the trait `Debug`, but this is intentionally ignored during dead code analysis
[INFO] [stderr]    = note: `#[warn(dead_code)]` on by default
[INFO] [stderr] 
[INFO] [stderr] warning: `arrow2_convert` (lib test) generated 1 warning (1 duplicate)
[INFO] [stderr] warning: `arrow2_convert` (test "test_serialize") generated 1 warning
[INFO] [stderr] warning: `arrow2_convert` (test "complex_example") generated 7 warnings
[INFO] [stderr] warning: `arrow2_convert` (test "test_schema") generated 1 warning
[INFO] [stderr]     Finished `test` profile [unoptimized + debuginfo] target(s) in 0.32s
[INFO] [stderr]      Running unittests src/lib.rs (/opt/rustwide/target/debug/deps/arrow2_convert-45bb938e45492455)
[INFO] [stdout] 
[INFO] [stdout] running 0 tests
[INFO] [stdout] 
[INFO] [stdout] test result: ok. 0 passed; 0 failed; 0 ignored; 0 measured; 0 filtered out; finished in 0.00s
[INFO] [stdout] 
[INFO] [stderr]      Running tests/complex_example.rs (/opt/rustwide/target/debug/deps/complex_example-0ac87a34a6c36e73)
[INFO] [stdout] 
[INFO] [stdout] running 1 test
[INFO] [stderr]      Running tests/simple_example.rs (/opt/rustwide/target/debug/deps/simple_example-96e0fa3ca78cce92)
[INFO] [stdout] test test_round_trip ... ok
[INFO] [stdout] 
[INFO] [stdout] test result: ok. 1 passed; 0 failed; 0 ignored; 0 measured; 0 filtered out; finished in 0.00s
[INFO] [stdout] 
[INFO] [stdout] 
[INFO] [stdout] running 1 test
[INFO] [stdout] test test_simple_roundtrip ... ok
[INFO] [stdout] 
[INFO] [stdout] test result: ok. 1 passed; 0 failed; 0 ignored; 0 measured; 0 filtered out; finished in 0.00s
[INFO] [stdout] 
[INFO] [stderr]      Running tests/test_deserialize.rs (/opt/rustwide/target/debug/deps/test_deserialize-41dd09d267f80c7c)
[INFO] [stdout] 
[INFO] [stdout] running 5 tests
[INFO] [stdout] test test_deserialize_buffer_u16 ... ok
[INFO] [stdout] test test_deserialize_buffer_u8 ... ok
[INFO] [stdout] test test_deserialize_large_types_schema_mismatch_error ... ok
[INFO] [stdout] test test_deserialize_iterator ... ok
[INFO] [stdout] test test_deserialize_schema_mismatch_error ... ok
[INFO] [stdout] 
[INFO] [stdout] test result: ok. 5 passed; 0 failed; 0 ignored; 0 measured; 0 filtered out; finished in 0.00s
[INFO] [stdout] 
[INFO] [stderr]      Running tests/test_enum.rs (/opt/rustwide/target/debug/deps/test_enum-9d56789c59c75779)
[INFO] [stdout] 
[INFO] [stdout] running 4 tests
[INFO] [stdout] test test_dense_enum_unit_variant ... ok
[INFO] [stdout] test test_nested_unit_variant ... ok
[INFO] [stdout] test test_slice ... ok
[INFO] [stdout] test test_sparse_enum_unit_variant ... ok
[INFO] [stdout] 
[INFO] [stdout] test result: ok. 4 passed; 0 failed; 0 ignored; 0 measured; 0 filtered out; finished in 0.00s
[INFO] [stdout] 
[INFO] [stderr]      Running tests/test_flatten_chunk.rs (/opt/rustwide/target/debug/deps/test_flatten_chunk-46aade89b5aff85b)
[INFO] [stdout] 
[INFO] [stdout] running 4 tests
[INFO] [stderr]      Running tests/test_hygeine.rs (/opt/rustwide/target/debug/deps/test_hygeine-a6a02f7193a45e97)
[INFO] [stdout] test test_flatten_chunk_empty_chunk_error ... ok
[INFO] [stdout] test test_flatten_chunk_no_single_struct_array_error ... ok
[INFO] [stdout] test test_flatten_chunk_type_not_struct_error ... ok
[INFO] [stdout] test test_flatten_chunk ... ok
[INFO] [stdout] 
[INFO] [stdout] test result: ok. 4 passed; 0 failed; 0 ignored; 0 measured; 0 filtered out; finished in 0.00s
[INFO] [stdout] 
[INFO] [stdout] 
[INFO] [stdout] running 0 tests
[INFO] [stdout] 
[INFO] [stdout] test result: ok. 0 passed; 0 failed; 0 ignored; 0 measured; 0 filtered out; finished in 0.00s
[INFO] [stdout] 
[INFO] [stderr]      Running tests/test_macro_errors.rs (/opt/rustwide/target/debug/deps/test_macro_errors-b978a2cb1f531d1a)
[INFO] [stdout] 
[INFO] [stdout] running 1 test
[INFO] [stderr] warning: /opt/rustwide/target/tests/trybuild/arrow2_convert/Cargo.toml: `default_features` is deprecated in favor of `default-features` and will not work in the 2024 edition
[INFO] [stderr] (in the `chrono` dependency)
[INFO] [stderr] warning: /opt/rustwide/workdir/Cargo.toml: `default_features` is deprecated in favor of `default-features` and will not work in the 2024 edition
[INFO] [stderr] (in the `chrono` dependency)
[INFO] [stderr]    Compiling proc-macro2 v1.0.92
[INFO] [stderr]    Compiling unicode-ident v1.0.14
[INFO] [stderr]    Compiling version_check v0.9.5
[INFO] [stderr]    Compiling autocfg v1.4.0
[INFO] [stderr]     Checking cfg-if v1.0.0
[INFO] [stderr]    Compiling libc v0.2.168
[INFO] [stderr]    Compiling crossbeam-utils v0.8.20
[INFO] [stderr]    Compiling semver v1.0.24
[INFO] [stderr]    Compiling syn v1.0.109
[INFO] [stderr]     Checking either v1.13.0
[INFO] [stderr]    Compiling serde v1.0.216
[INFO] [stderr]    Compiling rustversion v1.0.18
[INFO] [stderr]    Compiling rayon-core v1.12.1
[INFO] [stderr]    Compiling serde_json v1.0.133
[INFO] [stderr]     Checking memchr v2.7.4
[INFO] [stderr]     Checking hashbrown v0.12.3
[INFO] [stderr]     Checking half v2.4.1
[INFO] [stderr]     Checking regex-syntax v0.8.5
[INFO] [stderr]     Checking itoa v1.0.14
[INFO] [stderr]    Compiling unicode-xid v0.2.6
[INFO] [stderr]     Checking once_cell v1.20.2
[INFO] [stderr]     Checking ryu v1.0.18
[INFO] [stderr]     Checking zerocopy v0.7.35
[INFO] [stderr]     Checking ciborium-io v0.2.2
[INFO] [stderr]     Checking os_str_bytes v6.6.1
[INFO] [stderr]     Checking plotters-backend v0.3.7
[INFO] [stderr]     Checking ciborium-ll v0.2.2
[INFO] [stderr]     Checking itertools v0.10.5
[INFO] [stderr]     Checking cast v0.3.0
[INFO] [stderr]     Checking clap_lex v0.2.4
[INFO] [stderr]    Compiling proc-macro-error-attr v1.0.4
[INFO] [stderr]    Compiling proc-macro-error v1.0.4
[INFO] [stderr]    Compiling ahash v0.8.11
[INFO] [stderr]     Checking bitflags v1.3.2
[INFO] [stderr]     Checking simdutf8 v0.1.5
[INFO] [stderr]    Compiling rustc_version v0.4.1
[INFO] [stderr]     Checking plotters-svg v0.3.7
[INFO] [stderr]     Checking textwrap v0.16.1
[INFO] [stderr]     Checking crossbeam-epoch v0.9.18
[INFO] [stderr]     Checking ethnum v1.5.0
[INFO] [stderr]     Checking foreign_vec v0.1.0
[INFO] [stderr]     Checking dyn-clone v1.0.17
[INFO] [stderr]    Compiling num-traits v0.2.19
[INFO] [stderr]    Compiling indexmap v1.9.3
[INFO] [stderr]     Checking same-file v1.0.6
[INFO] [stderr]     Checking hash_hasher v2.0.3
[INFO] [stderr]    Compiling quote v1.0.37
[INFO] [stderr]     Checking oorandom v11.1.4
[INFO] [stderr]     Checking anes v0.1.6
[INFO] [stderr]     Checking lazy_static v1.5.0
[INFO] [stderr]     Checking walkdir v2.5.0
[INFO] [stderr]     Checking crossbeam-deque v0.8.5
[INFO] [stderr]    Compiling arrow2 v0.17.4
[INFO] [stderr]    Compiling syn v2.0.90
[INFO] [stderr]     Checking regex-automata v0.4.9
[INFO] [stderr]    Compiling err-derive v0.3.1
[INFO] [stderr]     Checking getrandom v0.2.15
[INFO] [stderr]     Checking atty v0.2.14
[INFO] [stderr]     Checking clap v3.2.25
[INFO] [stderr]     Checking criterion-plot v0.5.0
[INFO] [stderr]     Checking rayon v1.10.0
[INFO] [stderr]     Checking chrono v0.4.39
[INFO] [stderr]     Checking plotters v0.3.7
[INFO] [stderr]     Checking regex v1.11.1
[INFO] [stderr]    Compiling synstructure v0.12.6
[INFO] [stderr]    Compiling serde_derive v1.0.216
[INFO] [stderr]    Compiling bytemuck_derive v1.8.0
[INFO] [stderr]    Compiling arrow2_convert_derive v0.5.0
[INFO] [stderr]     Checking bytemuck v1.20.0
[INFO] [stderr]     Checking arrow2_convert v0.5.0 (/opt/rustwide/workdir)
[INFO] [stderr] warning: use of deprecated method `chrono::NaiveDateTime::timestamp_nanos`: use `.and_utc().timestamp_nanos_opt()` instead
[INFO] [stderr]    --> /opt/rustwide/workdir/src/serialize.rs:162:31
[INFO] [stderr]     |
[INFO] [stderr] 162 |         array.try_push(Some(v.timestamp_nanos()))
[INFO] [stderr]     |                               ^^^^^^^^^^^^^^^
[INFO] [stderr]     |
[INFO] [stderr]     = note: `#[warn(deprecated)]` on by default
[INFO] [stderr] 
[INFO] [stderr] warning: `arrow2_convert` (lib) generated 1 warning
[INFO] [stderr]     Checking ciborium v0.2.2
[INFO] [stderr]     Checking tinytemplate v1.2.1
[INFO] [stderr]     Checking criterion v0.4.0
[INFO] [stderr]     Checking arrow2_convert-tests v0.0.0 (/opt/rustwide/target/tests/trybuild/arrow2_convert)
[INFO] [stderr]     Finished `dev` profile [unoptimized + debuginfo] target(s) in 29.37s
[INFO] [stderr] 
[INFO] [stderr] 
[INFO] [stderr] test tests/ui/derive_on_trait.rs ... ok
[INFO] [stderr] test tests/ui/struct_incorrect_type.rs ... mismatch
[INFO] [stderr] 
[INFO] [stderr] EXPECTED:
[INFO] [stderr] ┈┈┈┈┈┈┈┈┈┈┈┈┈┈┈┈┈┈┈┈┈┈┈┈┈┈┈┈┈┈┈┈┈┈┈┈┈┈┈┈┈┈┈┈┈┈┈┈┈┈┈┈┈┈┈┈┈┈┈┈
[INFO] [stderr] error[E0277]: the trait bound `String: Borrow<Vec<u8>>` is not satisfied
[INFO] [stderr]  --> tests/ui/struct_incorrect_type.rs:4:29
[INFO] [stderr]   |
[INFO] [stderr] 4 | #[derive(Debug, ArrowField, ArrowSerialize, ArrowDeserialize)]
[INFO] [stderr]   |                             ^^^^^^^^^^^^^^ the trait `Borrow<Vec<u8>>` is not implemented for `String`
[INFO] [stderr]   |
[INFO] [stderr]   = help: the trait `Borrow<str>` is implemented for `String`
[INFO] [stderr]   = note: this error originates in the derive macro `ArrowSerialize` (in Nightly builds, run with -Z macro-backtrace for more info)
[INFO] [stderr] 
[INFO] [stderr] error[E0308]: mismatched types
[INFO] [stderr]  --> tests/ui/struct_incorrect_type.rs:4:45
[INFO] [stderr]   |
[INFO] [stderr] 4 | #[derive(Debug, ArrowField, ArrowSerialize, ArrowDeserialize)]
[INFO] [stderr]   |                                             ^^^^^^^^^^^^^^^^ expected `String`, found `Vec<u8>`
[INFO] [stderr]   |
[INFO] [stderr]   = note: expected struct `String`
[INFO] [stderr]              found struct `Vec<u8>`
[INFO] [stderr]   = note: this error originates in the derive macro `ArrowDeserialize` (in Nightly builds, run with -Z macro-backtrace for more info)
[INFO] [stderr] ┈┈┈┈┈┈┈┈┈┈┈┈┈┈┈┈┈┈┈┈┈┈┈┈┈┈┈┈┈┈┈┈┈┈┈┈┈┈┈┈┈┈┈┈┈┈┈┈┈┈┈┈┈┈┈┈┈┈┈┈
[INFO] [stderr] 
[INFO] [stderr] ACTUAL OUTPUT:
[INFO] [stderr] ┈┈┈┈┈┈┈┈┈┈┈┈┈┈┈┈┈┈┈┈┈┈┈┈┈┈┈┈┈┈┈┈┈┈┈┈┈┈┈┈┈┈┈┈┈┈┈┈┈┈┈┈┈┈┈┈┈┈┈┈
[INFO] [stderr] error[E0277]: the trait bound `String: Borrow<Vec<u8>>` is not satisfied
[INFO] [stderr]  --> tests/ui/struct_incorrect_type.rs:4:29
[INFO] [stderr]   |
[INFO] [stderr] 4 | #[derive(Debug, ArrowField, ArrowSerialize, ArrowDeserialize)]
[INFO] [stderr]   |                             ^^^^^^^^^^^^^^ the trait `Borrow<Vec<u8>>` is not implemented for `String`
[INFO] [stderr]   |
[INFO] [stderr]   = help: the trait `Borrow<Vec<u8>>` is not implemented for `String`
[INFO] [stderr]           but trait `Borrow<str>` is implemented for it
[INFO] [stderr]   = help: for that trait implementation, expected `str`, found `Vec<u8>`
[INFO] [stderr]   = note: this error originates in the derive macro `ArrowSerialize` (in Nightly builds, run with -Z macro-backtrace for more info)
[INFO] [stderr] 
[INFO] [stderr] error[E0308]: mismatched types
[INFO] [stderr]  --> tests/ui/struct_incorrect_type.rs:4:45
[INFO] [stderr]   |
[INFO] [stderr] 4 | #[derive(Debug, ArrowField, ArrowSerialize, ArrowDeserialize)]
[INFO] [stderr]   |                                             ^^^^^^^^^^^^^^^^ expected `String`, found `Vec<u8>`
[INFO] [stderr]   |
[INFO] [stderr]   = note: expected struct `String`
[INFO] [stderr]              found struct `Vec<u8>`
[INFO] [stderr]   = note: this error originates in the derive macro `ArrowDeserialize` (in Nightly builds, run with -Z macro-backtrace for more info)
[INFO] [stderr] ┈┈┈┈┈┈┈┈┈┈┈┈┈┈┈┈┈┈┈┈┈┈┈┈┈┈┈┈┈┈┈┈┈┈┈┈┈┈┈┈┈┈┈┈┈┈┈┈┈┈┈┈┈┈┈┈┈┈┈┈
[INFO] [stderr] note: If the actual output is the correct output you can bless it by rerunning
[INFO] [stderr]       your test with the environment variable TRYBUILD=overwrite
[INFO] [stderr] 
[INFO] [stderr] test tests/ui/struct_no_fields.rs ... ok
[INFO] [stderr] 
[INFO] [stderr] 
[INFO] [stdout] test test_macro_errors ... FAILED
[INFO] [stdout] 
[INFO] [stdout] failures:
[INFO] [stdout] 
[INFO] [stdout] ---- test_macro_errors stdout ----
[INFO] [stdout] thread 'test_macro_errors' panicked at /opt/rustwide/cargo-home/registry/src/index.crates.io-6f17d22bba15001f/trybuild-1.0.101/src/run.rs:101:13:
[INFO] [stdout] 1 of 3 tests failed
[INFO] [stdout] stack backtrace:
[INFO] [stdout]    0:     0x55b7ff8fabfa - std::backtrace_rs::backtrace::libunwind::trace::h8810477743020387
[INFO] [stdout]                                at /rustc/202008a1b8de96d2e5b6bc02d379db03a877d34d/library/std/src/../../backtrace/src/backtrace/libunwind.rs:116:5
[INFO] [stdout]    1:     0x55b7ff8fabfa - std::backtrace_rs::backtrace::trace_unsynchronized::h3aa55355dd6c54a6
[INFO] [stdout]                                at /rustc/202008a1b8de96d2e5b6bc02d379db03a877d34d/library/std/src/../../backtrace/src/backtrace/mod.rs:66:5
[INFO] [stdout]    2:     0x55b7ff8fabfa - std::sys::backtrace::_print_fmt::h8588b0f62410823f
[INFO] [stdout]                                at /rustc/202008a1b8de96d2e5b6bc02d379db03a877d34d/library/std/src/sys/backtrace.rs:66:9
[INFO] [stdout]    3:     0x55b7ff8fabfa - <std::sys::backtrace::BacktraceLock::print::DisplayBacktrace as core::fmt::Display>::fmt::h98c26ac25ffe89bb
[INFO] [stdout]                                at /rustc/202008a1b8de96d2e5b6bc02d379db03a877d34d/library/std/src/sys/backtrace.rs:39:26
[INFO] [stdout]    4:     0x55b7ff923f33 - core::fmt::rt::Argument::fmt::hf95377f4aebd453b
[INFO] [stdout]                                at /rustc/202008a1b8de96d2e5b6bc02d379db03a877d34d/library/core/src/fmt/rt.rs:177:76
[INFO] [stdout]    5:     0x55b7ff923f33 - core::fmt::write::h0dd5f6e2238c7982
[INFO] [stdout]                                at /rustc/202008a1b8de96d2e5b6bc02d379db03a877d34d/library/core/src/fmt/mod.rs:1189:21
[INFO] [stdout]    6:     0x55b7ff8f72a3 - std::io::Write::write_fmt::h03bb0ca26e6faf8c
[INFO] [stdout]                                at /rustc/202008a1b8de96d2e5b6bc02d379db03a877d34d/library/std/src/io/mod.rs:1884:15
[INFO] [stdout]    7:     0x55b7ff8faa42 - std::sys::backtrace::BacktraceLock::print::h5c19c1c038ee186d
[INFO] [stdout]                                at /rustc/202008a1b8de96d2e5b6bc02d379db03a877d34d/library/std/src/sys/backtrace.rs:42:9
[INFO] [stdout]    8:     0x55b7ff8fc67d - std::panicking::default_hook::{{closure}}::h77172f079a1fcb13
[INFO] [stdout]                                at /rustc/202008a1b8de96d2e5b6bc02d379db03a877d34d/library/std/src/panicking.rs:268:22
[INFO] [stdout]    9:     0x55b7ff8fc487 - std::panicking::default_hook::he5f8e3b203ccddba
[INFO] [stdout]                                at /rustc/202008a1b8de96d2e5b6bc02d379db03a877d34d/library/std/src/panicking.rs:292:9
[INFO] [stdout]   10:     0x55b7ff8c2dd7 - <alloc::boxed::Box<F,A> as core::ops::function::Fn<Args>>::call::h7a3c7b4a1ae77f2f
[INFO] [stdout]                                at /rustc/202008a1b8de96d2e5b6bc02d379db03a877d34d/library/alloc/src/boxed.rs:1986:9
[INFO] [stdout]   11:     0x55b7ff8c2dd7 - test::test_main::{{closure}}::hf0d3b69ae9b353d1
[INFO] [stdout]                                at /rustc/202008a1b8de96d2e5b6bc02d379db03a877d34d/library/test/src/lib.rs:134:21
[INFO] [stdout]   12:     0x55b7ff8fcd28 - <alloc::boxed::Box<F,A> as core::ops::function::Fn<Args>>::call::h6332e82e7b189abd
[INFO] [stdout]                                at /rustc/202008a1b8de96d2e5b6bc02d379db03a877d34d/library/alloc/src/boxed.rs:1986:9
[INFO] [stdout]   13:     0x55b7ff8fcd28 - std::panicking::rust_panic_with_hook::h53863d4e9018df39
[INFO] [stdout]                                at /rustc/202008a1b8de96d2e5b6bc02d379db03a877d34d/library/std/src/panicking.rs:809:13
[INFO] [stdout]   14:     0x55b7ff8fcaea - std::panicking::begin_panic_handler::{{closure}}::h67280e6fa0757873
[INFO] [stdout]                                at /rustc/202008a1b8de96d2e5b6bc02d379db03a877d34d/library/std/src/panicking.rs:674:13
[INFO] [stdout]   15:     0x55b7ff8fb0d9 - std::sys::backtrace::__rust_end_short_backtrace::h1dac3f54d6fbbeb2
[INFO] [stdout]                                at /rustc/202008a1b8de96d2e5b6bc02d379db03a877d34d/library/std/src/sys/backtrace.rs:170:18
[INFO] [stdout]   16:     0x55b7ff8fc77c - rust_begin_unwind
[INFO] [stdout]                                at /rustc/202008a1b8de96d2e5b6bc02d379db03a877d34d/library/std/src/panicking.rs:665:5
[INFO] [stdout]   17:     0x55b7ff5cb260 - core::panicking::panic_fmt::h6792bd1b2bf01041
[INFO] [stdout]                                at /rustc/202008a1b8de96d2e5b6bc02d379db03a877d34d/library/core/src/panicking.rs:76:14
[INFO] [stdout]   18:     0x55b7ff5dc95f - trybuild::run::<impl trybuild::Runner>::run::hd6f44ddddc9a0152
[INFO] [stdout]                                at /opt/rustwide/cargo-home/registry/src/index.crates.io-6f17d22bba15001f/trybuild-1.0.101/src/run.rs:101:13
[INFO] [stdout]   19:     0x55b7ff5e1e78 - <trybuild::TestCases as core::ops::drop::Drop>::drop::h9992f8b5d45cfbfc
[INFO] [stdout]                                at /opt/rustwide/cargo-home/registry/src/index.crates.io-6f17d22bba15001f/trybuild-1.0.101/src/lib.rs:340:13
[INFO] [stdout]   20:     0x55b7ff5cbd87 - core::ptr::drop_in_place<trybuild::TestCases>::h07c9cf3745762202
[INFO] [stdout]                                at /rustc/202008a1b8de96d2e5b6bc02d379db03a877d34d/library/core/src/ptr/mod.rs:521:1
[INFO] [stdout]   21:     0x55b7ff5cc4d3 - test_macro_errors::test_macro_errors::hb2ed0a181d0001b1
[INFO] [stdout]                                at /opt/rustwide/workdir/tests/test_macro_errors.rs:5:1
[INFO] [stdout]   22:     0x55b7ff5cc467 - test_macro_errors::test_macro_errors::{{closure}}::hed5489dbab67bdf6
[INFO] [stdout]                                at /opt/rustwide/workdir/tests/test_macro_errors.rs:2:23
[INFO] [stdout]   23:     0x55b7ff5cbd36 - core::ops::function::FnOnce::call_once::h90f246d6f8745b84
[INFO] [stdout]                                at /rustc/202008a1b8de96d2e5b6bc02d379db03a877d34d/library/core/src/ops/function.rs:250:5
[INFO] [stdout]   24:     0x55b7ff8c78fb - core::ops::function::FnOnce::call_once::h871bf86719ec9aa4
[INFO] [stdout]                                at /rustc/202008a1b8de96d2e5b6bc02d379db03a877d34d/library/core/src/ops/function.rs:250:5
[INFO] [stdout]   25:     0x55b7ff8c78fb - test::__rust_begin_short_backtrace::h2167df1e2b7d76fd
[INFO] [stdout]                                at /rustc/202008a1b8de96d2e5b6bc02d379db03a877d34d/library/test/src/lib.rs:632:18
[INFO] [stdout]   26:     0x55b7ff8c72e8 - test::run_test_in_process::{{closure}}::h15d92f75a3adfb79
[INFO] [stdout]                                at /rustc/202008a1b8de96d2e5b6bc02d379db03a877d34d/library/test/src/lib.rs:655:60
[INFO] [stdout]   27:     0x55b7ff8c72e8 - <core::panic::unwind_safe::AssertUnwindSafe<F> as core::ops::function::FnOnce<()>>::call_once::hb6c8955835a8dbbb
[INFO] [stdout]                                at /rustc/202008a1b8de96d2e5b6bc02d379db03a877d34d/library/core/src/panic/unwind_safe.rs:272:9
[INFO] [stdout]   28:     0x55b7ff8c72e8 - std::panicking::try::do_call::hc79d0fc888a0bd30
[INFO] [stdout]                                at /rustc/202008a1b8de96d2e5b6bc02d379db03a877d34d/library/std/src/panicking.rs:557:40
[INFO] [stdout]   29:     0x55b7ff8c72e8 - std::panicking::try::hb8a7878e3a8589d6
[INFO] [stdout]                                at /rustc/202008a1b8de96d2e5b6bc02d379db03a877d34d/library/std/src/panicking.rs:520:19
[INFO] [stdout]   30:     0x55b7ff8c72e8 - std::panic::catch_unwind::hb8e4600ff0ff5cfa
[INFO] [stdout]                                at /rustc/202008a1b8de96d2e5b6bc02d379db03a877d34d/library/std/src/panic.rs:358:14
[INFO] [stdout]   31:     0x55b7ff8c72e8 - test::run_test_in_process::hc2900b0b18688dd6
[INFO] [stdout]                                at /rustc/202008a1b8de96d2e5b6bc02d379db03a877d34d/library/test/src/lib.rs:655:27
[INFO] [stdout]   32:     0x55b7ff8c72e8 - test::run_test::{{closure}}::hac2a9cb07be3d48d
[INFO] [stdout]                                at /rustc/202008a1b8de96d2e5b6bc02d379db03a877d34d/library/test/src/lib.rs:576:43
[INFO] [stdout]   33:     0x55b7ff88ad8a - test::run_test::{{closure}}::h4a5b729e66a38cd8
[INFO] [stdout]                                at /rustc/202008a1b8de96d2e5b6bc02d379db03a877d34d/library/test/src/lib.rs:606:41
[INFO] [stdout]   34:     0x55b7ff88ad8a - std::sys::backtrace::__rust_begin_short_backtrace::h0496fb742492f573
[INFO] [stdout]                                at /rustc/202008a1b8de96d2e5b6bc02d379db03a877d34d/library/std/src/sys/backtrace.rs:154:18
[INFO] [stdout]   35:     0x55b7ff88e704 - std::thread::Builder::spawn_unchecked_::{{closure}}::{{closure}}::hbb6d257c550a54bd
[INFO] [stdout]                                at /rustc/202008a1b8de96d2e5b6bc02d379db03a877d34d/library/std/src/thread/mod.rs:561:17
[INFO] [stdout]   36:     0x55b7ff88e704 - <core::panic::unwind_safe::AssertUnwindSafe<F> as core::ops::function::FnOnce<()>>::call_once::h46696fe4a6832328
[INFO] [stdout]                                at /rustc/202008a1b8de96d2e5b6bc02d379db03a877d34d/library/core/src/panic/unwind_safe.rs:272:9
[INFO] [stdout]   37:     0x55b7ff88e704 - std::panicking::try::do_call::h2625a51b667bfb64
[INFO] [stdout]                                at /rustc/202008a1b8de96d2e5b6bc02d379db03a877d34d/library/std/src/panicking.rs:557:40
[INFO] [stdout]   38:     0x55b7ff88e704 - std::panicking::try::hb956a59a1973aa4c
[INFO] [stdout]                                at /rustc/202008a1b8de96d2e5b6bc02d379db03a877d34d/library/std/src/panicking.rs:520:19
[INFO] [stdout]   39:     0x55b7ff88e704 - std::panic::catch_unwind::h64f3b9d1067ef6a0
[INFO] [stdout]                                at /rustc/202008a1b8de96d2e5b6bc02d379db03a877d34d/library/std/src/panic.rs:358:14
[INFO] [stdout]   40:     0x55b7ff88e704 - std::thread::Builder::spawn_unchecked_::{{closure}}::h42b2841295b6c0b2
[INFO] [stdout]                                at /rustc/202008a1b8de96d2e5b6bc02d379db03a877d34d/library/std/src/thread/mod.rs:559:30
[INFO] [stdout]   41:     0x55b7ff88e704 - core::ops::function::FnOnce::call_once{{vtable.shim}}::h6127de71b8124639
[INFO] [stdout]                                at /rustc/202008a1b8de96d2e5b6bc02d379db03a877d34d/library/core/src/ops/function.rs:250:5
[INFO] [stdout]   42:     0x55b7ff901c3b - <alloc::boxed::Box<F,A> as core::ops::function::FnOnce<Args>>::call_once::h42f0ba71002a1b2c
[INFO] [stdout]                                at /rustc/202008a1b8de96d2e5b6bc02d379db03a877d34d/library/alloc/src/boxed.rs:1972:9
[INFO] [stdout]   43:     0x55b7ff901c3b - <alloc::boxed::Box<F,A> as core::ops::function::FnOnce<Args>>::call_once::had9e47d7a3dcecb8
[INFO] [stdout]                                at /rustc/202008a1b8de96d2e5b6bc02d379db03a877d34d/library/alloc/src/boxed.rs:1972:9
[INFO] [stdout]   44:     0x55b7ff901c3b - std::sys::pal::unix::thread::Thread::new::thread_start::h48cf765408f6f5f2
[INFO] [stdout]                                at /rustc/202008a1b8de96d2e5b6bc02d379db03a877d34d/library/std/src/sys/pal/unix/thread.rs:105:17
[INFO] [stdout]   45:     0x78986d7fdac3 - <unknown>
[INFO] [stdout]   46:     0x78986d88ea04 - clone
[INFO] [stdout]   47:                0x0 - <unknown>
[INFO] [stdout] 
[INFO] [stdout] 
[INFO] [stdout] failures:
[INFO] [stdout]     test_macro_errors
[INFO] [stdout] 
[INFO] [stdout] test result: FAILED. 0 passed; 1 failed; 0 ignored; 0 measured; 0 filtered out; finished in 30.27s
[INFO] [stdout] 
[INFO] [stderr] error: test failed, to rerun pass `--test test_macro_errors`
[INFO] running `Command { std: "docker" "inspect" "1945ffeb8a8e4cb8f79d967c16d0350ff0879e104fe3512bda5f04137395b378", kill_on_drop: false }`
[INFO] running `Command { std: "docker" "rm" "-f" "1945ffeb8a8e4cb8f79d967c16d0350ff0879e104fe3512bda5f04137395b378", kill_on_drop: false }`
[INFO] [stdout] 1945ffeb8a8e4cb8f79d967c16d0350ff0879e104fe3512bda5f04137395b378
