[INFO] fetching crate arrow-udf-js 0.5.0...
[INFO] testing arrow-udf-js-0.5.0 against beta-2024-12-08 for beta-1.84.0-4-retry
[INFO] extracting crate arrow-udf-js 0.5.0 into /workspace/builds/worker-4-tc2/source
[INFO] validating manifest of crates.io crate arrow-udf-js 0.5.0 on toolchain beta-2024-12-08
[INFO] running `Command { std: CARGO_HOME="/workspace/cargo-home" RUSTUP_HOME="/workspace/rustup-home" "/workspace/cargo-home/bin/cargo" "+beta-2024-12-08" "metadata" "--manifest-path" "Cargo.toml" "--no-deps", kill_on_drop: false }`
[INFO] started tweaking crates.io crate arrow-udf-js 0.5.0
[INFO] removed 0 missing examples
[INFO] removed 0 missing tests
[INFO] finished tweaking crates.io crate arrow-udf-js 0.5.0
[INFO] tweaked toml for crates.io crate arrow-udf-js 0.5.0 written to /workspace/builds/worker-4-tc2/source/Cargo.toml
[INFO] crate crates.io crate arrow-udf-js 0.5.0 already has a lockfile, it will not be regenerated
[INFO] running `Command { std: CARGO_HOME="/workspace/cargo-home" RUSTUP_HOME="/workspace/rustup-home" "/workspace/cargo-home/bin/cargo" "+beta-2024-12-08" "fetch" "--manifest-path" "Cargo.toml", kill_on_drop: false }`
[INFO] running `Command { std: "docker" "create" "-v" "/var/lib/crater-agent-workspace/builds/worker-4-tc2/target:/opt/rustwide/target:rw,Z" "-v" "/var/lib/crater-agent-workspace/builds/worker-4-tc2/source:/opt/rustwide/workdir:ro,Z" "-v" "/var/lib/crater-agent-workspace/cargo-home:/opt/rustwide/cargo-home:ro,Z" "-v" "/var/lib/crater-agent-workspace/rustup-home:/opt/rustwide/rustup-home:ro,Z" "-e" "SOURCE_DIR=/opt/rustwide/workdir" "-e" "CARGO_TARGET_DIR=/opt/rustwide/target" "-e" "CARGO_HOME=/opt/rustwide/cargo-home" "-e" "RUSTUP_HOME=/opt/rustwide/rustup-home" "-w" "/opt/rustwide/workdir" "-m" "1610612736" "--user" "0:0" "--network" "none" "ghcr.io/rust-lang/crates-build-env/linux@sha256:f3a9d4ad9d972b27faf3965f35b62e55ba32bbce8f20bc8fe909558a86702fde" "/opt/rustwide/cargo-home/bin/cargo" "+beta-2024-12-08" "metadata" "--no-deps" "--format-version=1", kill_on_drop: false }`
[INFO] [stdout] c9b9d34504838f3efd78664a792fc4b842b8bb3b934a7bb04800e02db4bf9066
[INFO] running `Command { std: "docker" "start" "-a" "c9b9d34504838f3efd78664a792fc4b842b8bb3b934a7bb04800e02db4bf9066", kill_on_drop: false }`
[INFO] running `Command { std: "docker" "inspect" "c9b9d34504838f3efd78664a792fc4b842b8bb3b934a7bb04800e02db4bf9066", kill_on_drop: false }`
[INFO] running `Command { std: "docker" "rm" "-f" "c9b9d34504838f3efd78664a792fc4b842b8bb3b934a7bb04800e02db4bf9066", kill_on_drop: false }`
[INFO] [stdout] c9b9d34504838f3efd78664a792fc4b842b8bb3b934a7bb04800e02db4bf9066
[INFO] running `Command { std: "docker" "create" "-v" "/var/lib/crater-agent-workspace/builds/worker-4-tc2/target:/opt/rustwide/target:rw,Z" "-v" "/var/lib/crater-agent-workspace/builds/worker-4-tc2/source:/opt/rustwide/workdir:ro,Z" "-v" "/var/lib/crater-agent-workspace/cargo-home:/opt/rustwide/cargo-home:ro,Z" "-v" "/var/lib/crater-agent-workspace/rustup-home:/opt/rustwide/rustup-home:ro,Z" "-e" "SOURCE_DIR=/opt/rustwide/workdir" "-e" "CARGO_TARGET_DIR=/opt/rustwide/target" "-e" "CARGO_INCREMENTAL=0" "-e" "RUST_BACKTRACE=full" "-e" "RUSTFLAGS=--cap-lints=warn" "-e" "RUSTDOCFLAGS=--cap-lints=warn" "-e" "CARGO_HOME=/opt/rustwide/cargo-home" "-e" "RUSTUP_HOME=/opt/rustwide/rustup-home" "-w" "/opt/rustwide/workdir" "-m" "1610612736" "--user" "0:0" "--network" "none" "ghcr.io/rust-lang/crates-build-env/linux@sha256:f3a9d4ad9d972b27faf3965f35b62e55ba32bbce8f20bc8fe909558a86702fde" "/opt/rustwide/cargo-home/bin/cargo" "+beta-2024-12-08" "build" "--frozen" "--message-format=json", kill_on_drop: false }`
[INFO] [stdout] 6ec90afc04987fb5d3b9b82df06e9087c489e8d6d26f747f95e1beee601fa37e
[INFO] running `Command { std: "docker" "start" "-a" "6ec90afc04987fb5d3b9b82df06e9087c489e8d6d26f747f95e1beee601fa37e", kill_on_drop: false }`
[INFO] [stderr]    Compiling autocfg v1.4.0
[INFO] [stderr]    Compiling libm v0.2.8
[INFO] [stderr]    Compiling shlex v1.3.0
[INFO] [stderr]    Compiling cfg-if v1.0.0
[INFO] [stderr]    Compiling libc v0.2.159
[INFO] [stderr]    Compiling version_check v0.9.5
[INFO] [stderr]    Compiling portable-atomic v1.9.0
[INFO] [stderr]    Compiling bytes v1.7.2
[INFO] [stderr]    Compiling once_cell v1.20.2
[INFO] [stderr]    Compiling iana-time-zone v0.1.61
[INFO] [stderr]    Compiling arrow-schema v53.1.0
[INFO] [stderr]    Compiling anyhow v1.0.89
[INFO] [stderr]    Compiling zerocopy v0.7.35
[INFO] [stderr]    Compiling hashbrown v0.14.5
[INFO] [stderr]    Compiling cc v1.1.28
[INFO] [stderr]    Compiling ahash v0.8.11
[INFO] [stderr]    Compiling num-traits v0.2.19
[INFO] [stderr]    Compiling atomic-time v0.1.5
[INFO] [stderr]    Compiling getrandom v0.2.15
[INFO] [stderr]    Compiling rquickjs-sys v0.6.2
[INFO] [stderr]    Compiling num-integer v0.1.46
[INFO] [stderr]    Compiling num-complex v0.4.6
[INFO] [stderr]    Compiling half v2.4.1
[INFO] [stderr]    Compiling chrono v0.4.38
[INFO] [stderr]    Compiling num-bigint v0.4.6
[INFO] [stderr]    Compiling num-iter v0.1.45
[INFO] [stderr]    Compiling num-rational v0.4.2
[INFO] [stderr]    Compiling num v0.4.3
[INFO] [stderr]    Compiling arrow-buffer v53.1.0
[INFO] [stderr]    Compiling arrow-data v53.1.0
[INFO] [stderr]    Compiling arrow-array v53.1.0
[INFO] [stderr]    Compiling rquickjs-core v0.6.2
[INFO] [stderr]    Compiling rquickjs v0.6.2
[INFO] [stderr]    Compiling arrow-udf-js v0.5.0 (/opt/rustwide/workdir)
[INFO] [stderr]     Finished `dev` profile [unoptimized + debuginfo] target(s) in 25.66s
[INFO] running `Command { std: "docker" "inspect" "6ec90afc04987fb5d3b9b82df06e9087c489e8d6d26f747f95e1beee601fa37e", kill_on_drop: false }`
[INFO] running `Command { std: "docker" "rm" "-f" "6ec90afc04987fb5d3b9b82df06e9087c489e8d6d26f747f95e1beee601fa37e", kill_on_drop: false }`
[INFO] [stdout] 6ec90afc04987fb5d3b9b82df06e9087c489e8d6d26f747f95e1beee601fa37e
[INFO] running `Command { std: "docker" "create" "-v" "/var/lib/crater-agent-workspace/builds/worker-4-tc2/target:/opt/rustwide/target:rw,Z" "-v" "/var/lib/crater-agent-workspace/builds/worker-4-tc2/source:/opt/rustwide/workdir:ro,Z" "-v" "/var/lib/crater-agent-workspace/cargo-home:/opt/rustwide/cargo-home:ro,Z" "-v" "/var/lib/crater-agent-workspace/rustup-home:/opt/rustwide/rustup-home:ro,Z" "-e" "SOURCE_DIR=/opt/rustwide/workdir" "-e" "CARGO_TARGET_DIR=/opt/rustwide/target" "-e" "CARGO_INCREMENTAL=0" "-e" "RUST_BACKTRACE=full" "-e" "RUSTFLAGS=--cap-lints=warn" "-e" "RUSTDOCFLAGS=--cap-lints=warn" "-e" "CARGO_HOME=/opt/rustwide/cargo-home" "-e" "RUSTUP_HOME=/opt/rustwide/rustup-home" "-w" "/opt/rustwide/workdir" "-m" "1610612736" "--user" "0:0" "--network" "none" "ghcr.io/rust-lang/crates-build-env/linux@sha256:f3a9d4ad9d972b27faf3965f35b62e55ba32bbce8f20bc8fe909558a86702fde" "/opt/rustwide/cargo-home/bin/cargo" "+beta-2024-12-08" "test" "--frozen" "--no-run" "--message-format=json", kill_on_drop: false }`
[INFO] [stdout] 29a13b4ac205ab07fcb578fcbe4f6c3fd4312f041e6792c661a7b85600527b04
[INFO] running `Command { std: "docker" "start" "-a" "29a13b4ac205ab07fcb578fcbe4f6c3fd4312f041e6792c661a7b85600527b04", kill_on_drop: false }`
[INFO] [stderr]    Compiling static_assertions v1.1.0
[INFO] [stderr]    Compiling proc-macro2 v1.0.87
[INFO] [stderr]    Compiling unicode-ident v1.0.13
[INFO] [stderr]    Compiling rustversion v1.0.17
[INFO] [stderr]    Compiling heck v0.5.0
[INFO] [stderr]    Compiling strum v0.26.3
[INFO] [stderr]    Compiling unicode-width v0.1.14
[INFO] [stderr]    Compiling dissimilar v1.0.9
[INFO] [stderr]    Compiling base64 v0.22.1
[INFO] [stderr]    Compiling ryu v1.0.18
[INFO] [stderr]    Compiling atoi v2.0.0
[INFO] [stderr]    Compiling arrow-select v53.1.0
[INFO] [stderr]    Compiling lexical-util v1.0.3
[INFO] [stderr]    Compiling expect-test v1.5.0
[INFO] [stderr]    Compiling lexical-write-integer v1.0.2
[INFO] [stderr]    Compiling lexical-parse-integer v1.0.2
[INFO] [stderr]    Compiling lexical-write-float v1.0.2
[INFO] [stderr]    Compiling quote v1.0.37
[INFO] [stderr]    Compiling lexical-parse-float v1.0.2
[INFO] [stderr]    Compiling syn v2.0.79
[INFO] [stderr]    Compiling lexical-core v1.0.2
[INFO] [stderr]    Compiling strum_macros v0.26.4
[INFO] [stderr]    Compiling comfy-table v7.1.1
[INFO] [stderr]    Compiling arrow-cast v53.1.0
[INFO] [stderr]    Compiling arrow-udf-js v0.5.0 (/opt/rustwide/workdir)
[INFO] [stderr]     Finished `test` profile [unoptimized + debuginfo] target(s) in 24.58s
[INFO] running `Command { std: "docker" "inspect" "29a13b4ac205ab07fcb578fcbe4f6c3fd4312f041e6792c661a7b85600527b04", kill_on_drop: false }`
[INFO] running `Command { std: "docker" "rm" "-f" "29a13b4ac205ab07fcb578fcbe4f6c3fd4312f041e6792c661a7b85600527b04", kill_on_drop: false }`
[INFO] [stdout] 29a13b4ac205ab07fcb578fcbe4f6c3fd4312f041e6792c661a7b85600527b04
[INFO] running `Command { std: "docker" "create" "-v" "/var/lib/crater-agent-workspace/builds/worker-4-tc2/target:/opt/rustwide/target:rw,Z" "-v" "/var/lib/crater-agent-workspace/builds/worker-4-tc2/source:/opt/rustwide/workdir:ro,Z" "-v" "/var/lib/crater-agent-workspace/cargo-home:/opt/rustwide/cargo-home:ro,Z" "-v" "/var/lib/crater-agent-workspace/rustup-home:/opt/rustwide/rustup-home:ro,Z" "-e" "SOURCE_DIR=/opt/rustwide/workdir" "-e" "CARGO_TARGET_DIR=/opt/rustwide/target" "-e" "CARGO_INCREMENTAL=0" "-e" "RUST_BACKTRACE=full" "-e" "RUSTFLAGS=--cap-lints=warn" "-e" "RUSTDOCFLAGS=--cap-lints=warn" "-e" "CARGO_HOME=/opt/rustwide/cargo-home" "-e" "RUSTUP_HOME=/opt/rustwide/rustup-home" "-w" "/opt/rustwide/workdir" "-m" "1610612736" "--user" "0:0" "--network" "none" "ghcr.io/rust-lang/crates-build-env/linux@sha256:f3a9d4ad9d972b27faf3965f35b62e55ba32bbce8f20bc8fe909558a86702fde" "/opt/rustwide/cargo-home/bin/cargo" "+beta-2024-12-08" "test" "--frozen", kill_on_drop: false }`
[INFO] [stdout] 7eab424a01d7560edb23937498126cea5e6a3aac6c972a50932c2e80e6d53ce7
[INFO] running `Command { std: "docker" "start" "-a" "7eab424a01d7560edb23937498126cea5e6a3aac6c972a50932c2e80e6d53ce7", kill_on_drop: false }`
[INFO] [stderr]     Finished `test` profile [unoptimized + debuginfo] target(s) in 0.08s
[INFO] [stderr]      Running unittests src/lib.rs (/opt/rustwide/target/debug/deps/arrow_udf_js-b7e7b5202a898279)
[INFO] [stdout] 
[INFO] [stdout] running 0 tests
[INFO] [stdout] 
[INFO] [stdout] test result: ok. 0 passed; 0 failed; 0 ignored; 0 measured; 0 filtered out; finished in 0.00s
[INFO] [stdout] 
[INFO] [stderr]      Running tests/js.rs (/opt/rustwide/target/debug/deps/js-15dac1ec19f6afbc)
[INFO] [stdout] 
[INFO] [stdout] running 25 tests
[INFO] [stdout] test test_binary_json_stringify ... ok
[INFO] [stdout] test test_concat ... ok
[INFO] [stdout] test test_decimal256 ... ok
[INFO] [stdout] test test_date32_array ... ok
[INFO] [stdout] test test_large_string_as_string ... ok
[INFO] [stdout] test test_decimal_add ... ok
[INFO] [stdout] test test_struct_to_json ... ok
[INFO] [stdout] test test_json_array_access ... ok
[INFO] [stdout] test test_large_binary_json_stringify ... ok
[INFO] [stdout] test test_key_value ... ok
[INFO] [stdout] test test_return_array ... ok
[INFO] [stdout] test test_send_sync ... ok
[INFO] [stdout] test test_range ... ok
[INFO] [stdout] test test_json_stringify ... ok
[INFO] [stdout] test test_decimal128 ... ok
[INFO] [stdout] test test_to_string ... ok
[INFO] [stdout] test test_timestamp_microsecond_array ... ok
[INFO] [stdout] test test_timestamp_millisecond_array ... ok
[INFO] [stdout] test test_weighted_avg ... ok
[INFO] [stdout] test test_gcd ... ok
[INFO] [stdout] test test_timestamp_second_array ... ok
[INFO] [stdout] test test_timestamp_nanosecond_array ... ok
[INFO] [stdout] test test_typed_array ... ok
[INFO] [stdout] test test_timeout ... ok
[INFO] [stdout] test test_memory_limit ... ok
[INFO] [stdout] 
[INFO] [stdout] test result: ok. 25 passed; 0 failed; 0 ignored; 0 measured; 0 filtered out; finished in 0.08s
[INFO] [stdout] 
[INFO] [stderr]    Doc-tests arrow_udf_js
[INFO] [stdout] 
[INFO] [stdout] running 16 tests
[INFO] [stdout] test src/lib.rs - (line 57) ... ignored
[INFO] [stdout] test src/lib.rs - (line 98) ... ignored
[INFO] [stdout] test src/lib.rs - Runtime::create_state (line 506) ... FAILED
[INFO] [stdout] test src/lib.rs - Runtime::finish (line 699) ... FAILED
[INFO] [stdout] test src/lib.rs - Runtime::call_table_function (line 456) ... FAILED
[INFO] [stdout] test src/lib.rs - Runtime::set_memory_limit (line 145) ... ok
[INFO] [stdout] test src/lib.rs - Runtime::add_function (line 211) ... ok
[INFO] [stdout] test src/lib.rs - (line 76) ... ok
[INFO] [stdout] test src/lib.rs - (line 32) ... ok
[INFO] [stdout] test src/lib.rs - Runtime::add_aggregate (line 332) ... ok
[INFO] [stdout] test src/lib.rs - Runtime::set_timeout (line 158) ... ok
[INFO] [stdout] test src/lib.rs - Runtime::accumulate_or_retract (line 587) ... ok
[INFO] [stdout] test src/lib.rs - Runtime::merge (line 655) ... ok
[INFO] [stdout] test src/lib.rs - Runtime::call (line 396) ... ok
[INFO] [stdout] test src/lib.rs - Runtime::accumulate (line 529) ... ok
[INFO] [stdout] test src/lib.rs - Runtime::memory_usage (line 183) ... ok
[INFO] [stdout] 
[INFO] [stdout] failures:
[INFO] [stdout] 
[INFO] [stdout] ---- src/lib.rs - Runtime::create_state (line 506) stdout ----
[INFO] [stdout] error: linking with `cc` failed: exit status: 1
[INFO] [stdout]   |
[INFO] [stdout]   = note: LC_ALL="C" PATH="/opt/rustwide/rustup-home/toolchains/beta-2024-12-08-x86_64-unknown-linux-gnu/lib/rustlib/x86_64-unknown-linux-gnu/bin:/opt/rustwide/cargo-home/bin:/usr/local/sbin:/usr/local/bin:/usr/sbin:/usr/bin:/sbin:/bin" VSLANG="1033" "cc" "-m64" "/tmp/rustcAAEIVI/symbols.o" "/tmp/rustdoctestfDoaZz/rust_out.rust_out.9242fac72db2cd11-cgu.0.rcgu.o" "/tmp/rustdoctestfDoaZz/rust_out.2hl2tb9xdtge7mguxzn2q1kvi.rcgu.o" "-Wl,--as-needed" "-Wl,-Bstatic" "/opt/rustwide/target/debug/deps/libarrow_udf_js-8869b764e045ff5f.rlib" "/opt/rustwide/target/debug/deps/libatomic_time-8276c81140d15b48.rlib" "/opt/rustwide/target/debug/deps/libportable_atomic-583ff52b2d4300c4.rlib" "/opt/rustwide/target/debug/deps/librquickjs-14567c07efae627e.rlib" "/opt/rustwide/target/debug/deps/librquickjs_core-0076b92e5b8ea611.rlib" "/opt/rustwide/target/debug/deps/librquickjs_sys-6637974b29523aec.rlib" "/opt/rustwide/target/debug/deps/libarrow_array-67990b61d21d49a6.rlib" "/opt/rustwide/target/debug/deps/libahash-c4de78b8be31e9c6.rlib" "/opt/rustwide/target/debug/deps/libgetrandom-5fb72d01cccf0083.rlib" "/opt/rustwide/target/debug/deps/liblibc-82ee9df8532aef33.rlib" "/opt/rustwide/target/debug/deps/libonce_cell-0a05695a483fa658.rlib" "/opt/rustwide/target/debug/deps/libzerocopy-7d07cba449ed1a54.rlib" "/opt/rustwide/target/debug/deps/libhashbrown-c48b3ee1a0fcbf71.rlib" "/opt/rustwide/target/debug/deps/libchrono-3daa05abd876bde2.rlib" "/opt/rustwide/target/debug/deps/libiana_time_zone-aa61143ae82ec891.rlib" "/opt/rustwide/target/debug/deps/libarrow_data-23f213db545e3ed2.rlib" "/opt/rustwide/target/debug/deps/libarrow_schema-929de42f16419725.rlib" "/opt/rustwide/target/debug/deps/libarrow_buffer-1af0d4eb5dc61669.rlib" "/opt/rustwide/target/debug/deps/libbytes-3a0f883e6b02c5b5.rlib" "/opt/rustwide/target/debug/deps/libhalf-afc8dac62a4382f8.rlib" "/opt/rustwide/target/debug/deps/libcfg_if-a3e7e701fcd1f47b.rlib" "/opt/rustwide/target/debug/deps/libnum-d8a8fab2a4671008.rlib" "/opt/rustwide/target/debug/deps/libnum_iter-3c25e7ec897f8be5.rlib" "/opt/rustwide/target/debug/deps/libnum_rational-bf5d77152699838f.rlib" "/opt/rustwide/target/debug/deps/libnum_complex-9c004a31b46f0c65.rlib" "/opt/rustwide/target/debug/deps/libnum_bigint-d5c1e028a7fd7f55.rlib" "/opt/rustwide/target/debug/deps/libnum_integer-0b02cb2fe54a5cfb.rlib" "/opt/rustwide/target/debug/deps/libnum_traits-39d30ebf1362d5fd.rlib" "/opt/rustwide/target/debug/deps/libanyhow-232bbf4f5ec7c3f0.rlib" "/opt/rustwide/rustup-home/toolchains/beta-2024-12-08-x86_64-unknown-linux-gnu/lib/rustlib/x86_64-unknown-linux-gnu/lib/libstd-02dc84f49135b6b8.rlib" "/opt/rustwide/rustup-home/toolchains/beta-2024-12-08-x86_64-unknown-linux-gnu/lib/rustlib/x86_64-unknown-linux-gnu/lib/libpanic_unwind-a8f45b397fae3f81.rlib" "/opt/rustwide/rustup-home/toolchains/beta-2024-12-08-x86_64-unknown-linux-gnu/lib/rustlib/x86_64-unknown-linux-gnu/lib/libobject-089607133c180609.rlib" "/opt/rustwide/rustup-home/toolchains/beta-2024-12-08-x86_64-unknown-linux-gnu/lib/rustlib/x86_64-unknown-linux-gnu/lib/libmemchr-fc89f091bcd86cbb.rlib" "/opt/rustwide/rustup-home/toolchains/beta-2024-12-08-x86_64-unknown-linux-gnu/lib/rustlib/x86_64-unknown-linux-gnu/lib/libaddr2line-5a60949f01c7340c.rlib" "/opt/rustwide/rustup-home/toolchains/beta-2024-12-08-x86_64-unknown-linux-gnu/lib/rustlib/x86_64-unknown-linux-gnu/lib/libgimli-d29e6a55ca253c8c.rlib" "/opt/rustwide/rustup-home/toolchains/beta-2024-12-08-x86_64-unknown-linux-gnu/lib/rustlib/x86_64-unknown-linux-gnu/lib/librustc_demangle-273c078d5f65de7a.rlib" "/opt/rustwide/rustup-home/toolchains/beta-2024-12-08-x86_64-unknown-linux-gnu/lib/rustlib/x86_64-unknown-linux-gnu/lib/libstd_detect-413c950ffbdd4454.rlib" "/opt/rustwide/rustup-home/toolchains/beta-2024-12-08-x86_64-unknown-linux-gnu/lib/rustlib/x86_64-unknown-linux-gnu/lib/libhashbrown-1853c0976a1d88a6.rlib" "/opt/rustwide/rustup-home/toolchains/beta-2024-12-08-x86_64-unknown-linux-gnu/lib/rustlib/x86_64-unknown-linux-gnu/lib/librustc_std_workspace_alloc-ccb3384ddacb0f9e.rlib" "/opt/rustwide/rustup-home/toolchains/beta-2024-12-08-x86_64-unknown-linux-gnu/lib/rustlib/x86_64-unknown-linux-gnu/lib/libminiz_oxide-0b901dfb0ca849e0.rlib" "/opt/rustwide/rustup-home/toolchains/beta-2024-12-08-x86_64-unknown-linux-gnu/lib/rustlib/x86_64-unknown-linux-gnu/lib/libadler-eebeb8d7c64543ad.rlib" "/opt/rustwide/rustup-home/toolchains/beta-2024-12-08-x86_64-unknown-linux-gnu/lib/rustlib/x86_64-unknown-linux-gnu/lib/libunwind-4723ef81d6079867.rlib" "/opt/rustwide/rustup-home/toolchains/beta-2024-12-08-x86_64-unknown-linux-gnu/lib/rustlib/x86_64-unknown-linux-gnu/lib/libcfg_if-54442f8b422f5a54.rlib" "/opt/rustwide/rustup-home/toolchains/beta-2024-12-08-x86_64-unknown-linux-gnu/lib/rustlib/x86_64-unknown-linux-gnu/lib/liblibc-e0bbe034b5282553.rlib" "/opt/rustwide/rustup-home/toolchains/beta-2024-12-08-x86_64-unknown-linux-gnu/lib/rustlib/x86_64-unknown-linux-gnu/lib/liballoc-d0febb68c1c37b90.rlib" "/opt/rustwide/rustup-home/toolchains/beta-2024-12-08-x86_64-unknown-linux-gnu/lib/rustlib/x86_64-unknown-linux-gnu/lib/librustc_std_workspace_core-4cf833632aafa84c.rlib" "/opt/rustwide/rustup-home/toolchains/beta-2024-12-08-x86_64-unknown-linux-gnu/lib/rustlib/x86_64-unknown-linux-gnu/lib/libcore-65c2c6d2d6ae570b.rlib" "/opt/rustwide/rustup-home/toolchains/beta-2024-12-08-x86_64-unknown-linux-gnu/lib/rustlib/x86_64-unknown-linux-gnu/lib/libcompiler_builtins-97929cee0dcfe424.rlib" "-Wl,-Bdynamic" "-lc" "-lm" "-lrt" "-lpthread" "-lgcc_s" "-lutil" "-lrt" "-lpthread" "-lm" "-ldl" "-lc" "-Wl,--eh-frame-hdr" "-Wl,-z,noexecstack" "-L" "/opt/rustwide/target/debug/build/rquickjs-sys-6feed8ec5e42759d/out" "-L" "/opt/rustwide/rustup-home/toolchains/beta-2024-12-08-x86_64-unknown-linux-gnu/lib/rustlib/x86_64-unknown-linux-gnu/lib" "-o" "/tmp/rustdoctestfDoaZz/rust_out" "-Wl,--gc-sections" "-pie" "-Wl,-z,relro,-z,now" "-nodefaultlibs"
[INFO] [stdout]   = note: collect2: fatal error: ld terminated with signal 9 [Killed]
[INFO] [stdout]           compilation terminated.
[INFO] [stdout]           
[INFO] [stdout] 
[INFO] [stdout] error: aborting due to 1 previous error
[INFO] [stdout] 
[INFO] [stdout] Couldn't compile the test.
[INFO] [stdout] ---- src/lib.rs - Runtime::finish (line 699) stdout ----
[INFO] [stdout] error: linking with `cc` failed: exit status: 1
[INFO] [stdout]   |
[INFO] [stdout]   = note: LC_ALL="C" PATH="/opt/rustwide/rustup-home/toolchains/beta-2024-12-08-x86_64-unknown-linux-gnu/lib/rustlib/x86_64-unknown-linux-gnu/bin:/opt/rustwide/cargo-home/bin:/usr/local/sbin:/usr/local/bin:/usr/sbin:/usr/bin:/sbin:/bin" VSLANG="1033" "cc" "-m64" "/tmp/rustcfbx35C/symbols.o" "/tmp/rustdoctestoY6PBs/rust_out.rust_out.9242fac72db2cd11-cgu.0.rcgu.o" "/tmp/rustdoctestoY6PBs/rust_out.2hl2tb9xdtge7mguxzn2q1kvi.rcgu.o" "-Wl,--as-needed" "-Wl,-Bstatic" "/opt/rustwide/target/debug/deps/libarrow_udf_js-8869b764e045ff5f.rlib" "/opt/rustwide/target/debug/deps/libatomic_time-8276c81140d15b48.rlib" "/opt/rustwide/target/debug/deps/libportable_atomic-583ff52b2d4300c4.rlib" "/opt/rustwide/target/debug/deps/librquickjs-14567c07efae627e.rlib" "/opt/rustwide/target/debug/deps/librquickjs_core-0076b92e5b8ea611.rlib" "/opt/rustwide/target/debug/deps/librquickjs_sys-6637974b29523aec.rlib" "/opt/rustwide/target/debug/deps/libarrow_array-67990b61d21d49a6.rlib" "/opt/rustwide/target/debug/deps/libahash-c4de78b8be31e9c6.rlib" "/opt/rustwide/target/debug/deps/libgetrandom-5fb72d01cccf0083.rlib" "/opt/rustwide/target/debug/deps/liblibc-82ee9df8532aef33.rlib" "/opt/rustwide/target/debug/deps/libonce_cell-0a05695a483fa658.rlib" "/opt/rustwide/target/debug/deps/libzerocopy-7d07cba449ed1a54.rlib" "/opt/rustwide/target/debug/deps/libhashbrown-c48b3ee1a0fcbf71.rlib" "/opt/rustwide/target/debug/deps/libchrono-3daa05abd876bde2.rlib" "/opt/rustwide/target/debug/deps/libiana_time_zone-aa61143ae82ec891.rlib" "/opt/rustwide/target/debug/deps/libarrow_data-23f213db545e3ed2.rlib" "/opt/rustwide/target/debug/deps/libarrow_schema-929de42f16419725.rlib" "/opt/rustwide/target/debug/deps/libarrow_buffer-1af0d4eb5dc61669.rlib" "/opt/rustwide/target/debug/deps/libbytes-3a0f883e6b02c5b5.rlib" "/opt/rustwide/target/debug/deps/libhalf-afc8dac62a4382f8.rlib" "/opt/rustwide/target/debug/deps/libcfg_if-a3e7e701fcd1f47b.rlib" "/opt/rustwide/target/debug/deps/libnum-d8a8fab2a4671008.rlib" "/opt/rustwide/target/debug/deps/libnum_iter-3c25e7ec897f8be5.rlib" "/opt/rustwide/target/debug/deps/libnum_rational-bf5d77152699838f.rlib" "/opt/rustwide/target/debug/deps/libnum_complex-9c004a31b46f0c65.rlib" "/opt/rustwide/target/debug/deps/libnum_bigint-d5c1e028a7fd7f55.rlib" "/opt/rustwide/target/debug/deps/libnum_integer-0b02cb2fe54a5cfb.rlib" "/opt/rustwide/target/debug/deps/libnum_traits-39d30ebf1362d5fd.rlib" "/opt/rustwide/target/debug/deps/libanyhow-232bbf4f5ec7c3f0.rlib" "/opt/rustwide/rustup-home/toolchains/beta-2024-12-08-x86_64-unknown-linux-gnu/lib/rustlib/x86_64-unknown-linux-gnu/lib/libstd-02dc84f49135b6b8.rlib" "/opt/rustwide/rustup-home/toolchains/beta-2024-12-08-x86_64-unknown-linux-gnu/lib/rustlib/x86_64-unknown-linux-gnu/lib/libpanic_unwind-a8f45b397fae3f81.rlib" "/opt/rustwide/rustup-home/toolchains/beta-2024-12-08-x86_64-unknown-linux-gnu/lib/rustlib/x86_64-unknown-linux-gnu/lib/libobject-089607133c180609.rlib" "/opt/rustwide/rustup-home/toolchains/beta-2024-12-08-x86_64-unknown-linux-gnu/lib/rustlib/x86_64-unknown-linux-gnu/lib/libmemchr-fc89f091bcd86cbb.rlib" "/opt/rustwide/rustup-home/toolchains/beta-2024-12-08-x86_64-unknown-linux-gnu/lib/rustlib/x86_64-unknown-linux-gnu/lib/libaddr2line-5a60949f01c7340c.rlib" "/opt/rustwide/rustup-home/toolchains/beta-2024-12-08-x86_64-unknown-linux-gnu/lib/rustlib/x86_64-unknown-linux-gnu/lib/libgimli-d29e6a55ca253c8c.rlib" "/opt/rustwide/rustup-home/toolchains/beta-2024-12-08-x86_64-unknown-linux-gnu/lib/rustlib/x86_64-unknown-linux-gnu/lib/librustc_demangle-273c078d5f65de7a.rlib" "/opt/rustwide/rustup-home/toolchains/beta-2024-12-08-x86_64-unknown-linux-gnu/lib/rustlib/x86_64-unknown-linux-gnu/lib/libstd_detect-413c950ffbdd4454.rlib" "/opt/rustwide/rustup-home/toolchains/beta-2024-12-08-x86_64-unknown-linux-gnu/lib/rustlib/x86_64-unknown-linux-gnu/lib/libhashbrown-1853c0976a1d88a6.rlib" "/opt/rustwide/rustup-home/toolchains/beta-2024-12-08-x86_64-unknown-linux-gnu/lib/rustlib/x86_64-unknown-linux-gnu/lib/librustc_std_workspace_alloc-ccb3384ddacb0f9e.rlib" "/opt/rustwide/rustup-home/toolchains/beta-2024-12-08-x86_64-unknown-linux-gnu/lib/rustlib/x86_64-unknown-linux-gnu/lib/libminiz_oxide-0b901dfb0ca849e0.rlib" "/opt/rustwide/rustup-home/toolchains/beta-2024-12-08-x86_64-unknown-linux-gnu/lib/rustlib/x86_64-unknown-linux-gnu/lib/libadler-eebeb8d7c64543ad.rlib" "/opt/rustwide/rustup-home/toolchains/beta-2024-12-08-x86_64-unknown-linux-gnu/lib/rustlib/x86_64-unknown-linux-gnu/lib/libunwind-4723ef81d6079867.rlib" "/opt/rustwide/rustup-home/toolchains/beta-2024-12-08-x86_64-unknown-linux-gnu/lib/rustlib/x86_64-unknown-linux-gnu/lib/libcfg_if-54442f8b422f5a54.rlib" "/opt/rustwide/rustup-home/toolchains/beta-2024-12-08-x86_64-unknown-linux-gnu/lib/rustlib/x86_64-unknown-linux-gnu/lib/liblibc-e0bbe034b5282553.rlib" "/opt/rustwide/rustup-home/toolchains/beta-2024-12-08-x86_64-unknown-linux-gnu/lib/rustlib/x86_64-unknown-linux-gnu/lib/liballoc-d0febb68c1c37b90.rlib" "/opt/rustwide/rustup-home/toolchains/beta-2024-12-08-x86_64-unknown-linux-gnu/lib/rustlib/x86_64-unknown-linux-gnu/lib/librustc_std_workspace_core-4cf833632aafa84c.rlib" "/opt/rustwide/rustup-home/toolchains/beta-2024-12-08-x86_64-unknown-linux-gnu/lib/rustlib/x86_64-unknown-linux-gnu/lib/libcore-65c2c6d2d6ae570b.rlib" "/opt/rustwide/rustup-home/toolchains/beta-2024-12-08-x86_64-unknown-linux-gnu/lib/rustlib/x86_64-unknown-linux-gnu/lib/libcompiler_builtins-97929cee0dcfe424.rlib" "-Wl,-Bdynamic" "-lc" "-lm" "-lrt" "-lpthread" "-lgcc_s" "-lutil" "-lrt" "-lpthread" "-lm" "-ldl" "-lc" "-Wl,--eh-frame-hdr" "-Wl,-z,noexecstack" "-L" "/opt/rustwide/target/debug/build/rquickjs-sys-6feed8ec5e42759d/out" "-L" "/opt/rustwide/rustup-home/toolchains/beta-2024-12-08-x86_64-unknown-linux-gnu/lib/rustlib/x86_64-unknown-linux-gnu/lib" "-o" "/tmp/rustdoctestoY6PBs/rust_out" "-Wl,--gc-sections" "-pie" "-Wl,-z,relro,-z,now" "-nodefaultlibs"
[INFO] [stdout]   = note: collect2: fatal error: ld terminated with signal 9 [Killed]
[INFO] [stdout]           compilation terminated.
[INFO] [stdout]           
[INFO] [stdout] 
[INFO] [stdout] error: aborting due to 1 previous error
[INFO] [stdout] 
[INFO] [stdout] Couldn't compile the test.
[INFO] [stdout] ---- src/lib.rs - Runtime::call_table_function (line 456) stdout ----
[INFO] [stdout] error: linking with `cc` failed: exit status: 1
[INFO] [stdout]   |
[INFO] [stdout]   = note: LC_ALL="C" PATH="/opt/rustwide/rustup-home/toolchains/beta-2024-12-08-x86_64-unknown-linux-gnu/lib/rustlib/x86_64-unknown-linux-gnu/bin:/opt/rustwide/cargo-home/bin:/usr/local/sbin:/usr/local/bin:/usr/sbin:/usr/bin:/sbin:/bin" VSLANG="1033" "cc" "-m64" "/tmp/rustcmCZBVe/symbols.o" "/tmp/rustdoctest24E5cg/rust_out.rust_out.9242fac72db2cd11-cgu.0.rcgu.o" "/tmp/rustdoctest24E5cg/rust_out.2hl2tb9xdtge7mguxzn2q1kvi.rcgu.o" "-Wl,--as-needed" "-Wl,-Bstatic" "/opt/rustwide/target/debug/deps/libarrow_cast-465f4a6d75380a51.rlib" "/opt/rustwide/target/debug/deps/libatoi-b8b0a0435cf61c6f.rlib" "/opt/rustwide/target/debug/deps/libryu-6e02dac7c3b6be75.rlib" "/opt/rustwide/target/debug/deps/libbase64-1e2a536fab485f9b.rlib" "/opt/rustwide/target/debug/deps/libcomfy_table-a0ac4e71ada0b5d0.rlib" "/opt/rustwide/target/debug/deps/libunicode_width-678b846d5dec6380.rlib" "/opt/rustwide/target/debug/deps/libstrum-bb5d02a617643483.rlib" "/opt/rustwide/target/debug/deps/liblexical_core-69875cc206ba1623.rlib" "/opt/rustwide/target/debug/deps/liblexical_write_float-07fbe79ef643b270.rlib" "/opt/rustwide/target/debug/deps/liblexical_write_integer-a59fd14957dced4d.rlib" "/opt/rustwide/target/debug/deps/liblexical_parse_float-0a3c93889163e87c.rlib" "/opt/rustwide/target/debug/deps/liblexical_parse_integer-a2cb93c0e27b7ad2.rlib" "/opt/rustwide/target/debug/deps/liblexical_util-1fc1962444a091eb.rlib" "/opt/rustwide/target/debug/deps/libstatic_assertions-0ef270c4de502b0e.rlib" "/opt/rustwide/target/debug/deps/libarrow_select-630b3cbcf54bce80.rlib" "/opt/rustwide/target/debug/deps/libarrow_udf_js-8869b764e045ff5f.rlib" "/opt/rustwide/target/debug/deps/libatomic_time-8276c81140d15b48.rlib" "/opt/rustwide/target/debug/deps/libportable_atomic-583ff52b2d4300c4.rlib" "/opt/rustwide/target/debug/deps/librquickjs-14567c07efae627e.rlib" "/opt/rustwide/target/debug/deps/librquickjs_core-0076b92e5b8ea611.rlib" "/opt/rustwide/target/debug/deps/librquickjs_sys-6637974b29523aec.rlib" "/opt/rustwide/target/debug/deps/libarrow_array-67990b61d21d49a6.rlib" "/opt/rustwide/target/debug/deps/libahash-c4de78b8be31e9c6.rlib" "/opt/rustwide/target/debug/deps/libgetrandom-5fb72d01cccf0083.rlib" "/opt/rustwide/target/debug/deps/liblibc-82ee9df8532aef33.rlib" "/opt/rustwide/target/debug/deps/libonce_cell-0a05695a483fa658.rlib" "/opt/rustwide/target/debug/deps/libzerocopy-7d07cba449ed1a54.rlib" "/opt/rustwide/target/debug/deps/libhashbrown-c48b3ee1a0fcbf71.rlib" "/opt/rustwide/target/debug/deps/libchrono-3daa05abd876bde2.rlib" "/opt/rustwide/target/debug/deps/libiana_time_zone-aa61143ae82ec891.rlib" "/opt/rustwide/target/debug/deps/libarrow_data-23f213db545e3ed2.rlib" "/opt/rustwide/target/debug/deps/libarrow_schema-929de42f16419725.rlib" "/opt/rustwide/target/debug/deps/libarrow_buffer-1af0d4eb5dc61669.rlib" "/opt/rustwide/target/debug/deps/libbytes-3a0f883e6b02c5b5.rlib" "/opt/rustwide/target/debug/deps/libhalf-afc8dac62a4382f8.rlib" "/opt/rustwide/target/debug/deps/libcfg_if-a3e7e701fcd1f47b.rlib" "/opt/rustwide/target/debug/deps/libnum-d8a8fab2a4671008.rlib" "/opt/rustwide/target/debug/deps/libnum_iter-3c25e7ec897f8be5.rlib" "/opt/rustwide/target/debug/deps/libnum_rational-bf5d77152699838f.rlib" "/opt/rustwide/target/debug/deps/libnum_complex-9c004a31b46f0c65.rlib" "/opt/rustwide/target/debug/deps/libnum_bigint-d5c1e028a7fd7f55.rlib" "/opt/rustwide/target/debug/deps/libnum_integer-0b02cb2fe54a5cfb.rlib" "/opt/rustwide/target/debug/deps/libnum_traits-39d30ebf1362d5fd.rlib" "/opt/rustwide/target/debug/deps/libanyhow-232bbf4f5ec7c3f0.rlib" "/opt/rustwide/rustup-home/toolchains/beta-2024-12-08-x86_64-unknown-linux-gnu/lib/rustlib/x86_64-unknown-linux-gnu/lib/libstd-02dc84f49135b6b8.rlib" "/opt/rustwide/rustup-home/toolchains/beta-2024-12-08-x86_64-unknown-linux-gnu/lib/rustlib/x86_64-unknown-linux-gnu/lib/libpanic_unwind-a8f45b397fae3f81.rlib" "/opt/rustwide/rustup-home/toolchains/beta-2024-12-08-x86_64-unknown-linux-gnu/lib/rustlib/x86_64-unknown-linux-gnu/lib/libobject-089607133c180609.rlib" "/opt/rustwide/rustup-home/toolchains/beta-2024-12-08-x86_64-unknown-linux-gnu/lib/rustlib/x86_64-unknown-linux-gnu/lib/libmemchr-fc89f091bcd86cbb.rlib" "/opt/rustwide/rustup-home/toolchains/beta-2024-12-08-x86_64-unknown-linux-gnu/lib/rustlib/x86_64-unknown-linux-gnu/lib/libaddr2line-5a60949f01c7340c.rlib" "/opt/rustwide/rustup-home/toolchains/beta-2024-12-08-x86_64-unknown-linux-gnu/lib/rustlib/x86_64-unknown-linux-gnu/lib/libgimli-d29e6a55ca253c8c.rlib" "/opt/rustwide/rustup-home/toolchains/beta-2024-12-08-x86_64-unknown-linux-gnu/lib/rustlib/x86_64-unknown-linux-gnu/lib/librustc_demangle-273c078d5f65de7a.rlib" "/opt/rustwide/rustup-home/toolchains/beta-2024-12-08-x86_64-unknown-linux-gnu/lib/rustlib/x86_64-unknown-linux-gnu/lib/libstd_detect-413c950ffbdd4454.rlib" "/opt/rustwide/rustup-home/toolchains/beta-2024-12-08-x86_64-unknown-linux-gnu/lib/rustlib/x86_64-unknown-linux-gnu/lib/libhashbrown-1853c0976a1d88a6.rlib" "/opt/rustwide/rustup-home/toolchains/beta-2024-12-08-x86_64-unknown-linux-gnu/lib/rustlib/x86_64-unknown-linux-gnu/lib/librustc_std_workspace_alloc-ccb3384ddacb0f9e.rlib" "/opt/rustwide/rustup-home/toolchains/beta-2024-12-08-x86_64-unknown-linux-gnu/lib/rustlib/x86_64-unknown-linux-gnu/lib/libminiz_oxide-0b901dfb0ca849e0.rlib" "/opt/rustwide/rustup-home/toolchains/beta-2024-12-08-x86_64-unknown-linux-gnu/lib/rustlib/x86_64-unknown-linux-gnu/lib/libadler-eebeb8d7c64543ad.rlib" "/opt/rustwide/rustup-home/toolchains/beta-2024-12-08-x86_64-unknown-linux-gnu/lib/rustlib/x86_64-unknown-linux-gnu/lib/libunwind-4723ef81d6079867.rlib" "/opt/rustwide/rustup-home/toolchains/beta-2024-12-08-x86_64-unknown-linux-gnu/lib/rustlib/x86_64-unknown-linux-gnu/lib/libcfg_if-54442f8b422f5a54.rlib" "/opt/rustwide/rustup-home/toolchains/beta-2024-12-08-x86_64-unknown-linux-gnu/lib/rustlib/x86_64-unknown-linux-gnu/lib/liblibc-e0bbe034b5282553.rlib" "/opt/rustwide/rustup-home/toolchains/beta-2024-12-08-x86_64-unknown-linux-gnu/lib/rustlib/x86_64-unknown-linux-gnu/lib/liballoc-d0febb68c1c37b90.rlib" "/opt/rustwide/rustup-home/toolchains/beta-2024-12-08-x86_64-unknown-linux-gnu/lib/rustlib/x86_64-unknown-linux-gnu/lib/librustc_std_workspace_core-4cf833632aafa84c.rlib" "/opt/rustwide/rustup-home/toolchains/beta-2024-12-08-x86_64-unknown-linux-gnu/lib/rustlib/x86_64-unknown-linux-gnu/lib/libcore-65c2c6d2d6ae570b.rlib" "/opt/rustwide/rustup-home/toolchains/beta-2024-12-08-x86_64-unknown-linux-gnu/lib/rustlib/x86_64-unknown-linux-gnu/lib/libcompiler_builtins-97929cee0dcfe424.rlib" "-Wl,-Bdynamic" "-lc" "-lm" "-lrt" "-lpthread" "-lgcc_s" "-lutil" "-lrt" "-lpthread" "-lm" "-ldl" "-lc" "-Wl,--eh-frame-hdr" "-Wl,-z,noexecstack" "-L" "/opt/rustwide/target/debug/build/rquickjs-sys-6feed8ec5e42759d/out" "-L" "/opt/rustwide/rustup-home/toolchains/beta-2024-12-08-x86_64-unknown-linux-gnu/lib/rustlib/x86_64-unknown-linux-gnu/lib" "-o" "/tmp/rustdoctest24E5cg/rust_out" "-Wl,--gc-sections" "-pie" "-Wl,-z,relro,-z,now" "-nodefaultlibs"
[INFO] [stdout]   = note: collect2: fatal error: ld terminated with signal 9 [Killed]
[INFO] [stdout]           compilation terminated.
[INFO] [stdout]           
[INFO] [stdout] 
[INFO] [stdout] error: aborting due to 1 previous error
[INFO] [stdout] 
[INFO] [stdout] Couldn't compile the test.
[INFO] [stdout] 
[INFO] [stdout] failures:
[INFO] [stdout]     src/lib.rs - Runtime::call_table_function (line 456)
[INFO] [stdout]     src/lib.rs - Runtime::create_state (line 506)
[INFO] [stdout]     src/lib.rs - Runtime::finish (line 699)
[INFO] [stdout] 
[INFO] [stdout] test result: FAILED. 11 passed; 3 failed; 2 ignored; 0 measured; 0 filtered out; finished in 8.26s
[INFO] [stdout] 
[INFO] [stderr] error: doctest failed, to rerun pass `--doc`
[INFO] running `Command { std: "docker" "inspect" "7eab424a01d7560edb23937498126cea5e6a3aac6c972a50932c2e80e6d53ce7", kill_on_drop: false }`
[INFO] running `Command { std: "docker" "rm" "-f" "7eab424a01d7560edb23937498126cea5e6a3aac6c972a50932c2e80e6d53ce7", kill_on_drop: false }`
[INFO] [stdout] 7eab424a01d7560edb23937498126cea5e6a3aac6c972a50932c2e80e6d53ce7
