[INFO] fetching crate arrow-cast 53.3.0...
[INFO] testing arrow-cast-53.3.0 against 1.83.0 for beta-1.84.0-4-retry
[INFO] extracting crate arrow-cast 53.3.0 into /workspace/builds/worker-0-tc1/source
[INFO] validating manifest of crates.io crate arrow-cast 53.3.0 on toolchain 1.83.0
[INFO] running `Command { std: CARGO_HOME="/workspace/cargo-home" RUSTUP_HOME="/workspace/rustup-home" "/workspace/cargo-home/bin/cargo" "+1.83.0" "metadata" "--manifest-path" "Cargo.toml" "--no-deps", kill_on_drop: false }`
[INFO] started tweaking crates.io crate arrow-cast 53.3.0
[INFO] finished tweaking crates.io crate arrow-cast 53.3.0
[INFO] tweaked toml for crates.io crate arrow-cast 53.3.0 written to /workspace/builds/worker-0-tc1/source/Cargo.toml
[INFO] running `Command { std: CARGO_HOME="/workspace/cargo-home" RUSTUP_HOME="/workspace/rustup-home" "/workspace/cargo-home/bin/cargo" "+1.83.0" "generate-lockfile" "--manifest-path" "Cargo.toml", kill_on_drop: false }`
[INFO] [stderr]     Updating crates.io index
[INFO] [stderr]      Locking 112 packages to latest compatible versions
[INFO] running `Command { std: CARGO_HOME="/workspace/cargo-home" RUSTUP_HOME="/workspace/rustup-home" "/workspace/cargo-home/bin/cargo" "+1.83.0" "fetch" "--manifest-path" "Cargo.toml", kill_on_drop: false }`
[INFO] [stderr]  Downloading crates ...
[INFO] [stderr]   Downloaded lexical-core v1.0.5
[INFO] [stderr]   Downloaded lexical-write-integer v1.0.5
[INFO] [stderr]   Downloaded lexical-parse-integer v1.0.5
[INFO] [stderr]   Downloaded arrow-select v53.3.0
[INFO] [stderr]   Downloaded arrow-data v53.3.0
[INFO] [stderr]   Downloaded arrow-buffer v53.3.0
[INFO] [stderr]   Downloaded comfy-table v7.1.3
[INFO] [stderr]   Downloaded lexical-write-float v1.0.5
[INFO] [stderr]   Downloaded lexical-util v1.0.6
[INFO] [stderr]   Downloaded arrow-schema v53.3.0
[INFO] [stderr]   Downloaded lexical-parse-float v1.0.5
[INFO] [stderr]   Downloaded arrow-array v53.3.0
[INFO] running `Command { std: "docker" "create" "-v" "/var/lib/crater-agent-workspace/builds/worker-0-tc1/target:/opt/rustwide/target:rw,Z" "-v" "/var/lib/crater-agent-workspace/builds/worker-0-tc1/source:/opt/rustwide/workdir:ro,Z" "-v" "/var/lib/crater-agent-workspace/cargo-home:/opt/rustwide/cargo-home:ro,Z" "-v" "/var/lib/crater-agent-workspace/rustup-home:/opt/rustwide/rustup-home:ro,Z" "-e" "SOURCE_DIR=/opt/rustwide/workdir" "-e" "CARGO_TARGET_DIR=/opt/rustwide/target" "-e" "CARGO_HOME=/opt/rustwide/cargo-home" "-e" "RUSTUP_HOME=/opt/rustwide/rustup-home" "-w" "/opt/rustwide/workdir" "-m" "1610612736" "--user" "0:0" "--network" "none" "ghcr.io/rust-lang/crates-build-env/linux@sha256:f3a9d4ad9d972b27faf3965f35b62e55ba32bbce8f20bc8fe909558a86702fde" "/opt/rustwide/cargo-home/bin/cargo" "+1.83.0" "metadata" "--no-deps" "--format-version=1", kill_on_drop: false }`
[INFO] [stdout] 9477c7c7a16111006baa476b4da298484e14bf288743b4f7d5a102970259f7bf
[INFO] running `Command { std: "docker" "start" "-a" "9477c7c7a16111006baa476b4da298484e14bf288743b4f7d5a102970259f7bf", kill_on_drop: false }`
[INFO] running `Command { std: "docker" "inspect" "9477c7c7a16111006baa476b4da298484e14bf288743b4f7d5a102970259f7bf", kill_on_drop: false }`
[INFO] running `Command { std: "docker" "rm" "-f" "9477c7c7a16111006baa476b4da298484e14bf288743b4f7d5a102970259f7bf", kill_on_drop: false }`
[INFO] [stdout] 9477c7c7a16111006baa476b4da298484e14bf288743b4f7d5a102970259f7bf
[INFO] running `Command { std: "docker" "create" "-v" "/var/lib/crater-agent-workspace/builds/worker-0-tc1/target:/opt/rustwide/target:rw,Z" "-v" "/var/lib/crater-agent-workspace/builds/worker-0-tc1/source:/opt/rustwide/workdir:ro,Z" "-v" "/var/lib/crater-agent-workspace/cargo-home:/opt/rustwide/cargo-home:ro,Z" "-v" "/var/lib/crater-agent-workspace/rustup-home:/opt/rustwide/rustup-home:ro,Z" "-e" "SOURCE_DIR=/opt/rustwide/workdir" "-e" "CARGO_TARGET_DIR=/opt/rustwide/target" "-e" "CARGO_INCREMENTAL=0" "-e" "RUST_BACKTRACE=full" "-e" "RUSTFLAGS=--cap-lints=warn" "-e" "RUSTDOCFLAGS=--cap-lints=warn" "-e" "CARGO_HOME=/opt/rustwide/cargo-home" "-e" "RUSTUP_HOME=/opt/rustwide/rustup-home" "-w" "/opt/rustwide/workdir" "-m" "1610612736" "--user" "0:0" "--network" "none" "ghcr.io/rust-lang/crates-build-env/linux@sha256:f3a9d4ad9d972b27faf3965f35b62e55ba32bbce8f20bc8fe909558a86702fde" "/opt/rustwide/cargo-home/bin/cargo" "+1.83.0" "build" "--frozen" "--message-format=json", kill_on_drop: false }`
[INFO] [stdout] dacafe3b2f37e08baf4a650fb427ae6eedf38a1afe1ab4c0859104ca6ef9d84e
[INFO] running `Command { std: "docker" "start" "-a" "dacafe3b2f37e08baf4a650fb427ae6eedf38a1afe1ab4c0859104ca6ef9d84e", kill_on_drop: false }`
[INFO] [stderr]    Compiling libm v0.2.11
[INFO] [stderr]    Compiling num-traits v0.2.19
[INFO] [stderr]    Compiling static_assertions v1.1.0
[INFO] [stderr]    Compiling libc v0.2.168
[INFO] [stderr]    Compiling version_check v0.9.5
[INFO] [stderr]    Compiling bytes v1.9.0
[INFO] [stderr]    Compiling arrow-schema v53.3.0
[INFO] [stderr]    Compiling iana-time-zone v0.1.61
[INFO] [stderr]    Compiling zerocopy v0.7.35
[INFO] [stderr]    Compiling once_cell v1.20.2
[INFO] [stderr]    Compiling hashbrown v0.15.2
[INFO] [stderr]    Compiling base64 v0.22.1
[INFO] [stderr]    Compiling ryu v1.0.18
[INFO] [stderr]    Compiling lexical-util v1.0.6
[INFO] [stderr]    Compiling ahash v0.8.11
[INFO] [stderr]    Compiling lexical-write-integer v1.0.5
[INFO] [stderr]    Compiling lexical-parse-integer v1.0.5
[INFO] [stderr]    Compiling lexical-write-float v1.0.5
[INFO] [stderr]    Compiling lexical-parse-float v1.0.5
[INFO] [stderr]    Compiling getrandom v0.2.15
[INFO] [stderr]    Compiling lexical-core v1.0.5
[INFO] [stderr]    Compiling num-integer v0.1.46
[INFO] [stderr]    Compiling num-complex v0.4.6
[INFO] [stderr]    Compiling half v2.4.1
[INFO] [stderr]    Compiling chrono v0.4.39
[INFO] [stderr]    Compiling atoi v2.0.0
[INFO] [stderr]    Compiling num-bigint v0.4.6
[INFO] [stderr]    Compiling num-iter v0.1.45
[INFO] [stderr]    Compiling num-rational v0.4.2
[INFO] [stderr]    Compiling num v0.4.3
[INFO] [stderr]    Compiling arrow-buffer v53.3.0
[INFO] [stderr]    Compiling arrow-data v53.3.0
[INFO] [stderr]    Compiling arrow-array v53.3.0
[INFO] [stderr]    Compiling arrow-select v53.3.0
[INFO] [stderr]    Compiling arrow-cast v53.3.0 (/opt/rustwide/workdir)
[INFO] [stderr]     Finished `dev` profile [unoptimized + debuginfo] target(s) in 23.21s
[INFO] running `Command { std: "docker" "inspect" "dacafe3b2f37e08baf4a650fb427ae6eedf38a1afe1ab4c0859104ca6ef9d84e", kill_on_drop: false }`
[INFO] running `Command { std: "docker" "rm" "-f" "dacafe3b2f37e08baf4a650fb427ae6eedf38a1afe1ab4c0859104ca6ef9d84e", kill_on_drop: false }`
[INFO] [stdout] dacafe3b2f37e08baf4a650fb427ae6eedf38a1afe1ab4c0859104ca6ef9d84e
[INFO] running `Command { std: "docker" "create" "-v" "/var/lib/crater-agent-workspace/builds/worker-0-tc1/target:/opt/rustwide/target:rw,Z" "-v" "/var/lib/crater-agent-workspace/builds/worker-0-tc1/source:/opt/rustwide/workdir:ro,Z" "-v" "/var/lib/crater-agent-workspace/cargo-home:/opt/rustwide/cargo-home:ro,Z" "-v" "/var/lib/crater-agent-workspace/rustup-home:/opt/rustwide/rustup-home:ro,Z" "-e" "SOURCE_DIR=/opt/rustwide/workdir" "-e" "CARGO_TARGET_DIR=/opt/rustwide/target" "-e" "CARGO_INCREMENTAL=0" "-e" "RUST_BACKTRACE=full" "-e" "RUSTFLAGS=--cap-lints=warn" "-e" "RUSTDOCFLAGS=--cap-lints=warn" "-e" "CARGO_HOME=/opt/rustwide/cargo-home" "-e" "RUSTUP_HOME=/opt/rustwide/rustup-home" "-w" "/opt/rustwide/workdir" "-m" "1610612736" "--user" "0:0" "--network" "none" "ghcr.io/rust-lang/crates-build-env/linux@sha256:f3a9d4ad9d972b27faf3965f35b62e55ba32bbce8f20bc8fe909558a86702fde" "/opt/rustwide/cargo-home/bin/cargo" "+1.83.0" "test" "--frozen" "--no-run" "--message-format=json", kill_on_drop: false }`
[INFO] [stdout] 0e2629915a61effce3266390486a9c2e311d217c8bffc528b5b9d39cf1b76b81
[INFO] running `Command { std: "docker" "start" "-a" "0e2629915a61effce3266390486a9c2e311d217c8bffc528b5b9d39cf1b76b81", kill_on_drop: false }`
[INFO] [stderr]    Compiling byteorder v1.5.0
[INFO] [stderr]    Compiling serde v1.0.216
[INFO] [stderr]    Compiling once_cell v1.20.2
[INFO] [stderr]    Compiling serde_json v1.0.133
[INFO] [stderr]    Compiling regex-syntax v0.8.5
[INFO] [stderr]    Compiling either v1.13.0
[INFO] [stderr]    Compiling itoa v1.0.14
[INFO] [stderr]    Compiling ciborium-io v0.2.2
[INFO] [stderr]    Compiling anstyle v1.0.10
[INFO] [stderr]    Compiling clap_lex v0.7.4
[INFO] [stderr]    Compiling getrandom v0.2.15
[INFO] [stderr]    Compiling memchr v2.7.4
[INFO] [stderr]    Compiling zerocopy-derive v0.7.35
[INFO] [stderr]    Compiling serde_derive v1.0.216
[INFO] [stderr]    Compiling same-file v1.0.6
[INFO] [stderr]    Compiling cast v0.3.0
[INFO] [stderr]    Compiling ciborium-ll v0.2.2
[INFO] [stderr]    Compiling walkdir v2.5.0
[INFO] [stderr]    Compiling is-terminal v0.4.13
[INFO] [stderr]    Compiling clap_builder v4.5.23
[INFO] [stderr]    Compiling oorandom v11.1.4
[INFO] [stderr]    Compiling anes v0.1.6
[INFO] [stderr]    Compiling rand_core v0.6.4
[INFO] [stderr]    Compiling itertools v0.10.5
[INFO] [stderr]    Compiling zerocopy v0.7.35
[INFO] [stderr]    Compiling regex-automata v0.4.9
[INFO] [stderr]    Compiling criterion-plot v0.5.0
[INFO] [stderr]    Compiling ahash v0.8.11
[INFO] [stderr]    Compiling ppv-lite86 v0.2.20
[INFO] [stderr]    Compiling clap v4.5.23
[INFO] [stderr]    Compiling arrow-array v53.3.0
[INFO] [stderr]    Compiling rand_chacha v0.3.1
[INFO] [stderr]    Compiling rand v0.8.5
[INFO] [stderr]    Compiling regex v1.11.1
[INFO] [stderr]    Compiling arrow-select v53.3.0
[INFO] [stderr]    Compiling ciborium v0.2.2
[INFO] [stderr]    Compiling arrow-cast v53.3.0 (/opt/rustwide/workdir)
[INFO] [stderr]    Compiling tinytemplate v1.2.1
[INFO] [stderr]    Compiling criterion v0.5.1
[INFO] [stderr]     Finished `test` profile [unoptimized + debuginfo] target(s) in 37.61s
[INFO] running `Command { std: "docker" "inspect" "0e2629915a61effce3266390486a9c2e311d217c8bffc528b5b9d39cf1b76b81", kill_on_drop: false }`
[INFO] running `Command { std: "docker" "rm" "-f" "0e2629915a61effce3266390486a9c2e311d217c8bffc528b5b9d39cf1b76b81", kill_on_drop: false }`
[INFO] [stdout] 0e2629915a61effce3266390486a9c2e311d217c8bffc528b5b9d39cf1b76b81
[INFO] running `Command { std: "docker" "create" "-v" "/var/lib/crater-agent-workspace/builds/worker-0-tc1/target:/opt/rustwide/target:rw,Z" "-v" "/var/lib/crater-agent-workspace/builds/worker-0-tc1/source:/opt/rustwide/workdir:ro,Z" "-v" "/var/lib/crater-agent-workspace/cargo-home:/opt/rustwide/cargo-home:ro,Z" "-v" "/var/lib/crater-agent-workspace/rustup-home:/opt/rustwide/rustup-home:ro,Z" "-e" "SOURCE_DIR=/opt/rustwide/workdir" "-e" "CARGO_TARGET_DIR=/opt/rustwide/target" "-e" "CARGO_INCREMENTAL=0" "-e" "RUST_BACKTRACE=full" "-e" "RUSTFLAGS=--cap-lints=warn" "-e" "RUSTDOCFLAGS=--cap-lints=warn" "-e" "CARGO_HOME=/opt/rustwide/cargo-home" "-e" "RUSTUP_HOME=/opt/rustwide/rustup-home" "-w" "/opt/rustwide/workdir" "-m" "1610612736" "--user" "0:0" "--network" "none" "ghcr.io/rust-lang/crates-build-env/linux@sha256:f3a9d4ad9d972b27faf3965f35b62e55ba32bbce8f20bc8fe909558a86702fde" "/opt/rustwide/cargo-home/bin/cargo" "+1.83.0" "test" "--frozen", kill_on_drop: false }`
[INFO] [stdout] 8b4e310b4bb1078fd4364f2c55f9a36c973e0e900e982ede35bbba512cd23ac1
[INFO] running `Command { std: "docker" "start" "-a" "8b4e310b4bb1078fd4364f2c55f9a36c973e0e900e982ede35bbba512cd23ac1", kill_on_drop: false }`
[INFO] [stderr]     Finished `test` profile [unoptimized + debuginfo] target(s) in 0.13s
[INFO] [stderr]      Running unittests src/lib.rs (/opt/rustwide/target/debug/deps/arrow_cast-8fc53b7d75fdfe41)
[INFO] [stdout] 
[INFO] [stdout] running 214 tests
[INFO] [stdout] test cast::decimal::tests::test_parse_string_to_decimal_native ... ok
[INFO] [stdout] test cast::tests::test_bianry_to_view ... ok
[INFO] [stdout] test cast::tests::test_can_cast_fsl_to_fsl ... ok
[INFO] [stdout] test cast::tests::test_can_cast_types_fixed_size_list_to_list ... ok
[INFO] [stdout] test cast::tests::test_cast_below_unixtimestamp ... ok
[INFO] [stdout] test cast::tests::test_cast_binary_to_fixed_size_binary ... ok
[INFO] [stdout] test cast::tests::test_cast_between_durations_and_numerics ... ok
[INFO] [stdout] test cast::tests::test_cast_bool_to_f64 ... ok
[INFO] [stdout] test cast::tests::test_cast_bool_to_i32 ... ok
[INFO] [stdout] test cast::tests::test_binary_view_to_string_view ... ok
[INFO] [stdout] test base64::tests::test_b64 ... ok
[INFO] [stdout] test cast::tests::test_cast_between_timestamps ... ok
[INFO] [stdout] test cast::tests::test_cast_bool_to_utf8 ... ok
[INFO] [stdout] test cast::tests::test_cast_bool_to_large_utf8 ... ok
[INFO] [stdout] test cast::tests::test_cast_date32_to_string ... ok
[INFO] [stdout] test cast::tests::test_cast_date32_to_timestamp_ms ... ok
[INFO] [stdout] test cast::tests::test_cast_date32_to_timestamp ... ok
[INFO] [stdout] test cast::tests::test_cast_date32_to_timestamp_us ... ok
[INFO] [stdout] test cast::tests::test_cast_date32_to_date64 ... ok
[INFO] [stdout] test cast::tests::test_cast_date32_to_timestamp_ns ... ok
[INFO] [stdout] test cast::tests::test_cast_date64_to_date32 ... ok
[INFO] [stdout] test cast::tests::test_cast_date64_to_string ... ok
[INFO] [stdout] test cast::tests::test_cast_date64_to_timestamp_ns ... ok
[INFO] [stdout] test cast::tests::test_cast_date64_to_timestamp ... ok
[INFO] [stdout] test cast::tests::test_cast_date64_to_timestamp_us ... ok
[INFO] [stdout] test cast::tests::test_cast_date64_to_timestamp_ms ... ok
[INFO] [stdout] test cast::tests::test_cast_decimal128_to_decimal128 ... ok
[INFO] [stdout] test cast::tests::test_cast_date32_to_int32 ... ok
[INFO] [stdout] test cast::tests::test_cast_decimal128_to_decimal128_dict ... ok
[INFO] [stdout] test cast::tests::test_cast_decimal128_to_decimal128_negative ... ok
[INFO] [stdout] test cast::tests::test_cast_decimal128_to_decimal128_negative_scale ... ok
[INFO] [stdout] test cast::tests::test_cast_decimal128_to_decimal256 ... ok
[INFO] [stdout] test cast::tests::test_cast_decimal128_to_decimal128_overflow ... ok
[INFO] [stdout] test cast::tests::test_cast_decimal128_to_decimal256_overflow ... ok
[INFO] [stdout] test cast::tests::test_cast_decimal256_to_decimal128 ... ok
[INFO] [stdout] test cast::tests::test_cast_decimal128_to_decimal256_negative ... ok
[INFO] [stdout] test cast::tests::test_cast_decimal256_to_decimal256_overflow ... ok
[INFO] [stdout] test cast::tests::test_cast_decimal256_to_decimal128_overflow ... ok
[INFO] [stdout] test cast::tests::test_cast_duration_to_i64 ... ok
[INFO] [stdout] test cast::tests::test_cast_decimal256_to_decimal256 ... ok
[INFO] [stdout] test cast::tests::test_cast_dict_to_dict_bad_index_value_utf8 ... ok
[INFO] [stdout] test cast::tests::test_cast_dict_to_dict_bad_index_value_primitive ... ok
[INFO] [stdout] test cast::tests::test_cast_decimal_to_decimal_round ... ok
[INFO] [stdout] test cast::tests::test_cast_decimal256_to_decimal256_dict ... ok
[INFO] [stdout] test cast::tests::test_cast_decimal256_to_numeric ... ok
[INFO] [stdout] test cast::tests::test_cast_f64_to_decimal128 ... ok
[INFO] [stdout] test cast::tests::test_cast_floating_point_to_decimal128_overflow ... ok
[INFO] [stdout] test cast::tests::test_cast_fixed_size_list_to_list ... ok
[INFO] [stdout] test cast::tests::test_cast_from_int32 ... ok
[INFO] [stdout] test cast::tests::test_cast_from_int16 ... ok
[INFO] [stdout] test cast::tests::test_cast_decimal_to_timestamp ... ok
[INFO] [stdout] test cast::tests::test_cast_floating_point_to_decimal256_overflow ... ok
[INFO] [stdout] test cast::tests::test_cast_floating_point_to_decimal128_precision_overflow ... ok
[INFO] [stdout] test cast::tests::test_cast_floating_point_to_decimal256_precision_overflow ... ok
[INFO] [stdout] test cast::tests::test_cast_floating_to_timestamp ... ok
[INFO] [stdout] test cast::tests::test_cast_from_duration_to_interval ... ok
[INFO] [stdout] test cast::tests::test_cast_from_interval_year_month_to_interval_month_day_nano ... ok
[INFO] [stdout] test cast::tests::test_cast_from_interval_day_time_to_interval_month_day_nano ... ok
[INFO] [stdout] test cast::tests::test_cast_from_int8 ... ok
[INFO] [stdout] test cast::tests::test_cast_from_date32 ... ok
[INFO] [stdout] test cast::tests::test_cast_from_uint16 ... ok
[INFO] [stdout] test cast::tests::test_cast_from_uint32 ... ok
[INFO] [stdout] test cast::tests::test_cast_from_f32 ... ok
[INFO] [stdout] test cast::tests::test_cast_from_f64 ... ok
[INFO] [stdout] test cast::tests::test_cast_decimal_to_numeric ... ok
[INFO] [stdout] test cast::tests::test_cast_i32_to_f64 ... ok
[INFO] [stdout] test cast::tests::test_cast_i32_to_list_i32 ... ok
[INFO] [stdout] test cast::tests::test_cast_from_int64 ... ok
[INFO] [stdout] test cast::tests::test_cast_decimal_to_utf8 ... ok
[INFO] [stdout] test cast::tests::test_cast_i32_to_list_f64_nullable_sliced ... ok
[INFO] [stdout] test cast::tests::test_cast_i32_to_u8_sliced ... ok
[INFO] [stdout] test cast::tests::test_cast_i32_to_u8 ... ok
[INFO] [stdout] test cast::tests::test_cast_from_interval_to_duration ... ok
[INFO] [stdout] test cast::tests::test_cast_from_uint64 ... ok
[INFO] [stdout] test cast::tests::test_cast_i32_to_list_i32_nullable ... ok
[INFO] [stdout] test cast::tests::test_cast_i32_to_i32 ... ok
[INFO] [stdout] test cast::tests::test_cast_int32_to_date32 ... ok
[INFO] [stdout] test cast::tests::test_cast_invalid_utf8 ... ok
[INFO] [stdout] test cast::tests::test_cast_integer_to_timestamp ... ok
[INFO] [stdout] test cast::tests::test_cast_invalid_utf8_to_decimal ... ok
[INFO] [stdout] test cast::tests::test_cast_large_utf8_to_decimal128_overflow ... ok
[INFO] [stdout] test cast::tests::test_cast_large_utf8_to_decimal ... ok
[INFO] [stdout] test cast::tests::test_cast_large_list_to_fsl ... ok
[INFO] [stdout] test cast::tests::test_cast_from_uint8 ... ok
[INFO] [stdout] test cast::tests::test_cast_list_containers ... ok
[INFO] [stdout] test cast::tests::test_cast_list_i32_to_list_timestamp ... ok
[INFO] [stdout] test cast::tests::test_cast_list_to_fsl_empty ... ok
[INFO] [stdout] test cast::tests::test_cast_map_dont_allow_when_container_cant_cast ... ok
[INFO] [stdout] test cast::tests::test_cast_map_contained_values ... ok
[INFO] [stdout] test cast::tests::test_cast_list_to_fsl ... ok
[INFO] [stdout] test cast::tests::test_cast_map_field_names ... ok
[INFO] [stdout] test cast::tests::test_cast_map_dont_allow_change_of_order ... ok
[INFO] [stdout] test cast::tests::test_cast_list_to_fsl_safety ... ok
[INFO] [stdout] test cast::tests::test_cast_large_utf8_to_decimal256_overflow ... ok
[INFO] [stdout] test cast::tests::test_cast_list_i32_to_list_u16 ... ok
[INFO] [stdout] test cast::tests::test_cast_null_array_from_and_to_primitive_array ... ok
[INFO] [stdout] test cast::tests::test_cast_null_array_to_from_decimal_array ... ok
[INFO] [stdout] test cast::tests::test_cast_null_from_and_to_nested_type ... ok
[INFO] [stdout] test cast::tests::test_cast_list_to_fsl_subcast ... ok
[INFO] [stdout] test cast::tests::test_cast_null_from_and_to_variable_sized ... ok
[INFO] [stdout] test cast::tests::test_cast_numeric_to_decimal128 ... ok
[INFO] [stdout] test cast::tests::test_cast_numeric_to_decimal128_negative ... ok
[INFO] [stdout] test cast::tests::test_cast_numeric_to_decimal128_overflow ... ok
[INFO] [stdout] test cast::tests::test_cast_numeric_to_decimal128_precision_overflow ... ok
[INFO] [stdout] test cast::tests::test_cast_numeric_to_decimal256_precision_overflow ... ok
[INFO] [stdout] test cast::tests::test_cast_outside_supported_range_for_nanoseconds ... ok
[INFO] [stdout] test cast::tests::test_cast_primitive_dict ... ok
[INFO] [stdout] test cast::tests::test_cast_string_array_to_dict ... ok
[INFO] [stdout] test cast::tests::test_cast_string_format_yyyymmdd_to_date32 ... ok
[INFO] [stdout] test cast::tests::test_cast_string_to_date64 ... ok
[INFO] [stdout] test cast::tests::test_cast_primitive_array_to_dict ... ok
[INFO] [stdout] test cast::tests::test_cast_single_element_fixed_size_list ... ok
[INFO] [stdout] test cast::tests::test_cast_string_to_interval_month_day_nano ... ok
[INFO] [stdout] test cast::tests::test_cast_string_to_time32millisecond ... ok
[INFO] [stdout] test cast::tests::test_cast_string_to_integral_overflow ... ok
[INFO] [stdout] test cast::tests::test_cast_numeric_to_decimal256_overflow ... ok
[INFO] [stdout] test cast::tests::test_cast_string_to_decimal256_precision_overflow ... ok
[INFO] [stdout] test cast::tests::test_cast_string_to_time32second ... ok
[INFO] [stdout] test cast::tests::test_cast_string_to_decimal128_precision_overflow ... ok
[INFO] [stdout] test cast::tests::test_cast_string_to_interval_day_time ... ok
[INFO] [stdout] test cast::tests::test_cast_string_to_interval_err ... ok
[INFO] [stdout] test cast::tests::test_cast_string_to_timestamp_invalid_tz ... ok
[INFO] [stdout] test cast::tests::test_cast_string_to_time64microsecond ... ok
[INFO] [stdout] test cast::tests::test_cast_struct_to_struct ... ok
[INFO] [stdout] test cast::tests::test_cast_string_to_time64nanosecond ... ok
[INFO] [stdout] test cast::tests::test_cast_string_to_timestamp ... ok
[INFO] [stdout] test cast::tests::test_cast_string_to_timestamp_overflow ... ok
[INFO] [stdout] test cast::tests::test_cast_string_to_interval_year_month ... ok
[INFO] [stdout] test cast::tests::test_cast_timestamp_to_date32 ... ok
[INFO] [stdout] test cast::tests::test_cast_timestamp_to_date32_zone ... ok
[INFO] [stdout] test cast::tests::test_cast_timestamp_to_decimal ... ok
[INFO] [stdout] test cast::tests::test_cast_timestamp_to_floating ... ok
[INFO] [stdout] test cast::tests::test_cast_numeric_to_decimal256 ... ok
[INFO] [stdout] test cast::tests::test_cast_timestamp_to_i64 ... ok
[INFO] [stdout] test cast::tests::test_cast_timestamp_to_date64 ... ok
[INFO] [stdout] test cast::tests::test_cast_timestamp_to_strings_opt ... ok
[INFO] [stdout] test cast::tests::test_cast_timestamp_with_timezone_1 ... ok
[INFO] [stdout] test cast::tests::test_cast_timestamp_with_timezone_2 ... ok
[INFO] [stdout] test cast::tests::test_cast_timestamp_to_integer ... ok
[INFO] [stdout] test cast::tests::test_cast_timestamp_to_time64 ... ok
[INFO] [stdout] test cast::tests::test_cast_timestamp_to_strings ... ok
[INFO] [stdout] test cast::tests::test_cast_struct_to_struct_nullability ... ok
[INFO] [stdout] test cast::tests::test_cast_string_to_date32 ... ok
[INFO] [stdout] test cast::tests::test_cast_timestamp_with_timezone_3 ... ok
[INFO] [stdout] test cast::tests::test_cast_timestamp_to_time32 ... ok
[INFO] [stdout] test cast::tests::test_cast_to_strings ... ok
[INFO] [stdout] test cast::tests::test_cast_time_array_to_dict ... ok
[INFO] [stdout] test cast::tests::test_cast_utf8_dict ... ok
[INFO] [stdout] test cast::tests::test_cast_timestamp_array_to_dict ... ok
[INFO] [stdout] test cast::tests::test_cast_utf8_to_bool ... ok
[INFO] [stdout] test cast::tests::test_cast_utf8_to_date32 ... ok
[INFO] [stdout] test cast::tests::test_cast_utf8_to_date64 ... ok
[INFO] [stdout] test cast::tests::test_cast_utf8_to_i32 ... ok
[INFO] [stdout] test cast::tests::test_cast_utf8_to_decimal128_overflow ... ok
[INFO] [stdout] test cast::tests::test_cast_utf8_to_timestamp ... ok
[INFO] [stdout] test cast::tests::test_cast_with_options_utf8_to_i32 ... ok
[INFO] [stdout] test cast::tests::test_fixed_size_binary_to_binary ... ok
[INFO] [stdout] test cast::tests::test_list_cast_offsets ... ok
[INFO] [stdout] test cast::tests::test_list_format_options ... ok
[INFO] [stdout] test cast::tests::test_nested_list ... ok
[INFO] [stdout] test cast::tests::test_const_options ... ok
[INFO] [stdout] test cast::tests::test_cast_utf8_to_decimal ... ok
[INFO] [stdout] test cast::tests::test_cast_utf8view_to_decimal128 ... ok
[INFO] [stdout] test cast::tests::test_cast_utf8_to_list ... ok
[INFO] [stdout] test cast::tests::test_cast_utf8view_to_f32 ... ok
[INFO] [stdout] test cast::tests::test_cast_utf8_to_timestamptz ... ok
[INFO] [stdout] test cast::tests::test_cast_utf8view_to_i32 ... ok
[INFO] [stdout] test cast::tests::test_string_view_to_binary_view ... ok
[INFO] [stdout] test cast::tests::test_string_to_view ... ok
[INFO] [stdout] test cast::tests::test_dict_to_view ... ok
[INFO] [stdout] test cast::tests::test_list_to_string ... ok
[INFO] [stdout] test cast::tests::test_cast_utf8_to_decimal256_overflow ... ok
[INFO] [stdout] test cast::tests::test_str_to_str_casts ... ok
[INFO] [stdout] test cast::tests::test_cast_with_options_utf8_to_bool ... ok
[INFO] [stdout] test cast::tests::test_numeric_to_binary ... ok
[INFO] [stdout] test cast::tests::test_nested_list_cast ... ok
[INFO] [stdout] test cast::tests::test_numeric_to_large_binary ... ok
[INFO] [stdout] test cast::tests::test_timezone_cast ... ok
[INFO] [stdout] test cast::tests::test_parse_string_to_decimal ... ok
[INFO] [stdout] test cast::tests::test_view_to_dict ... ok
[INFO] [stdout] test cast::tests::test_view_to_binary ... ok
[INFO] [stdout] test cast::tests::test_utf8_cast_offsets ... ok
[INFO] [stdout] test display::tests::test_array_value_to_string_duration ... ok
[INFO] [stdout] test cast::tests::test_view_to_string ... ok
[INFO] [stdout] test display::tests::test_map_array_to_string ... ok
[INFO] [stdout] test display::tests::test_string_run_arry_to_string ... ok
[INFO] [stdout] test display::tests::test_const_options ... ok
[INFO] [stdout] test parse::tests::string_to_timestamp_chrono ... ok
[INFO] [stdout] test parse::tests::string_to_timestamp_naive ... ok
[INFO] [stdout] test parse::tests::parse_time32_secs ... ok
[INFO] [stdout] test parse::tests::parse_time64_micros ... ok
[INFO] [stdout] test parse::tests::parse_time64_nanos ... ok
[INFO] [stdout] test parse::tests::string_to_timestamp_invalid ... ok
[INFO] [stdout] test parse::tests::parse_time32_millis ... ok
[INFO] [stdout] test parse::tests::parse_date32 ... ok
[INFO] [stdout] test parse::tests::string_to_timestamp_timezone ... ok
[INFO] [stdout] test parse::tests::string_to_timestamp_timezone_space ... ok
[INFO] [stdout] test display::tests::test_null ... ok
[INFO] [stdout] test parse::tests::string_to_timestamp_no_timezone ... ok
[INFO] [stdout] test parse::tests::string_to_timestamp_old ... ok
[INFO] [stdout] test parse::tests::test_interval_addition ... ok
[INFO] [stdout] test parse::tests::test_interval_amount_parsing ... ok
[INFO] [stdout] test parse::tests::test_parse_empty ... ok
[INFO] [stdout] test parse::tests::test_interval_precision ... ok
[INFO] [stdout] test parse::tests::string_without_timezone_to_timestamp ... ok
[INFO] [stdout] test parse::tests::test_parse_interval_month_day_nano_config ... ok
[INFO] [stdout] test parse::tests::test_parse_nanos ... ok
[INFO] [stdout] test parse::tests::test_string_to_time_chrono ... ok
[INFO] [stdout] test parse::tests::test_parse_decimal_with_parameter ... ok
[INFO] [stdout] test parse::tests::test_parse_interval ... ok
[INFO] [stdout] test parse::tests::test_duplicate_interval_type ... ok
[INFO] [stdout] test parse::tests::test_string_to_time_invalid ... ok
[INFO] [stdout] test cast::tests::test_cast_int32_to_u8_with_error - should panic ... ok
[INFO] [stdout] test cast::tests::test_cast_decimal_to_decimal_round_with_error - should panic ... ok
[INFO] [stdout] 
[INFO] [stdout] test result: ok. 214 passed; 0 failed; 0 ignored; 0 measured; 0 filtered out; finished in 0.14s
[INFO] [stdout] 
[INFO] [stderr]    Doc-tests arrow_cast
[INFO] [stdout] 
[INFO] [stdout] running 9 tests
[INFO] [stdout] test src/display.rs - display::ArrayFormatter (line 236) ... ok
[INFO] [stdout] test src/display.rs - display::ArrayFormatter (line 206) ... ok
[INFO] [stdout] test src/cast/mod.rs - cast::cast_with_options (line 633) ... FAILED
[INFO] [stdout] test src/parse.rs - parse::string_to_timestamp_nanos (line 260) ... ok
[INFO] [stdout] test src/parse.rs - parse::Parser (line 419) ... ok
[INFO] [stdout] test src/parse.rs - parse::Parser (line 428) ... ok
[INFO] [stdout] test src/cast/mod.rs - cast::cast_with_options (line 661) ... ok
[INFO] [stdout] test src/cast/mod.rs - cast::cast_with_options (line 611) ... ok
[INFO] [stdout] test src/cast/mod.rs - cast (line 24) ... ok
[INFO] [stdout] 
[INFO] [stdout] failures:
[INFO] [stdout] 
[INFO] [stdout] ---- src/cast/mod.rs - cast::cast_with_options (line 633) stdout ----
[INFO] [stdout] error: linking with `cc` failed: exit status: 1
[INFO] [stdout]   |
[INFO] [stdout]   = note: LC_ALL="C" PATH="/opt/rustwide/rustup-home/toolchains/1.83.0-x86_64-unknown-linux-gnu/lib/rustlib/x86_64-unknown-linux-gnu/bin:/opt/rustwide/cargo-home/bin:/usr/local/sbin:/usr/local/bin:/usr/sbin:/usr/bin:/sbin:/bin" VSLANG="1033" "cc" "-m64" "/tmp/rustcsUPcX9/symbols.o" "/tmp/rustdoctestdC49mI/rust_out.rust_out.cb03291d53e4e161-cgu.0.rcgu.o" "/tmp/rustdoctestdC49mI/rust_out.1s7umcihpz0t7nkz1uc2ifee9.rcgu.o" "-Wl,--as-needed" "-Wl,-Bstatic" "/opt/rustwide/target/debug/deps/libarrow_cast-6e1817beabe62cfb.rlib" "/opt/rustwide/target/debug/deps/libatoi-1b7963aa5122fbc7.rlib" "/opt/rustwide/target/debug/deps/libryu-bba83beca99dd7c0.rlib" "/opt/rustwide/target/debug/deps/libbase64-1d5853d8a2dd9229.rlib" "/opt/rustwide/target/debug/deps/liblexical_core-8c71dfeef4982a90.rlib" "/opt/rustwide/target/debug/deps/liblexical_write_float-d6cfd6ee77a40f1e.rlib" "/opt/rustwide/target/debug/deps/liblexical_write_integer-122da14b9bea7f28.rlib" "/opt/rustwide/target/debug/deps/liblexical_parse_float-349190e17e1ac9c7.rlib" "/opt/rustwide/target/debug/deps/liblexical_parse_integer-696c3b8e0f9ce3ee.rlib" "/opt/rustwide/target/debug/deps/liblexical_util-53cf0cf6c10b6ecc.rlib" "/opt/rustwide/target/debug/deps/libstatic_assertions-3e50e277f96a204d.rlib" "/opt/rustwide/target/debug/deps/libarrow_select-677ff6206a88399d.rlib" "/opt/rustwide/target/debug/deps/libarrow_array-8fa70f4fee5047af.rlib" "/opt/rustwide/target/debug/deps/libahash-3b1641e0b58a2aa6.rlib" "/opt/rustwide/target/debug/deps/libgetrandom-21e7353a01032e9e.rlib" "/opt/rustwide/target/debug/deps/liblibc-48c07cb418e82d02.rlib" "/opt/rustwide/target/debug/deps/libonce_cell-6f631f2a5f71cecc.rlib" "/opt/rustwide/target/debug/deps/libzerocopy-4243346479e29767.rlib" "/opt/rustwide/target/debug/deps/libbyteorder-d36d73da0d12e75b.rlib" "/opt/rustwide/target/debug/deps/libhashbrown-62cdb64ce3ed52bb.rlib" "/opt/rustwide/target/debug/deps/libchrono-4ac0465ef21745e2.rlib" "/opt/rustwide/target/debug/deps/libiana_time_zone-327d1375b89fcc29.rlib" "/opt/rustwide/target/debug/deps/libarrow_data-75e870f739ab7ffe.rlib" "/opt/rustwide/target/debug/deps/libarrow_schema-6d99a25f4751c77f.rlib" "/opt/rustwide/target/debug/deps/libarrow_buffer-ec0d53a9a3a1fb48.rlib" "/opt/rustwide/target/debug/deps/libbytes-4283fbd60d33408b.rlib" "/opt/rustwide/target/debug/deps/libhalf-6f15cf5acc0411cf.rlib" "/opt/rustwide/target/debug/deps/libcfg_if-8217498f8667ada9.rlib" "/opt/rustwide/target/debug/deps/libnum-32489d00fd5f8ce4.rlib" "/opt/rustwide/target/debug/deps/libnum_iter-7d766e25074d16df.rlib" "/opt/rustwide/target/debug/deps/libnum_rational-43ea94f382a5294d.rlib" "/opt/rustwide/target/debug/deps/libnum_complex-3f44fb4cfa01d7a7.rlib" "/opt/rustwide/target/debug/deps/libnum_bigint-5fdca6e93a79d8eb.rlib" "/opt/rustwide/target/debug/deps/libnum_integer-4df3130429854bdd.rlib" "/opt/rustwide/target/debug/deps/libnum_traits-9eee8753fe4e16f2.rlib" "/opt/rustwide/rustup-home/toolchains/1.83.0-x86_64-unknown-linux-gnu/lib/rustlib/x86_64-unknown-linux-gnu/lib/libstd-ca74a2d9c5166d9f.rlib" "/opt/rustwide/rustup-home/toolchains/1.83.0-x86_64-unknown-linux-gnu/lib/rustlib/x86_64-unknown-linux-gnu/lib/libpanic_unwind-e31ab23316ed5080.rlib" "/opt/rustwide/rustup-home/toolchains/1.83.0-x86_64-unknown-linux-gnu/lib/rustlib/x86_64-unknown-linux-gnu/lib/libobject-27dc4aa955912662.rlib" "/opt/rustwide/rustup-home/toolchains/1.83.0-x86_64-unknown-linux-gnu/lib/rustlib/x86_64-unknown-linux-gnu/lib/libmemchr-bd0d6cccce077b99.rlib" "/opt/rustwide/rustup-home/toolchains/1.83.0-x86_64-unknown-linux-gnu/lib/rustlib/x86_64-unknown-linux-gnu/lib/libaddr2line-8d001680935b5e3c.rlib" "/opt/rustwide/rustup-home/toolchains/1.83.0-x86_64-unknown-linux-gnu/lib/rustlib/x86_64-unknown-linux-gnu/lib/libgimli-ba8ce71964f984f4.rlib" "/opt/rustwide/rustup-home/toolchains/1.83.0-x86_64-unknown-linux-gnu/lib/rustlib/x86_64-unknown-linux-gnu/lib/librustc_demangle-99a73526abcec14b.rlib" "/opt/rustwide/rustup-home/toolchains/1.83.0-x86_64-unknown-linux-gnu/lib/rustlib/x86_64-unknown-linux-gnu/lib/libstd_detect-63ac0d22cff92579.rlib" "/opt/rustwide/rustup-home/toolchains/1.83.0-x86_64-unknown-linux-gnu/lib/rustlib/x86_64-unknown-linux-gnu/lib/libhashbrown-9057355c92c922d5.rlib" "/opt/rustwide/rustup-home/toolchains/1.83.0-x86_64-unknown-linux-gnu/lib/rustlib/x86_64-unknown-linux-gnu/lib/librustc_std_workspace_alloc-358be9bc1f6bab04.rlib" "/opt/rustwide/rustup-home/toolchains/1.83.0-x86_64-unknown-linux-gnu/lib/rustlib/x86_64-unknown-linux-gnu/lib/libminiz_oxide-aca15549d5bff974.rlib" "/opt/rustwide/rustup-home/toolchains/1.83.0-x86_64-unknown-linux-gnu/lib/rustlib/x86_64-unknown-linux-gnu/lib/libadler-8251d2cef7072448.rlib" "/opt/rustwide/rustup-home/toolchains/1.83.0-x86_64-unknown-linux-gnu/lib/rustlib/x86_64-unknown-linux-gnu/lib/libunwind-7d50b86011c66411.rlib" "/opt/rustwide/rustup-home/toolchains/1.83.0-x86_64-unknown-linux-gnu/lib/rustlib/x86_64-unknown-linux-gnu/lib/libcfg_if-51ea098fce5006bf.rlib" "/opt/rustwide/rustup-home/toolchains/1.83.0-x86_64-unknown-linux-gnu/lib/rustlib/x86_64-unknown-linux-gnu/lib/liblibc-5a14e0d0b712e731.rlib" "/opt/rustwide/rustup-home/toolchains/1.83.0-x86_64-unknown-linux-gnu/lib/rustlib/x86_64-unknown-linux-gnu/lib/liballoc-8b83dbf3a7b8f999.rlib" "/opt/rustwide/rustup-home/toolchains/1.83.0-x86_64-unknown-linux-gnu/lib/rustlib/x86_64-unknown-linux-gnu/lib/librustc_std_workspace_core-c6fd227bdc7b39ff.rlib" "/opt/rustwide/rustup-home/toolchains/1.83.0-x86_64-unknown-linux-gnu/lib/rustlib/x86_64-unknown-linux-gnu/lib/libcore-959d3389fa3da8a5.rlib" "/opt/rustwide/rustup-home/toolchains/1.83.0-x86_64-unknown-linux-gnu/lib/rustlib/x86_64-unknown-linux-gnu/lib/libcompiler_builtins-abe05db089cc2c62.rlib" "-Wl,-Bdynamic" "-lgcc_s" "-lutil" "-lrt" "-lpthread" "-lm" "-ldl" "-lc" "-Wl,--eh-frame-hdr" "-Wl,-z,noexecstack" "-L" "/opt/rustwide/rustup-home/toolchains/1.83.0-x86_64-unknown-linux-gnu/lib/rustlib/x86_64-unknown-linux-gnu/lib" "-o" "/tmp/rustdoctestdC49mI/rust_out" "-Wl,--gc-sections" "-pie" "-Wl,-z,relro,-z,now" "-nodefaultlibs"
[INFO] [stdout]   = note: collect2: fatal error: ld terminated with signal 9 [Killed]
[INFO] [stdout]           compilation terminated.
[INFO] [stdout]           
[INFO] [stdout] 
[INFO] [stdout] error: aborting due to 1 previous error
[INFO] [stdout] 
[INFO] [stdout] Couldn't compile the test.
[INFO] [stdout] 
[INFO] [stdout] failures:
[INFO] [stdout]     src/cast/mod.rs - cast::cast_with_options (line 633)
[INFO] [stdout] 
[INFO] [stdout] test result: FAILED. 8 passed; 1 failed; 0 ignored; 0 measured; 0 filtered out; finished in 5.71s
[INFO] [stdout] 
[INFO] [stderr] error: doctest failed, to rerun pass `--doc`
[INFO] running `Command { std: "docker" "inspect" "8b4e310b4bb1078fd4364f2c55f9a36c973e0e900e982ede35bbba512cd23ac1", kill_on_drop: false }`
[INFO] running `Command { std: "docker" "rm" "-f" "8b4e310b4bb1078fd4364f2c55f9a36c973e0e900e982ede35bbba512cd23ac1", kill_on_drop: false }`
[INFO] [stdout] 8b4e310b4bb1078fd4364f2c55f9a36c973e0e900e982ede35bbba512cd23ac1
