[INFO] fetching crate arrow-arith 53.3.0...
[INFO] testing arrow-arith-53.3.0 against 1.83.0 for beta-1.84.0-4-retry
[INFO] extracting crate arrow-arith 53.3.0 into /workspace/builds/worker-0-tc1/source
[INFO] validating manifest of crates.io crate arrow-arith 53.3.0 on toolchain 1.83.0
[INFO] running `Command { std: CARGO_HOME="/workspace/cargo-home" RUSTUP_HOME="/workspace/rustup-home" "/workspace/cargo-home/bin/cargo" "+1.83.0" "metadata" "--manifest-path" "Cargo.toml" "--no-deps", kill_on_drop: false }`
[INFO] started tweaking crates.io crate arrow-arith 53.3.0
[INFO] finished tweaking crates.io crate arrow-arith 53.3.0
[INFO] tweaked toml for crates.io crate arrow-arith 53.3.0 written to /workspace/builds/worker-0-tc1/source/Cargo.toml
[INFO] running `Command { std: CARGO_HOME="/workspace/cargo-home" RUSTUP_HOME="/workspace/rustup-home" "/workspace/cargo-home/bin/cargo" "+1.83.0" "generate-lockfile" "--manifest-path" "Cargo.toml", kill_on_drop: false }`
[INFO] [stderr]     Updating crates.io index
[INFO] [stderr]      Locking 59 packages to latest compatible versions
[INFO] running `Command { std: CARGO_HOME="/workspace/cargo-home" RUSTUP_HOME="/workspace/rustup-home" "/workspace/cargo-home/bin/cargo" "+1.83.0" "fetch" "--manifest-path" "Cargo.toml", kill_on_drop: false }`
[INFO] [stderr]  Downloading crates ...
[INFO] [stderr]   Downloaded arrow-schema v53.3.0
[INFO] [stderr]   Downloaded arrow-buffer v53.3.0
[INFO] [stderr]   Downloaded arrow-array v53.3.0
[INFO] [stderr]   Downloaded arrow-data v53.3.0
[INFO] running `Command { std: "docker" "create" "-v" "/var/lib/crater-agent-workspace/builds/worker-0-tc1/target:/opt/rustwide/target:rw,Z" "-v" "/var/lib/crater-agent-workspace/builds/worker-0-tc1/source:/opt/rustwide/workdir:ro,Z" "-v" "/var/lib/crater-agent-workspace/cargo-home:/opt/rustwide/cargo-home:ro,Z" "-v" "/var/lib/crater-agent-workspace/rustup-home:/opt/rustwide/rustup-home:ro,Z" "-e" "SOURCE_DIR=/opt/rustwide/workdir" "-e" "CARGO_TARGET_DIR=/opt/rustwide/target" "-e" "CARGO_HOME=/opt/rustwide/cargo-home" "-e" "RUSTUP_HOME=/opt/rustwide/rustup-home" "-w" "/opt/rustwide/workdir" "-m" "1610612736" "--user" "0:0" "--network" "none" "ghcr.io/rust-lang/crates-build-env/linux@sha256:f3a9d4ad9d972b27faf3965f35b62e55ba32bbce8f20bc8fe909558a86702fde" "/opt/rustwide/cargo-home/bin/cargo" "+1.83.0" "metadata" "--no-deps" "--format-version=1", kill_on_drop: false }`
[INFO] [stdout] e7b9d950d766d9716c997c3778db05241dbef24dfb79961266d04e235849c29a
[INFO] running `Command { std: "docker" "start" "-a" "e7b9d950d766d9716c997c3778db05241dbef24dfb79961266d04e235849c29a", kill_on_drop: false }`
[INFO] running `Command { std: "docker" "inspect" "e7b9d950d766d9716c997c3778db05241dbef24dfb79961266d04e235849c29a", kill_on_drop: false }`
[INFO] running `Command { std: "docker" "rm" "-f" "e7b9d950d766d9716c997c3778db05241dbef24dfb79961266d04e235849c29a", kill_on_drop: false }`
[INFO] [stdout] e7b9d950d766d9716c997c3778db05241dbef24dfb79961266d04e235849c29a
[INFO] running `Command { std: "docker" "create" "-v" "/var/lib/crater-agent-workspace/builds/worker-0-tc1/target:/opt/rustwide/target:rw,Z" "-v" "/var/lib/crater-agent-workspace/builds/worker-0-tc1/source:/opt/rustwide/workdir:ro,Z" "-v" "/var/lib/crater-agent-workspace/cargo-home:/opt/rustwide/cargo-home:ro,Z" "-v" "/var/lib/crater-agent-workspace/rustup-home:/opt/rustwide/rustup-home:ro,Z" "-e" "SOURCE_DIR=/opt/rustwide/workdir" "-e" "CARGO_TARGET_DIR=/opt/rustwide/target" "-e" "CARGO_INCREMENTAL=0" "-e" "RUST_BACKTRACE=full" "-e" "RUSTFLAGS=--cap-lints=warn" "-e" "RUSTDOCFLAGS=--cap-lints=warn" "-e" "CARGO_HOME=/opt/rustwide/cargo-home" "-e" "RUSTUP_HOME=/opt/rustwide/rustup-home" "-w" "/opt/rustwide/workdir" "-m" "1610612736" "--user" "0:0" "--network" "none" "ghcr.io/rust-lang/crates-build-env/linux@sha256:f3a9d4ad9d972b27faf3965f35b62e55ba32bbce8f20bc8fe909558a86702fde" "/opt/rustwide/cargo-home/bin/cargo" "+1.83.0" "build" "--frozen" "--message-format=json", kill_on_drop: false }`
[INFO] [stdout] f4723b9566d452f9deb71872ab4f3742066ba24e9395e42154ae0e26ff909c4b
[INFO] running `Command { std: "docker" "start" "-a" "f4723b9566d452f9deb71872ab4f3742066ba24e9395e42154ae0e26ff909c4b", kill_on_drop: false }`
[INFO] [stderr]    Compiling autocfg v1.4.0
[INFO] [stderr]    Compiling libm v0.2.11
[INFO] [stderr]    Compiling cfg-if v1.0.0
[INFO] [stderr]    Compiling libc v0.2.168
[INFO] [stderr]    Compiling version_check v0.9.5
[INFO] [stderr]    Compiling bytes v1.9.0
[INFO] [stderr]    Compiling zerocopy v0.7.35
[INFO] [stderr]    Compiling arrow-schema v53.3.0
[INFO] [stderr]    Compiling once_cell v1.20.2
[INFO] [stderr]    Compiling iana-time-zone v0.1.61
[INFO] [stderr]    Compiling hashbrown v0.15.2
[INFO] [stderr]    Compiling num-traits v0.2.19
[INFO] [stderr]    Compiling ahash v0.8.11
[INFO] [stderr]    Compiling getrandom v0.2.15
[INFO] [stderr]    Compiling num-integer v0.1.46
[INFO] [stderr]    Compiling num-complex v0.4.6
[INFO] [stderr]    Compiling half v2.4.1
[INFO] [stderr]    Compiling chrono v0.4.39
[INFO] [stderr]    Compiling num-bigint v0.4.6
[INFO] [stderr]    Compiling num-iter v0.1.45
[INFO] [stderr]    Compiling num-rational v0.4.2
[INFO] [stderr]    Compiling num v0.4.3
[INFO] [stderr]    Compiling arrow-buffer v53.3.0
[INFO] [stderr]    Compiling arrow-data v53.3.0
[INFO] [stderr]    Compiling arrow-array v53.3.0
[INFO] [stderr]    Compiling arrow-arith v53.3.0 (/opt/rustwide/workdir)
[INFO] [stderr]     Finished `dev` profile [unoptimized + debuginfo] target(s) in 15.05s
[INFO] running `Command { std: "docker" "inspect" "f4723b9566d452f9deb71872ab4f3742066ba24e9395e42154ae0e26ff909c4b", kill_on_drop: false }`
[INFO] running `Command { std: "docker" "rm" "-f" "f4723b9566d452f9deb71872ab4f3742066ba24e9395e42154ae0e26ff909c4b", kill_on_drop: false }`
[INFO] [stdout] f4723b9566d452f9deb71872ab4f3742066ba24e9395e42154ae0e26ff909c4b
[INFO] running `Command { std: "docker" "create" "-v" "/var/lib/crater-agent-workspace/builds/worker-0-tc1/target:/opt/rustwide/target:rw,Z" "-v" "/var/lib/crater-agent-workspace/builds/worker-0-tc1/source:/opt/rustwide/workdir:ro,Z" "-v" "/var/lib/crater-agent-workspace/cargo-home:/opt/rustwide/cargo-home:ro,Z" "-v" "/var/lib/crater-agent-workspace/rustup-home:/opt/rustwide/rustup-home:ro,Z" "-e" "SOURCE_DIR=/opt/rustwide/workdir" "-e" "CARGO_TARGET_DIR=/opt/rustwide/target" "-e" "CARGO_INCREMENTAL=0" "-e" "RUST_BACKTRACE=full" "-e" "RUSTFLAGS=--cap-lints=warn" "-e" "RUSTDOCFLAGS=--cap-lints=warn" "-e" "CARGO_HOME=/opt/rustwide/cargo-home" "-e" "RUSTUP_HOME=/opt/rustwide/rustup-home" "-w" "/opt/rustwide/workdir" "-m" "1610612736" "--user" "0:0" "--network" "none" "ghcr.io/rust-lang/crates-build-env/linux@sha256:f3a9d4ad9d972b27faf3965f35b62e55ba32bbce8f20bc8fe909558a86702fde" "/opt/rustwide/cargo-home/bin/cargo" "+1.83.0" "test" "--frozen" "--no-run" "--message-format=json", kill_on_drop: false }`
[INFO] [stdout] f44ead678f117a88874e8645a4a3235c62db873ab3301b2f6a171ee0613d5dc5
[INFO] running `Command { std: "docker" "start" "-a" "f44ead678f117a88874e8645a4a3235c62db873ab3301b2f6a171ee0613d5dc5", kill_on_drop: false }`
[INFO] [stderr]    Compiling arrow-arith v53.3.0 (/opt/rustwide/workdir)
[INFO] [stderr]     Finished `test` profile [unoptimized + debuginfo] target(s) in 8.94s
[INFO] running `Command { std: "docker" "inspect" "f44ead678f117a88874e8645a4a3235c62db873ab3301b2f6a171ee0613d5dc5", kill_on_drop: false }`
[INFO] running `Command { std: "docker" "rm" "-f" "f44ead678f117a88874e8645a4a3235c62db873ab3301b2f6a171ee0613d5dc5", kill_on_drop: false }`
[INFO] [stdout] f44ead678f117a88874e8645a4a3235c62db873ab3301b2f6a171ee0613d5dc5
[INFO] running `Command { std: "docker" "create" "-v" "/var/lib/crater-agent-workspace/builds/worker-0-tc1/target:/opt/rustwide/target:rw,Z" "-v" "/var/lib/crater-agent-workspace/builds/worker-0-tc1/source:/opt/rustwide/workdir:ro,Z" "-v" "/var/lib/crater-agent-workspace/cargo-home:/opt/rustwide/cargo-home:ro,Z" "-v" "/var/lib/crater-agent-workspace/rustup-home:/opt/rustwide/rustup-home:ro,Z" "-e" "SOURCE_DIR=/opt/rustwide/workdir" "-e" "CARGO_TARGET_DIR=/opt/rustwide/target" "-e" "CARGO_INCREMENTAL=0" "-e" "RUST_BACKTRACE=full" "-e" "RUSTFLAGS=--cap-lints=warn" "-e" "RUSTDOCFLAGS=--cap-lints=warn" "-e" "CARGO_HOME=/opt/rustwide/cargo-home" "-e" "RUSTUP_HOME=/opt/rustwide/rustup-home" "-w" "/opt/rustwide/workdir" "-m" "1610612736" "--user" "0:0" "--network" "none" "ghcr.io/rust-lang/crates-build-env/linux@sha256:f3a9d4ad9d972b27faf3965f35b62e55ba32bbce8f20bc8fe909558a86702fde" "/opt/rustwide/cargo-home/bin/cargo" "+1.83.0" "test" "--frozen", kill_on_drop: false }`
[INFO] [stdout] f78fb77fc83ea73742ced58574dad548d3579f10e62fbc2a7b680abaea7a3c06
[INFO] running `Command { std: "docker" "start" "-a" "f78fb77fc83ea73742ced58574dad548d3579f10e62fbc2a7b680abaea7a3c06", kill_on_drop: false }`
[INFO] [stderr]     Finished `test` profile [unoptimized + debuginfo] target(s) in 0.05s
[INFO] [stderr]      Running unittests src/lib.rs (/opt/rustwide/target/debug/deps/arrow_arith-5d5263fe5b46ef9e)
[INFO] [stdout] 
[INFO] [stdout] running 182 tests
[INFO] [stdout] test aggregate::tests::test_binary_min_max_all_nulls ... ok
[INFO] [stdout] test aggregate::tests::test_binary_min_max_1 ... ok
[INFO] [stdout] test aggregate::tests::test_binary_min_max_no_null ... ok
[INFO] [stdout] test aggregate::tests::test_binary_min_max_with_nulls ... ok
[INFO] [stdout] test aggregate::tests::test_boolean_min_max ... ok
[INFO] [stdout] test aggregate::tests::test_boolean_min_max_64_false_64_true ... ok
[INFO] [stdout] test aggregate::tests::test_boolean_min_max_96_false ... ok
[INFO] [stdout] test aggregate::tests::test_boolean_min_max_64_true_64_false ... ok
[INFO] [stdout] test aggregate::tests::test_boolean_min_max_96_true ... ok
[INFO] [stdout] test aggregate::tests::test_boolean_min_max_empty ... ok
[INFO] [stdout] test aggregate::tests::test_boolean_min_max_no_null ... ok
[INFO] [stdout] test aggregate::tests::test_boolean_min_max_smaller ... ok
[INFO] [stdout] test aggregate::tests::test_max_min_dyn ... ok
[INFO] [stdout] test aggregate::tests::test_max_min_dyn_nan ... ok
[INFO] [stdout] test aggregate::tests::test_min_max_sliced_boolean ... ok
[INFO] [stdout] test aggregate::tests::test_min_max_sliced_binary ... ok
[INFO] [stdout] test aggregate::tests::test_min_max_sliced_string ... ok
[INFO] [stdout] test aggregate::tests::test_boolean_min_max_all_null ... ok
[INFO] [stdout] test aggregate::tests::test_primitive_array_bit_and ... ok
[INFO] [stdout] test aggregate::tests::test_min_max_sliced_primitive ... ok
[INFO] [stdout] test aggregate::tests::test_primitive_array_bit_and_with_nulls ... ok
[INFO] [stdout] test aggregate::tests::test_primitive_array_bit_or_all_nulls ... ok
[INFO] [stdout] test aggregate::tests::test_primitive_array_bit_or ... ok
[INFO] [stdout] test aggregate::tests::test_primitive_array_bit_or_with_nulls ... ok
[INFO] [stdout] test aggregate::tests::test_primitive_array_min_max ... ok
[INFO] [stdout] test aggregate::tests::test_primitive_array_sum ... ok
[INFO] [stdout] test aggregate::tests::test_primitive_array_bit_and_all_nulls ... ok
[INFO] [stdout] test aggregate::tests::test_primitive_array_sum_large_16 ... ok
[INFO] [stdout] test aggregate::tests::test_primitive_array_bit_xor_with_nulls ... ok
[INFO] [stdout] test aggregate::tests::test_primitive_array_sum_all_nulls ... ok
[INFO] [stdout] test aggregate::tests::test_primitive_array_bool_and_all_nulls ... ok
[INFO] [stdout] test aggregate::tests::test_primitive_array_bool_and ... ok
[INFO] [stdout] test aggregate::tests::test_primitive_array_bool_or ... ok
[INFO] [stdout] test aggregate::tests::test_primitive_array_bool_or_all_nulls ... ok
[INFO] [stdout] test aggregate::tests::test_primitive_array_float_sum ... ok
[INFO] [stdout] test aggregate::tests::test_primitive_array_bool_and_with_nulls ... ok
[INFO] [stdout] test aggregate::tests::test_primitive_array_bit_xor ... ok
[INFO] [stdout] test aggregate::tests::test_primitive_array_sum_large_32 ... ok
[INFO] [stdout] test aggregate::tests::test_primitive_array_min_max_with_nulls ... ok
[INFO] [stdout] test aggregate::tests::test_primitive_array_sum_large_64 ... ok
[INFO] [stdout] test aggregate::tests::test_primitive_array_bit_xor_all_nulls ... ok
[INFO] [stdout] test aggregate::tests::test_primitive_array_sum_large_8 ... ok
[INFO] [stdout] test aggregate::tests::test_primitive_array_sum_large_float_32 ... ok
[INFO] [stdout] test aggregate::tests::test_primitive_array_sum_large_float_64 ... ok
[INFO] [stdout] test aggregate::tests::test_primitive_array_sum_with_nulls ... ok
[INFO] [stdout] test aggregate::tests::test_primitive_min_max_1 ... ok
[INFO] [stdout] test aggregate::tests::test_primitive_min_max_float_edge_cases ... ok
[INFO] [stdout] test aggregate::tests::test_primitive_min_max_float_all_nans_non_null ... ok
[INFO] [stdout] test aggregate::tests::test_primitive_min_max_float_first_nan_nullable ... ok
[INFO] [stdout] test aggregate::tests::test_primitive_min_max_float_first_nan_nonnull ... ok
[INFO] [stdout] test aggregate::tests::test_primitive_min_max_float_inf_and_nans ... ok
[INFO] [stdout] test aggregate::tests::test_primitive_min_max_float_large_nonnull_array ... ok
[INFO] [stdout] test aggregate::tests::test_primitive_min_max_float_last_nan_nonnull ... ok
[INFO] [stdout] test aggregate::tests::test_primitive_min_max_float_negative_nan ... ok
[INFO] [stdout] test aggregate::tests::test_primitive_min_max_float_last_nan_nullable ... ok
[INFO] [stdout] test aggregate::tests::test_string_min_max_empty ... ok
[INFO] [stdout] test aggregate::tests::test_string_min_max_all_nulls ... ok
[INFO] [stdout] test aggregate::tests::test_primitive_min_max_float_large_nullable_array ... ok
[INFO] [stdout] test aggregate::tests::test_string_min_max_no_null ... ok
[INFO] [stdout] test aggregate::tests::test_sum_dyn ... ok
[INFO] [stdout] test aggregate::tests::test_string_min_max_with_nulls ... ok
[INFO] [stdout] test aggregate::tests::test_string_min_max_1 ... ok
[INFO] [stdout] test aggregate::tests::test_primitive_array_bool_or_with_nulls ... ok
[INFO] [stdout] test aggregate::tests::test_sum_checked_overflow ... ok
[INFO] [stdout] test aggregate::tests::test_sum_overflow ... ok
[INFO] [stdout] test arithmetic::tests::test_decimal_multiply_allow_precision_loss ... ok
[INFO] [stdout] test arithmetic::tests::test_decimal_multiply_allow_precision_loss_overflow ... ok
[INFO] [stdout] test arity::tests::test_binary_mut ... ok
[INFO] [stdout] test arithmetic::tests::test_decimal_multiply_fixed_point ... ok
[INFO] [stdout] test arity::tests::test_unary_dict_and_unary_dyn ... ok
[INFO] [stdout] test bitwise::tests::test_bitwise_and_array_scalar ... ok
[INFO] [stdout] test bitwise::tests::test_bitwise_and_not_array ... ok
[INFO] [stdout] test arity::tests::test_unary_dict_mut ... ok
[INFO] [stdout] test arity::tests::test_binary_mut_null_buffer ... ok
[INFO] [stdout] test bitwise::tests::test_bitwise_or_array ... ok
[INFO] [stdout] test arity::tests::test_unary_f64_slice ... ok
[INFO] [stdout] test bitwise::tests::test_bitwise_not_array ... ok
[INFO] [stdout] test bitwise::tests::test_bitwise_or_array_scalar ... ok
[INFO] [stdout] test bitwise::tests::test_bitwise_and_array ... ok
[INFO] [stdout] test bitwise::tests::test_bitwise_shift_left_scalar ... ok
[INFO] [stdout] test bitwise::tests::test_bitwise_shift_left ... ok
[INFO] [stdout] test bitwise::tests::test_bitwise_shift_right ... ok
[INFO] [stdout] test bitwise::tests::test_bitwise_xor_array_scalar ... ok
[INFO] [stdout] test boolean::tests::test_bool_array_and_kleene_nulls ... ok
[INFO] [stdout] test boolean::tests::test_bool_array_and_sliced_offset2 ... ok
[INFO] [stdout] test boolean::tests::test_bool_array_and_sliced_offset1 ... ok
[INFO] [stdout] test boolean::tests::test_bool_array_and_not ... ok
[INFO] [stdout] test bitwise::tests::test_bitwise_shift_right_scalar ... ok
[INFO] [stdout] test boolean::tests::test_bool_array_not ... ok
[INFO] [stdout] test boolean::tests::test_bool_array_and_sliced_same_offset_mod8 ... ok
[INFO] [stdout] test boolean::tests::test_bool_array_not_sliced ... ok
[INFO] [stdout] test boolean::tests::test_bool_array_and ... ok
[INFO] [stdout] test bitwise::tests::test_bitwise_xor_array ... ok
[INFO] [stdout] test boolean::tests::test_bool_array_or_kleene_right_sided_nulls ... ok
[INFO] [stdout] test boolean::tests::test_bool_array_or_kleene_left_sided_nulls ... ok
[INFO] [stdout] test boolean::tests::test_bool_array_and_nulls ... ok
[INFO] [stdout] test arity::tests::test_try_binary_mut ... ok
[INFO] [stdout] test arity::tests::test_try_binary_mut_null_buffer ... ok
[INFO] [stdout] test boolean::tests::test_bool_array_or ... ok
[INFO] [stdout] test boolean::tests::test_bool_array_or_kleene_nulls ... ok
[INFO] [stdout] test boolean::tests::test_nonnull_array_is_not_null ... ok
[INFO] [stdout] test boolean::tests::test_nonnull_array_with_offset_is_not_null ... ok
[INFO] [stdout] test boolean::tests::test_boolean_array_kleene_no_remainder ... ok
[INFO] [stdout] test boolean::tests::test_nonnull_array_is_null ... ok
[INFO] [stdout] test boolean::tests::test_null_array_is_null ... ok
[INFO] [stdout] test boolean::tests::test_nonnull_array_with_offset_is_null ... ok
[INFO] [stdout] test boolean::tests::test_nullable_array_is_not_null ... ok
[INFO] [stdout] test boolean::tests::test_nullable_array_is_null ... ok
[INFO] [stdout] test boolean::tests::test_sparse_union_is_null ... ok
[INFO] [stdout] test numeric::tests::test_decimal ... ok
[INFO] [stdout] test numeric::tests::test_float ... ok
[INFO] [stdout] test numeric::tests::test_date ... ok
[INFO] [stdout] test boolean::tests::test_null_array_is_not_null ... ok
[INFO] [stdout] test boolean::tests::test_nullable_array_with_offset_is_null ... ok
[INFO] [stdout] test boolean::tests::test_dense_union_is_null ... ok
[INFO] [stdout] test boolean::tests::test_bool_array_and_nulls_offset ... ok
[INFO] [stdout] test boolean::tests::test_bool_array_or_nulls ... ok
[INFO] [stdout] test numeric::tests::test_integer ... ok
[INFO] [stdout] test numeric::tests::test_neg ... ok
[INFO] [stdout] test temporal::tests::test_duration_microsecond ... ok
[INFO] [stdout] test boolean::tests::test_nullable_array_with_offset_is_not_null ... ok
[INFO] [stdout] test temporal::tests::test_duration_millisecond ... ok
[INFO] [stdout] test temporal::tests::test_duration_nanosecond ... ok
[INFO] [stdout] test numeric::tests::test_timestamp ... ok
[INFO] [stdout] test numeric::tests::test_duration ... ok
[INFO] [stdout] test temporal::tests::test_duration_second ... ok
[INFO] [stdout] test boolean::tests::test_bool_array_and_sliced_same_offset ... ok
[INFO] [stdout] test numeric::tests::test_interval ... ok
[INFO] [stdout] test temporal::tests::test_duration_invalid_parts ... ok
[INFO] [stdout] test temporal::tests::test_interval_array_invalid_parts ... ok
[INFO] [stdout] test temporal::tests::test_interval_month_day_nano_array ... ok
[INFO] [stdout] test temporal::tests::test_interval_day_time_array ... ok
[INFO] [stdout] test temporal::tests::test_hour_minute_second_dictionary_array ... ok
[INFO] [stdout] test temporal::tests::test_interval_year_month_array ... ok
[INFO] [stdout] test temporal::tests::test_num_days_from_monday_sunday_day_doy_week_dictionary_array ... ok
[INFO] [stdout] test temporal::tests::test_temporal_array_date32_hour ... ok
[INFO] [stdout] test temporal::tests::test_temporal_array_date32_day ... ok
[INFO] [stdout] test temporal::tests::test_temporal_array_date32_year ... ok
[INFO] [stdout] test temporal::tests::test_temporal_array_date32_month ... ok
[INFO] [stdout] test temporal::tests::test_temporal_array_date64_nanosecond ... ok
[INFO] [stdout] test temporal::tests::test_temporal_array_date64_weekday ... ok
[INFO] [stdout] test temporal::tests::test_temporal_array_date64_weekday0 ... ok
[INFO] [stdout] test temporal::tests::test_temporal_array_date64_quarter ... ok
[INFO] [stdout] test temporal::tests::test_quarter_month_dictionary_array ... ok
[INFO] [stdout] test temporal::tests::test_temporal_array_date64_day ... ok
[INFO] [stdout] test temporal::tests::test_temporal_array_date64_doy ... ok
[INFO] [stdout] test temporal::tests::test_temporal_array_time32_seconds ... ok
[INFO] [stdout] test temporal::tests::test_temporal_array_date64_hour ... ok
[INFO] [stdout] test temporal::tests::test_temporal_array_date64_millisecond ... ok
[INFO] [stdout] test temporal::tests::test_temporal_array_date64_microsecond ... ok
[INFO] [stdout] test temporal::tests::test_temporal_array_date64_year ... ok
[INFO] [stdout] test temporal::tests::test_temporal_array_time32_milliseconds ... ok
[INFO] [stdout] test temporal::tests::test_temporal_array_time64_micro_hour ... ok
[INFO] [stdout] test temporal::tests::test_temporal_array_time64_microseconds ... ok
[INFO] [stdout] test temporal::tests::test_temporal_array_date32_quarter ... ok
[INFO] [stdout] test temporal::tests::test_temporal_array_time64_nanoseconds ... ok
[INFO] [stdout] test temporal::tests::test_temporal_array_time32_second_hour ... ok
[INFO] [stdout] test temporal::tests::test_temporal_array_date64_minute ... ok
[INFO] [stdout] test temporal::tests::test_temporal_array_date64_second ... ok
[INFO] [stdout] test temporal::tests::test_temporal_array_date64_week ... ok
[INFO] [stdout] test temporal::tests::test_temporal_array_date64_month ... ok
[INFO] [stdout] test temporal::tests::test_temporal_array_date32_week ... ok
[INFO] [stdout] test temporal::tests::test_temporal_array_time_invalid_parts ... ok
[INFO] [stdout] test temporal::tests::test_temporal_array_timestamp_day_with_timezone ... ok
[INFO] [stdout] test temporal::tests::test_temporal_array_timestamp_hour_with_timezone ... ok
[INFO] [stdout] test temporal::tests::test_temporal_array_timestamp_hour_with_timezone_with_only_colon ... ok
[INFO] [stdout] test temporal::tests::test_temporal_array_timestamp_hour_with_timezone_without_colon ... ok
[INFO] [stdout] test temporal::tests::test_temporal_array_timestamp_hour_with_timezone_without_initial_sign ... ok
[INFO] [stdout] test temporal::tests::test_temporal_array_timestamp_hour_with_timezone_without_minutes ... ok
[INFO] [stdout] test temporal::tests::test_temporal_array_timestamp_micro_hour ... ok
[INFO] [stdout] test temporal::tests::test_temporal_array_timestamp_micro_minute ... ok
[INFO] [stdout] test temporal::tests::test_temporal_array_timestamp_micro_second ... ok
[INFO] [stdout] test temporal::tests::test_temporal_array_timestamp_micro_week ... ok
[INFO] [stdout] test temporal::tests::test_temporal_array_timestamp_micro_year ... ok
[INFO] [stdout] test temporal::tests::test_temporal_array_timestamp_minute_with_negative_timezone ... ok
[INFO] [stdout] test temporal::tests::test_temporal_array_timestamp_month_with_timezone ... ok
[INFO] [stdout] test temporal::tests::test_temporal_array_timestamp_minute_with_timezone ... ok
[INFO] [stdout] test temporal::tests::test_temporal_array_timestamp_quarter_with_timezone ... ok
[INFO] [stdout] test temporal::tests::test_temporal_array_timestamp_second_with_timezone ... ok
[INFO] [stdout] test temporal::tests::test_temporal_array_timestamp_week_with_timezone ... ok
[INFO] [stdout] test temporal::tests::test_temporal_array_timestamp_week_without_timezone ... ok
[INFO] [stdout] test temporal::tests::test_year_dictionary_array ... ok
[INFO] [stdout] 
[INFO] [stdout] test result: ok. 182 passed; 0 failed; 0 ignored; 0 measured; 0 filtered out; finished in 0.09s
[INFO] [stdout] 
[INFO] [stderr]    Doc-tests arrow_arith
[INFO] [stdout] 
[INFO] [stdout] running 14 tests
[INFO] [stdout] test src/boolean.rs - boolean::is_null (line 318) ... FAILED
[INFO] [stdout] test src/aggregate.rs - aggregate::min_boolean (line 339) ... FAILED
[INFO] [stdout] test src/boolean.rs - boolean::or (line 263) ... FAILED
[INFO] [stdout] test src/aggregate.rs - aggregate::max_boolean (line 397) ... ok
[INFO] [stdout] test src/boolean.rs - boolean::and_kleene (line 48) ... ok
[INFO] [stdout] test src/boolean.rs - boolean::and (line 246) ... ok
[INFO] [stdout] test src/boolean.rs - boolean::is_not_null (line 338) ... ok
[INFO] [stdout] test src/arity.rs - arity::binary (line 187) ... ok
[INFO] [stdout] test src/boolean.rs - boolean::and_not (line 280) ... ok
[INFO] [stdout] test src/boolean.rs - boolean::not (line 301) ... ok
[INFO] [stdout] test src/arity.rs - arity::binary_mut (line 277) ... ok
[INFO] [stdout] test src/arity.rs - arity::binary_mut (line 263) ... ok
[INFO] [stdout] test src/boolean.rs - boolean::or_kleene (line 143) ... ok
[INFO] [stdout] test src/temporal.rs - temporal::date_part (line 126) ... ok
[INFO] [stdout] 
[INFO] [stdout] failures:
[INFO] [stdout] 
[INFO] [stdout] ---- src/boolean.rs - boolean::is_null (line 318) stdout ----
[INFO] [stdout] error: linking with `cc` failed: exit status: 1
[INFO] [stdout]   |
[INFO] [stdout]   = note: LC_ALL="C" PATH="/opt/rustwide/rustup-home/toolchains/1.83.0-x86_64-unknown-linux-gnu/lib/rustlib/x86_64-unknown-linux-gnu/bin:/opt/rustwide/cargo-home/bin:/usr/local/sbin:/usr/local/bin:/usr/sbin:/usr/bin:/sbin:/bin" VSLANG="1033" "cc" "-m64" "/tmp/rustcLhthfa/symbols.o" "/tmp/rustdoctestivnczi/rust_out.rust_out.cb03291d53e4e161-cgu.0.rcgu.o" "/tmp/rustdoctestivnczi/rust_out.1s7umcihpz0t7nkz1uc2ifee9.rcgu.o" "-Wl,--as-needed" "-Wl,-Bstatic" "/opt/rustwide/target/debug/deps/libarrow_arith-21d6dcacbfac20e2.rlib" "/opt/rustwide/target/debug/deps/libarrow_array-3635bb70b5568040.rlib" "/opt/rustwide/target/debug/deps/libahash-afebbd1dcf2c7462.rlib" "/opt/rustwide/target/debug/deps/libgetrandom-e2d4236c779a7ecb.rlib" "/opt/rustwide/target/debug/deps/liblibc-4f60591517274081.rlib" "/opt/rustwide/target/debug/deps/libonce_cell-e29b9838a920cdd8.rlib" "/opt/rustwide/target/debug/deps/libzerocopy-9a2912bb2fae3461.rlib" "/opt/rustwide/target/debug/deps/libhashbrown-62cdb64ce3ed52bb.rlib" "/opt/rustwide/target/debug/deps/libchrono-4ac0465ef21745e2.rlib" "/opt/rustwide/target/debug/deps/libiana_time_zone-327d1375b89fcc29.rlib" "/opt/rustwide/target/debug/deps/libarrow_data-75e870f739ab7ffe.rlib" "/opt/rustwide/target/debug/deps/libarrow_schema-6d99a25f4751c77f.rlib" "/opt/rustwide/target/debug/deps/libarrow_buffer-ec0d53a9a3a1fb48.rlib" "/opt/rustwide/target/debug/deps/libbytes-4283fbd60d33408b.rlib" "/opt/rustwide/target/debug/deps/libhalf-6f15cf5acc0411cf.rlib" "/opt/rustwide/target/debug/deps/libcfg_if-8217498f8667ada9.rlib" "/opt/rustwide/target/debug/deps/libnum-32489d00fd5f8ce4.rlib" "/opt/rustwide/target/debug/deps/libnum_iter-7d766e25074d16df.rlib" "/opt/rustwide/target/debug/deps/libnum_rational-43ea94f382a5294d.rlib" "/opt/rustwide/target/debug/deps/libnum_complex-3f44fb4cfa01d7a7.rlib" "/opt/rustwide/target/debug/deps/libnum_bigint-5fdca6e93a79d8eb.rlib" "/opt/rustwide/target/debug/deps/libnum_integer-4df3130429854bdd.rlib" "/opt/rustwide/target/debug/deps/libnum_traits-9eee8753fe4e16f2.rlib" "/opt/rustwide/rustup-home/toolchains/1.83.0-x86_64-unknown-linux-gnu/lib/rustlib/x86_64-unknown-linux-gnu/lib/libstd-ca74a2d9c5166d9f.rlib" "/opt/rustwide/rustup-home/toolchains/1.83.0-x86_64-unknown-linux-gnu/lib/rustlib/x86_64-unknown-linux-gnu/lib/libpanic_unwind-e31ab23316ed5080.rlib" "/opt/rustwide/rustup-home/toolchains/1.83.0-x86_64-unknown-linux-gnu/lib/rustlib/x86_64-unknown-linux-gnu/lib/libobject-27dc4aa955912662.rlib" "/opt/rustwide/rustup-home/toolchains/1.83.0-x86_64-unknown-linux-gnu/lib/rustlib/x86_64-unknown-linux-gnu/lib/libmemchr-bd0d6cccce077b99.rlib" "/opt/rustwide/rustup-home/toolchains/1.83.0-x86_64-unknown-linux-gnu/lib/rustlib/x86_64-unknown-linux-gnu/lib/libaddr2line-8d001680935b5e3c.rlib" "/opt/rustwide/rustup-home/toolchains/1.83.0-x86_64-unknown-linux-gnu/lib/rustlib/x86_64-unknown-linux-gnu/lib/libgimli-ba8ce71964f984f4.rlib" "/opt/rustwide/rustup-home/toolchains/1.83.0-x86_64-unknown-linux-gnu/lib/rustlib/x86_64-unknown-linux-gnu/lib/librustc_demangle-99a73526abcec14b.rlib" "/opt/rustwide/rustup-home/toolchains/1.83.0-x86_64-unknown-linux-gnu/lib/rustlib/x86_64-unknown-linux-gnu/lib/libstd_detect-63ac0d22cff92579.rlib" "/opt/rustwide/rustup-home/toolchains/1.83.0-x86_64-unknown-linux-gnu/lib/rustlib/x86_64-unknown-linux-gnu/lib/libhashbrown-9057355c92c922d5.rlib" "/opt/rustwide/rustup-home/toolchains/1.83.0-x86_64-unknown-linux-gnu/lib/rustlib/x86_64-unknown-linux-gnu/lib/librustc_std_workspace_alloc-358be9bc1f6bab04.rlib" "/opt/rustwide/rustup-home/toolchains/1.83.0-x86_64-unknown-linux-gnu/lib/rustlib/x86_64-unknown-linux-gnu/lib/libminiz_oxide-aca15549d5bff974.rlib" "/opt/rustwide/rustup-home/toolchains/1.83.0-x86_64-unknown-linux-gnu/lib/rustlib/x86_64-unknown-linux-gnu/lib/libadler-8251d2cef7072448.rlib" "/opt/rustwide/rustup-home/toolchains/1.83.0-x86_64-unknown-linux-gnu/lib/rustlib/x86_64-unknown-linux-gnu/lib/libunwind-7d50b86011c66411.rlib" "/opt/rustwide/rustup-home/toolchains/1.83.0-x86_64-unknown-linux-gnu/lib/rustlib/x86_64-unknown-linux-gnu/lib/libcfg_if-51ea098fce5006bf.rlib" "/opt/rustwide/rustup-home/toolchains/1.83.0-x86_64-unknown-linux-gnu/lib/rustlib/x86_64-unknown-linux-gnu/lib/liblibc-5a14e0d0b712e731.rlib" "/opt/rustwide/rustup-home/toolchains/1.83.0-x86_64-unknown-linux-gnu/lib/rustlib/x86_64-unknown-linux-gnu/lib/liballoc-8b83dbf3a7b8f999.rlib" "/opt/rustwide/rustup-home/toolchains/1.83.0-x86_64-unknown-linux-gnu/lib/rustlib/x86_64-unknown-linux-gnu/lib/librustc_std_workspace_core-c6fd227bdc7b39ff.rlib" "/opt/rustwide/rustup-home/toolchains/1.83.0-x86_64-unknown-linux-gnu/lib/rustlib/x86_64-unknown-linux-gnu/lib/libcore-959d3389fa3da8a5.rlib" "/opt/rustwide/rustup-home/toolchains/1.83.0-x86_64-unknown-linux-gnu/lib/rustlib/x86_64-unknown-linux-gnu/lib/libcompiler_builtins-abe05db089cc2c62.rlib" "-Wl,-Bdynamic" "-lc" "-lm" "-lrt" "-lpthread" "-lgcc_s" "-lutil" "-lrt" "-lpthread" "-lm" "-ldl" "-lc" "-Wl,--eh-frame-hdr" "-Wl,-z,noexecstack" "-L" "/opt/rustwide/rustup-home/toolchains/1.83.0-x86_64-unknown-linux-gnu/lib/rustlib/x86_64-unknown-linux-gnu/lib" "-o" "/tmp/rustdoctestivnczi/rust_out" "-Wl,--gc-sections" "-pie" "-Wl,-z,relro,-z,now" "-nodefaultlibs"
[INFO] [stdout]   = note: collect2: fatal error: ld terminated with signal 9 [Killed]
[INFO] [stdout]           compilation terminated.
[INFO] [stdout]           
[INFO] [stdout] 
[INFO] [stdout] error: aborting due to 1 previous error
[INFO] [stdout] 
[INFO] [stdout] Couldn't compile the test.
[INFO] [stdout] ---- src/aggregate.rs - aggregate::min_boolean (line 339) stdout ----
[INFO] [stdout] error: linking with `cc` failed: exit status: 1
[INFO] [stdout]   |
[INFO] [stdout]   = note: LC_ALL="C" PATH="/opt/rustwide/rustup-home/toolchains/1.83.0-x86_64-unknown-linux-gnu/lib/rustlib/x86_64-unknown-linux-gnu/bin:/opt/rustwide/cargo-home/bin:/usr/local/sbin:/usr/local/bin:/usr/sbin:/usr/bin:/sbin:/bin" VSLANG="1033" "cc" "-m64" "/tmp/rustcXP7Ihj/symbols.o" "/tmp/rustdoctest3o7LXN/rust_out.rust_out.cb03291d53e4e161-cgu.0.rcgu.o" "/tmp/rustdoctest3o7LXN/rust_out.1s7umcihpz0t7nkz1uc2ifee9.rcgu.o" "-Wl,--as-needed" "-Wl,-Bstatic" "/opt/rustwide/target/debug/deps/libarrow_arith-21d6dcacbfac20e2.rlib" "/opt/rustwide/target/debug/deps/libarrow_array-3635bb70b5568040.rlib" "/opt/rustwide/target/debug/deps/libahash-afebbd1dcf2c7462.rlib" "/opt/rustwide/target/debug/deps/libgetrandom-e2d4236c779a7ecb.rlib" "/opt/rustwide/target/debug/deps/liblibc-4f60591517274081.rlib" "/opt/rustwide/target/debug/deps/libonce_cell-e29b9838a920cdd8.rlib" "/opt/rustwide/target/debug/deps/libzerocopy-9a2912bb2fae3461.rlib" "/opt/rustwide/target/debug/deps/libhashbrown-62cdb64ce3ed52bb.rlib" "/opt/rustwide/target/debug/deps/libchrono-4ac0465ef21745e2.rlib" "/opt/rustwide/target/debug/deps/libiana_time_zone-327d1375b89fcc29.rlib" "/opt/rustwide/target/debug/deps/libarrow_data-75e870f739ab7ffe.rlib" "/opt/rustwide/target/debug/deps/libarrow_schema-6d99a25f4751c77f.rlib" "/opt/rustwide/target/debug/deps/libarrow_buffer-ec0d53a9a3a1fb48.rlib" "/opt/rustwide/target/debug/deps/libbytes-4283fbd60d33408b.rlib" "/opt/rustwide/target/debug/deps/libhalf-6f15cf5acc0411cf.rlib" "/opt/rustwide/target/debug/deps/libcfg_if-8217498f8667ada9.rlib" "/opt/rustwide/target/debug/deps/libnum-32489d00fd5f8ce4.rlib" "/opt/rustwide/target/debug/deps/libnum_iter-7d766e25074d16df.rlib" "/opt/rustwide/target/debug/deps/libnum_rational-43ea94f382a5294d.rlib" "/opt/rustwide/target/debug/deps/libnum_complex-3f44fb4cfa01d7a7.rlib" "/opt/rustwide/target/debug/deps/libnum_bigint-5fdca6e93a79d8eb.rlib" "/opt/rustwide/target/debug/deps/libnum_integer-4df3130429854bdd.rlib" "/opt/rustwide/target/debug/deps/libnum_traits-9eee8753fe4e16f2.rlib" "/opt/rustwide/rustup-home/toolchains/1.83.0-x86_64-unknown-linux-gnu/lib/rustlib/x86_64-unknown-linux-gnu/lib/libstd-ca74a2d9c5166d9f.rlib" "/opt/rustwide/rustup-home/toolchains/1.83.0-x86_64-unknown-linux-gnu/lib/rustlib/x86_64-unknown-linux-gnu/lib/libpanic_unwind-e31ab23316ed5080.rlib" "/opt/rustwide/rustup-home/toolchains/1.83.0-x86_64-unknown-linux-gnu/lib/rustlib/x86_64-unknown-linux-gnu/lib/libobject-27dc4aa955912662.rlib" "/opt/rustwide/rustup-home/toolchains/1.83.0-x86_64-unknown-linux-gnu/lib/rustlib/x86_64-unknown-linux-gnu/lib/libmemchr-bd0d6cccce077b99.rlib" "/opt/rustwide/rustup-home/toolchains/1.83.0-x86_64-unknown-linux-gnu/lib/rustlib/x86_64-unknown-linux-gnu/lib/libaddr2line-8d001680935b5e3c.rlib" "/opt/rustwide/rustup-home/toolchains/1.83.0-x86_64-unknown-linux-gnu/lib/rustlib/x86_64-unknown-linux-gnu/lib/libgimli-ba8ce71964f984f4.rlib" "/opt/rustwide/rustup-home/toolchains/1.83.0-x86_64-unknown-linux-gnu/lib/rustlib/x86_64-unknown-linux-gnu/lib/librustc_demangle-99a73526abcec14b.rlib" "/opt/rustwide/rustup-home/toolchains/1.83.0-x86_64-unknown-linux-gnu/lib/rustlib/x86_64-unknown-linux-gnu/lib/libstd_detect-63ac0d22cff92579.rlib" "/opt/rustwide/rustup-home/toolchains/1.83.0-x86_64-unknown-linux-gnu/lib/rustlib/x86_64-unknown-linux-gnu/lib/libhashbrown-9057355c92c922d5.rlib" "/opt/rustwide/rustup-home/toolchains/1.83.0-x86_64-unknown-linux-gnu/lib/rustlib/x86_64-unknown-linux-gnu/lib/librustc_std_workspace_alloc-358be9bc1f6bab04.rlib" "/opt/rustwide/rustup-home/toolchains/1.83.0-x86_64-unknown-linux-gnu/lib/rustlib/x86_64-unknown-linux-gnu/lib/libminiz_oxide-aca15549d5bff974.rlib" "/opt/rustwide/rustup-home/toolchains/1.83.0-x86_64-unknown-linux-gnu/lib/rustlib/x86_64-unknown-linux-gnu/lib/libadler-8251d2cef7072448.rlib" "/opt/rustwide/rustup-home/toolchains/1.83.0-x86_64-unknown-linux-gnu/lib/rustlib/x86_64-unknown-linux-gnu/lib/libunwind-7d50b86011c66411.rlib" "/opt/rustwide/rustup-home/toolchains/1.83.0-x86_64-unknown-linux-gnu/lib/rustlib/x86_64-unknown-linux-gnu/lib/libcfg_if-51ea098fce5006bf.rlib" "/opt/rustwide/rustup-home/toolchains/1.83.0-x86_64-unknown-linux-gnu/lib/rustlib/x86_64-unknown-linux-gnu/lib/liblibc-5a14e0d0b712e731.rlib" "/opt/rustwide/rustup-home/toolchains/1.83.0-x86_64-unknown-linux-gnu/lib/rustlib/x86_64-unknown-linux-gnu/lib/liballoc-8b83dbf3a7b8f999.rlib" "/opt/rustwide/rustup-home/toolchains/1.83.0-x86_64-unknown-linux-gnu/lib/rustlib/x86_64-unknown-linux-gnu/lib/librustc_std_workspace_core-c6fd227bdc7b39ff.rlib" "/opt/rustwide/rustup-home/toolchains/1.83.0-x86_64-unknown-linux-gnu/lib/rustlib/x86_64-unknown-linux-gnu/lib/libcore-959d3389fa3da8a5.rlib" "/opt/rustwide/rustup-home/toolchains/1.83.0-x86_64-unknown-linux-gnu/lib/rustlib/x86_64-unknown-linux-gnu/lib/libcompiler_builtins-abe05db089cc2c62.rlib" "-Wl,-Bdynamic" "-lc" "-lm" "-lrt" "-lpthread" "-lgcc_s" "-lutil" "-lrt" "-lpthread" "-lm" "-ldl" "-lc" "-Wl,--eh-frame-hdr" "-Wl,-z,noexecstack" "-L" "/opt/rustwide/rustup-home/toolchains/1.83.0-x86_64-unknown-linux-gnu/lib/rustlib/x86_64-unknown-linux-gnu/lib" "-o" "/tmp/rustdoctest3o7LXN/rust_out" "-Wl,--gc-sections" "-pie" "-Wl,-z,relro,-z,now" "-nodefaultlibs"
[INFO] [stdout]   = note: collect2: fatal error: ld terminated with signal 9 [Killed]
[INFO] [stdout]           compilation terminated.
[INFO] [stdout]           
[INFO] [stdout] 
[INFO] [stdout] error: aborting due to 1 previous error
[INFO] [stdout] 
[INFO] [stdout] Couldn't compile the test.
[INFO] [stdout] ---- src/boolean.rs - boolean::or (line 263) stdout ----
[INFO] [stdout] error: linking with `cc` failed: exit status: 1
[INFO] [stdout]   |
[INFO] [stdout]   = note: LC_ALL="C" PATH="/opt/rustwide/rustup-home/toolchains/1.83.0-x86_64-unknown-linux-gnu/lib/rustlib/x86_64-unknown-linux-gnu/bin:/opt/rustwide/cargo-home/bin:/usr/local/sbin:/usr/local/bin:/usr/sbin:/usr/bin:/sbin:/bin" VSLANG="1033" "cc" "-m64" "/tmp/rustcMbAXMH/symbols.o" "/tmp/rustdoctestvXNMsX/rust_out.rust_out.cb03291d53e4e161-cgu.0.rcgu.o" "/tmp/rustdoctestvXNMsX/rust_out.1s7umcihpz0t7nkz1uc2ifee9.rcgu.o" "-Wl,--as-needed" "-Wl,-Bstatic" "/opt/rustwide/target/debug/deps/libarrow_arith-21d6dcacbfac20e2.rlib" "/opt/rustwide/target/debug/deps/libarrow_array-3635bb70b5568040.rlib" "/opt/rustwide/target/debug/deps/libahash-afebbd1dcf2c7462.rlib" "/opt/rustwide/target/debug/deps/libgetrandom-e2d4236c779a7ecb.rlib" "/opt/rustwide/target/debug/deps/liblibc-4f60591517274081.rlib" "/opt/rustwide/target/debug/deps/libonce_cell-e29b9838a920cdd8.rlib" "/opt/rustwide/target/debug/deps/libzerocopy-9a2912bb2fae3461.rlib" "/opt/rustwide/target/debug/deps/libhashbrown-62cdb64ce3ed52bb.rlib" "/opt/rustwide/target/debug/deps/libchrono-4ac0465ef21745e2.rlib" "/opt/rustwide/target/debug/deps/libiana_time_zone-327d1375b89fcc29.rlib" "/opt/rustwide/target/debug/deps/libarrow_data-75e870f739ab7ffe.rlib" "/opt/rustwide/target/debug/deps/libarrow_schema-6d99a25f4751c77f.rlib" "/opt/rustwide/target/debug/deps/libarrow_buffer-ec0d53a9a3a1fb48.rlib" "/opt/rustwide/target/debug/deps/libbytes-4283fbd60d33408b.rlib" "/opt/rustwide/target/debug/deps/libhalf-6f15cf5acc0411cf.rlib" "/opt/rustwide/target/debug/deps/libcfg_if-8217498f8667ada9.rlib" "/opt/rustwide/target/debug/deps/libnum-32489d00fd5f8ce4.rlib" "/opt/rustwide/target/debug/deps/libnum_iter-7d766e25074d16df.rlib" "/opt/rustwide/target/debug/deps/libnum_rational-43ea94f382a5294d.rlib" "/opt/rustwide/target/debug/deps/libnum_complex-3f44fb4cfa01d7a7.rlib" "/opt/rustwide/target/debug/deps/libnum_bigint-5fdca6e93a79d8eb.rlib" "/opt/rustwide/target/debug/deps/libnum_integer-4df3130429854bdd.rlib" "/opt/rustwide/target/debug/deps/libnum_traits-9eee8753fe4e16f2.rlib" "/opt/rustwide/rustup-home/toolchains/1.83.0-x86_64-unknown-linux-gnu/lib/rustlib/x86_64-unknown-linux-gnu/lib/libstd-ca74a2d9c5166d9f.rlib" "/opt/rustwide/rustup-home/toolchains/1.83.0-x86_64-unknown-linux-gnu/lib/rustlib/x86_64-unknown-linux-gnu/lib/libpanic_unwind-e31ab23316ed5080.rlib" "/opt/rustwide/rustup-home/toolchains/1.83.0-x86_64-unknown-linux-gnu/lib/rustlib/x86_64-unknown-linux-gnu/lib/libobject-27dc4aa955912662.rlib" "/opt/rustwide/rustup-home/toolchains/1.83.0-x86_64-unknown-linux-gnu/lib/rustlib/x86_64-unknown-linux-gnu/lib/libmemchr-bd0d6cccce077b99.rlib" "/opt/rustwide/rustup-home/toolchains/1.83.0-x86_64-unknown-linux-gnu/lib/rustlib/x86_64-unknown-linux-gnu/lib/libaddr2line-8d001680935b5e3c.rlib" "/opt/rustwide/rustup-home/toolchains/1.83.0-x86_64-unknown-linux-gnu/lib/rustlib/x86_64-unknown-linux-gnu/lib/libgimli-ba8ce71964f984f4.rlib" "/opt/rustwide/rustup-home/toolchains/1.83.0-x86_64-unknown-linux-gnu/lib/rustlib/x86_64-unknown-linux-gnu/lib/librustc_demangle-99a73526abcec14b.rlib" "/opt/rustwide/rustup-home/toolchains/1.83.0-x86_64-unknown-linux-gnu/lib/rustlib/x86_64-unknown-linux-gnu/lib/libstd_detect-63ac0d22cff92579.rlib" "/opt/rustwide/rustup-home/toolchains/1.83.0-x86_64-unknown-linux-gnu/lib/rustlib/x86_64-unknown-linux-gnu/lib/libhashbrown-9057355c92c922d5.rlib" "/opt/rustwide/rustup-home/toolchains/1.83.0-x86_64-unknown-linux-gnu/lib/rustlib/x86_64-unknown-linux-gnu/lib/librustc_std_workspace_alloc-358be9bc1f6bab04.rlib" "/opt/rustwide/rustup-home/toolchains/1.83.0-x86_64-unknown-linux-gnu/lib/rustlib/x86_64-unknown-linux-gnu/lib/libminiz_oxide-aca15549d5bff974.rlib" "/opt/rustwide/rustup-home/toolchains/1.83.0-x86_64-unknown-linux-gnu/lib/rustlib/x86_64-unknown-linux-gnu/lib/libadler-8251d2cef7072448.rlib" "/opt/rustwide/rustup-home/toolchains/1.83.0-x86_64-unknown-linux-gnu/lib/rustlib/x86_64-unknown-linux-gnu/lib/libunwind-7d50b86011c66411.rlib" "/opt/rustwide/rustup-home/toolchains/1.83.0-x86_64-unknown-linux-gnu/lib/rustlib/x86_64-unknown-linux-gnu/lib/libcfg_if-51ea098fce5006bf.rlib" "/opt/rustwide/rustup-home/toolchains/1.83.0-x86_64-unknown-linux-gnu/lib/rustlib/x86_64-unknown-linux-gnu/lib/liblibc-5a14e0d0b712e731.rlib" "/opt/rustwide/rustup-home/toolchains/1.83.0-x86_64-unknown-linux-gnu/lib/rustlib/x86_64-unknown-linux-gnu/lib/liballoc-8b83dbf3a7b8f999.rlib" "/opt/rustwide/rustup-home/toolchains/1.83.0-x86_64-unknown-linux-gnu/lib/rustlib/x86_64-unknown-linux-gnu/lib/librustc_std_workspace_core-c6fd227bdc7b39ff.rlib" "/opt/rustwide/rustup-home/toolchains/1.83.0-x86_64-unknown-linux-gnu/lib/rustlib/x86_64-unknown-linux-gnu/lib/libcore-959d3389fa3da8a5.rlib" "/opt/rustwide/rustup-home/toolchains/1.83.0-x86_64-unknown-linux-gnu/lib/rustlib/x86_64-unknown-linux-gnu/lib/libcompiler_builtins-abe05db089cc2c62.rlib" "-Wl,-Bdynamic" "-lc" "-lm" "-lrt" "-lpthread" "-lgcc_s" "-lutil" "-lrt" "-lpthread" "-lm" "-ldl" "-lc" "-Wl,--eh-frame-hdr" "-Wl,-z,noexecstack" "-L" "/opt/rustwide/rustup-home/toolchains/1.83.0-x86_64-unknown-linux-gnu/lib/rustlib/x86_64-unknown-linux-gnu/lib" "-o" "/tmp/rustdoctestvXNMsX/rust_out" "-Wl,--gc-sections" "-pie" "-Wl,-z,relro,-z,now" "-nodefaultlibs"
[INFO] [stdout]   = note: collect2: fatal error: ld terminated with signal 9 [Killed]
[INFO] [stdout]           compilation terminated.
[INFO] [stdout]           
[INFO] [stdout] 
[INFO] [stdout] error: aborting due to 1 previous error
[INFO] [stdout] 
[INFO] [stdout] Couldn't compile the test.
[INFO] [stdout] 
[INFO] [stdout] failures:
[INFO] [stdout]     src/aggregate.rs - aggregate::min_boolean (line 339)
[INFO] [stdout]     src/boolean.rs - boolean::is_null (line 318)
[INFO] [stdout]     src/boolean.rs - boolean::or (line 263)
[INFO] [stdout] 
[INFO] [stdout] test result: FAILED. 11 passed; 3 failed; 0 ignored; 0 measured; 0 filtered out; finished in 5.76s
[INFO] [stdout] 
[INFO] [stderr] error: doctest failed, to rerun pass `--doc`
[INFO] running `Command { std: "docker" "inspect" "f78fb77fc83ea73742ced58574dad548d3579f10e62fbc2a7b680abaea7a3c06", kill_on_drop: false }`
[INFO] running `Command { std: "docker" "rm" "-f" "f78fb77fc83ea73742ced58574dad548d3579f10e62fbc2a7b680abaea7a3c06", kill_on_drop: false }`
[INFO] [stdout] f78fb77fc83ea73742ced58574dad548d3579f10e62fbc2a7b680abaea7a3c06
