[INFO] fetching crate arkiv 0.7.0...
[INFO] testing arkiv-0.7.0 against 1.83.0 for beta-1.84.0-4-retry
[INFO] extracting crate arkiv 0.7.0 into /workspace/builds/worker-4-tc1/source
[INFO] validating manifest of crates.io crate arkiv 0.7.0 on toolchain 1.83.0
[INFO] running `Command { std: CARGO_HOME="/workspace/cargo-home" RUSTUP_HOME="/workspace/rustup-home" "/workspace/cargo-home/bin/cargo" "+1.83.0" "metadata" "--manifest-path" "Cargo.toml" "--no-deps", kill_on_drop: false }`
[INFO] started tweaking crates.io crate arkiv 0.7.0
[INFO] finished tweaking crates.io crate arkiv 0.7.0
[INFO] tweaked toml for crates.io crate arkiv 0.7.0 written to /workspace/builds/worker-4-tc1/source/Cargo.toml
[INFO] running `Command { std: CARGO_HOME="/workspace/cargo-home" RUSTUP_HOME="/workspace/rustup-home" "/workspace/cargo-home/bin/cargo" "+1.83.0" "generate-lockfile" "--manifest-path" "Cargo.toml", kill_on_drop: false }`
[INFO] [stderr]     Blocking waiting for file lock on package cache
[INFO] [stderr]     Updating crates.io index
[INFO] [stderr]     Blocking waiting for file lock on package cache
[INFO] [stderr]      Locking 151 packages to latest compatible versions
[INFO] [stderr]       Adding bzip2 v0.4.4 (available: v0.5.0)
[INFO] [stderr]       Adding httptest v0.15.5 (available: v0.16.1)
[INFO] [stderr]       Adding zip v0.6.6 (available: v2.2.1)
[INFO] [stderr]       Adding zstd v0.12.4 (available: v0.13.2)
[INFO] running `Command { std: CARGO_HOME="/workspace/cargo-home" RUSTUP_HOME="/workspace/rustup-home" "/workspace/cargo-home/bin/cargo" "+1.83.0" "fetch" "--manifest-path" "Cargo.toml", kill_on_drop: false }`
[INFO] [stderr]     Blocking waiting for file lock on package cache
[INFO] [stderr]  Downloading crates ...
[INFO] [stderr]   Downloaded httptest v0.15.5
[INFO] running `Command { std: "docker" "create" "-v" "/var/lib/crater-agent-workspace/builds/worker-4-tc1/target:/opt/rustwide/target:rw,Z" "-v" "/var/lib/crater-agent-workspace/builds/worker-4-tc1/source:/opt/rustwide/workdir:ro,Z" "-v" "/var/lib/crater-agent-workspace/cargo-home:/opt/rustwide/cargo-home:ro,Z" "-v" "/var/lib/crater-agent-workspace/rustup-home:/opt/rustwide/rustup-home:ro,Z" "-e" "SOURCE_DIR=/opt/rustwide/workdir" "-e" "CARGO_TARGET_DIR=/opt/rustwide/target" "-e" "CARGO_HOME=/opt/rustwide/cargo-home" "-e" "RUSTUP_HOME=/opt/rustwide/rustup-home" "-w" "/opt/rustwide/workdir" "-m" "1610612736" "--user" "0:0" "--network" "none" "ghcr.io/rust-lang/crates-build-env/linux@sha256:f3a9d4ad9d972b27faf3965f35b62e55ba32bbce8f20bc8fe909558a86702fde" "/opt/rustwide/cargo-home/bin/cargo" "+1.83.0" "metadata" "--no-deps" "--format-version=1", kill_on_drop: false }`
[INFO] [stdout] 62f8499399fb09612b93c7b3e0835b666687c41fc712fbb0a4df06b0598ca760
[INFO] running `Command { std: "docker" "start" "-a" "62f8499399fb09612b93c7b3e0835b666687c41fc712fbb0a4df06b0598ca760", kill_on_drop: false }`
[INFO] running `Command { std: "docker" "inspect" "62f8499399fb09612b93c7b3e0835b666687c41fc712fbb0a4df06b0598ca760", kill_on_drop: false }`
[INFO] running `Command { std: "docker" "rm" "-f" "62f8499399fb09612b93c7b3e0835b666687c41fc712fbb0a4df06b0598ca760", kill_on_drop: false }`
[INFO] [stdout] 62f8499399fb09612b93c7b3e0835b666687c41fc712fbb0a4df06b0598ca760
[INFO] running `Command { std: "docker" "create" "-v" "/var/lib/crater-agent-workspace/builds/worker-4-tc1/target:/opt/rustwide/target:rw,Z" "-v" "/var/lib/crater-agent-workspace/builds/worker-4-tc1/source:/opt/rustwide/workdir:ro,Z" "-v" "/var/lib/crater-agent-workspace/cargo-home:/opt/rustwide/cargo-home:ro,Z" "-v" "/var/lib/crater-agent-workspace/rustup-home:/opt/rustwide/rustup-home:ro,Z" "-e" "SOURCE_DIR=/opt/rustwide/workdir" "-e" "CARGO_TARGET_DIR=/opt/rustwide/target" "-e" "CARGO_INCREMENTAL=0" "-e" "RUST_BACKTRACE=full" "-e" "RUSTFLAGS=--cap-lints=warn" "-e" "RUSTDOCFLAGS=--cap-lints=warn" "-e" "CARGO_HOME=/opt/rustwide/cargo-home" "-e" "RUSTUP_HOME=/opt/rustwide/rustup-home" "-w" "/opt/rustwide/workdir" "-m" "1610612736" "--user" "0:0" "--network" "none" "ghcr.io/rust-lang/crates-build-env/linux@sha256:f3a9d4ad9d972b27faf3965f35b62e55ba32bbce8f20bc8fe909558a86702fde" "/opt/rustwide/cargo-home/bin/cargo" "+1.83.0" "build" "--frozen" "--message-format=json", kill_on_drop: false }`
[INFO] [stdout] b47b09e5a0748f413e1630a71e6d394fbddd1714cb760a5c37a54e7d90d7c84c
[INFO] running `Command { std: "docker" "start" "-a" "b47b09e5a0748f413e1630a71e6d394fbddd1714cb760a5c37a54e7d90d7c84c", kill_on_drop: false }`
[INFO] [stderr]    Compiling libc v0.2.168
[INFO] [stderr]    Compiling proc-macro2 v1.0.92
[INFO] [stderr]    Compiling unicode-ident v1.0.14
[INFO] [stderr]    Compiling shlex v1.3.0
[INFO] [stderr]    Compiling pkg-config v0.3.31
[INFO] [stderr]    Compiling stable_deref_trait v1.2.0
[INFO] [stderr]    Compiling cfg-if v1.0.0
[INFO] [stderr]    Compiling writeable v0.5.5
[INFO] [stderr]    Compiling litemap v0.7.4
[INFO] [stderr]    Compiling icu_locid_transform_data v1.5.0
[INFO] [stderr]    Compiling icu_properties_data v1.5.0
[INFO] [stderr]    Compiling write16 v1.0.0
[INFO] [stderr]    Compiling utf8_iter v1.0.4
[INFO] [stderr]    Compiling utf16_iter v1.0.5
[INFO] [stderr]    Compiling icu_normalizer_data v1.5.0
[INFO] [stderr]    Compiling smallvec v1.13.2
[INFO] [stderr]    Compiling rustix v0.38.42
[INFO] [stderr]    Compiling rustls-pki-types v1.10.1
[INFO] [stderr]    Compiling linux-raw-sys v0.4.14
[INFO] [stderr]    Compiling adler2 v2.0.0
[INFO] [stderr]    Compiling untrusted v0.9.0
[INFO] [stderr]    Compiling spin v0.9.8
[INFO] [stderr]    Compiling bitflags v2.6.0
[INFO] [stderr]    Compiling miniz_oxide v0.8.0
[INFO] [stderr]    Compiling crc32fast v1.4.2
[INFO] [stderr]    Compiling quote v1.0.37
[INFO] [stderr]    Compiling once_cell v1.20.2
[INFO] [stderr]    Compiling syn v2.0.90
[INFO] [stderr]    Compiling powerfmt v0.2.0
[INFO] [stderr]    Compiling zstd-safe v6.0.6
[INFO] [stderr]    Compiling rustls v0.23.20
[INFO] [stderr]    Compiling jobserver v0.1.32
[INFO] [stderr]    Compiling getrandom v0.2.15
[INFO] [stderr]    Compiling percent-encoding v2.3.1
[INFO] [stderr]    Compiling deranged v0.3.11
[INFO] [stderr]    Compiling flate2 v1.0.35
[INFO] [stderr]    Compiling form_urlencoded v1.2.1
[INFO] [stderr]    Compiling time-core v0.1.2
[INFO] [stderr]    Compiling cc v1.2.4
[INFO] [stderr]    Compiling num-conv v0.1.0
[INFO] [stderr]    Compiling log v0.4.22
[INFO] [stderr]    Compiling zeroize v1.8.1
[INFO] [stderr]    Compiling subtle v2.6.1
[INFO] [stderr]    Compiling filetime v0.2.25
[INFO] [stderr]    Compiling webpki-roots v0.26.7
[INFO] [stderr]    Compiling base64 v0.22.1
[INFO] [stderr]    Compiling byteorder v1.5.0
[INFO] [stderr]    Compiling fastrand v2.3.0
[INFO] [stderr]    Compiling time v0.3.37
[INFO] [stderr]    Compiling zip v0.6.6
[INFO] [stderr]    Compiling xattr v1.3.1
[INFO] [stderr]    Compiling tempfile v3.14.0
[INFO] [stderr]    Compiling tar v0.4.43
[INFO] [stderr]    Compiling ring v0.17.8
[INFO] [stderr]    Compiling zstd-sys v2.0.13+zstd.1.5.6
[INFO] [stderr]    Compiling bzip2-sys v0.1.11+1.0.8
[INFO] [stderr]    Compiling lzma-sys v0.1.20
[INFO] [stderr]    Compiling xz2 v0.1.7
[INFO] [stderr]    Compiling synstructure v0.13.1
[INFO] [stderr]    Compiling bzip2 v0.4.4
[INFO] [stderr]    Compiling zerofrom-derive v0.1.5
[INFO] [stderr]    Compiling yoke-derive v0.7.5
[INFO] [stderr]    Compiling zerovec-derive v0.10.3
[INFO] [stderr]    Compiling displaydoc v0.2.5
[INFO] [stderr]    Compiling zerofrom v0.1.5
[INFO] [stderr]    Compiling icu_provider_macros v1.5.0
[INFO] [stderr]    Compiling yoke v0.7.5
[INFO] [stderr]    Compiling zerovec v0.10.4
[INFO] [stderr]    Compiling zstd v0.12.4
[INFO] [stderr]    Compiling rustls-webpki v0.102.8
[INFO] [stderr]    Compiling tinystr v0.7.6
[INFO] [stderr]    Compiling icu_collections v1.5.0
[INFO] [stderr]    Compiling icu_locid v1.5.0
[INFO] [stderr]    Compiling icu_provider v1.5.0
[INFO] [stderr]    Compiling icu_locid_transform v1.5.0
[INFO] [stderr]    Compiling icu_properties v1.5.1
[INFO] [stderr]    Compiling icu_normalizer v1.5.0
[INFO] [stderr]    Compiling idna_adapter v1.2.0
[INFO] [stderr]    Compiling idna v1.0.3
[INFO] [stderr]    Compiling url v2.5.4
[INFO] [stderr]    Compiling ureq v2.12.1
[INFO] [stderr]    Compiling arkiv v0.7.0 (/opt/rustwide/workdir)
[INFO] [stderr]     Finished `dev` profile [unoptimized + debuginfo] target(s) in 1m 08s
[INFO] running `Command { std: "docker" "inspect" "b47b09e5a0748f413e1630a71e6d394fbddd1714cb760a5c37a54e7d90d7c84c", kill_on_drop: false }`
[INFO] running `Command { std: "docker" "rm" "-f" "b47b09e5a0748f413e1630a71e6d394fbddd1714cb760a5c37a54e7d90d7c84c", kill_on_drop: false }`
[INFO] [stdout] b47b09e5a0748f413e1630a71e6d394fbddd1714cb760a5c37a54e7d90d7c84c
[INFO] running `Command { std: "docker" "create" "-v" "/var/lib/crater-agent-workspace/builds/worker-4-tc1/target:/opt/rustwide/target:rw,Z" "-v" "/var/lib/crater-agent-workspace/builds/worker-4-tc1/source:/opt/rustwide/workdir:ro,Z" "-v" "/var/lib/crater-agent-workspace/cargo-home:/opt/rustwide/cargo-home:ro,Z" "-v" "/var/lib/crater-agent-workspace/rustup-home:/opt/rustwide/rustup-home:ro,Z" "-e" "SOURCE_DIR=/opt/rustwide/workdir" "-e" "CARGO_TARGET_DIR=/opt/rustwide/target" "-e" "CARGO_INCREMENTAL=0" "-e" "RUST_BACKTRACE=full" "-e" "RUSTFLAGS=--cap-lints=warn" "-e" "RUSTDOCFLAGS=--cap-lints=warn" "-e" "CARGO_HOME=/opt/rustwide/cargo-home" "-e" "RUSTUP_HOME=/opt/rustwide/rustup-home" "-w" "/opt/rustwide/workdir" "-m" "1610612736" "--user" "0:0" "--network" "none" "ghcr.io/rust-lang/crates-build-env/linux@sha256:f3a9d4ad9d972b27faf3965f35b62e55ba32bbce8f20bc8fe909558a86702fde" "/opt/rustwide/cargo-home/bin/cargo" "+1.83.0" "test" "--frozen" "--no-run" "--message-format=json", kill_on_drop: false }`
[INFO] [stdout] 3f5b9e2a0470cc3fac847fb8560a5b51b91e18deff95eb2c2596d737785a1399
[INFO] running `Command { std: "docker" "start" "-a" "3f5b9e2a0470cc3fac847fb8560a5b51b91e18deff95eb2c2596d737785a1399", kill_on_drop: false }`
[INFO] [stderr]    Compiling syn v2.0.90
[INFO] [stderr]    Compiling memchr v2.7.4
[INFO] [stderr]    Compiling pin-project-lite v0.2.15
[INFO] [stderr]    Compiling autocfg v1.4.0
[INFO] [stderr]    Compiling futures-sink v0.3.31
[INFO] [stderr]    Compiling futures-core v0.3.31
[INFO] [stderr]    Compiling bytes v1.9.0
[INFO] [stderr]    Compiling itoa v1.0.14
[INFO] [stderr]    Compiling form_urlencoded v1.2.1
[INFO] [stderr]    Compiling futures-channel v0.3.31
[INFO] [stderr]    Compiling socket2 v0.5.8
[INFO] [stderr]    Compiling mio v1.0.3
[INFO] [stderr]    Compiling fnv v1.0.7
[INFO] [stderr]    Compiling pin-utils v0.1.0
[INFO] [stderr]    Compiling serde v1.0.216
[INFO] [stderr]    Compiling futures-task v0.3.31
[INFO] [stderr]    Compiling slab v0.4.9
[INFO] [stderr]    Compiling futures-io v0.3.31
[INFO] [stderr]    Compiling http v0.2.12
[INFO] [stderr]    Compiling tracing-core v0.1.33
[INFO] [stderr]    Compiling httparse v1.9.5
[INFO] [stderr]    Compiling crossbeam-utils v0.8.20
[INFO] [stderr]    Compiling hashbrown v0.15.2
[INFO] [stderr]    Compiling equivalent v1.0.1
[INFO] [stderr]    Compiling aho-corasick v1.1.3
[INFO] [stderr]    Compiling try-lock v0.2.5
[INFO] [stderr]    Compiling ryu v1.0.18
[INFO] [stderr]    Compiling regex-syntax v0.8.5
[INFO] [stderr]    Compiling tracing v0.1.41
[INFO] [stderr]    Compiling serde_json v1.0.133
[INFO] [stderr]    Compiling http-body v0.4.6
[INFO] [stderr]    Compiling indexmap v2.7.0
[INFO] [stderr]    Compiling want v0.3.1
[INFO] [stderr]    Compiling regex-automata v0.1.10
[INFO] [stderr]    Compiling httpdate v1.0.3
[INFO] [stderr]    Compiling lazy_static v1.5.0
[INFO] [stderr]    Compiling tower-service v0.3.3
[INFO] [stderr]    Compiling bstr v0.2.17
[INFO] [stderr]    Compiling crossbeam-channel v0.5.13
[INFO] [stderr]    Compiling regex-automata v0.4.9
[INFO] [stderr]    Compiling serde_urlencoded v0.7.1
[INFO] [stderr]    Compiling synstructure v0.13.1
[INFO] [stderr]    Compiling zerofrom-derive v0.1.5
[INFO] [stderr]    Compiling yoke-derive v0.7.5
[INFO] [stderr]    Compiling zerovec-derive v0.10.3
[INFO] [stderr]    Compiling displaydoc v0.2.5
[INFO] [stderr]    Compiling icu_provider_macros v1.5.0
[INFO] [stderr]    Compiling tokio-macros v2.4.0
[INFO] [stderr]    Compiling futures-macro v0.3.31
[INFO] [stderr]    Compiling tokio v1.42.0
[INFO] [stderr]    Compiling regex v1.11.1
[INFO] [stderr]    Compiling futures-util v0.3.31
[INFO] [stderr]    Compiling zerofrom v0.1.5
[INFO] [stderr]    Compiling yoke v0.7.5
[INFO] [stderr]    Compiling zerovec v0.10.4
[INFO] [stderr]    Compiling tinystr v0.7.6
[INFO] [stderr]    Compiling icu_collections v1.5.0
[INFO] [stderr]    Compiling icu_locid v1.5.0
[INFO] [stderr]    Compiling icu_provider v1.5.0
[INFO] [stderr]    Compiling tokio-util v0.7.13
[INFO] [stderr]    Compiling icu_locid_transform v1.5.0
[INFO] [stderr]    Compiling futures v0.3.31
[INFO] [stderr]    Compiling h2 v0.3.26
[INFO] [stderr]    Compiling icu_properties v1.5.1
[INFO] [stderr]    Compiling hyper v0.14.31
[INFO] [stderr]    Compiling icu_normalizer v1.5.0
[INFO] [stderr]    Compiling idna_adapter v1.2.0
[INFO] [stderr]    Compiling idna v1.0.3
[INFO] [stderr]    Compiling url v2.5.4
[INFO] [stderr]    Compiling httptest v0.15.5
[INFO] [stderr]    Compiling ureq v2.12.1
[INFO] [stderr]    Compiling arkiv v0.7.0 (/opt/rustwide/workdir)
[INFO] [stderr]     Finished `test` profile [unoptimized + debuginfo] target(s) in 1m 26s
[INFO] running `Command { std: "docker" "inspect" "3f5b9e2a0470cc3fac847fb8560a5b51b91e18deff95eb2c2596d737785a1399", kill_on_drop: false }`
[INFO] running `Command { std: "docker" "rm" "-f" "3f5b9e2a0470cc3fac847fb8560a5b51b91e18deff95eb2c2596d737785a1399", kill_on_drop: false }`
[INFO] [stdout] 3f5b9e2a0470cc3fac847fb8560a5b51b91e18deff95eb2c2596d737785a1399
[INFO] running `Command { std: "docker" "create" "-v" "/var/lib/crater-agent-workspace/builds/worker-4-tc1/target:/opt/rustwide/target:rw,Z" "-v" "/var/lib/crater-agent-workspace/builds/worker-4-tc1/source:/opt/rustwide/workdir:ro,Z" "-v" "/var/lib/crater-agent-workspace/cargo-home:/opt/rustwide/cargo-home:ro,Z" "-v" "/var/lib/crater-agent-workspace/rustup-home:/opt/rustwide/rustup-home:ro,Z" "-e" "SOURCE_DIR=/opt/rustwide/workdir" "-e" "CARGO_TARGET_DIR=/opt/rustwide/target" "-e" "CARGO_INCREMENTAL=0" "-e" "RUST_BACKTRACE=full" "-e" "RUSTFLAGS=--cap-lints=warn" "-e" "RUSTDOCFLAGS=--cap-lints=warn" "-e" "CARGO_HOME=/opt/rustwide/cargo-home" "-e" "RUSTUP_HOME=/opt/rustwide/rustup-home" "-w" "/opt/rustwide/workdir" "-m" "1610612736" "--user" "0:0" "--network" "none" "ghcr.io/rust-lang/crates-build-env/linux@sha256:f3a9d4ad9d972b27faf3965f35b62e55ba32bbce8f20bc8fe909558a86702fde" "/opt/rustwide/cargo-home/bin/cargo" "+1.83.0" "test" "--frozen", kill_on_drop: false }`
[INFO] [stdout] e83ba3152d0929904ce6ed90f6f4c81459644ed1875c660a0fe8a00a1b284f74
[INFO] running `Command { std: "docker" "start" "-a" "e83ba3152d0929904ce6ed90f6f4c81459644ed1875c660a0fe8a00a1b284f74", kill_on_drop: false }`
[INFO] [stderr]     Finished `test` profile [unoptimized + debuginfo] target(s) in 0.25s
[INFO] [stderr]      Running unittests src/lib.rs (/opt/rustwide/target/debug/deps/arkiv-dfbdc2ddba9bf9d3)
[INFO] [stdout] 
[INFO] [stdout] running 3 tests
[INFO] [stdout] test format::test::is_compressed ... ok
[INFO] [stdout] test format::test::is_archive ... ok
[INFO] [stdout] test format::test::infer_from_file_extension ... ok
[INFO] [stdout] 
[INFO] [stdout] test result: ok. 3 passed; 0 failed; 0 ignored; 0 measured; 0 filtered out; finished in 0.01s
[INFO] [stdout] 
[INFO] [stdout] 
[INFO] [stdout] running 7 tests
[INFO] [stderr]      Running tests/download.rs (/opt/rustwide/target/debug/deps/download-1667d15657541141)
[INFO] [stdout] test download::zip_archive ... ok
[INFO] [stdout] test download::download_progress ... ok
[INFO] [stdout] test download::tar_zst_archive ... ok
[INFO] [stdout] test download::download_404 ... ok
[INFO] [stdout] test download::tar_gz_archive ... ok
[INFO] [stdout] test download::tar_bz2_archive ... ok
[INFO] [stdout] test download::tar_xz_archive ... ok
[INFO] [stdout] 
[INFO] [stdout] test result: ok. 7 passed; 0 failed; 0 ignored; 0 measured; 0 filtered out; finished in 0.03s
[INFO] [stdout] 
[INFO] [stderr]      Running tests/entries.rs (/opt/rustwide/target/debug/deps/entries-61619e35404775d9)
[INFO] [stdout] 
[INFO] [stdout] running 5 tests
[INFO] [stdout] test tar_xz_archive ... ok
[INFO] [stdout] test tar_bz2_archive ... ok
[INFO] [stdout] test tar_gz_archive ... ok
[INFO] [stdout] test tar_zstd_archive ... ok
[INFO] [stdout] test zip_archive ... ok
[INFO] [stdout] 
[INFO] [stdout] test result: ok. 5 passed; 0 failed; 0 ignored; 0 measured; 0 filtered out; finished in 0.01s
[INFO] [stdout] 
[INFO] [stderr]      Running tests/entries_by_name.rs (/opt/rustwide/target/debug/deps/entries_by_name-e0346cb8e42d0a4e)
[INFO] [stdout] 
[INFO] [stdout] running 5 tests
[INFO] [stdout] test tar_xz_archive ... ok
[INFO] [stdout] test zip_archive ... ok
[INFO] [stdout] test tar_zstd_archive ... ok
[INFO] [stdout] test tar_gz_archive ... ok
[INFO] [stdout] test tar_bz2_archive ... ok
[INFO] [stdout] 
[INFO] [stdout] test result: ok. 5 passed; 0 failed; 0 ignored; 0 measured; 0 filtered out; finished in 0.01s
[INFO] [stdout] 
[INFO] [stdout] 
[INFO] [stdout] running 5 tests
[INFO] [stdout] test tar_gz_archive ... ok
[INFO] [stdout] test tar_bz2_archive ... ok
[INFO] [stderr]      Running tests/entries_iter.rs (/opt/rustwide/target/debug/deps/entries_iter-b913079e9424f320)
[INFO] [stdout] test tar_xz_archive ... ok
[INFO] [stdout] test tar_zstd_archive ... ok
[INFO] [stdout] test zip_archive ... ok
[INFO] [stdout] 
[INFO] [stdout] test result: ok. 5 passed; 0 failed; 0 ignored; 0 measured; 0 filtered out; finished in 0.01s
[INFO] [stdout] 
[INFO] [stdout] 
[INFO] [stdout] running 5 tests
[INFO] [stderr]      Running tests/unpack.rs (/opt/rustwide/target/debug/deps/unpack-9795173809f1d1f6)
[INFO] [stdout] test tar_gz_archive ... ok
[INFO] [stdout] test tar_xz_archive ... ok
[INFO] [stdout] test zip_archive ... ok
[INFO] [stdout] test tar_zst_archive ... ok
[INFO] [stdout] test tar_bz2_archive ... ok
[INFO] [stdout] 
[INFO] [stdout] test result: ok. 5 passed; 0 failed; 0 ignored; 0 measured; 0 filtered out; finished in 0.01s
[INFO] [stdout] 
[INFO] [stderr]    Doc-tests arkiv
[INFO] [stdout] 
[INFO] [stdout] running 13 tests
[INFO] [stdout] test src/archive.rs - archive::Archive::entries_iter (line 276) - compile ... ok
[INFO] [stdout] test src/archive.rs - archive::Archive::entries (line 250) - compile ... ok
[INFO] [stdout] test src/archive.rs - archive::Archive::entry_by_name (line 325) - compile ... ok
[INFO] [stdout] test README.md - (line 26) - compile ... ok
[INFO] [stdout] test src/archive.rs - archive::Archive::download (line 181) - compile ... ok
[INFO] [stdout] test src/archive.rs - archive::Archive::unpack (line 304) - compile ... ok
[INFO] [stdout] test src/format.rs - format::Format::is_compressed (line 114) ... ok
[INFO] [stdout] test src/download.rs - download::Downloader<UrlProvided,DestProvided,OnProgressNotProvided>::download (line 203) ... FAILED
[INFO] [stdout] test src/format.rs - format::Format::is_archive (line 130) ... ok
[INFO] [stdout] test src/download.rs - download::Downloader<UrlProvided,DestProvided,OnProgressProvided<F>>::download (line 240) ... FAILED
[INFO] [stdout] test src/archive.rs - archive::Archive::open (line 156) ... ok
[INFO] [stdout] test src/format.rs - format::Format::infer_from_file_extension (line 76) ... ok
[INFO] [stdout] test src/download.rs - download::Downloader (line 45) ... FAILED
[INFO] [stdout] 
[INFO] [stdout] failures:
[INFO] [stdout] 
[INFO] [stdout] ---- src/download.rs - download::Downloader<UrlProvided,DestProvided,OnProgressNotProvided>::download (line 203) stdout ----
[INFO] [stdout] Test executable failed (exit status: 1).
[INFO] [stdout] 
[INFO] [stdout] stderr:
[INFO] [stdout] Error: InvalidRequest("https://github.com/meuter/arkiv-rs/raw/main/tests/sample/sample.zip: Dns Failed: resolve dns name 'github.com:443': failed to lookup address information: Temporary failure in name resolution")
[INFO] [stdout] 
[INFO] [stdout] 
[INFO] [stdout] ---- src/download.rs - download::Downloader<UrlProvided,DestProvided,OnProgressProvided<F>>::download (line 240) stdout ----
[INFO] [stdout] Test executable failed (exit status: 1).
[INFO] [stdout] 
[INFO] [stdout] stderr:
[INFO] [stdout] Error: InvalidRequest("https://github.com/meuter/arkiv-rs/raw/main/tests/sample/sample.zip: Dns Failed: resolve dns name 'github.com:443': failed to lookup address information: Temporary failure in name resolution")
[INFO] [stdout] 
[INFO] [stdout] 
[INFO] [stdout] ---- src/download.rs - download::Downloader (line 45) stdout ----
[INFO] [stdout] Test executable failed (exit status: 1).
[INFO] [stdout] 
[INFO] [stdout] stderr:
[INFO] [stdout] Error: InvalidRequest("https://github.com/meuter/arkiv-rs/raw/main/tests/sample/sample.zip: Dns Failed: resolve dns name 'github.com:443': failed to lookup address information: Temporary failure in name resolution")
[INFO] [stdout] 
[INFO] [stdout] 
[INFO] [stdout] 
[INFO] [stdout] failures:
[INFO] [stdout]     src/download.rs - download::Downloader (line 45)
[INFO] [stdout]     src/download.rs - download::Downloader<UrlProvided,DestProvided,OnProgressNotProvided>::download (line 203)
[INFO] [stdout]     src/download.rs - download::Downloader<UrlProvided,DestProvided,OnProgressProvided<F>>::download (line 240)
[INFO] [stdout] 
[INFO] [stdout] test result: FAILED. 10 passed; 3 failed; 0 ignored; 0 measured; 0 filtered out; finished in 10.80s
[INFO] [stdout] 
[INFO] [stderr] error: doctest failed, to rerun pass `--doc`
[INFO] running `Command { std: "docker" "inspect" "e83ba3152d0929904ce6ed90f6f4c81459644ed1875c660a0fe8a00a1b284f74", kill_on_drop: false }`
[INFO] running `Command { std: "docker" "rm" "-f" "e83ba3152d0929904ce6ed90f6f4c81459644ed1875c660a0fe8a00a1b284f74", kill_on_drop: false }`
[INFO] [stdout] e83ba3152d0929904ce6ed90f6f4c81459644ed1875c660a0fe8a00a1b284f74
