[INFO] fetching crate ark-std-zypher 0.4.0...
[INFO] testing ark-std-zypher-0.4.0 against 1.83.0 for beta-1.84.0-4-retry
[INFO] extracting crate ark-std-zypher 0.4.0 into /workspace/builds/worker-0-tc1/source
[INFO] validating manifest of crates.io crate ark-std-zypher 0.4.0 on toolchain 1.83.0
[INFO] running `Command { std: CARGO_HOME="/workspace/cargo-home" RUSTUP_HOME="/workspace/rustup-home" "/workspace/cargo-home/bin/cargo" "+1.83.0" "metadata" "--manifest-path" "Cargo.toml" "--no-deps", kill_on_drop: false }`
[INFO] started tweaking crates.io crate ark-std-zypher 0.4.0
[INFO] finished tweaking crates.io crate ark-std-zypher 0.4.0
[INFO] tweaked toml for crates.io crate ark-std-zypher 0.4.0 written to /workspace/builds/worker-0-tc1/source/Cargo.toml
[INFO] running `Command { std: CARGO_HOME="/workspace/cargo-home" RUSTUP_HOME="/workspace/rustup-home" "/workspace/cargo-home/bin/cargo" "+1.83.0" "generate-lockfile" "--manifest-path" "Cargo.toml", kill_on_drop: false }`
[INFO] [stderr]     Updating crates.io index
[INFO] [stderr]      Locking 34 packages to latest compatible versions
[INFO] running `Command { std: CARGO_HOME="/workspace/cargo-home" RUSTUP_HOME="/workspace/rustup-home" "/workspace/cargo-home/bin/cargo" "+1.83.0" "fetch" "--manifest-path" "Cargo.toml", kill_on_drop: false }`
[INFO] running `Command { std: "docker" "create" "-v" "/var/lib/crater-agent-workspace/builds/worker-0-tc1/target:/opt/rustwide/target:rw,Z" "-v" "/var/lib/crater-agent-workspace/builds/worker-0-tc1/source:/opt/rustwide/workdir:ro,Z" "-v" "/var/lib/crater-agent-workspace/cargo-home:/opt/rustwide/cargo-home:ro,Z" "-v" "/var/lib/crater-agent-workspace/rustup-home:/opt/rustwide/rustup-home:ro,Z" "-e" "SOURCE_DIR=/opt/rustwide/workdir" "-e" "CARGO_TARGET_DIR=/opt/rustwide/target" "-e" "CARGO_HOME=/opt/rustwide/cargo-home" "-e" "RUSTUP_HOME=/opt/rustwide/rustup-home" "-w" "/opt/rustwide/workdir" "-m" "1610612736" "--user" "0:0" "--network" "none" "ghcr.io/rust-lang/crates-build-env/linux@sha256:f3a9d4ad9d972b27faf3965f35b62e55ba32bbce8f20bc8fe909558a86702fde" "/opt/rustwide/cargo-home/bin/cargo" "+1.83.0" "metadata" "--no-deps" "--format-version=1", kill_on_drop: false }`
[INFO] [stdout] 63bdb856d224c00b8ed8f7edd36b298111d138e9ffc256ccea815b5b8ef1befe
[INFO] running `Command { std: "docker" "start" "-a" "63bdb856d224c00b8ed8f7edd36b298111d138e9ffc256ccea815b5b8ef1befe", kill_on_drop: false }`
[INFO] running `Command { std: "docker" "inspect" "63bdb856d224c00b8ed8f7edd36b298111d138e9ffc256ccea815b5b8ef1befe", kill_on_drop: false }`
[INFO] running `Command { std: "docker" "rm" "-f" "63bdb856d224c00b8ed8f7edd36b298111d138e9ffc256ccea815b5b8ef1befe", kill_on_drop: false }`
[INFO] [stdout] 63bdb856d224c00b8ed8f7edd36b298111d138e9ffc256ccea815b5b8ef1befe
[INFO] running `Command { std: "docker" "create" "-v" "/var/lib/crater-agent-workspace/builds/worker-0-tc1/target:/opt/rustwide/target:rw,Z" "-v" "/var/lib/crater-agent-workspace/builds/worker-0-tc1/source:/opt/rustwide/workdir:ro,Z" "-v" "/var/lib/crater-agent-workspace/cargo-home:/opt/rustwide/cargo-home:ro,Z" "-v" "/var/lib/crater-agent-workspace/rustup-home:/opt/rustwide/rustup-home:ro,Z" "-e" "SOURCE_DIR=/opt/rustwide/workdir" "-e" "CARGO_TARGET_DIR=/opt/rustwide/target" "-e" "CARGO_INCREMENTAL=0" "-e" "RUST_BACKTRACE=full" "-e" "RUSTFLAGS=--cap-lints=warn" "-e" "RUSTDOCFLAGS=--cap-lints=warn" "-e" "CARGO_HOME=/opt/rustwide/cargo-home" "-e" "RUSTUP_HOME=/opt/rustwide/rustup-home" "-w" "/opt/rustwide/workdir" "-m" "1610612736" "--user" "0:0" "--network" "none" "ghcr.io/rust-lang/crates-build-env/linux@sha256:f3a9d4ad9d972b27faf3965f35b62e55ba32bbce8f20bc8fe909558a86702fde" "/opt/rustwide/cargo-home/bin/cargo" "+1.83.0" "build" "--frozen" "--message-format=json", kill_on_drop: false }`
[INFO] [stdout] d7e19166959c49fc03e42e959e8b376ecc11d722db32539bd4a053e28425d02c
[INFO] running `Command { std: "docker" "start" "-a" "d7e19166959c49fc03e42e959e8b376ecc11d722db32539bd4a053e28425d02c", kill_on_drop: false }`
[INFO] [stderr]    Compiling proc-macro2 v1.0.92
[INFO] [stderr]    Compiling unicode-ident v1.0.14
[INFO] [stderr]    Compiling byteorder v1.5.0
[INFO] [stderr]    Compiling autocfg v1.4.0
[INFO] [stderr]    Compiling rand_core v0.6.4
[INFO] [stderr]    Compiling num-traits v0.2.19
[INFO] [stderr]    Compiling quote v1.0.37
[INFO] [stderr]    Compiling syn v2.0.90
[INFO] [stderr]    Compiling zerocopy-derive v0.7.35
[INFO] [stderr]    Compiling zerocopy v0.7.35
[INFO] [stderr]    Compiling ppv-lite86 v0.2.20
[INFO] [stderr]    Compiling rand_chacha v0.3.1
[INFO] [stderr]    Compiling rand v0.8.5
[INFO] [stderr]    Compiling ark-std-zypher v0.4.0 (/opt/rustwide/workdir)
[INFO] [stderr]     Finished `dev` profile [unoptimized + debuginfo] target(s) in 7.07s
[INFO] running `Command { std: "docker" "inspect" "d7e19166959c49fc03e42e959e8b376ecc11d722db32539bd4a053e28425d02c", kill_on_drop: false }`
[INFO] running `Command { std: "docker" "rm" "-f" "d7e19166959c49fc03e42e959e8b376ecc11d722db32539bd4a053e28425d02c", kill_on_drop: false }`
[INFO] [stdout] d7e19166959c49fc03e42e959e8b376ecc11d722db32539bd4a053e28425d02c
[INFO] running `Command { std: "docker" "create" "-v" "/var/lib/crater-agent-workspace/builds/worker-0-tc1/target:/opt/rustwide/target:rw,Z" "-v" "/var/lib/crater-agent-workspace/builds/worker-0-tc1/source:/opt/rustwide/workdir:ro,Z" "-v" "/var/lib/crater-agent-workspace/cargo-home:/opt/rustwide/cargo-home:ro,Z" "-v" "/var/lib/crater-agent-workspace/rustup-home:/opt/rustwide/rustup-home:ro,Z" "-e" "SOURCE_DIR=/opt/rustwide/workdir" "-e" "CARGO_TARGET_DIR=/opt/rustwide/target" "-e" "CARGO_INCREMENTAL=0" "-e" "RUST_BACKTRACE=full" "-e" "RUSTFLAGS=--cap-lints=warn" "-e" "RUSTDOCFLAGS=--cap-lints=warn" "-e" "CARGO_HOME=/opt/rustwide/cargo-home" "-e" "RUSTUP_HOME=/opt/rustwide/rustup-home" "-w" "/opt/rustwide/workdir" "-m" "1610612736" "--user" "0:0" "--network" "none" "ghcr.io/rust-lang/crates-build-env/linux@sha256:f3a9d4ad9d972b27faf3965f35b62e55ba32bbce8f20bc8fe909558a86702fde" "/opt/rustwide/cargo-home/bin/cargo" "+1.83.0" "test" "--frozen" "--no-run" "--message-format=json", kill_on_drop: false }`
[INFO] [stdout] dba83745150f76c212fdbc71e4eabe7e9ef036087cbfa7703d5e8c795a80e70d
[INFO] running `Command { std: "docker" "start" "-a" "dba83745150f76c212fdbc71e4eabe7e9ef036087cbfa7703d5e8c795a80e70d", kill_on_drop: false }`
[INFO] [stderr]    Compiling proc-macro2 v1.0.92
[INFO] [stderr]    Compiling unicode-ident v1.0.14
[INFO] [stderr]    Compiling libc v0.2.168
[INFO] [stderr]    Compiling byteorder v1.5.0
[INFO] [stderr]    Compiling cfg-if v1.0.0
[INFO] [stderr]    Compiling autocfg v1.4.0
[INFO] [stderr]    Compiling num-traits v0.2.19
[INFO] [stderr]    Compiling getrandom v0.2.15
[INFO] [stderr]    Compiling rand_core v0.6.4
[INFO] [stderr]    Compiling quote v1.0.37
[INFO] [stderr]    Compiling syn v2.0.90
[INFO] [stderr]    Compiling zerocopy-derive v0.7.35
[INFO] [stderr]    Compiling zerocopy v0.7.35
[INFO] [stderr]    Compiling ppv-lite86 v0.2.20
[INFO] [stderr]    Compiling rand_chacha v0.3.1
[INFO] [stderr]    Compiling rand v0.8.5
[INFO] [stderr]    Compiling ark-std-zypher v0.4.0 (/opt/rustwide/workdir)
[INFO] [stderr]     Finished `test` profile [optimized + debuginfo] target(s) in 21.03s
[INFO] running `Command { std: "docker" "inspect" "dba83745150f76c212fdbc71e4eabe7e9ef036087cbfa7703d5e8c795a80e70d", kill_on_drop: false }`
[INFO] running `Command { std: "docker" "rm" "-f" "dba83745150f76c212fdbc71e4eabe7e9ef036087cbfa7703d5e8c795a80e70d", kill_on_drop: false }`
[INFO] [stdout] dba83745150f76c212fdbc71e4eabe7e9ef036087cbfa7703d5e8c795a80e70d
[INFO] running `Command { std: "docker" "create" "-v" "/var/lib/crater-agent-workspace/builds/worker-0-tc1/target:/opt/rustwide/target:rw,Z" "-v" "/var/lib/crater-agent-workspace/builds/worker-0-tc1/source:/opt/rustwide/workdir:ro,Z" "-v" "/var/lib/crater-agent-workspace/cargo-home:/opt/rustwide/cargo-home:ro,Z" "-v" "/var/lib/crater-agent-workspace/rustup-home:/opt/rustwide/rustup-home:ro,Z" "-e" "SOURCE_DIR=/opt/rustwide/workdir" "-e" "CARGO_TARGET_DIR=/opt/rustwide/target" "-e" "CARGO_INCREMENTAL=0" "-e" "RUST_BACKTRACE=full" "-e" "RUSTFLAGS=--cap-lints=warn" "-e" "RUSTDOCFLAGS=--cap-lints=warn" "-e" "CARGO_HOME=/opt/rustwide/cargo-home" "-e" "RUSTUP_HOME=/opt/rustwide/rustup-home" "-w" "/opt/rustwide/workdir" "-m" "1610612736" "--user" "0:0" "--network" "none" "ghcr.io/rust-lang/crates-build-env/linux@sha256:f3a9d4ad9d972b27faf3965f35b62e55ba32bbce8f20bc8fe909558a86702fde" "/opt/rustwide/cargo-home/bin/cargo" "+1.83.0" "test" "--frozen", kill_on_drop: false }`
[INFO] [stdout] f7b99dffe102ea37d3b756725752e5e5dce35a0804787de39f81148859001ada
[INFO] running `Command { std: "docker" "start" "-a" "f7b99dffe102ea37d3b756725752e5e5dce35a0804787de39f81148859001ada", kill_on_drop: false }`
[INFO] [stderr]     Finished `test` profile [optimized + debuginfo] target(s) in 0.04s
[INFO] [stderr]      Running unittests src/lib.rs (/opt/rustwide/target/debug/deps/ark_std_zypher-81c78d42db76d9fd)
[INFO] [stdout] 
[INFO] [stdout] running 4 tests
[INFO] [stdout] test perf_trace::tests::print_add ... ok
[INFO] [stdout] test perf_trace::tests::print_start_end ... ok
[INFO] [stdout] test rand_helper::test::test_deterministic_rng ... ok
[INFO] [stdout] test test::test_cfg_macros ... ok
[INFO] [stderr]    Doc-tests ark_std_zypher
[INFO] [stdout] 
[INFO] [stdout] test result: ok. 4 passed; 0 failed; 0 ignored; 0 measured; 0 filtered out; finished in 0.01s
[INFO] [stdout] 
[INFO] [stdout] 
[INFO] [stdout] running 6 tests
[INFO] [stdout] test src/iterable/mod.rs - iterable::Iterable (line 19) ... FAILED
[INFO] [stdout] test src/iterable/rev.rs - iterable::rev::Reverse (line 11) ... FAILED
[INFO] [stdout] test src/lib.rs - log2 (line 67) ... FAILED
[INFO] [stdout] test src/perf_trace.rs - perf_trace (line 4) ... FAILED
[INFO] [stdout] test src/perf_trace.rs - perf_trace (line 18) ... FAILED
[INFO] [stdout] test src/iterable/mod.rs - iterable::Iterable::iter (line 75) ... FAILED
[INFO] [stdout] 
[INFO] [stdout] failures:
[INFO] [stdout] 
[INFO] [stdout] ---- src/iterable/mod.rs - iterable::Iterable (line 19) stdout ----
[INFO] [stdout] error[E0433]: failed to resolve: use of undeclared crate or module `ark_std`
[INFO] [stdout]  --> src/iterable/mod.rs:20:5
[INFO] [stdout]   |
[INFO] [stdout] 3 | use ark_std::borrow::Borrow;
[INFO] [stdout]   |     ^^^^^^^ use of undeclared crate or module `ark_std`
[INFO] [stdout] 
[INFO] [stdout] error[E0433]: failed to resolve: use of undeclared crate or module `ark_std`
[INFO] [stdout]  --> src/iterable/mod.rs:21:5
[INFO] [stdout]   |
[INFO] [stdout] 4 | use ark_std::iterable::Iterable;
[INFO] [stdout]   |     ^^^^^^^ use of undeclared crate or module `ark_std`
[INFO] [stdout] 
[INFO] [stdout] error: aborting due to 2 previous errors
[INFO] [stdout] 
[INFO] [stdout] For more information about this error, try `rustc --explain E0433`.
[INFO] [stdout] Couldn't compile the test.
[INFO] [stdout] ---- src/iterable/rev.rs - iterable::rev::Reverse (line 11) stdout ----
[INFO] [stdout] error[E0433]: failed to resolve: use of undeclared crate or module `ark_std`
[INFO] [stdout]  --> src/iterable/rev.rs:12:5
[INFO] [stdout]   |
[INFO] [stdout] 3 | use ark_std::iterable::{Iterable, Reverse};
[INFO] [stdout]   |     ^^^^^^^ use of undeclared crate or module `ark_std`
[INFO] [stdout] 
[INFO] [stdout] error: aborting due to 1 previous error
[INFO] [stdout] 
[INFO] [stdout] For more information about this error, try `rustc --explain E0433`.
[INFO] [stdout] Couldn't compile the test.
[INFO] [stdout] ---- src/lib.rs - log2 (line 67) stdout ----
[INFO] [stdout] error[E0432]: unresolved import `ark_std`
[INFO] [stdout]  --> src/lib.rs:68:5
[INFO] [stdout]   |
[INFO] [stdout] 3 | use ark_std::log2;
[INFO] [stdout]   |     ^^^^^^^ use of undeclared crate or module `ark_std`
[INFO] [stdout] 
[INFO] [stdout] error: aborting due to 1 previous error
[INFO] [stdout] 
[INFO] [stdout] For more information about this error, try `rustc --explain E0432`.
[INFO] [stdout] Couldn't compile the test.
[INFO] [stdout] ---- src/perf_trace.rs - perf_trace (line 4) stdout ----
[INFO] [stdout] error[E0432]: unresolved import `ark_std`
[INFO] [stdout]  --> src/perf_trace.rs:5:5
[INFO] [stdout]   |
[INFO] [stdout] 3 | use ark_std::{start_timer, end_timer};
[INFO] [stdout]   |     ^^^^^^^ use of undeclared crate or module `ark_std`
[INFO] [stdout] 
[INFO] [stdout] error: aborting due to 1 previous error
[INFO] [stdout] 
[INFO] [stdout] For more information about this error, try `rustc --explain E0432`.
[INFO] [stdout] Couldn't compile the test.
[INFO] [stdout] ---- src/perf_trace.rs - perf_trace (line 18) stdout ----
[INFO] [stdout] error[E0432]: unresolved import `ark_std`
[INFO] [stdout]  --> src/perf_trace.rs:19:5
[INFO] [stdout]   |
[INFO] [stdout] 3 | use ark_std::{start_timer, end_timer};
[INFO] [stdout]   |     ^^^^^^^ use of undeclared crate or module `ark_std`
[INFO] [stdout] 
[INFO] [stdout] error: aborting due to 1 previous error
[INFO] [stdout] 
[INFO] [stdout] For more information about this error, try `rustc --explain E0432`.
[INFO] [stdout] Couldn't compile the test.
[INFO] [stdout] ---- src/iterable/mod.rs - iterable::Iterable::iter (line 75) stdout ----
[INFO] [stdout] error[E0433]: failed to resolve: use of undeclared crate or module `ark_std`
[INFO] [stdout]  --> src/iterable/mod.rs:76:5
[INFO] [stdout]   |
[INFO] [stdout] 3 | use ark_std::iterable::Iterable;
[INFO] [stdout]   |     ^^^^^^^ use of undeclared crate or module `ark_std`
[INFO] [stdout] 
[INFO] [stdout] error: aborting due to 1 previous error
[INFO] [stdout] 
[INFO] [stdout] For more information about this error, try `rustc --explain E0433`.
[INFO] [stdout] Couldn't compile the test.
[INFO] [stdout] 
[INFO] [stdout] failures:
[INFO] [stdout]     src/iterable/mod.rs - iterable::Iterable (line 19)
[INFO] [stdout]     src/iterable/mod.rs - iterable::Iterable::iter (line 75)
[INFO] [stdout]     src/iterable/rev.rs - iterable::rev::Reverse (line 11)
[INFO] [stdout]     src/lib.rs - log2 (line 67)
[INFO] [stdout]     src/perf_trace.rs - perf_trace (line 18)
[INFO] [stdout]     src/perf_trace.rs - perf_trace (line 4)
[INFO] [stdout] 
[INFO] [stdout] test result: FAILED. 0 passed; 6 failed; 0 ignored; 0 measured; 0 filtered out; finished in 0.13s
[INFO] [stdout] 
[INFO] [stderr] error: doctest failed, to rerun pass `--doc`
[INFO] running `Command { std: "docker" "inspect" "f7b99dffe102ea37d3b756725752e5e5dce35a0804787de39f81148859001ada", kill_on_drop: false }`
[INFO] running `Command { std: "docker" "rm" "-f" "f7b99dffe102ea37d3b756725752e5e5dce35a0804787de39f81148859001ada", kill_on_drop: false }`
[INFO] [stdout] f7b99dffe102ea37d3b756725752e5e5dce35a0804787de39f81148859001ada
