[INFO] fetching crate ark-serialize-zypher 0.4.2...
[INFO] testing ark-serialize-zypher-0.4.2 against 1.83.0 for beta-1.84.0-4-retry
[INFO] extracting crate ark-serialize-zypher 0.4.2 into /workspace/builds/worker-2-tc1/source
[INFO] validating manifest of crates.io crate ark-serialize-zypher 0.4.2 on toolchain 1.83.0
[INFO] running `Command { std: CARGO_HOME="/workspace/cargo-home" RUSTUP_HOME="/workspace/rustup-home" "/workspace/cargo-home/bin/cargo" "+1.83.0" "metadata" "--manifest-path" "Cargo.toml" "--no-deps", kill_on_drop: false }`
[INFO] started tweaking crates.io crate ark-serialize-zypher 0.4.2
[INFO] finished tweaking crates.io crate ark-serialize-zypher 0.4.2
[INFO] tweaked toml for crates.io crate ark-serialize-zypher 0.4.2 written to /workspace/builds/worker-2-tc1/source/Cargo.toml
[INFO] running `Command { std: CARGO_HOME="/workspace/cargo-home" RUSTUP_HOME="/workspace/rustup-home" "/workspace/cargo-home/bin/cargo" "+1.83.0" "generate-lockfile" "--manifest-path" "Cargo.toml", kill_on_drop: false }`
[INFO] [stderr]     Updating crates.io index
[INFO] [stderr]      Locking 52 packages to latest compatible versions
[INFO] [stderr]       Adding ark-test-curves v0.4.2 (available: v0.5.0)
[INFO] running `Command { std: CARGO_HOME="/workspace/cargo-home" RUSTUP_HOME="/workspace/rustup-home" "/workspace/cargo-home/bin/cargo" "+1.83.0" "fetch" "--manifest-path" "Cargo.toml", kill_on_drop: false }`
[INFO] [stderr]  Downloading crates ...
[INFO] [stderr]   Downloaded ark-test-curves v0.4.2
[INFO] [stderr]   Downloaded ark-serialize-derive-zypher v0.4.2
[INFO] [stderr]   Downloaded ark-std-zypher v0.4.0
[INFO] running `Command { std: "docker" "create" "-v" "/var/lib/crater-agent-workspace/builds/worker-2-tc1/target:/opt/rustwide/target:rw,Z" "-v" "/var/lib/crater-agent-workspace/builds/worker-2-tc1/source:/opt/rustwide/workdir:ro,Z" "-v" "/var/lib/crater-agent-workspace/cargo-home:/opt/rustwide/cargo-home:ro,Z" "-v" "/var/lib/crater-agent-workspace/rustup-home:/opt/rustwide/rustup-home:ro,Z" "-e" "SOURCE_DIR=/opt/rustwide/workdir" "-e" "CARGO_TARGET_DIR=/opt/rustwide/target" "-e" "CARGO_HOME=/opt/rustwide/cargo-home" "-e" "RUSTUP_HOME=/opt/rustwide/rustup-home" "-w" "/opt/rustwide/workdir" "-m" "1610612736" "--user" "0:0" "--network" "none" "ghcr.io/rust-lang/crates-build-env/linux@sha256:f3a9d4ad9d972b27faf3965f35b62e55ba32bbce8f20bc8fe909558a86702fde" "/opt/rustwide/cargo-home/bin/cargo" "+1.83.0" "metadata" "--no-deps" "--format-version=1", kill_on_drop: false }`
[INFO] [stdout] e4acc4a77a337302bc3f18d185611c7f8ead2d5ac080cf385e0ebf0975b8de4e
[INFO] running `Command { std: "docker" "start" "-a" "e4acc4a77a337302bc3f18d185611c7f8ead2d5ac080cf385e0ebf0975b8de4e", kill_on_drop: false }`
[INFO] running `Command { std: "docker" "inspect" "e4acc4a77a337302bc3f18d185611c7f8ead2d5ac080cf385e0ebf0975b8de4e", kill_on_drop: false }`
[INFO] running `Command { std: "docker" "rm" "-f" "e4acc4a77a337302bc3f18d185611c7f8ead2d5ac080cf385e0ebf0975b8de4e", kill_on_drop: false }`
[INFO] [stdout] e4acc4a77a337302bc3f18d185611c7f8ead2d5ac080cf385e0ebf0975b8de4e
[INFO] running `Command { std: "docker" "create" "-v" "/var/lib/crater-agent-workspace/builds/worker-2-tc1/target:/opt/rustwide/target:rw,Z" "-v" "/var/lib/crater-agent-workspace/builds/worker-2-tc1/source:/opt/rustwide/workdir:ro,Z" "-v" "/var/lib/crater-agent-workspace/cargo-home:/opt/rustwide/cargo-home:ro,Z" "-v" "/var/lib/crater-agent-workspace/rustup-home:/opt/rustwide/rustup-home:ro,Z" "-e" "SOURCE_DIR=/opt/rustwide/workdir" "-e" "CARGO_TARGET_DIR=/opt/rustwide/target" "-e" "CARGO_INCREMENTAL=0" "-e" "RUST_BACKTRACE=full" "-e" "RUSTFLAGS=--cap-lints=warn" "-e" "RUSTDOCFLAGS=--cap-lints=warn" "-e" "CARGO_HOME=/opt/rustwide/cargo-home" "-e" "RUSTUP_HOME=/opt/rustwide/rustup-home" "-w" "/opt/rustwide/workdir" "-m" "1610612736" "--user" "0:0" "--network" "none" "ghcr.io/rust-lang/crates-build-env/linux@sha256:f3a9d4ad9d972b27faf3965f35b62e55ba32bbce8f20bc8fe909558a86702fde" "/opt/rustwide/cargo-home/bin/cargo" "+1.83.0" "build" "--frozen" "--message-format=json", kill_on_drop: false }`
[INFO] [stdout] 69e9c8d074b8da7a5894e2a450900094b68d499c95476f60a4abfd02eb7bc47d
[INFO] running `Command { std: "docker" "start" "-a" "69e9c8d074b8da7a5894e2a450900094b68d499c95476f60a4abfd02eb7bc47d", kill_on_drop: false }`
[INFO] [stderr]    Compiling proc-macro2 v1.0.92
[INFO] [stderr]    Compiling unicode-ident v1.0.14
[INFO] [stderr]    Compiling autocfg v1.4.0
[INFO] [stderr]    Compiling byteorder v1.5.0
[INFO] [stderr]    Compiling version_check v0.9.5
[INFO] [stderr]    Compiling typenum v1.17.0
[INFO] [stderr]    Compiling rand_core v0.6.4
[INFO] [stderr]    Compiling generic-array v0.14.7
[INFO] [stderr]    Compiling num-traits v0.2.19
[INFO] [stderr]    Compiling quote v1.0.37
[INFO] [stderr]    Compiling syn v2.0.90
[INFO] [stderr]    Compiling num-integer v0.1.46
[INFO] [stderr]    Compiling num-bigint v0.4.6
[INFO] [stderr]    Compiling crypto-common v0.1.6
[INFO] [stderr]    Compiling digest v0.10.7
[INFO] [stderr]    Compiling zerocopy-derive v0.7.35
[INFO] [stderr]    Compiling zerocopy v0.7.35
[INFO] [stderr]    Compiling ppv-lite86 v0.2.20
[INFO] [stderr]    Compiling rand_chacha v0.3.1
[INFO] [stderr]    Compiling rand v0.8.5
[INFO] [stderr]    Compiling ark-std-zypher v0.4.0
[INFO] [stderr]    Compiling ark-serialize-zypher v0.4.2 (/opt/rustwide/workdir)
[INFO] [stdout] warning: unexpected `cfg` condition value: `parallel`
[INFO] [stdout]   --> src/lib.rs:72:15
[INFO] [stdout]    |
[INFO] [stdout] 72 |         #[cfg(feature = "parallel")]
[INFO] [stdout]    |               ^^^^^^^^^^^^^^^^^^^^
[INFO] [stdout]    |
[INFO] [stdout]    = note: expected values for `feature` are: `ark-serialize-derive`, `default`, `derive`, and `std`
[INFO] [stdout]    = help: consider adding `parallel` as a feature in `Cargo.toml`
[INFO] [stdout]    = note: see <https://doc.rust-lang.org/nightly/rustc/check-cfg/cargo-specifics.html> for more information about checking conditional configuration
[INFO] [stdout]    = note: `#[warn(unexpected_cfgs)]` on by default
[INFO] [stdout] 
[INFO] [stdout] 
[INFO] [stdout] warning: unexpected `cfg` condition value: `parallel`
[INFO] [stdout]   --> src/lib.rs:77:19
[INFO] [stdout]    |
[INFO] [stdout] 77 |         #[cfg(not(feature = "parallel"))]
[INFO] [stdout]    |                   ^^^^^^^^^^^^^^^^^^^^
[INFO] [stdout]    |
[INFO] [stdout]    = note: expected values for `feature` are: `ark-serialize-derive`, `default`, `derive`, and `std`
[INFO] [stdout]    = help: consider adding `parallel` as a feature in `Cargo.toml`
[INFO] [stdout]    = note: see <https://doc.rust-lang.org/nightly/rustc/check-cfg/cargo-specifics.html> for more information about checking conditional configuration
[INFO] [stdout] 
[INFO] [stdout] 
[INFO] [stderr]     Finished `dev` profile [unoptimized + debuginfo] target(s) in 14.26s
[INFO] running `Command { std: "docker" "inspect" "69e9c8d074b8da7a5894e2a450900094b68d499c95476f60a4abfd02eb7bc47d", kill_on_drop: false }`
[INFO] running `Command { std: "docker" "rm" "-f" "69e9c8d074b8da7a5894e2a450900094b68d499c95476f60a4abfd02eb7bc47d", kill_on_drop: false }`
[INFO] [stdout] 69e9c8d074b8da7a5894e2a450900094b68d499c95476f60a4abfd02eb7bc47d
[INFO] running `Command { std: "docker" "create" "-v" "/var/lib/crater-agent-workspace/builds/worker-2-tc1/target:/opt/rustwide/target:rw,Z" "-v" "/var/lib/crater-agent-workspace/builds/worker-2-tc1/source:/opt/rustwide/workdir:ro,Z" "-v" "/var/lib/crater-agent-workspace/cargo-home:/opt/rustwide/cargo-home:ro,Z" "-v" "/var/lib/crater-agent-workspace/rustup-home:/opt/rustwide/rustup-home:ro,Z" "-e" "SOURCE_DIR=/opt/rustwide/workdir" "-e" "CARGO_TARGET_DIR=/opt/rustwide/target" "-e" "CARGO_INCREMENTAL=0" "-e" "RUST_BACKTRACE=full" "-e" "RUSTFLAGS=--cap-lints=warn" "-e" "RUSTDOCFLAGS=--cap-lints=warn" "-e" "CARGO_HOME=/opt/rustwide/cargo-home" "-e" "RUSTUP_HOME=/opt/rustwide/rustup-home" "-w" "/opt/rustwide/workdir" "-m" "1610612736" "--user" "0:0" "--network" "none" "ghcr.io/rust-lang/crates-build-env/linux@sha256:f3a9d4ad9d972b27faf3965f35b62e55ba32bbce8f20bc8fe909558a86702fde" "/opt/rustwide/cargo-home/bin/cargo" "+1.83.0" "test" "--frozen" "--no-run" "--message-format=json", kill_on_drop: false }`
[INFO] [stdout] 3a7b374f64f14714563b88ff22f8b6124025d509229adbf3480ca66cd53f0ce6
[INFO] running `Command { std: "docker" "start" "-a" "3a7b374f64f14714563b88ff22f8b6124025d509229adbf3480ca66cd53f0ce6", kill_on_drop: false }`
[INFO] [stderr]    Compiling syn v1.0.109
[INFO] [stderr]    Compiling subtle v2.6.1
[INFO] [stderr]    Compiling ahash v0.8.11
[INFO] [stderr]    Compiling paste v1.0.15
[INFO] [stderr]    Compiling syn v2.0.90
[INFO] [stderr]    Compiling cfg-if v1.0.0
[INFO] [stderr]    Compiling block-buffer v0.10.4
[INFO] [stderr]    Compiling either v1.13.0
[INFO] [stderr]    Compiling once_cell v1.20.2
[INFO] [stderr]    Compiling keccak v0.1.5
[INFO] [stderr]    Compiling digest v0.10.7
[INFO] [stderr]    Compiling cpufeatures v0.2.16
[INFO] [stderr]    Compiling itertools v0.10.5
[INFO] [stderr]    Compiling blake2 v0.10.6
[INFO] [stderr]    Compiling sha2 v0.10.8
[INFO] [stderr]    Compiling sha3 v0.10.8
[INFO] [stderr]    Compiling zerocopy-derive v0.7.35
[INFO] [stderr]    Compiling zeroize_derive v1.4.2
[INFO] [stderr]    Compiling zeroize v1.8.1
[INFO] [stderr]    Compiling zerocopy v0.7.35
[INFO] [stderr]    Compiling ark-serialize-derive v0.4.2
[INFO] [stderr]    Compiling ark-ff-macros v0.4.2
[INFO] [stderr]    Compiling derivative v2.2.0
[INFO] [stderr]    Compiling ark-ff-asm v0.4.2
[INFO] [stderr]    Compiling ppv-lite86 v0.2.20
[INFO] [stderr]    Compiling hashbrown v0.13.2
[INFO] [stderr]    Compiling rand_chacha v0.3.1
[INFO] [stderr]    Compiling rand v0.8.5
[INFO] [stderr]    Compiling ark-std v0.4.0
[INFO] [stderr]    Compiling ark-std-zypher v0.4.0
[INFO] [stderr]    Compiling ark-serialize v0.4.2
[INFO] [stderr]    Compiling ark-serialize-zypher v0.4.2 (/opt/rustwide/workdir)
[INFO] [stdout] warning: unexpected `cfg` condition value: `parallel`
[INFO] [stdout]   --> src/lib.rs:72:15
[INFO] [stdout]    |
[INFO] [stdout] 72 |         #[cfg(feature = "parallel")]
[INFO] [stdout]    |               ^^^^^^^^^^^^^^^^^^^^
[INFO] [stdout]    |
[INFO] [stdout]    = note: expected values for `feature` are: `ark-serialize-derive`, `default`, `derive`, and `std`
[INFO] [stdout]    = help: consider adding `parallel` as a feature in `Cargo.toml`
[INFO] [stdout]    = note: see <https://doc.rust-lang.org/nightly/rustc/check-cfg/cargo-specifics.html> for more information about checking conditional configuration
[INFO] [stdout]    = note: `#[warn(unexpected_cfgs)]` on by default
[INFO] [stdout] 
[INFO] [stdout] 
[INFO] [stdout] warning: unexpected `cfg` condition value: `parallel`
[INFO] [stdout]   --> src/lib.rs:77:19
[INFO] [stdout]    |
[INFO] [stdout] 77 |         #[cfg(not(feature = "parallel"))]
[INFO] [stdout]    |                   ^^^^^^^^^^^^^^^^^^^^
[INFO] [stdout]    |
[INFO] [stdout]    = note: expected values for `feature` are: `ark-serialize-derive`, `default`, `derive`, and `std`
[INFO] [stdout]    = help: consider adding `parallel` as a feature in `Cargo.toml`
[INFO] [stdout]    = note: see <https://doc.rust-lang.org/nightly/rustc/check-cfg/cargo-specifics.html> for more information about checking conditional configuration
[INFO] [stdout] 
[INFO] [stdout] 
[INFO] [stderr]    Compiling ark-ff v0.4.2
[INFO] [stderr]    Compiling ark-poly v0.4.2
[INFO] [stderr]    Compiling ark-ec v0.4.2
[INFO] [stderr]    Compiling ark-test-curves v0.4.2
[INFO] [stdout] warning: unexpected `cfg` condition value: `parallel`
[INFO] [stdout]   --> src/lib.rs:72:15
[INFO] [stdout]    |
[INFO] [stdout] 72 |         #[cfg(feature = "parallel")]
[INFO] [stdout]    |               ^^^^^^^^^^^^^^^^^^^^
[INFO] [stdout]    |
[INFO] [stdout]    = note: expected values for `feature` are: `ark-serialize-derive`, `default`, `derive`, and `std`
[INFO] [stdout]    = help: consider adding `parallel` as a feature in `Cargo.toml`
[INFO] [stdout]    = note: see <https://doc.rust-lang.org/nightly/rustc/check-cfg/cargo-specifics.html> for more information about checking conditional configuration
[INFO] [stdout]    = note: `#[warn(unexpected_cfgs)]` on by default
[INFO] [stdout] 
[INFO] [stdout] 
[INFO] [stdout] warning: unexpected `cfg` condition value: `parallel`
[INFO] [stdout]   --> src/lib.rs:77:19
[INFO] [stdout]    |
[INFO] [stdout] 77 |         #[cfg(not(feature = "parallel"))]
[INFO] [stdout]    |                   ^^^^^^^^^^^^^^^^^^^^
[INFO] [stdout]    |
[INFO] [stdout]    = note: expected values for `feature` are: `ark-serialize-derive`, `default`, `derive`, and `std`
[INFO] [stdout]    = help: consider adding `parallel` as a feature in `Cargo.toml`
[INFO] [stdout]    = note: see <https://doc.rust-lang.org/nightly/rustc/check-cfg/cargo-specifics.html> for more information about checking conditional configuration
[INFO] [stdout] 
[INFO] [stdout] 
[INFO] [stderr]     Finished `test` profile [unoptimized + debuginfo] target(s) in 35.89s
[INFO] running `Command { std: "docker" "inspect" "3a7b374f64f14714563b88ff22f8b6124025d509229adbf3480ca66cd53f0ce6", kill_on_drop: false }`
[INFO] running `Command { std: "docker" "rm" "-f" "3a7b374f64f14714563b88ff22f8b6124025d509229adbf3480ca66cd53f0ce6", kill_on_drop: false }`
[INFO] [stdout] 3a7b374f64f14714563b88ff22f8b6124025d509229adbf3480ca66cd53f0ce6
[INFO] running `Command { std: "docker" "create" "-v" "/var/lib/crater-agent-workspace/builds/worker-2-tc1/target:/opt/rustwide/target:rw,Z" "-v" "/var/lib/crater-agent-workspace/builds/worker-2-tc1/source:/opt/rustwide/workdir:ro,Z" "-v" "/var/lib/crater-agent-workspace/cargo-home:/opt/rustwide/cargo-home:ro,Z" "-v" "/var/lib/crater-agent-workspace/rustup-home:/opt/rustwide/rustup-home:ro,Z" "-e" "SOURCE_DIR=/opt/rustwide/workdir" "-e" "CARGO_TARGET_DIR=/opt/rustwide/target" "-e" "CARGO_INCREMENTAL=0" "-e" "RUST_BACKTRACE=full" "-e" "RUSTFLAGS=--cap-lints=warn" "-e" "RUSTDOCFLAGS=--cap-lints=warn" "-e" "CARGO_HOME=/opt/rustwide/cargo-home" "-e" "RUSTUP_HOME=/opt/rustwide/rustup-home" "-w" "/opt/rustwide/workdir" "-m" "1610612736" "--user" "0:0" "--network" "none" "ghcr.io/rust-lang/crates-build-env/linux@sha256:f3a9d4ad9d972b27faf3965f35b62e55ba32bbce8f20bc8fe909558a86702fde" "/opt/rustwide/cargo-home/bin/cargo" "+1.83.0" "test" "--frozen", kill_on_drop: false }`
[INFO] [stdout] f7ab49fdc86ef22269c7b6d51d96d5eaf070f42e2311c11fab198bb8b652e777
[INFO] running `Command { std: "docker" "start" "-a" "f7ab49fdc86ef22269c7b6d51d96d5eaf070f42e2311c11fab198bb8b652e777", kill_on_drop: false }`
[INFO] [stderr] warning: unexpected `cfg` condition value: `parallel`
[INFO] [stderr]   --> src/lib.rs:72:15
[INFO] [stderr]    |
[INFO] [stderr] 72 |         #[cfg(feature = "parallel")]
[INFO] [stderr]    |               ^^^^^^^^^^^^^^^^^^^^
[INFO] [stderr]    |
[INFO] [stderr]    = note: expected values for `feature` are: `ark-serialize-derive`, `default`, `derive`, and `std`
[INFO] [stderr]    = help: consider adding `parallel` as a feature in `Cargo.toml`
[INFO] [stderr]    = note: see <https://doc.rust-lang.org/nightly/rustc/check-cfg/cargo-specifics.html> for more information about checking conditional configuration
[INFO] [stderr]    = note: `#[warn(unexpected_cfgs)]` on by default
[INFO] [stderr] 
[INFO] [stderr] warning: unexpected `cfg` condition value: `parallel`
[INFO] [stderr]   --> src/lib.rs:77:19
[INFO] [stderr]    |
[INFO] [stderr] 77 |         #[cfg(not(feature = "parallel"))]
[INFO] [stderr]    |                   ^^^^^^^^^^^^^^^^^^^^
[INFO] [stderr]    |
[INFO] [stderr]    = note: expected values for `feature` are: `ark-serialize-derive`, `default`, `derive`, and `std`
[INFO] [stderr]    = help: consider adding `parallel` as a feature in `Cargo.toml`
[INFO] [stderr]    = note: see <https://doc.rust-lang.org/nightly/rustc/check-cfg/cargo-specifics.html> for more information about checking conditional configuration
[INFO] [stderr] 
[INFO] [stderr] warning: `ark-serialize-zypher` (lib) generated 2 warnings
[INFO] [stderr] warning: `ark-serialize-zypher` (lib test) generated 2 warnings (2 duplicates)
[INFO] [stderr]     Finished `test` profile [unoptimized + debuginfo] target(s) in 0.06s
[INFO] [stdout] 
[INFO] [stderr]      Running unittests src/lib.rs (/opt/rustwide/target/debug/deps/ark_serialize_zypher-30cf9de5a5684674)
[INFO] [stdout] running 19 tests
[INFO] [stdout] test test::test_biguint ... ok
[INFO] [stdout] test test::test_array ... ok
[INFO] [stdout] test test::test_btreemap ... ok
[INFO] [stdout] test test::test_blake2 ... ok
[INFO] [stdout] test test::test_btreeset ... ok
[INFO] [stdout] test test::test_linkedlist ... ok
[INFO] [stdout] test test::test_phantomdata ... ok
[INFO] [stdout] test test::test_string ... ok
[INFO] [stdout] test test::test_serialize_macro ... ok
[INFO] [stdout] test test::test_rc_arc ... ok
[INFO] [stdout] test test::test_option ... ok
[INFO] [stdout] test test::test_bool ... ok
[INFO] [stdout] test test::test_sha3 ... ok
[INFO] [stdout] test test::test_vecdeque ... ok
[INFO] [stdout] test test::test_sha2 ... ok
[INFO] [stdout] test test::test_vec ... ok
[INFO] [stdout] test test::test_uint ... ok
[INFO] [stdout] test test::test_tuple ... ok
[INFO] [stdout] test test::test_tuple_vec ... ok
[INFO] [stdout] 
[INFO] [stdout] test result: ok. 19 passed; 0 failed; 0 ignored; 0 measured; 0 filtered out; finished in 0.01s
[INFO] [stdout] 
[INFO] [stderr]    Doc-tests ark_serialize_zypher
[INFO] [stdout] 
[INFO] [stdout] running 5 tests
[INFO] [stdout] test src/lib.rs - CanonicalSerialize (line 92) ... FAILED
[INFO] [stdout] test src/lib.rs - CanonicalDeserialize (line 135) ... FAILED
[INFO] [stdout] test src/../README.md - (line 68) ... FAILED
[INFO] [stdout] test src/../README.md - (line 81) ... FAILED
[INFO] [stdout] test src/../README.md - (line 30) ... FAILED
[INFO] [stdout] 
[INFO] [stdout] failures:
[INFO] [stdout] 
[INFO] [stdout] ---- src/lib.rs - CanonicalSerialize (line 92) stdout ----
[INFO] [stdout] error[E0432]: unresolved import `ark_serialize`
[INFO] [stdout]  --> src/lib.rs:94:5
[INFO] [stdout]   |
[INFO] [stdout] 4 | use ark_serialize::*;
[INFO] [stdout]   |     ^^^^^^^^^^^^^ use of undeclared crate or module `ark_serialize`
[INFO] [stdout] 
[INFO] [stdout] error: aborting due to 1 previous error
[INFO] [stdout] 
[INFO] [stdout] For more information about this error, try `rustc --explain E0432`.
[INFO] [stdout] Couldn't compile the test.
[INFO] [stdout] ---- src/lib.rs - CanonicalDeserialize (line 135) stdout ----
[INFO] [stdout] error[E0432]: unresolved import `ark_serialize`
[INFO] [stdout]  --> src/lib.rs:137:5
[INFO] [stdout]   |
[INFO] [stdout] 4 | use ark_serialize::*;
[INFO] [stdout]   |     ^^^^^^^^^^^^^ use of undeclared crate or module `ark_serialize`
[INFO] [stdout] 
[INFO] [stdout] error: aborting due to 1 previous error
[INFO] [stdout] 
[INFO] [stdout] For more information about this error, try `rustc --explain E0432`.
[INFO] [stdout] Couldn't compile the test.
[INFO] [stdout] ---- src/../README.md - (line 68) stdout ----
[INFO] [stdout] error[E0432]: unresolved import `ark_serialize`
[INFO] [stdout]  --> src/../README.md:70:5
[INFO] [stdout]   |
[INFO] [stdout] 4 | use ark_serialize::{CanonicalSerialize, CanonicalDeserialize};
[INFO] [stdout]   |     ^^^^^^^^^^^^^ use of undeclared crate or module `ark_serialize`
[INFO] [stdout] 
[INFO] [stdout] error: aborting due to 1 previous error
[INFO] [stdout] 
[INFO] [stdout] For more information about this error, try `rustc --explain E0432`.
[INFO] [stdout] Couldn't compile the test.
[INFO] [stdout] ---- src/../README.md - (line 81) stdout ----
[INFO] [stdout] error[E0432]: unresolved import `ark_serialize`
[INFO] [stdout]  --> src/../README.md:83:5
[INFO] [stdout]   |
[INFO] [stdout] 4 | use ark_serialize::{CanonicalSerialize, CanonicalDeserialize, Compress, SerializationError, Valid, Validate};
[INFO] [stdout]   |     ^^^^^^^^^^^^^ use of undeclared crate or module `ark_serialize`
[INFO] [stdout] 
[INFO] [stdout] error: aborting due to 1 previous error
[INFO] [stdout] 
[INFO] [stdout] For more information about this error, try `rustc --explain E0432`.
[INFO] [stdout] Couldn't compile the test.
[INFO] [stdout] ---- src/../README.md - (line 30) stdout ----
[INFO] [stdout] error[E0432]: unresolved import `ark_serialize`
[INFO] [stdout]  --> src/../README.md:33:5
[INFO] [stdout]   |
[INFO] [stdout] 5 | use ark_serialize::{CanonicalSerialize, CanonicalDeserialize};
[INFO] [stdout]   |     ^^^^^^^^^^^^^ use of undeclared crate or module `ark_serialize`
[INFO] [stdout] 
[INFO] [stdout] error[E0599]: no method named `serialize_compressed` found for struct `ark_test_curves::short_weierstrass::Affine` in the current scope
[INFO] [stdout]   --> src/../README.md:43:3
[INFO] [stdout]    |
[INFO] [stdout] 15 | a.serialize_compressed(&mut compressed_bytes).unwrap();
[INFO] [stdout]    |   ^^^^^^^^^^^^^^^^^^^^
[INFO] [stdout]    |
[INFO] [stdout]   ::: /opt/rustwide/cargo-home/registry/src/index.crates.io-6f17d22bba15001f/ark-serialize-0.4.2/src/lib.rs:93:8
[INFO] [stdout]    |
[INFO] [stdout] 93 |     fn serialize_compressed<W: Write>(&self, writer: W) -> Result<(), SerializationError> {
[INFO] [stdout]    |        -------------------- the method is available for `ark_test_curves::short_weierstrass::Affine<ark_test_curves::bls12_381::g1::Config>` here
[INFO] [stdout]    |
[INFO] [stdout]    = help: items from traits can only be used if the trait is in scope
[INFO] [stdout] help: trait `CanonicalSerialize` which provides `serialize_compressed` is implemented but not in scope; perhaps you want to import it
[INFO] [stdout]    |
[INFO] [stdout] 3  + use ark_serialize::CanonicalSerialize;
[INFO] [stdout]    |
[INFO] [stdout] help: there is a method `serialize_uncompressed` with a similar name
[INFO] [stdout]    |
[INFO] [stdout] 15 | a.serialize_uncompressed(&mut compressed_bytes).unwrap();
[INFO] [stdout]    |   ~~~~~~~~~~~~~~~~~~~~~~
[INFO] [stdout] 
[INFO] [stdout] error[E0599]: no method named `serialize_uncompressed` found for struct `ark_test_curves::short_weierstrass::Affine` in the current scope
[INFO] [stdout]    --> src/../README.md:46:3
[INFO] [stdout]     |
[INFO] [stdout] 18  | a.serialize_uncompressed(&mut uncompressed_bytes).unwrap();
[INFO] [stdout]     |   ^^^^^^^^^^^^^^^^^^^^^^
[INFO] [stdout]     |
[INFO] [stdout]    ::: /opt/rustwide/cargo-home/registry/src/index.crates.io-6f17d22bba15001f/ark-serialize-0.4.2/src/lib.rs:101:8
[INFO] [stdout]     |
[INFO] [stdout] 101 |     fn serialize_uncompressed<W: Write>(&self, writer: W) -> Result<(), SerializationError> {
[INFO] [stdout]     |        ---------------------- the method is available for `ark_test_curves::short_weierstrass::Affine<ark_test_curves::bls12_381::g1::Config>` here
[INFO] [stdout]     |
[INFO] [stdout]     = help: items from traits can only be used if the trait is in scope
[INFO] [stdout] help: trait `CanonicalSerialize` which provides `serialize_uncompressed` is implemented but not in scope; perhaps you want to import it
[INFO] [stdout]     |
[INFO] [stdout] 3   + use ark_serialize::CanonicalSerialize;
[INFO] [stdout]     |
[INFO] [stdout] help: there is a method `serialize_compressed` with a similar name
[INFO] [stdout]     |
[INFO] [stdout] 18  | a.serialize_compressed(&mut uncompressed_bytes).unwrap();
[INFO] [stdout]     |   ~~~~~~~~~~~~~~~~~~~~
[INFO] [stdout] 
[INFO] [stdout] error[E0599]: no function or associated item named `deserialize_compressed` found for struct `ark_test_curves::short_weierstrass::Affine` in the current scope
[INFO] [stdout]    --> src/../README.md:49:30
[INFO] [stdout]     |
[INFO] [stdout] 21  | let a_compressed = G1Affine::deserialize_compressed(&*compressed_bytes).unwrap();
[INFO] [stdout]     |                              ^^^^^^^^^^^^^^^^^^^^^^ function or associated item not found in `Affine<Config>`
[INFO] [stdout]     |
[INFO] [stdout] note: if you're trying to build a new `ark_test_curves::short_weierstrass::Affine<ark_test_curves::bls12_381::g1::Config>` consider using one of the following associated functions:
[INFO] [stdout]       ark_test_curves::short_weierstrass::Affine::<P>::new
[INFO] [stdout]       ark_test_curves::short_weierstrass::Affine::<P>::new_unchecked
[INFO] [stdout]       ark_test_curves::short_weierstrass::Affine::<P>::identity
[INFO] [stdout]       ark_test_curves::short_weierstrass::Affine::<P>::get_point_from_x_unchecked
[INFO] [stdout]    --> /opt/rustwide/cargo-home/registry/src/index.crates.io-6f17d22bba15001f/ark-ec-0.4.2/src/models/short_weierstrass/affine.rs:71:5
[INFO] [stdout]     |
[INFO] [stdout] 71  |     pub fn new(x: P::BaseField, y: P::BaseField) -> Self {
[INFO] [stdout]     |     ^^^^^^^^^^^^^^^^^^^^^^^^^^^^^^^^^^^^^^^^^^^^^^^^^^^^
[INFO] [stdout] ...
[INFO] [stdout] 88  |     pub const fn new_unchecked(x: P::BaseField, y: P::BaseField) -> Self {
[INFO] [stdout]     |     ^^^^^^^^^^^^^^^^^^^^^^^^^^^^^^^^^^^^^^^^^^^^^^^^^^^^^^^^^^^^^^^^^^^^
[INFO] [stdout] ...
[INFO] [stdout] 96  |     pub const fn identity() -> Self {
[INFO] [stdout]     |     ^^^^^^^^^^^^^^^^^^^^^^^^^^^^^^^
[INFO] [stdout] ...
[INFO] [stdout] 110 |     pub fn get_point_from_x_unchecked(x: P::BaseField, greatest: bool) -> Option<Self> {
[INFO] [stdout]     |     ^^^^^^^^^^^^^^^^^^^^^^^^^^^^^^^^^^^^^^^^^^^^^^^^^^^^^^^^^^^^^^^^^^^^^^^^^^^^^^^^^^
[INFO] [stdout]     = help: items from traits can only be used if the trait is in scope
[INFO] [stdout] help: trait `CanonicalDeserialize` which provides `deserialize_compressed` is implemented but not in scope; perhaps you want to import it
[INFO] [stdout]     |
[INFO] [stdout] 3   + use ark_serialize::CanonicalDeserialize;
[INFO] [stdout]     |
[INFO] [stdout] help: there is an associated function `deserialize_uncompressed` with a similar name
[INFO] [stdout]     |
[INFO] [stdout] 21  | let a_compressed = G1Affine::deserialize_uncompressed(&*compressed_bytes).unwrap();
[INFO] [stdout]     |                              ~~~~~~~~~~~~~~~~~~~~~~~~
[INFO] [stdout] 
[INFO] [stdout] error[E0599]: no function or associated item named `deserialize_uncompressed` found for struct `ark_test_curves::short_weierstrass::Affine` in the current scope
[INFO] [stdout]    --> src/../README.md:52:32
[INFO] [stdout]     |
[INFO] [stdout] 24  | let a_uncompressed = G1Affine::deserialize_uncompressed(&*uncompressed_bytes).unwrap();
[INFO] [stdout]     |                                ^^^^^^^^^^^^^^^^^^^^^^^^ function or associated item not found in `Affine<Config>`
[INFO] [stdout]     |
[INFO] [stdout] note: if you're trying to build a new `ark_test_curves::short_weierstrass::Affine<ark_test_curves::bls12_381::g1::Config>` consider using one of the following associated functions:
[INFO] [stdout]       ark_test_curves::short_weierstrass::Affine::<P>::new
[INFO] [stdout]       ark_test_curves::short_weierstrass::Affine::<P>::new_unchecked
[INFO] [stdout]       ark_test_curves::short_weierstrass::Affine::<P>::identity
[INFO] [stdout]       ark_test_curves::short_weierstrass::Affine::<P>::get_point_from_x_unchecked
[INFO] [stdout]    --> /opt/rustwide/cargo-home/registry/src/index.crates.io-6f17d22bba15001f/ark-ec-0.4.2/src/models/short_weierstrass/affine.rs:71:5
[INFO] [stdout]     |
[INFO] [stdout] 71  |     pub fn new(x: P::BaseField, y: P::BaseField) -> Self {
[INFO] [stdout]     |     ^^^^^^^^^^^^^^^^^^^^^^^^^^^^^^^^^^^^^^^^^^^^^^^^^^^^
[INFO] [stdout] ...
[INFO] [stdout] 88  |     pub const fn new_unchecked(x: P::BaseField, y: P::BaseField) -> Self {
[INFO] [stdout]     |     ^^^^^^^^^^^^^^^^^^^^^^^^^^^^^^^^^^^^^^^^^^^^^^^^^^^^^^^^^^^^^^^^^^^^
[INFO] [stdout] ...
[INFO] [stdout] 96  |     pub const fn identity() -> Self {
[INFO] [stdout]     |     ^^^^^^^^^^^^^^^^^^^^^^^^^^^^^^^
[INFO] [stdout] ...
[INFO] [stdout] 110 |     pub fn get_point_from_x_unchecked(x: P::BaseField, greatest: bool) -> Option<Self> {
[INFO] [stdout]     |     ^^^^^^^^^^^^^^^^^^^^^^^^^^^^^^^^^^^^^^^^^^^^^^^^^^^^^^^^^^^^^^^^^^^^^^^^^^^^^^^^^^
[INFO] [stdout]     = help: items from traits can only be used if the trait is in scope
[INFO] [stdout] help: trait `CanonicalDeserialize` which provides `deserialize_uncompressed` is implemented but not in scope; perhaps you want to import it
[INFO] [stdout]     |
[INFO] [stdout] 3   + use ark_serialize::CanonicalDeserialize;
[INFO] [stdout]     |
[INFO] [stdout] help: there is an associated function `deserialize_compressed` with a similar name
[INFO] [stdout]     |
[INFO] [stdout] 24  | let a_uncompressed = G1Affine::deserialize_compressed(&*uncompressed_bytes).unwrap();
[INFO] [stdout]     |                                ~~~~~~~~~~~~~~~~~~~~~~
[INFO] [stdout] 
[INFO] [stdout] error[E0599]: no function or associated item named `deserialize_uncompressed_unchecked` found for struct `ark_test_curves::short_weierstrass::Affine` in the current scope
[INFO] [stdout]    --> src/../README.md:60:42
[INFO] [stdout]     |
[INFO] [stdout] 32  | let a_uncompressed_unchecked = G1Affine::deserialize_uncompressed_unchecked(&*uncompressed_bytes).unwrap();
[INFO] [stdout]     |                                          ^^^^^^^^^^^^^^^^^^^^^^^^^^^^^^^^^^ function or associated item not found in `Affine<Config>`
[INFO] [stdout]     |
[INFO] [stdout] note: if you're trying to build a new `ark_test_curves::short_weierstrass::Affine<ark_test_curves::bls12_381::g1::Config>` consider using one of the following associated functions:
[INFO] [stdout]       ark_test_curves::short_weierstrass::Affine::<P>::new
[INFO] [stdout]       ark_test_curves::short_weierstrass::Affine::<P>::new_unchecked
[INFO] [stdout]       ark_test_curves::short_weierstrass::Affine::<P>::identity
[INFO] [stdout]       ark_test_curves::short_weierstrass::Affine::<P>::get_point_from_x_unchecked
[INFO] [stdout]    --> /opt/rustwide/cargo-home/registry/src/index.crates.io-6f17d22bba15001f/ark-ec-0.4.2/src/models/short_weierstrass/affine.rs:71:5
[INFO] [stdout]     |
[INFO] [stdout] 71  |     pub fn new(x: P::BaseField, y: P::BaseField) -> Self {
[INFO] [stdout]     |     ^^^^^^^^^^^^^^^^^^^^^^^^^^^^^^^^^^^^^^^^^^^^^^^^^^^^
[INFO] [stdout] ...
[INFO] [stdout] 88  |     pub const fn new_unchecked(x: P::BaseField, y: P::BaseField) -> Self {
[INFO] [stdout]     |     ^^^^^^^^^^^^^^^^^^^^^^^^^^^^^^^^^^^^^^^^^^^^^^^^^^^^^^^^^^^^^^^^^^^^
[INFO] [stdout] ...
[INFO] [stdout] 96  |     pub const fn identity() -> Self {
[INFO] [stdout]     |     ^^^^^^^^^^^^^^^^^^^^^^^^^^^^^^^
[INFO] [stdout] ...
[INFO] [stdout] 110 |     pub fn get_point_from_x_unchecked(x: P::BaseField, greatest: bool) -> Option<Self> {
[INFO] [stdout]     |     ^^^^^^^^^^^^^^^^^^^^^^^^^^^^^^^^^^^^^^^^^^^^^^^^^^^^^^^^^^^^^^^^^^^^^^^^^^^^^^^^^^
[INFO] [stdout]     = help: items from traits can only be used if the trait is in scope
[INFO] [stdout] help: trait `CanonicalDeserialize` which provides `deserialize_uncompressed_unchecked` is implemented but not in scope; perhaps you want to import it
[INFO] [stdout]     |
[INFO] [stdout] 3   + use ark_serialize::CanonicalDeserialize;
[INFO] [stdout]     |
[INFO] [stdout] help: there is an associated function `deserialize_compressed_unchecked` with a similar name
[INFO] [stdout]     |
[INFO] [stdout] 32  | let a_uncompressed_unchecked = G1Affine::deserialize_compressed_unchecked(&*uncompressed_bytes).unwrap();
[INFO] [stdout]     |                                          ~~~~~~~~~~~~~~~~~~~~~~~~~~~~~~~~
[INFO] [stdout] 
[INFO] [stdout] error[E0599]: no function or associated item named `deserialize_compressed_unchecked` found for struct `ark_test_curves::short_weierstrass::Affine` in the current scope
[INFO] [stdout]    --> src/../README.md:61:40
[INFO] [stdout]     |
[INFO] [stdout] 33  | let a_compressed_unchecked = G1Affine::deserialize_compressed_unchecked(&*compressed_bytes).unwrap();
[INFO] [stdout]     |                                        ^^^^^^^^^^^^^^^^^^^^^^^^^^^^^^^^ function or associated item not found in `Affine<Config>`
[INFO] [stdout]     |
[INFO] [stdout] note: if you're trying to build a new `ark_test_curves::short_weierstrass::Affine<ark_test_curves::bls12_381::g1::Config>` consider using one of the following associated functions:
[INFO] [stdout]       ark_test_curves::short_weierstrass::Affine::<P>::new
[INFO] [stdout]       ark_test_curves::short_weierstrass::Affine::<P>::new_unchecked
[INFO] [stdout]       ark_test_curves::short_weierstrass::Affine::<P>::identity
[INFO] [stdout]       ark_test_curves::short_weierstrass::Affine::<P>::get_point_from_x_unchecked
[INFO] [stdout]    --> /opt/rustwide/cargo-home/registry/src/index.crates.io-6f17d22bba15001f/ark-ec-0.4.2/src/models/short_weierstrass/affine.rs:71:5
[INFO] [stdout]     |
[INFO] [stdout] 71  |     pub fn new(x: P::BaseField, y: P::BaseField) -> Self {
[INFO] [stdout]     |     ^^^^^^^^^^^^^^^^^^^^^^^^^^^^^^^^^^^^^^^^^^^^^^^^^^^^
[INFO] [stdout] ...
[INFO] [stdout] 88  |     pub const fn new_unchecked(x: P::BaseField, y: P::BaseField) -> Self {
[INFO] [stdout]     |     ^^^^^^^^^^^^^^^^^^^^^^^^^^^^^^^^^^^^^^^^^^^^^^^^^^^^^^^^^^^^^^^^^^^^
[INFO] [stdout] ...
[INFO] [stdout] 96  |     pub const fn identity() -> Self {
[INFO] [stdout]     |     ^^^^^^^^^^^^^^^^^^^^^^^^^^^^^^^
[INFO] [stdout] ...
[INFO] [stdout] 110 |     pub fn get_point_from_x_unchecked(x: P::BaseField, greatest: bool) -> Option<Self> {
[INFO] [stdout]     |     ^^^^^^^^^^^^^^^^^^^^^^^^^^^^^^^^^^^^^^^^^^^^^^^^^^^^^^^^^^^^^^^^^^^^^^^^^^^^^^^^^^
[INFO] [stdout]     = help: items from traits can only be used if the trait is in scope
[INFO] [stdout] help: trait `CanonicalDeserialize` which provides `deserialize_compressed_unchecked` is implemented but not in scope; perhaps you want to import it
[INFO] [stdout]     |
[INFO] [stdout] 3   + use ark_serialize::CanonicalDeserialize;
[INFO] [stdout]     |
[INFO] [stdout] help: there is an associated function `deserialize_uncompressed_unchecked` with a similar name
[INFO] [stdout]     |
[INFO] [stdout] 33  | let a_compressed_unchecked = G1Affine::deserialize_uncompressed_unchecked(&*compressed_bytes).unwrap();
[INFO] [stdout]     |                                        ~~~~~~~~~~~~~~~~~~~~~~~~~~~~~~~~~~
[INFO] [stdout] 
[INFO] [stdout] error: aborting due to 7 previous errors
[INFO] [stdout] 
[INFO] [stdout] Some errors have detailed explanations: E0432, E0599.
[INFO] [stdout] For more information about an error, try `rustc --explain E0432`.
[INFO] [stdout] Couldn't compile the test.
[INFO] [stdout] 
[INFO] [stdout] failures:
[INFO] [stdout]     src/../README.md - (line 30)
[INFO] [stdout]     src/../README.md - (line 68)
[INFO] [stdout]     src/../README.md - (line 81)
[INFO] [stdout]     src/lib.rs - CanonicalDeserialize (line 135)
[INFO] [stdout]     src/lib.rs - CanonicalSerialize (line 92)
[INFO] [stdout] 
[INFO] [stdout] test result: FAILED. 0 passed; 5 failed; 0 ignored; 0 measured; 0 filtered out; finished in 0.34s
[INFO] [stdout] 
[INFO] [stderr] error: doctest failed, to rerun pass `--doc`
[INFO] running `Command { std: "docker" "inspect" "f7ab49fdc86ef22269c7b6d51d96d5eaf070f42e2311c11fab198bb8b652e777", kill_on_drop: false }`
[INFO] running `Command { std: "docker" "rm" "-f" "f7ab49fdc86ef22269c7b6d51d96d5eaf070f42e2311c11fab198bb8b652e777", kill_on_drop: false }`
[INFO] [stdout] f7ab49fdc86ef22269c7b6d51d96d5eaf070f42e2311c11fab198bb8b652e777
