[INFO] fetching crate ark-ff-macros-zypher 0.4.2...
[INFO] testing ark-ff-macros-zypher-0.4.2 against 1.83.0 for beta-1.84.0-4-retry
[INFO] extracting crate ark-ff-macros-zypher 0.4.2 into /workspace/builds/worker-6-tc1/source
[INFO] validating manifest of crates.io crate ark-ff-macros-zypher 0.4.2 on toolchain 1.83.0
[INFO] running `Command { std: CARGO_HOME="/workspace/cargo-home" RUSTUP_HOME="/workspace/rustup-home" "/workspace/cargo-home/bin/cargo" "+1.83.0" "metadata" "--manifest-path" "Cargo.toml" "--no-deps", kill_on_drop: false }`
[INFO] started tweaking crates.io crate ark-ff-macros-zypher 0.4.2
[INFO] finished tweaking crates.io crate ark-ff-macros-zypher 0.4.2
[INFO] tweaked toml for crates.io crate ark-ff-macros-zypher 0.4.2 written to /workspace/builds/worker-6-tc1/source/Cargo.toml
[INFO] running `Command { std: CARGO_HOME="/workspace/cargo-home" RUSTUP_HOME="/workspace/rustup-home" "/workspace/cargo-home/bin/cargo" "+1.83.0" "generate-lockfile" "--manifest-path" "Cargo.toml", kill_on_drop: false }`
[INFO] [stderr]     Updating crates.io index
[INFO] [stderr]      Locking 8 packages to latest compatible versions
[INFO] running `Command { std: CARGO_HOME="/workspace/cargo-home" RUSTUP_HOME="/workspace/rustup-home" "/workspace/cargo-home/bin/cargo" "+1.83.0" "fetch" "--manifest-path" "Cargo.toml", kill_on_drop: false }`
[INFO] running `Command { std: "docker" "create" "-v" "/var/lib/crater-agent-workspace/builds/worker-6-tc1/target:/opt/rustwide/target:rw,Z" "-v" "/var/lib/crater-agent-workspace/builds/worker-6-tc1/source:/opt/rustwide/workdir:ro,Z" "-v" "/var/lib/crater-agent-workspace/cargo-home:/opt/rustwide/cargo-home:ro,Z" "-v" "/var/lib/crater-agent-workspace/rustup-home:/opt/rustwide/rustup-home:ro,Z" "-e" "SOURCE_DIR=/opt/rustwide/workdir" "-e" "CARGO_TARGET_DIR=/opt/rustwide/target" "-e" "CARGO_HOME=/opt/rustwide/cargo-home" "-e" "RUSTUP_HOME=/opt/rustwide/rustup-home" "-w" "/opt/rustwide/workdir" "-m" "1610612736" "--user" "0:0" "--network" "none" "ghcr.io/rust-lang/crates-build-env/linux@sha256:f3a9d4ad9d972b27faf3965f35b62e55ba32bbce8f20bc8fe909558a86702fde" "/opt/rustwide/cargo-home/bin/cargo" "+1.83.0" "metadata" "--no-deps" "--format-version=1", kill_on_drop: false }`
[INFO] [stdout] 9c4dd0ebc4949a101a4e16b08f2c87c132780736cf40d829609fa41813945149
[INFO] running `Command { std: "docker" "start" "-a" "9c4dd0ebc4949a101a4e16b08f2c87c132780736cf40d829609fa41813945149", kill_on_drop: false }`
[INFO] running `Command { std: "docker" "inspect" "9c4dd0ebc4949a101a4e16b08f2c87c132780736cf40d829609fa41813945149", kill_on_drop: false }`
[INFO] running `Command { std: "docker" "rm" "-f" "9c4dd0ebc4949a101a4e16b08f2c87c132780736cf40d829609fa41813945149", kill_on_drop: false }`
[INFO] [stdout] 9c4dd0ebc4949a101a4e16b08f2c87c132780736cf40d829609fa41813945149
[INFO] running `Command { std: "docker" "create" "-v" "/var/lib/crater-agent-workspace/builds/worker-6-tc1/target:/opt/rustwide/target:rw,Z" "-v" "/var/lib/crater-agent-workspace/builds/worker-6-tc1/source:/opt/rustwide/workdir:ro,Z" "-v" "/var/lib/crater-agent-workspace/cargo-home:/opt/rustwide/cargo-home:ro,Z" "-v" "/var/lib/crater-agent-workspace/rustup-home:/opt/rustwide/rustup-home:ro,Z" "-e" "SOURCE_DIR=/opt/rustwide/workdir" "-e" "CARGO_TARGET_DIR=/opt/rustwide/target" "-e" "CARGO_INCREMENTAL=0" "-e" "RUST_BACKTRACE=full" "-e" "RUSTFLAGS=--cap-lints=warn" "-e" "RUSTDOCFLAGS=--cap-lints=warn" "-e" "CARGO_HOME=/opt/rustwide/cargo-home" "-e" "RUSTUP_HOME=/opt/rustwide/rustup-home" "-w" "/opt/rustwide/workdir" "-m" "1610612736" "--user" "0:0" "--network" "none" "ghcr.io/rust-lang/crates-build-env/linux@sha256:f3a9d4ad9d972b27faf3965f35b62e55ba32bbce8f20bc8fe909558a86702fde" "/opt/rustwide/cargo-home/bin/cargo" "+1.83.0" "build" "--frozen" "--message-format=json", kill_on_drop: false }`
[INFO] [stdout] fe29aff21532821ea1bcd9d7685a4d1834bb7c60397b8589bce73ad0737e0b68
[INFO] running `Command { std: "docker" "start" "-a" "fe29aff21532821ea1bcd9d7685a4d1834bb7c60397b8589bce73ad0737e0b68", kill_on_drop: false }`
[INFO] [stderr]    Compiling autocfg v1.4.0
[INFO] [stderr]    Compiling proc-macro2 v1.0.92
[INFO] [stderr]    Compiling unicode-ident v1.0.14
[INFO] [stderr]    Compiling num-traits v0.2.19
[INFO] [stderr]    Compiling quote v1.0.37
[INFO] [stderr]    Compiling syn v2.0.90
[INFO] [stderr]    Compiling num-integer v0.1.46
[INFO] [stderr]    Compiling num-bigint v0.4.6
[INFO] [stderr]    Compiling ark-ff-macros-zypher v0.4.2 (/opt/rustwide/workdir)
[INFO] [stderr]     Finished `dev` profile [unoptimized + debuginfo] target(s) in 5.81s
[INFO] running `Command { std: "docker" "inspect" "fe29aff21532821ea1bcd9d7685a4d1834bb7c60397b8589bce73ad0737e0b68", kill_on_drop: false }`
[INFO] running `Command { std: "docker" "rm" "-f" "fe29aff21532821ea1bcd9d7685a4d1834bb7c60397b8589bce73ad0737e0b68", kill_on_drop: false }`
[INFO] [stdout] fe29aff21532821ea1bcd9d7685a4d1834bb7c60397b8589bce73ad0737e0b68
[INFO] running `Command { std: "docker" "create" "-v" "/var/lib/crater-agent-workspace/builds/worker-6-tc1/target:/opt/rustwide/target:rw,Z" "-v" "/var/lib/crater-agent-workspace/builds/worker-6-tc1/source:/opt/rustwide/workdir:ro,Z" "-v" "/var/lib/crater-agent-workspace/cargo-home:/opt/rustwide/cargo-home:ro,Z" "-v" "/var/lib/crater-agent-workspace/rustup-home:/opt/rustwide/rustup-home:ro,Z" "-e" "SOURCE_DIR=/opt/rustwide/workdir" "-e" "CARGO_TARGET_DIR=/opt/rustwide/target" "-e" "CARGO_INCREMENTAL=0" "-e" "RUST_BACKTRACE=full" "-e" "RUSTFLAGS=--cap-lints=warn" "-e" "RUSTDOCFLAGS=--cap-lints=warn" "-e" "CARGO_HOME=/opt/rustwide/cargo-home" "-e" "RUSTUP_HOME=/opt/rustwide/rustup-home" "-w" "/opt/rustwide/workdir" "-m" "1610612736" "--user" "0:0" "--network" "none" "ghcr.io/rust-lang/crates-build-env/linux@sha256:f3a9d4ad9d972b27faf3965f35b62e55ba32bbce8f20bc8fe909558a86702fde" "/opt/rustwide/cargo-home/bin/cargo" "+1.83.0" "test" "--frozen" "--no-run" "--message-format=json", kill_on_drop: false }`
[INFO] [stdout] 0a62bf079e9784b8139d95699093cc36719f77e6d9aec6336d541d6ab2aedfa3
[INFO] running `Command { std: "docker" "start" "-a" "0a62bf079e9784b8139d95699093cc36719f77e6d9aec6336d541d6ab2aedfa3", kill_on_drop: false }`
[INFO] [stderr]    Compiling ark-ff-macros-zypher v0.4.2 (/opt/rustwide/workdir)
[INFO] [stderr]     Finished `test` profile [unoptimized + debuginfo] target(s) in 0.94s
[INFO] running `Command { std: "docker" "inspect" "0a62bf079e9784b8139d95699093cc36719f77e6d9aec6336d541d6ab2aedfa3", kill_on_drop: false }`
[INFO] running `Command { std: "docker" "rm" "-f" "0a62bf079e9784b8139d95699093cc36719f77e6d9aec6336d541d6ab2aedfa3", kill_on_drop: false }`
[INFO] [stdout] 0a62bf079e9784b8139d95699093cc36719f77e6d9aec6336d541d6ab2aedfa3
[INFO] running `Command { std: "docker" "create" "-v" "/var/lib/crater-agent-workspace/builds/worker-6-tc1/target:/opt/rustwide/target:rw,Z" "-v" "/var/lib/crater-agent-workspace/builds/worker-6-tc1/source:/opt/rustwide/workdir:ro,Z" "-v" "/var/lib/crater-agent-workspace/cargo-home:/opt/rustwide/cargo-home:ro,Z" "-v" "/var/lib/crater-agent-workspace/rustup-home:/opt/rustwide/rustup-home:ro,Z" "-e" "SOURCE_DIR=/opt/rustwide/workdir" "-e" "CARGO_TARGET_DIR=/opt/rustwide/target" "-e" "CARGO_INCREMENTAL=0" "-e" "RUST_BACKTRACE=full" "-e" "RUSTFLAGS=--cap-lints=warn" "-e" "RUSTDOCFLAGS=--cap-lints=warn" "-e" "CARGO_HOME=/opt/rustwide/cargo-home" "-e" "RUSTUP_HOME=/opt/rustwide/rustup-home" "-w" "/opt/rustwide/workdir" "-m" "1610612736" "--user" "0:0" "--network" "none" "ghcr.io/rust-lang/crates-build-env/linux@sha256:f3a9d4ad9d972b27faf3965f35b62e55ba32bbce8f20bc8fe909558a86702fde" "/opt/rustwide/cargo-home/bin/cargo" "+1.83.0" "test" "--frozen", kill_on_drop: false }`
[INFO] [stdout] d88927c94eb4ba18f5cb591d88561e6e9b13f44e5029bb94760bb2b1b60276f6
[INFO] running `Command { std: "docker" "start" "-a" "d88927c94eb4ba18f5cb591d88561e6e9b13f44e5029bb94760bb2b1b60276f6", kill_on_drop: false }`
[INFO] [stderr]     Finished `test` profile [unoptimized + debuginfo] target(s) in 0.02s
[INFO] [stderr]      Running unittests src/lib.rs (/opt/rustwide/target/debug/deps/ark_ff_macros_zypher-14de54abd19c45b6)
[INFO] [stdout] 
[INFO] [stdout] running 2 tests
[INFO] [stdout] test unroll::test_expand ... ok
[INFO] [stdout] test test_str_to_limbs ... ok
[INFO] [stdout] 
[INFO] [stdout] test result: ok. 2 passed; 0 failed; 0 ignored; 0 measured; 0 filtered out; finished in 0.01s
[INFO] [stdout] 
[INFO] [stderr]    Doc-tests ark_ff_macros_zypher
[INFO] [stdout] 
[INFO] [stdout] running 1 test
[INFO] [stdout] test src/unroll.rs - unroll (line 24) ... FAILED
[INFO] [stdout] 
[INFO] [stdout] failures:
[INFO] [stdout] 
[INFO] [stdout] ---- src/unroll.rs - unroll (line 24) stdout ----
[INFO] [stdout] error[E0432]: unresolved import `ark_ff_macros`
[INFO] [stdout]  --> src/unroll.rs:25:5
[INFO] [stdout]   |
[INFO] [stdout] 3 | use ark_ff_macros::unroll_for_loops;
[INFO] [stdout]   |     ^^^^^^^^^^^^^ use of undeclared crate or module `ark_ff_macros`
[INFO] [stdout] 
[INFO] [stdout] error: aborting due to 1 previous error
[INFO] [stdout] 
[INFO] [stdout] For more information about this error, try `rustc --explain E0432`.
[INFO] [stdout] Couldn't compile the test.
[INFO] [stdout] 
[INFO] [stdout] failures:
[INFO] [stdout]     src/unroll.rs - unroll (line 24)
[INFO] [stdout] 
[INFO] [stdout] test result: FAILED. 0 passed; 1 failed; 0 ignored; 0 measured; 0 filtered out; finished in 0.04s
[INFO] [stdout] 
[INFO] [stderr] error: doctest failed, to rerun pass `--doc`
[INFO] running `Command { std: "docker" "inspect" "d88927c94eb4ba18f5cb591d88561e6e9b13f44e5029bb94760bb2b1b60276f6", kill_on_drop: false }`
[INFO] running `Command { std: "docker" "rm" "-f" "d88927c94eb4ba18f5cb591d88561e6e9b13f44e5029bb94760bb2b1b60276f6", kill_on_drop: false }`
[INFO] [stdout] d88927c94eb4ba18f5cb591d88561e6e9b13f44e5029bb94760bb2b1b60276f6
