[INFO] fetching crate aris_1 0.1.3...
[INFO] testing aris_1-0.1.3 against 1.83.0 for beta-1.84.0-4-retry
[INFO] extracting crate aris_1 0.1.3 into /workspace/builds/worker-5-tc1/source
[INFO] validating manifest of crates.io crate aris_1 0.1.3 on toolchain 1.83.0
[INFO] running `Command { std: CARGO_HOME="/workspace/cargo-home" RUSTUP_HOME="/workspace/rustup-home" "/workspace/cargo-home/bin/cargo" "+1.83.0" "metadata" "--manifest-path" "Cargo.toml" "--no-deps", kill_on_drop: false }`
[INFO] started tweaking crates.io crate aris_1 0.1.3
[INFO] finished tweaking crates.io crate aris_1 0.1.3
[INFO] tweaked toml for crates.io crate aris_1 0.1.3 written to /workspace/builds/worker-5-tc1/source/Cargo.toml
[INFO] running `Command { std: CARGO_HOME="/workspace/cargo-home" RUSTUP_HOME="/workspace/rustup-home" "/workspace/cargo-home/bin/cargo" "+1.83.0" "generate-lockfile" "--manifest-path" "Cargo.toml", kill_on_drop: false }`
[INFO] [stderr]     Updating crates.io index
[INFO] [stderr]      Locking 34 packages to latest compatible versions
[INFO] [stderr]       Adding orca_whirlpools_macros v0.2.3 (available: v1.0.0)
[INFO] running `Command { std: CARGO_HOME="/workspace/cargo-home" RUSTUP_HOME="/workspace/rustup-home" "/workspace/cargo-home/bin/cargo" "+1.83.0" "fetch" "--manifest-path" "Cargo.toml", kill_on_drop: false }`
[INFO] [stderr]  Downloading crates ...
[INFO] [stderr]   Downloaded serde_derive_internals v0.28.0
[INFO] [stderr]   Downloaded orca_whirlpools_macros v0.2.3
[INFO] [stderr]   Downloaded tsify v0.4.5
[INFO] [stderr]   Downloaded tsify-macros v0.4.5
[INFO] running `Command { std: "docker" "create" "-v" "/var/lib/crater-agent-workspace/builds/worker-5-tc1/target:/opt/rustwide/target:rw,Z" "-v" "/var/lib/crater-agent-workspace/builds/worker-5-tc1/source:/opt/rustwide/workdir:ro,Z" "-v" "/var/lib/crater-agent-workspace/cargo-home:/opt/rustwide/cargo-home:ro,Z" "-v" "/var/lib/crater-agent-workspace/rustup-home:/opt/rustwide/rustup-home:ro,Z" "-e" "SOURCE_DIR=/opt/rustwide/workdir" "-e" "CARGO_TARGET_DIR=/opt/rustwide/target" "-e" "CARGO_HOME=/opt/rustwide/cargo-home" "-e" "RUSTUP_HOME=/opt/rustwide/rustup-home" "-w" "/opt/rustwide/workdir" "-m" "1610612736" "--user" "0:0" "--network" "none" "ghcr.io/rust-lang/crates-build-env/linux@sha256:f3a9d4ad9d972b27faf3965f35b62e55ba32bbce8f20bc8fe909558a86702fde" "/opt/rustwide/cargo-home/bin/cargo" "+1.83.0" "metadata" "--no-deps" "--format-version=1", kill_on_drop: false }`
[INFO] [stdout] 96dfd3fad75496f07ba81a1720b242e7188e45291b57ccf381cb7aca74ff15ff
[INFO] running `Command { std: "docker" "start" "-a" "96dfd3fad75496f07ba81a1720b242e7188e45291b57ccf381cb7aca74ff15ff", kill_on_drop: false }`
[INFO] running `Command { std: "docker" "inspect" "96dfd3fad75496f07ba81a1720b242e7188e45291b57ccf381cb7aca74ff15ff", kill_on_drop: false }`
[INFO] running `Command { std: "docker" "rm" "-f" "96dfd3fad75496f07ba81a1720b242e7188e45291b57ccf381cb7aca74ff15ff", kill_on_drop: false }`
[INFO] [stdout] 96dfd3fad75496f07ba81a1720b242e7188e45291b57ccf381cb7aca74ff15ff
[INFO] running `Command { std: "docker" "create" "-v" "/var/lib/crater-agent-workspace/builds/worker-5-tc1/target:/opt/rustwide/target:rw,Z" "-v" "/var/lib/crater-agent-workspace/builds/worker-5-tc1/source:/opt/rustwide/workdir:ro,Z" "-v" "/var/lib/crater-agent-workspace/cargo-home:/opt/rustwide/cargo-home:ro,Z" "-v" "/var/lib/crater-agent-workspace/rustup-home:/opt/rustwide/rustup-home:ro,Z" "-e" "SOURCE_DIR=/opt/rustwide/workdir" "-e" "CARGO_TARGET_DIR=/opt/rustwide/target" "-e" "CARGO_INCREMENTAL=0" "-e" "RUST_BACKTRACE=full" "-e" "RUSTFLAGS=--cap-lints=warn" "-e" "RUSTDOCFLAGS=--cap-lints=warn" "-e" "CARGO_HOME=/opt/rustwide/cargo-home" "-e" "RUSTUP_HOME=/opt/rustwide/rustup-home" "-w" "/opt/rustwide/workdir" "-m" "1610612736" "--user" "0:0" "--network" "none" "ghcr.io/rust-lang/crates-build-env/linux@sha256:f3a9d4ad9d972b27faf3965f35b62e55ba32bbce8f20bc8fe909558a86702fde" "/opt/rustwide/cargo-home/bin/cargo" "+1.83.0" "build" "--frozen" "--message-format=json", kill_on_drop: false }`
[INFO] [stdout] 8d3718422795ce3f9c6fc937322230d2d02c0d7c28c766e8cb4d61e5af2a266b
[INFO] running `Command { std: "docker" "start" "-a" "8d3718422795ce3f9c6fc937322230d2d02c0d7c28c766e8cb4d61e5af2a266b", kill_on_drop: false }`
[INFO] [stderr]    Compiling proc-macro2 v1.0.92
[INFO] [stderr]    Compiling unicode-ident v1.0.14
[INFO] [stderr]    Compiling libm v0.2.11
[INFO] [stderr]    Compiling ethnum v1.5.0
[INFO] [stderr]    Compiling quote v1.0.37
[INFO] [stderr]    Compiling syn v2.0.90
[INFO] [stderr]    Compiling orca_whirlpools_macros v0.2.3
[INFO] [stderr]    Compiling aris_1 v0.1.3 (/opt/rustwide/workdir)
[INFO] [stderr]     Finished `dev` profile [unoptimized + debuginfo] target(s) in 7.29s
[INFO] running `Command { std: "docker" "inspect" "8d3718422795ce3f9c6fc937322230d2d02c0d7c28c766e8cb4d61e5af2a266b", kill_on_drop: false }`
[INFO] running `Command { std: "docker" "rm" "-f" "8d3718422795ce3f9c6fc937322230d2d02c0d7c28c766e8cb4d61e5af2a266b", kill_on_drop: false }`
[INFO] [stdout] 8d3718422795ce3f9c6fc937322230d2d02c0d7c28c766e8cb4d61e5af2a266b
[INFO] running `Command { std: "docker" "create" "-v" "/var/lib/crater-agent-workspace/builds/worker-5-tc1/target:/opt/rustwide/target:rw,Z" "-v" "/var/lib/crater-agent-workspace/builds/worker-5-tc1/source:/opt/rustwide/workdir:ro,Z" "-v" "/var/lib/crater-agent-workspace/cargo-home:/opt/rustwide/cargo-home:ro,Z" "-v" "/var/lib/crater-agent-workspace/rustup-home:/opt/rustwide/rustup-home:ro,Z" "-e" "SOURCE_DIR=/opt/rustwide/workdir" "-e" "CARGO_TARGET_DIR=/opt/rustwide/target" "-e" "CARGO_INCREMENTAL=0" "-e" "RUST_BACKTRACE=full" "-e" "RUSTFLAGS=--cap-lints=warn" "-e" "RUSTDOCFLAGS=--cap-lints=warn" "-e" "CARGO_HOME=/opt/rustwide/cargo-home" "-e" "RUSTUP_HOME=/opt/rustwide/rustup-home" "-w" "/opt/rustwide/workdir" "-m" "1610612736" "--user" "0:0" "--network" "none" "ghcr.io/rust-lang/crates-build-env/linux@sha256:f3a9d4ad9d972b27faf3965f35b62e55ba32bbce8f20bc8fe909558a86702fde" "/opt/rustwide/cargo-home/bin/cargo" "+1.83.0" "test" "--frozen" "--no-run" "--message-format=json", kill_on_drop: false }`
[INFO] [stdout] 8dd17dcf1306168a826e202a0e07eafb7a5bd18b61b1d60f43eac22b061f2d1b
[INFO] running `Command { std: "docker" "start" "-a" "8dd17dcf1306168a826e202a0e07eafb7a5bd18b61b1d60f43eac22b061f2d1b", kill_on_drop: false }`
[INFO] [stderr]    Compiling autocfg v1.4.0
[INFO] [stderr]    Compiling num-traits v0.2.19
[INFO] [stderr]    Compiling approx v0.5.1
[INFO] [stderr]    Compiling aris_1 v0.1.3 (/opt/rustwide/workdir)
[INFO] [stderr]     Finished `test` profile [unoptimized + debuginfo] target(s) in 3.15s
[INFO] running `Command { std: "docker" "inspect" "8dd17dcf1306168a826e202a0e07eafb7a5bd18b61b1d60f43eac22b061f2d1b", kill_on_drop: false }`
[INFO] running `Command { std: "docker" "rm" "-f" "8dd17dcf1306168a826e202a0e07eafb7a5bd18b61b1d60f43eac22b061f2d1b", kill_on_drop: false }`
[INFO] [stdout] 8dd17dcf1306168a826e202a0e07eafb7a5bd18b61b1d60f43eac22b061f2d1b
[INFO] running `Command { std: "docker" "create" "-v" "/var/lib/crater-agent-workspace/builds/worker-5-tc1/target:/opt/rustwide/target:rw,Z" "-v" "/var/lib/crater-agent-workspace/builds/worker-5-tc1/source:/opt/rustwide/workdir:ro,Z" "-v" "/var/lib/crater-agent-workspace/cargo-home:/opt/rustwide/cargo-home:ro,Z" "-v" "/var/lib/crater-agent-workspace/rustup-home:/opt/rustwide/rustup-home:ro,Z" "-e" "SOURCE_DIR=/opt/rustwide/workdir" "-e" "CARGO_TARGET_DIR=/opt/rustwide/target" "-e" "CARGO_INCREMENTAL=0" "-e" "RUST_BACKTRACE=full" "-e" "RUSTFLAGS=--cap-lints=warn" "-e" "RUSTDOCFLAGS=--cap-lints=warn" "-e" "CARGO_HOME=/opt/rustwide/cargo-home" "-e" "RUSTUP_HOME=/opt/rustwide/rustup-home" "-w" "/opt/rustwide/workdir" "-m" "1610612736" "--user" "0:0" "--network" "none" "ghcr.io/rust-lang/crates-build-env/linux@sha256:f3a9d4ad9d972b27faf3965f35b62e55ba32bbce8f20bc8fe909558a86702fde" "/opt/rustwide/cargo-home/bin/cargo" "+1.83.0" "test" "--frozen", kill_on_drop: false }`
[INFO] [stdout] 10af35a42270467be2c0d7acc226109ec73614d524042f6d5051dff71c64a089
[INFO] running `Command { std: "docker" "start" "-a" "10af35a42270467be2c0d7acc226109ec73614d524042f6d5051dff71c64a089", kill_on_drop: false }`
[INFO] [stderr]     Finished `test` profile [unoptimized + debuginfo] target(s) in 0.04s
[INFO] [stderr]      Running unittests src/lib.rs (/opt/rustwide/target/debug/deps/aris_1-b2b89fb843d20239)
[INFO] [stdout] 
[INFO] [stdout] running 85 tests
[INFO] [stdout] test math::bundle::tests::test_first_unoccupied_position_in_bundle ... ok
[INFO] [stdout] test math::bundle::tests::test_is_position_bundle_empty ... ok
[INFO] [stdout] test math::bundle::tests::test_is_position_bundle_full ... ok
[INFO] [stdout] test math::price::tests::test_price_to_sqrt_price ... ok
[INFO] [stdout] test math::price::tests::test_sol_usdc ... ok
[INFO] [stdout] test math::tick::tests::test_get_initializable_tick_index ... ok
[INFO] [stdout] test math::tick::tests::test_is_full_range_only ... ok
[INFO] [stdout] test math::tick::tests::test_is_tick_index_in_bounds ... ok
[INFO] [stdout] test math::tick::tests::test_get_full_range_tick_indexes ... ok
[INFO] [stdout] test math::tick::tests::test_get_prev_initializable_tick_index ... ok
[INFO] [stdout] test math::position::test::test_is_position_in_range ... ok
[INFO] [stdout] test math::tick::tests::test_get_tick_array_start_tick_index ... ok
[INFO] [stdout] test math::tick::tests::test_get_next_initializable_tick_index ... ok
[INFO] [stdout] test math::tick::tests::test_get_tick_index_in_array ... ok
[INFO] [stdout] test math::price::tests::test_bonk_usdc ... ok
[INFO] [stdout] test math::price::tests::test_tick_index_to_price ... ok
[INFO] [stdout] test math::tick::tests::test_is_tick_initializable ... ok
[INFO] [stdout] test math::price::tests::test_invert_price ... ok
[INFO] [stdout] test math::tick::tests::test_invert_tick_index ... ok
[INFO] [stdout] test math::position::test::test_position_ratio ... ok
[INFO] [stdout] test math::price::tests::test_price_to_tick_index ... ok
[INFO] [stdout] test math::tick_array::tests::test_get_next_initializable_tick_index_off_spacing ... ok
[INFO] [stdout] test math::tick_array::tests::test_get_next_initializable_tick_skip_uninitialized ... ok
[INFO] [stdout] test math::tick_array::tests::test_get_prev_initializable_tick_index ... ok
[INFO] [stdout] test math::position::test::test_position_status ... ok
[INFO] [stdout] test math::tick_array::tests::test_get_tick_errors ... ok
[INFO] [stdout] test math::price::tests::test_sqrt_price_to_price ... ok
[INFO] [stdout] test math::tick_array::tests::test_get_prev_initializable_tick_cross_array ... ok
[INFO] [stdout] test math::tick_array::tests::test_get_tick_large_tick_spacing ... ok
[INFO] [stdout] test math::tick_array::tests::test_get_next_initializable_tick_cross_array ... ok
[INFO] [stdout] test math::tick_array::tests::test_get_next_initializable_tick_index ... ok
[INFO] [stdout] test math::tick_array::tests::test_get_prev_initializable_tick_index_off_spacing ... ok
[INFO] [stdout] test math::tick::tests::test_order_tick_indexes ... ok
[INFO] [stdout] test math::tick::tests::test_sqrt_price_to_tick_index ... ok
[INFO] [stdout] test math::tick::tests::test_tick_index_to_sqrt_price ... ok
[INFO] [stdout] test math::token::tests::test_apply_swap_fee ... ok
[INFO] [stdout] test math::token::tests::test_get_amount_delta_a ... ok
[INFO] [stdout] test math::tick_array::tests::test_tick_array_end_index ... ok
[INFO] [stdout] test math::tick_array::tests::test_tick_array_start_index ... ok
[INFO] [stdout] test math::tick_array::tests::test_get_prev_initializable_tick_skip_uninitialized ... ok
[INFO] [stdout] test math::token::tests::test_reverse_apply_transfer_fee ... ok
[INFO] [stdout] test math::tick_array::tests::test_get_tick ... ok
[INFO] [stdout] test math::token::tests::test_get_amount_delta_b ... ok
[INFO] [stdout] test math::token::tests::test_apply_transfer_fee_with_max ... ok
[INFO] [stdout] test math::token::tests::test_reverse_apply_transfer_fee_with_max ... ok
[INFO] [stdout] test math::token::tests::test_get_min_amount_with_slippage_tolerance ... ok
[INFO] [stdout] test math::token::tests::test_get_next_sqrt_price_from_a ... ok
[INFO] [stdout] test math::token::tests::test_get_next_sqrt_price_from_b ... ok
[INFO] [stdout] test quote::fees::tests::test_collect_on_range_lower ... ok
[INFO] [stdout] test math::token::tests::test_reverse_apply_swap_fee ... ok
[INFO] [stdout] test math::token::tests::test_get_max_amount_with_slippage_tolerance ... ok
[INFO] [stdout] test math::token::tests::test_apply_transfer_fee ... ok
[INFO] [stdout] test quote::fees::tests::test_collect_on_upper ... ok
[INFO] [stdout] test quote::fees::tests::test_collect_out_of_range_lower ... ok
[INFO] [stdout] test quote::fees::tests::test_collect_out_of_range_upper ... ok
[INFO] [stdout] test quote::fees::tests::test_collect_transfer_fee ... ok
[INFO] [stdout] test quote::fees::tests::test_in_range ... ok
[INFO] [stdout] test quote::liquidity::tests::test_decrease_liquidity_quote_a_with_fee ... ok
[INFO] [stdout] test quote::liquidity::tests::test_decrease_liquidity_quote_with_fee ... ok
[INFO] [stdout] test quote::liquidity::tests::test_decrease_liquidity_quote_b ... ok
[INFO] [stdout] test quote::liquidity::tests::test_decrease_liquidity_quote_a ... ok
[INFO] [stdout] test quote::liquidity::tests::test_increase_liquidity_quote_a ... ok
[INFO] [stdout] test quote::liquidity::tests::test_decrease_liquidity_quote ... ok
[INFO] [stdout] test quote::liquidity::tests::test_decrease_liquidity_quote_b_with_fee ... ok
[INFO] [stdout] test quote::liquidity::tests::test_increase_liquidity_quote_a_with_fee ... ok
[INFO] [stdout] test quote::liquidity::tests::test_increase_liquidity_quote_b ... ok
[INFO] [stdout] test quote::liquidity::tests::test_increase_liquidity_quote ... ok
[INFO] [stdout] test quote::rewards::tests::test_collect_rewards_in_range ... ok
[INFO] [stdout] test quote::rewards::tests::test_collect_rewards_on_range_upper ... ok
[INFO] [stdout] test quote::rewards::tests::test_transfer_fee ... ok
[INFO] [stdout] test quote::swap::tests::test_exact_in_b_to_a_simple ... ok
[INFO] [stdout] test quote::swap::tests::test_exact_out_a_to_b_simple ... ok
[INFO] [stdout] test quote::swap::tests::test_exact_in_a_to_b_simple ... ok
[INFO] [stdout] test quote::swap::tests::test_exact_out_a_to_b ... ok
[INFO] [stdout] test quote::swap::tests::test_exact_in_b_to_a ... ok
[INFO] [stdout] test quote::rewards::tests::test_collect_rewards_on_range_lower ... ok
[INFO] [stdout] test quote::swap::tests::test_exact_out_b_to_a ... ok
[INFO] [stdout] test quote::liquidity::tests::test_increase_liquidity_quote_b_with_fee ... ok
[INFO] [stdout] test quote::liquidity::tests::test_increase_liquidity_quote_with_fee ... ok
[INFO] [stdout] test quote::rewards::tests::test_collect_rewards_below_range ... ok
[INFO] [stdout] test quote::swap::tests::test_exact_in_a_to_b ... ok
[INFO] [stdout] test quote::swap::tests::test_exact_out_b_to_a_simple ... ok
[INFO] [stdout] test quote::rewards::tests::test_collect_rewards_above_range ... ok
[INFO] [stdout] test math::tick_array::tests::test_get_prev_initialized_tick_out_of_bounds ... FAILED
[INFO] [stdout] test math::tick_array::tests::test_get_next_initializable_tick_out_of_bounds ... FAILED
[INFO] [stdout] 
[INFO] [stdout] failures:
[INFO] [stdout] 
[INFO] [stdout] ---- math::tick_array::tests::test_get_prev_initialized_tick_out_of_bounds stdout ----
[INFO] [stdout] thread 'math::tick_array::tests::test_get_prev_initialized_tick_out_of_bounds' panicked at src/math/tick_array.rs:302:9:
[INFO] [stdout] assertion `left == right` failed
[INFO] [stdout]   left: Err(9001)
[INFO] [stdout]  right: Ok(-1408)
[INFO] [stdout] stack backtrace:
[INFO] [stdout]    0:     0x597f9b7c5a1a - std::backtrace_rs::backtrace::libunwind::trace::h5a5b8284f2d0c266
[INFO] [stdout]                                at /rustc/90b35a6239c3d8bdabc530a6a0816f7ff89a0aaf/library/std/src/../../backtrace/src/backtrace/libunwind.rs:116:5
[INFO] [stdout]    1:     0x597f9b7c5a1a - std::backtrace_rs::backtrace::trace_unsynchronized::h76d4f1c9b0b875e3
[INFO] [stdout]                                at /rustc/90b35a6239c3d8bdabc530a6a0816f7ff89a0aaf/library/std/src/../../backtrace/src/backtrace/mod.rs:66:5
[INFO] [stdout]    2:     0x597f9b7c5a1a - std::sys::backtrace::_print_fmt::hc4546b8364a537c6
[INFO] [stdout]                                at /rustc/90b35a6239c3d8bdabc530a6a0816f7ff89a0aaf/library/std/src/sys/backtrace.rs:66:9
[INFO] [stdout]    3:     0x597f9b7c5a1a - <std::sys::backtrace::BacktraceLock::print::DisplayBacktrace as core::fmt::Display>::fmt::h5b6bd5631a6d1f6b
[INFO] [stdout]                                at /rustc/90b35a6239c3d8bdabc530a6a0816f7ff89a0aaf/library/std/src/sys/backtrace.rs:39:26
[INFO] [stdout]    4:     0x597f9b7eb693 - core::fmt::rt::Argument::fmt::h270f6602a2b96f62
[INFO] [stdout]                                at /rustc/90b35a6239c3d8bdabc530a6a0816f7ff89a0aaf/library/core/src/fmt/rt.rs:177:76
[INFO] [stdout]    5:     0x597f9b7eb693 - core::fmt::write::h7550c97b06c86515
[INFO] [stdout]                                at /rustc/90b35a6239c3d8bdabc530a6a0816f7ff89a0aaf/library/core/src/fmt/mod.rs:1186:21
[INFO] [stdout]    6:     0x597f9b7c2be3 - std::io::Write::write_fmt::h509ff860e5956e5e
[INFO] [stdout]                                at /rustc/90b35a6239c3d8bdabc530a6a0816f7ff89a0aaf/library/std/src/io/mod.rs:1839:15
[INFO] [stdout]    7:     0x597f9b7c5862 - std::sys::backtrace::BacktraceLock::print::h2395ccd2c84ba3aa
[INFO] [stdout]                                at /rustc/90b35a6239c3d8bdabc530a6a0816f7ff89a0aaf/library/std/src/sys/backtrace.rs:42:9
[INFO] [stdout]    8:     0x597f9b7c6e7a - std::panicking::default_hook::{{closure}}::he19d4c7230e07961
[INFO] [stdout]                                at /rustc/90b35a6239c3d8bdabc530a6a0816f7ff89a0aaf/library/std/src/panicking.rs:268:22
[INFO] [stdout]    9:     0x597f9b7c6c84 - std::panicking::default_hook::hf614597d3c67bbdb
[INFO] [stdout]                                at /rustc/90b35a6239c3d8bdabc530a6a0816f7ff89a0aaf/library/std/src/panicking.rs:292:9
[INFO] [stdout]   10:     0x597f9b789db9 - <alloc::boxed::Box<F,A> as core::ops::function::Fn<Args>>::call::h39b51ce4599c23d1
[INFO] [stdout]                                at /rustc/90b35a6239c3d8bdabc530a6a0816f7ff89a0aaf/library/alloc/src/boxed.rs:2468:9
[INFO] [stdout]   11:     0x597f9b789db9 - test::test_main::{{closure}}::he977ae839a582784
[INFO] [stdout]                                at /rustc/90b35a6239c3d8bdabc530a6a0816f7ff89a0aaf/library/test/src/lib.rs:133:21
[INFO] [stdout]   12:     0x597f9b7c7518 - <alloc::boxed::Box<F,A> as core::ops::function::Fn<Args>>::call::h9455091b6b06f9fb
[INFO] [stdout]                                at /rustc/90b35a6239c3d8bdabc530a6a0816f7ff89a0aaf/library/alloc/src/boxed.rs:2468:9
[INFO] [stdout]   13:     0x597f9b7c7518 - std::panicking::rust_panic_with_hook::h8942133a8b252070
[INFO] [stdout]                                at /rustc/90b35a6239c3d8bdabc530a6a0816f7ff89a0aaf/library/std/src/panicking.rs:809:13
[INFO] [stdout]   14:     0x597f9b7c72da - std::panicking::begin_panic_handler::{{closure}}::hb5f5963570096b29
[INFO] [stdout]                                at /rustc/90b35a6239c3d8bdabc530a6a0816f7ff89a0aaf/library/std/src/panicking.rs:674:13
[INFO] [stdout]   15:     0x597f9b7c5ef9 - std::sys::backtrace::__rust_end_short_backtrace::h6208cedc1922feda
[INFO] [stdout]                                at /rustc/90b35a6239c3d8bdabc530a6a0816f7ff89a0aaf/library/std/src/sys/backtrace.rs:170:18
[INFO] [stdout]   16:     0x597f9b7c6f6c - rust_begin_unwind
[INFO] [stdout]                                at /rustc/90b35a6239c3d8bdabc530a6a0816f7ff89a0aaf/library/std/src/panicking.rs:665:5
[INFO] [stdout]   17:     0x597f9b715aa0 - core::panicking::panic_fmt::h0c3082644d1bf418
[INFO] [stdout]                                at /rustc/90b35a6239c3d8bdabc530a6a0816f7ff89a0aaf/library/core/src/panicking.rs:74:14
[INFO] [stdout]   18:     0x597f9b715e04 - core::panicking::assert_failed_inner::h2ddf1fcc067fa858
[INFO] [stdout]   19:     0x597f9b73df22 - core::panicking::assert_failed::h7a9c930c7c5808b5
[INFO] [stdout]                                at /rustc/90b35a6239c3d8bdabc530a6a0816f7ff89a0aaf/library/core/src/panicking.rs:367:5
[INFO] [stdout]   20:     0x597f9b728222 - aris_1::math::tick_array::tests::test_get_prev_initialized_tick_out_of_bounds::h7ea24c94beaafcf9
[INFO] [stdout]                                at /opt/rustwide/workdir/src/math/tick_array.rs:302:9
[INFO] [stdout]   21:     0x597f9b7280f7 - aris_1::math::tick_array::tests::test_get_prev_initialized_tick_out_of_bounds::{{closure}}::hb4fbf5bc02376807
[INFO] [stdout]                                at /opt/rustwide/workdir/src/math/tick_array.rs:299:54
[INFO] [stdout]   22:     0x597f9b722816 - core::ops::function::FnOnce::call_once::h5563c1008792d537
[INFO] [stdout]                                at /rustc/90b35a6239c3d8bdabc530a6a0816f7ff89a0aaf/library/core/src/ops/function.rs:250:5
[INFO] [stdout]   23:     0x597f9b78e77b - core::ops::function::FnOnce::call_once::h109cf8051a59b34e
[INFO] [stdout]                                at /rustc/90b35a6239c3d8bdabc530a6a0816f7ff89a0aaf/library/core/src/ops/function.rs:250:5
[INFO] [stdout]   24:     0x597f9b78e77b - test::__rust_begin_short_backtrace::hf4fff89d377446ba
[INFO] [stdout]                                at /rustc/90b35a6239c3d8bdabc530a6a0816f7ff89a0aaf/library/test/src/lib.rs:621:18
[INFO] [stdout]   25:     0x597f9b78dfb7 - test::run_test_in_process::{{closure}}::h0e39181dd7ee5a43
[INFO] [stdout]                                at /rustc/90b35a6239c3d8bdabc530a6a0816f7ff89a0aaf/library/test/src/lib.rs:644:60
[INFO] [stdout]   26:     0x597f9b78dfb7 - <core::panic::unwind_safe::AssertUnwindSafe<F> as core::ops::function::FnOnce<()>>::call_once::hc5a66a30f0bdfd1f
[INFO] [stdout]                                at /rustc/90b35a6239c3d8bdabc530a6a0816f7ff89a0aaf/library/core/src/panic/unwind_safe.rs:272:9
[INFO] [stdout]   27:     0x597f9b78dfb7 - std::panicking::try::do_call::h873b7cf639554a5e
[INFO] [stdout]                                at /rustc/90b35a6239c3d8bdabc530a6a0816f7ff89a0aaf/library/std/src/panicking.rs:557:40
[INFO] [stdout]   28:     0x597f9b78dfb7 - std::panicking::try::hdb19862fad9c8bd1
[INFO] [stdout]                                at /rustc/90b35a6239c3d8bdabc530a6a0816f7ff89a0aaf/library/std/src/panicking.rs:520:19
[INFO] [stdout]   29:     0x597f9b78dfb7 - std::panic::catch_unwind::h281fe732d236d260
[INFO] [stdout]                                at /rustc/90b35a6239c3d8bdabc530a6a0816f7ff89a0aaf/library/std/src/panic.rs:358:14
[INFO] [stdout]   30:     0x597f9b78dfb7 - test::run_test_in_process::h949b6df8457ed338
[INFO] [stdout]                                at /rustc/90b35a6239c3d8bdabc530a6a0816f7ff89a0aaf/library/test/src/lib.rs:644:27
[INFO] [stdout]   31:     0x597f9b78dfb7 - test::run_test::{{closure}}::h52c556a6d4740e10
[INFO] [stdout]                                at /rustc/90b35a6239c3d8bdabc530a6a0816f7ff89a0aaf/library/test/src/lib.rs:565:43
[INFO] [stdout]   32:     0x597f9b753294 - test::run_test::{{closure}}::h4237f6381c45ccb9
[INFO] [stdout]                                at /rustc/90b35a6239c3d8bdabc530a6a0816f7ff89a0aaf/library/test/src/lib.rs:595:41
[INFO] [stdout]   33:     0x597f9b753294 - std::sys::backtrace::__rust_begin_short_backtrace::h505c97a579eca628
[INFO] [stdout]                                at /rustc/90b35a6239c3d8bdabc530a6a0816f7ff89a0aaf/library/std/src/sys/backtrace.rs:154:18
[INFO] [stdout]   34:     0x597f9b75695e - std::thread::Builder::spawn_unchecked_::{{closure}}::{{closure}}::h9e86b2e2bc107ea3
[INFO] [stdout]                                at /rustc/90b35a6239c3d8bdabc530a6a0816f7ff89a0aaf/library/std/src/thread/mod.rs:538:17
[INFO] [stdout]   35:     0x597f9b75695e - <core::panic::unwind_safe::AssertUnwindSafe<F> as core::ops::function::FnOnce<()>>::call_once::h8b06ddb275ff4a25
[INFO] [stdout]                                at /rustc/90b35a6239c3d8bdabc530a6a0816f7ff89a0aaf/library/core/src/panic/unwind_safe.rs:272:9
[INFO] [stdout]   36:     0x597f9b75695e - std::panicking::try::do_call::hb26ecd7cd9a9355d
[INFO] [stdout]                                at /rustc/90b35a6239c3d8bdabc530a6a0816f7ff89a0aaf/library/std/src/panicking.rs:557:40
[INFO] [stdout]   37:     0x597f9b75695e - std::panicking::try::h8ddeca9d705f9069
[INFO] [stdout]                                at /rustc/90b35a6239c3d8bdabc530a6a0816f7ff89a0aaf/library/std/src/panicking.rs:520:19
[INFO] [stdout]   38:     0x597f9b75695e - std::panic::catch_unwind::h49e1c33078844c46
[INFO] [stdout]                                at /rustc/90b35a6239c3d8bdabc530a6a0816f7ff89a0aaf/library/std/src/panic.rs:358:14
[INFO] [stdout]   39:     0x597f9b75695e - std::thread::Builder::spawn_unchecked_::{{closure}}::h6073db6ff56ad35d
[INFO] [stdout]                                at /rustc/90b35a6239c3d8bdabc530a6a0816f7ff89a0aaf/library/std/src/thread/mod.rs:537:30
[INFO] [stdout]   40:     0x597f9b75695e - core::ops::function::FnOnce::call_once{{vtable.shim}}::h2c5a5f3779c774f1
[INFO] [stdout]                                at /rustc/90b35a6239c3d8bdabc530a6a0816f7ff89a0aaf/library/core/src/ops/function.rs:250:5
[INFO] [stdout]   41:     0x597f9b7cb26b - <alloc::boxed::Box<F,A> as core::ops::function::FnOnce<Args>>::call_once::hf75717d9f28faebf
[INFO] [stdout]                                at /rustc/90b35a6239c3d8bdabc530a6a0816f7ff89a0aaf/library/alloc/src/boxed.rs:2454:9
[INFO] [stdout]   42:     0x597f9b7cb26b - <alloc::boxed::Box<F,A> as core::ops::function::FnOnce<Args>>::call_once::h7bd883a5f3c5f3c1
[INFO] [stdout]                                at /rustc/90b35a6239c3d8bdabc530a6a0816f7ff89a0aaf/library/alloc/src/boxed.rs:2454:9
[INFO] [stdout]   43:     0x597f9b7cb26b - std::sys::pal::unix::thread::Thread::new::thread_start::hcc78f3943333fa94
[INFO] [stdout]                                at /rustc/90b35a6239c3d8bdabc530a6a0816f7ff89a0aaf/library/std/src/sys/pal/unix/thread.rs:105:17
[INFO] [stdout]   44:     0x7bb6e7310ac3 - <unknown>
[INFO] [stdout]   45:     0x7bb6e73a1a04 - clone
[INFO] [stdout]   46:                0x0 - <unknown>
[INFO] [stdout] 
[INFO] [stdout] ---- math::tick_array::tests::test_get_next_initializable_tick_out_of_bounds stdout ----
[INFO] [stdout] thread 'math::tick_array::tests::test_get_next_initializable_tick_out_of_bounds' panicked at src/math/tick_array.rs:262:9:
[INFO] [stdout] assertion `left == right` failed
[INFO] [stdout]   left: Err(9001)
[INFO] [stdout]  right: Ok(2815)
[INFO] [stdout] stack backtrace:
[INFO] [stdout]    0:     0x597f9b7c5a1a - std::backtrace_rs::backtrace::libunwind::trace::h5a5b8284f2d0c266
[INFO] [stdout]                                at /rustc/90b35a6239c3d8bdabc530a6a0816f7ff89a0aaf/library/std/src/../../backtrace/src/backtrace/libunwind.rs:116:5
[INFO] [stdout]    1:     0x597f9b7c5a1a - std::backtrace_rs::backtrace::trace_unsynchronized::h76d4f1c9b0b875e3
[INFO] [stdout]                                at /rustc/90b35a6239c3d8bdabc530a6a0816f7ff89a0aaf/library/std/src/../../backtrace/src/backtrace/mod.rs:66:5
[INFO] [stdout]    2:     0x597f9b7c5a1a - std::sys::backtrace::_print_fmt::hc4546b8364a537c6
[INFO] [stdout]                                at /rustc/90b35a6239c3d8bdabc530a6a0816f7ff89a0aaf/library/std/src/sys/backtrace.rs:66:9
[INFO] [stdout]    3:     0x597f9b7c5a1a - <std::sys::backtrace::BacktraceLock::print::DisplayBacktrace as core::fmt::Display>::fmt::h5b6bd5631a6d1f6b
[INFO] [stdout]                                at /rustc/90b35a6239c3d8bdabc530a6a0816f7ff89a0aaf/library/std/src/sys/backtrace.rs:39:26
[INFO] [stdout]    4:     0x597f9b7eb693 - core::fmt::rt::Argument::fmt::h270f6602a2b96f62
[INFO] [stdout]                                at /rustc/90b35a6239c3d8bdabc530a6a0816f7ff89a0aaf/library/core/src/fmt/rt.rs:177:76
[INFO] [stdout]    5:     0x597f9b7eb693 - core::fmt::write::h7550c97b06c86515
[INFO] [stdout]                                at /rustc/90b35a6239c3d8bdabc530a6a0816f7ff89a0aaf/library/core/src/fmt/mod.rs:1186:21
[INFO] [stdout]    6:     0x597f9b7c2be3 - std::io::Write::write_fmt::h509ff860e5956e5e
[INFO] [stdout]                                at /rustc/90b35a6239c3d8bdabc530a6a0816f7ff89a0aaf/library/std/src/io/mod.rs:1839:15
[INFO] [stdout]    7:     0x597f9b7c5862 - std::sys::backtrace::BacktraceLock::print::h2395ccd2c84ba3aa
[INFO] [stdout]                                at /rustc/90b35a6239c3d8bdabc530a6a0816f7ff89a0aaf/library/std/src/sys/backtrace.rs:42:9
[INFO] [stdout]    8:     0x597f9b7c6e7a - std::panicking::default_hook::{{closure}}::he19d4c7230e07961
[INFO] [stdout]                                at /rustc/90b35a6239c3d8bdabc530a6a0816f7ff89a0aaf/library/std/src/panicking.rs:268:22
[INFO] [stdout]    9:     0x597f9b7c6c84 - std::panicking::default_hook::hf614597d3c67bbdb
[INFO] [stdout]                                at /rustc/90b35a6239c3d8bdabc530a6a0816f7ff89a0aaf/library/std/src/panicking.rs:292:9
[INFO] [stdout]   10:     0x597f9b789db9 - <alloc::boxed::Box<F,A> as core::ops::function::Fn<Args>>::call::h39b51ce4599c23d1
[INFO] [stdout]                                at /rustc/90b35a6239c3d8bdabc530a6a0816f7ff89a0aaf/library/alloc/src/boxed.rs:2468:9
[INFO] [stdout]   11:     0x597f9b789db9 - test::test_main::{{closure}}::he977ae839a582784
[INFO] [stdout]                                at /rustc/90b35a6239c3d8bdabc530a6a0816f7ff89a0aaf/library/test/src/lib.rs:133:21
[INFO] [stdout]   12:     0x597f9b7c7518 - <alloc::boxed::Box<F,A> as core::ops::function::Fn<Args>>::call::h9455091b6b06f9fb
[INFO] [stdout]                                at /rustc/90b35a6239c3d8bdabc530a6a0816f7ff89a0aaf/library/alloc/src/boxed.rs:2468:9
[INFO] [stdout]   13:     0x597f9b7c7518 - std::panicking::rust_panic_with_hook::h8942133a8b252070
[INFO] [stdout]                                at /rustc/90b35a6239c3d8bdabc530a6a0816f7ff89a0aaf/library/std/src/panicking.rs:809:13
[INFO] [stdout]   14:     0x597f9b7c72da - std::panicking::begin_panic_handler::{{closure}}::hb5f5963570096b29
[INFO] [stdout]                                at /rustc/90b35a6239c3d8bdabc530a6a0816f7ff89a0aaf/library/std/src/panicking.rs:674:13
[INFO] [stdout]   15:     0x597f9b7c5ef9 - std::sys::backtrace::__rust_end_short_backtrace::h6208cedc1922feda
[INFO] [stdout]                                at /rustc/90b35a6239c3d8bdabc530a6a0816f7ff89a0aaf/library/std/src/sys/backtrace.rs:170:18
[INFO] [stdout]   16:     0x597f9b7c6f6c - rust_begin_unwind
[INFO] [stdout]                                at /rustc/90b35a6239c3d8bdabc530a6a0816f7ff89a0aaf/library/std/src/panicking.rs:665:5
[INFO] [stdout]   17:     0x597f9b715aa0 - core::panicking::panic_fmt::h0c3082644d1bf418
[INFO] [stdout]                                at /rustc/90b35a6239c3d8bdabc530a6a0816f7ff89a0aaf/library/core/src/panicking.rs:74:14
[INFO] [stdout]   18:     0x597f9b715e04 - core::panicking::assert_failed_inner::h2ddf1fcc067fa858
[INFO] [stdout]   19:     0x597f9b73df22 - core::panicking::assert_failed::h7a9c930c7c5808b5
[INFO] [stdout]                                at /rustc/90b35a6239c3d8bdabc530a6a0816f7ff89a0aaf/library/core/src/panicking.rs:367:5
[INFO] [stdout]   20:     0x597f9b7275b2 - aris_1::math::tick_array::tests::test_get_next_initializable_tick_out_of_bounds::h7daded5318e63fee
[INFO] [stdout]                                at /opt/rustwide/workdir/src/math/tick_array.rs:262:9
[INFO] [stdout]   21:     0x597f9b727487 - aris_1::math::tick_array::tests::test_get_next_initializable_tick_out_of_bounds::{{closure}}::h087fa5f975458824
[INFO] [stdout]                                at /opt/rustwide/workdir/src/math/tick_array.rs:259:56
[INFO] [stdout]   22:     0x597f9b723096 - core::ops::function::FnOnce::call_once::hb929c891232eecf7
[INFO] [stdout]                                at /rustc/90b35a6239c3d8bdabc530a6a0816f7ff89a0aaf/library/core/src/ops/function.rs:250:5
[INFO] [stdout]   23:     0x597f9b78e77b - core::ops::function::FnOnce::call_once::h109cf8051a59b34e
[INFO] [stdout]                                at /rustc/90b35a6239c3d8bdabc530a6a0816f7ff89a0aaf/library/core/src/ops/function.rs:250:5
[INFO] [stdout]   24:     0x597f9b78e77b - test::__rust_begin_short_backtrace::hf4fff89d377446ba
[INFO] [stdout]                                at /rustc/90b35a6239c3d8bdabc530a6a0816f7ff89a0aaf/library/test/src/lib.rs:621:18
[INFO] [stdout]   25:     0x597f9b78dfb7 - test::run_test_in_process::{{closure}}::h0e39181dd7ee5a43
[INFO] [stdout]                                at /rustc/90b35a6239c3d8bdabc530a6a0816f7ff89a0aaf/library/test/src/lib.rs:644:60
[INFO] [stdout]   26:     0x597f9b78dfb7 - <core::panic::unwind_safe::AssertUnwindSafe<F> as core::ops::function::FnOnce<()>>::call_once::hc5a66a30f0bdfd1f
[INFO] [stdout]                                at /rustc/90b35a6239c3d8bdabc530a6a0816f7ff89a0aaf/library/core/src/panic/unwind_safe.rs:272:9
[INFO] [stdout]   27:     0x597f9b78dfb7 - std::panicking::try::do_call::h873b7cf639554a5e
[INFO] [stdout]                                at /rustc/90b35a6239c3d8bdabc530a6a0816f7ff89a0aaf/library/std/src/panicking.rs:557:40
[INFO] [stdout]   28:     0x597f9b78dfb7 - std::panicking::try::hdb19862fad9c8bd1
[INFO] [stdout]                                at /rustc/90b35a6239c3d8bdabc530a6a0816f7ff89a0aaf/library/std/src/panicking.rs:520:19
[INFO] [stdout]   29:     0x597f9b78dfb7 - std::panic::catch_unwind::h281fe732d236d260
[INFO] [stdout]                                at /rustc/90b35a6239c3d8bdabc530a6a0816f7ff89a0aaf/library/std/src/panic.rs:358:14
[INFO] [stdout]   30:     0x597f9b78dfb7 - test::run_test_in_process::h949b6df8457ed338
[INFO] [stdout]                                at /rustc/90b35a6239c3d8bdabc530a6a0816f7ff89a0aaf/library/test/src/lib.rs:644:27
[INFO] [stdout]   31:     0x597f9b78dfb7 - test::run_test::{{closure}}::h52c556a6d4740e10
[INFO] [stdout]                                at /rustc/90b35a6239c3d8bdabc530a6a0816f7ff89a0aaf/library/test/src/lib.rs:565:43
[INFO] [stdout]   32:     0x597f9b753294 - test::run_test::{{closure}}::h4237f6381c45ccb9
[INFO] [stdout]                                at /rustc/90b35a6239c3d8bdabc530a6a0816f7ff89a0aaf/library/test/src/lib.rs:595:41
[INFO] [stdout]   33:     0x597f9b753294 - std::sys::backtrace::__rust_begin_short_backtrace::h505c97a579eca628
[INFO] [stdout]                                at /rustc/90b35a6239c3d8bdabc530a6a0816f7ff89a0aaf/library/std/src/sys/backtrace.rs:154:18
[INFO] [stdout]   34:     0x597f9b75695e - std::thread::Builder::spawn_unchecked_::{{closure}}::{{closure}}::h9e86b2e2bc107ea3
[INFO] [stdout]                                at /rustc/90b35a6239c3d8bdabc530a6a0816f7ff89a0aaf/library/std/src/thread/mod.rs:538:17
[INFO] [stdout]   35:     0x597f9b75695e - <core::panic::unwind_safe::AssertUnwindSafe<F> as core::ops::function::FnOnce<()>>::call_once::h8b06ddb275ff4a25
[INFO] [stdout]                                at /rustc/90b35a6239c3d8bdabc530a6a0816f7ff89a0aaf/library/core/src/panic/unwind_safe.rs:272:9
[INFO] [stdout]   36:     0x597f9b75695e - std::panicking::try::do_call::hb26ecd7cd9a9355d
[INFO] [stdout]                                at /rustc/90b35a6239c3d8bdabc530a6a0816f7ff89a0aaf/library/std/src/panicking.rs:557:40
[INFO] [stdout]   37:     0x597f9b75695e - std::panicking::try::h8ddeca9d705f9069
[INFO] [stdout]                                at /rustc/90b35a6239c3d8bdabc530a6a0816f7ff89a0aaf/library/std/src/panicking.rs:520:19
[INFO] [stdout]   38:     0x597f9b75695e - std::panic::catch_unwind::h49e1c33078844c46
[INFO] [stdout]                                at /rustc/90b35a6239c3d8bdabc530a6a0816f7ff89a0aaf/library/std/src/panic.rs:358:14
[INFO] [stdout]   39:     0x597f9b75695e - std::thread::Builder::spawn_unchecked_::{{closure}}::h6073db6ff56ad35d
[INFO] [stdout]                                at /rustc/90b35a6239c3d8bdabc530a6a0816f7ff89a0aaf/library/std/src/thread/mod.rs:537:30
[INFO] [stdout]   40:     0x597f9b75695e - core::ops::function::FnOnce::call_once{{vtable.shim}}::h2c5a5f3779c774f1
[INFO] [stdout]                                at /rustc/90b35a6239c3d8bdabc530a6a0816f7ff89a0aaf/library/core/src/ops/function.rs:250:5
[INFO] [stdout]   41:     0x597f9b7cb26b - <alloc::boxed::Box<F,A> as core::ops::function::FnOnce<Args>>::call_once::hf75717d9f28faebf
[INFO] [stdout]                                at /rustc/90b35a6239c3d8bdabc530a6a0816f7ff89a0aaf/library/alloc/src/boxed.rs:2454:9
[INFO] [stdout]   42:     0x597f9b7cb26b - <alloc::boxed::Box<F,A> as core::ops::function::FnOnce<Args>>::call_once::h7bd883a5f3c5f3c1
[INFO] [stdout]                                at /rustc/90b35a6239c3d8bdabc530a6a0816f7ff89a0aaf/library/alloc/src/boxed.rs:2454:9
[INFO] [stdout]   43:     0x597f9b7cb26b - std::sys::pal::unix::thread::Thread::new::thread_start::hcc78f3943333fa94
[INFO] [stdout]                                at /rustc/90b35a6239c3d8bdabc530a6a0816f7ff89a0aaf/library/std/src/sys/pal/unix/thread.rs:105:17
[INFO] [stdout]   44:     0x7bb6e7310ac3 - <unknown>
[INFO] [stdout]   45:     0x7bb6e73a1a04 - clone
[INFO] [stdout]   46:                0x0 - <unknown>
[INFO] [stdout] 
[INFO] [stdout] 
[INFO] [stdout] failures:
[INFO] [stdout]     math::tick_array::tests::test_get_next_initializable_tick_out_of_bounds
[INFO] [stdout]     math::tick_array::tests::test_get_prev_initialized_tick_out_of_bounds
[INFO] [stdout] 
[INFO] [stdout] test result: FAILED. 83 passed; 2 failed; 0 ignored; 0 measured; 0 filtered out; finished in 0.06s
[INFO] [stdout] 
[INFO] [stderr] error: test failed, to rerun pass `--lib`
[INFO] running `Command { std: "docker" "inspect" "10af35a42270467be2c0d7acc226109ec73614d524042f6d5051dff71c64a089", kill_on_drop: false }`
[INFO] running `Command { std: "docker" "rm" "-f" "10af35a42270467be2c0d7acc226109ec73614d524042f6d5051dff71c64a089", kill_on_drop: false }`
[INFO] [stdout] 10af35a42270467be2c0d7acc226109ec73614d524042f6d5051dff71c64a089
