[INFO] fetching crate argan 0.1.2...
[INFO] testing argan-0.1.2 against 1.83.0 for beta-1.84.0-4-retry
[INFO] extracting crate argan 0.1.2 into /workspace/builds/worker-3-tc1/source
[INFO] validating manifest of crates.io crate argan 0.1.2 on toolchain 1.83.0
[INFO] running `Command { std: CARGO_HOME="/workspace/cargo-home" RUSTUP_HOME="/workspace/rustup-home" "/workspace/cargo-home/bin/cargo" "+1.83.0" "metadata" "--manifest-path" "Cargo.toml" "--no-deps", kill_on_drop: false }`
[INFO] started tweaking crates.io crate argan 0.1.2
[INFO] finished tweaking crates.io crate argan 0.1.2
[INFO] tweaked toml for crates.io crate argan 0.1.2 written to /workspace/builds/worker-3-tc1/source/Cargo.toml
[INFO] running `Command { std: CARGO_HOME="/workspace/cargo-home" RUSTUP_HOME="/workspace/rustup-home" "/workspace/cargo-home/bin/cargo" "+1.83.0" "generate-lockfile" "--manifest-path" "Cargo.toml", kill_on_drop: false }`
[INFO] [stderr]     Updating crates.io index
[INFO] [stderr]      Locking 219 packages to latest compatible versions
[INFO] [stderr]       Adding brotli v6.0.0 (available: v7.0.0)
[INFO] [stderr]       Adding fastwebsockets v0.7.2 (available: v0.8.0)
[INFO] [stderr]       Adding thiserror v1.0.69 (available: v2.0.7)
[INFO] [stderr]       Adding tower-http v0.5.2 (available: v0.6.2)
[INFO] running `Command { std: CARGO_HOME="/workspace/cargo-home" RUSTUP_HOME="/workspace/rustup-home" "/workspace/cargo-home/bin/cargo" "+1.83.0" "fetch" "--manifest-path" "Cargo.toml", kill_on_drop: false }`
[INFO] [stderr]  Downloading crates ...
[INFO] [stderr]   Downloaded argan-core v0.1.1
[INFO] running `Command { std: "docker" "create" "-v" "/var/lib/crater-agent-workspace/builds/worker-3-tc1/target:/opt/rustwide/target:rw,Z" "-v" "/var/lib/crater-agent-workspace/builds/worker-3-tc1/source:/opt/rustwide/workdir:ro,Z" "-v" "/var/lib/crater-agent-workspace/cargo-home:/opt/rustwide/cargo-home:ro,Z" "-v" "/var/lib/crater-agent-workspace/rustup-home:/opt/rustwide/rustup-home:ro,Z" "-e" "SOURCE_DIR=/opt/rustwide/workdir" "-e" "CARGO_TARGET_DIR=/opt/rustwide/target" "-e" "CARGO_HOME=/opt/rustwide/cargo-home" "-e" "RUSTUP_HOME=/opt/rustwide/rustup-home" "-w" "/opt/rustwide/workdir" "-m" "1610612736" "--user" "0:0" "--network" "none" "ghcr.io/rust-lang/crates-build-env/linux@sha256:f3a9d4ad9d972b27faf3965f35b62e55ba32bbce8f20bc8fe909558a86702fde" "/opt/rustwide/cargo-home/bin/cargo" "+1.83.0" "metadata" "--no-deps" "--format-version=1", kill_on_drop: false }`
[INFO] [stdout] 78eb5fdd9d635024a20627335e3b12d49f655820cb48fc24bcd645029e9ced0a
[INFO] running `Command { std: "docker" "start" "-a" "78eb5fdd9d635024a20627335e3b12d49f655820cb48fc24bcd645029e9ced0a", kill_on_drop: false }`
[INFO] running `Command { std: "docker" "inspect" "78eb5fdd9d635024a20627335e3b12d49f655820cb48fc24bcd645029e9ced0a", kill_on_drop: false }`
[INFO] running `Command { std: "docker" "rm" "-f" "78eb5fdd9d635024a20627335e3b12d49f655820cb48fc24bcd645029e9ced0a", kill_on_drop: false }`
[INFO] [stdout] 78eb5fdd9d635024a20627335e3b12d49f655820cb48fc24bcd645029e9ced0a
[INFO] running `Command { std: "docker" "create" "-v" "/var/lib/crater-agent-workspace/builds/worker-3-tc1/target:/opt/rustwide/target:rw,Z" "-v" "/var/lib/crater-agent-workspace/builds/worker-3-tc1/source:/opt/rustwide/workdir:ro,Z" "-v" "/var/lib/crater-agent-workspace/cargo-home:/opt/rustwide/cargo-home:ro,Z" "-v" "/var/lib/crater-agent-workspace/rustup-home:/opt/rustwide/rustup-home:ro,Z" "-e" "SOURCE_DIR=/opt/rustwide/workdir" "-e" "CARGO_TARGET_DIR=/opt/rustwide/target" "-e" "CARGO_INCREMENTAL=0" "-e" "RUST_BACKTRACE=full" "-e" "RUSTFLAGS=--cap-lints=warn" "-e" "RUSTDOCFLAGS=--cap-lints=warn" "-e" "CARGO_HOME=/opt/rustwide/cargo-home" "-e" "RUSTUP_HOME=/opt/rustwide/rustup-home" "-w" "/opt/rustwide/workdir" "-m" "1610612736" "--user" "0:0" "--network" "none" "ghcr.io/rust-lang/crates-build-env/linux@sha256:f3a9d4ad9d972b27faf3965f35b62e55ba32bbce8f20bc8fe909558a86702fde" "/opt/rustwide/cargo-home/bin/cargo" "+1.83.0" "build" "--frozen" "--message-format=json", kill_on_drop: false }`
[INFO] [stdout] 87cabaa0acc70b83602a0576e0eaabc3f09c4e481b922d9bd77fdf24a0e99495
[INFO] running `Command { std: "docker" "start" "-a" "87cabaa0acc70b83602a0576e0eaabc3f09c4e481b922d9bd77fdf24a0e99495", kill_on_drop: false }`
[INFO] [stderr]    Compiling proc-macro2 v1.0.92
[INFO] [stderr]    Compiling unicode-ident v1.0.14
[INFO] [stderr]    Compiling libc v0.2.168
[INFO] [stderr]    Compiling version_check v0.9.5
[INFO] [stderr]    Compiling cfg-if v1.0.0
[INFO] [stderr]    Compiling typenum v1.17.0
[INFO] [stderr]    Compiling itoa v1.0.14
[INFO] [stderr]    Compiling pin-project-lite v0.2.15
[INFO] [stderr]    Compiling autocfg v1.4.0
[INFO] [stderr]    Compiling bytes v1.9.0
[INFO] [stderr]    Compiling futures-core v0.3.31
[INFO] [stderr]    Compiling subtle v2.6.1
[INFO] [stderr]    Compiling generic-array v0.14.7
[INFO] [stderr]    Compiling fnv v1.0.7
[INFO] [stderr]    Compiling futures-task v0.3.31
[INFO] [stderr]    Compiling pin-utils v0.1.0
[INFO] [stderr]    Compiling cpufeatures v0.2.16
[INFO] [stderr]    Compiling once_cell v1.20.2
[INFO] [stderr]    Compiling slab v0.4.9
[INFO] [stderr]    Compiling byteorder v1.5.0
[INFO] [stderr]    Compiling serde v1.0.216
[INFO] [stderr]    Compiling http v1.2.0
[INFO] [stderr]    Compiling httparse v1.9.5
[INFO] [stderr]    Compiling tracing-core v0.1.33
[INFO] [stderr]    Compiling equivalent v1.0.1
[INFO] [stderr]    Compiling hashbrown v0.15.2
[INFO] [stderr]    Compiling futures-sink v0.3.31
[INFO] [stderr]    Compiling quote v1.0.37
[INFO] [stderr]    Compiling opaque-debug v0.3.1
[INFO] [stderr]    Compiling syn v2.0.90
[INFO] [stderr]    Compiling tracing v0.1.41
[INFO] [stderr]    Compiling getrandom v0.2.15
[INFO] [stderr]    Compiling mio v1.0.3
[INFO] [stderr]    Compiling signal-hook-registry v1.4.2
[INFO] [stderr]    Compiling rand_core v0.6.4
[INFO] [stderr]    Compiling socket2 v0.5.8
[INFO] [stderr]    Compiling http-body v1.0.1
[INFO] [stderr]    Compiling indexmap v2.7.0
[INFO] [stderr]    Compiling time-core v0.1.2
[INFO] [stderr]    Compiling num-conv v0.1.0
[INFO] [stderr]    Compiling thiserror v1.0.69
[INFO] [stderr]    Compiling serde_json v1.0.133
[INFO] [stderr]    Compiling percent-encoding v2.3.1
[INFO] [stderr]    Compiling ryu v1.0.18
[INFO] [stderr]    Compiling atomic-waker v1.1.2
[INFO] [stderr]    Compiling powerfmt v0.2.0
[INFO] [stderr]    Compiling try-lock v0.2.5
[INFO] [stderr]    Compiling crypto-common v0.1.6
[INFO] [stderr]    Compiling inout v0.1.3
[INFO] [stderr]    Compiling block-buffer v0.10.4
[INFO] [stderr]    Compiling deranged v0.3.11
[INFO] [stderr]    Compiling universal-hash v0.5.1
[INFO] [stderr]    Compiling aead v0.5.2
[INFO] [stderr]    Compiling want v0.3.1
[INFO] [stderr]    Compiling time-macros v0.2.19
[INFO] [stderr]    Compiling digest v0.10.7
[INFO] [stderr]    Compiling cipher v0.4.4
[INFO] [stderr]    Compiling polyval v0.6.2
[INFO] [stderr]    Compiling cookie v0.18.1
[INFO] [stderr]    Compiling multer v3.1.0
[INFO] [stderr]    Compiling hmac v0.12.1
[INFO] [stderr]    Compiling ctr v0.9.2
[INFO] [stderr]    Compiling aes v0.8.4
[INFO] [stderr]    Compiling ghash v0.5.1
[INFO] [stderr]    Compiling futures-channel v0.3.31
[INFO] [stderr]    Compiling httpdate v1.0.3
[INFO] [stderr]    Compiling memchr v2.7.4
[INFO] [stderr]    Compiling mime v0.3.17
[INFO] [stderr]    Compiling smallvec v1.13.2
[INFO] [stderr]    Compiling hkdf v0.12.4
[INFO] [stderr]    Compiling sha2 v0.10.8
[INFO] [stderr]    Compiling aes-gcm v0.10.3
[INFO] [stderr]    Compiling form_urlencoded v1.2.1
[INFO] [stderr]    Compiling encoding_rs v0.8.35
[INFO] [stderr]    Compiling spin v0.9.8
[INFO] [stderr]    Compiling base64 v0.22.1
[INFO] [stderr]    Compiling tower-service v0.3.3
[INFO] [stderr]    Compiling tower-layer v0.3.3
[INFO] [stderr]    Compiling time v0.3.37
[INFO] [stderr]    Compiling futures-macro v0.3.31
[INFO] [stderr]    Compiling zerocopy-derive v0.7.35
[INFO] [stderr]    Compiling tokio-macros v2.4.0
[INFO] [stderr]    Compiling serde_derive v1.0.216
[INFO] [stderr]    Compiling thiserror-impl v1.0.69
[INFO] [stderr]    Compiling pin-project-internal v1.1.7
[INFO] [stderr]    Compiling futures-util v0.3.31
[INFO] [stderr]    Compiling zerocopy v0.7.35
[INFO] [stderr]    Compiling tokio v1.42.0
[INFO] [stderr]    Compiling pin-project v1.1.7
[INFO] [stderr]    Compiling ppv-lite86 v0.2.20
[INFO] [stderr]    Compiling rand_chacha v0.3.1
[INFO] [stderr]    Compiling rand v0.8.5
[INFO] [stderr]    Compiling http-body-util v0.1.2
[INFO] [stderr]    Compiling argan-core v0.1.1
[INFO] [stderr]    Compiling tokio-util v0.7.13
[INFO] [stderr]    Compiling h2 v0.4.7
[INFO] [stderr]    Compiling serde_urlencoded v0.7.1
[INFO] [stderr]    Compiling hyper v1.5.1
[INFO] [stderr]    Compiling hyper-util v0.1.10
[INFO] [stderr]    Compiling argan v0.1.2 (/opt/rustwide/workdir)
[INFO] [stderr]     Finished `dev` profile [unoptimized + debuginfo] target(s) in 1m 06s
[INFO] running `Command { std: "docker" "inspect" "87cabaa0acc70b83602a0576e0eaabc3f09c4e481b922d9bd77fdf24a0e99495", kill_on_drop: false }`
[INFO] running `Command { std: "docker" "rm" "-f" "87cabaa0acc70b83602a0576e0eaabc3f09c4e481b922d9bd77fdf24a0e99495", kill_on_drop: false }`
[INFO] [stdout] 87cabaa0acc70b83602a0576e0eaabc3f09c4e481b922d9bd77fdf24a0e99495
[INFO] running `Command { std: "docker" "create" "-v" "/var/lib/crater-agent-workspace/builds/worker-3-tc1/target:/opt/rustwide/target:rw,Z" "-v" "/var/lib/crater-agent-workspace/builds/worker-3-tc1/source:/opt/rustwide/workdir:ro,Z" "-v" "/var/lib/crater-agent-workspace/cargo-home:/opt/rustwide/cargo-home:ro,Z" "-v" "/var/lib/crater-agent-workspace/rustup-home:/opt/rustwide/rustup-home:ro,Z" "-e" "SOURCE_DIR=/opt/rustwide/workdir" "-e" "CARGO_TARGET_DIR=/opt/rustwide/target" "-e" "CARGO_INCREMENTAL=0" "-e" "RUST_BACKTRACE=full" "-e" "RUSTFLAGS=--cap-lints=warn" "-e" "RUSTDOCFLAGS=--cap-lints=warn" "-e" "CARGO_HOME=/opt/rustwide/cargo-home" "-e" "RUSTUP_HOME=/opt/rustwide/rustup-home" "-w" "/opt/rustwide/workdir" "-m" "1610612736" "--user" "0:0" "--network" "none" "ghcr.io/rust-lang/crates-build-env/linux@sha256:f3a9d4ad9d972b27faf3965f35b62e55ba32bbce8f20bc8fe909558a86702fde" "/opt/rustwide/cargo-home/bin/cargo" "+1.83.0" "test" "--frozen" "--no-run" "--message-format=json", kill_on_drop: false }`
[INFO] [stdout] 04b7477af5fe4dc258e3e439056401b96bd88d00656043dfd0a7878544672baa
[INFO] running `Command { std: "docker" "start" "-a" "04b7477af5fe4dc258e3e439056401b96bd88d00656043dfd0a7878544672baa", kill_on_drop: false }`
[INFO] [stderr]    Compiling lock_api v0.4.12
[INFO] [stderr]    Compiling parking_lot_core v0.9.10
[INFO] [stderr]    Compiling scopeguard v1.2.0
[INFO] [stderr]    Compiling jobserver v0.1.32
[INFO] [stderr]    Compiling shlex v1.3.0
[INFO] [stderr]    Compiling futures-util v0.3.31
[INFO] [stderr]    Compiling serde v1.0.216
[INFO] [stderr]    Compiling dunce v1.0.5
[INFO] [stderr]    Compiling fs_extra v1.3.0
[INFO] [stderr]    Compiling crossbeam-utils v0.8.20
[INFO] [stderr]    Compiling paste v1.0.15
[INFO] [stderr]    Compiling cc v1.2.4
[INFO] [stderr]    Compiling futures-channel v0.3.31
[INFO] [stderr]    Compiling aws-lc-rs v1.11.1
[INFO] [stderr]    Compiling crossbeam-epoch v0.9.18
[INFO] [stderr]    Compiling parking_lot v0.12.3
[INFO] [stderr]    Compiling cmake v0.1.52
[INFO] [stderr]    Compiling num-traits v0.2.19
[INFO] [stderr]    Compiling adler2 v2.0.0
[INFO] [stderr]    Compiling tokio v1.42.0
[INFO] [stderr]    Compiling rayon-core v1.12.1
[INFO] [stderr]    Compiling either v1.13.0
[INFO] [stderr]    Compiling miniz_oxide v0.8.0
[INFO] [stderr]    Compiling crossbeam-deque v0.8.5
[INFO] [stderr]    Compiling crc32fast v1.4.2
[INFO] [stderr]    Compiling half v2.4.1
[INFO] [stderr]    Compiling anstyle v1.0.10
[INFO] [stderr]    Compiling clap_lex v0.7.4
[INFO] [stderr]    Compiling aws-lc-sys v0.23.1
[INFO] [stderr]    Compiling plotters-backend v0.3.7
[INFO] [stderr]    Compiling rustls-pki-types v1.10.1
[INFO] [stderr]    Compiling regex-syntax v0.8.5
[INFO] [stderr]    Compiling zeroize v1.8.1
[INFO] [stderr]    Compiling http-body-util v0.1.2
[INFO] [stderr]    Compiling ciborium-io v0.2.2
[INFO] [stderr]    Compiling ciborium-ll v0.2.2
[INFO] [stderr]    Compiling plotters-svg v0.3.7
[INFO] [stderr]    Compiling clap_builder v4.5.23
[INFO] [stderr]    Compiling flate2 v1.0.35
[INFO] [stderr]    Compiling itertools v0.10.5
[INFO] [stderr]    Compiling regex-automata v0.4.9
[INFO] [stderr]    Compiling serde_json v1.0.133
[INFO] [stderr]    Compiling futures-io v0.3.31
[INFO] [stderr]    Compiling untrusted v0.9.0
[INFO] [stderr]    Compiling same-file v1.0.6
[INFO] [stderr]    Compiling rustls v0.23.20
[INFO] [stderr]    Compiling cast v0.3.0
[INFO] [stderr]    Compiling criterion-plot v0.5.0
[INFO] [stderr]    Compiling walkdir v2.5.0
[INFO] [stderr]    Compiling tinytemplate v1.2.1
[INFO] [stderr]    Compiling multer v3.1.0
[INFO] [stderr]    Compiling regex v1.11.1
[INFO] [stderr]    Compiling futures v0.3.31
[INFO] [stderr]    Compiling serde_urlencoded v0.7.1
[INFO] [stderr]    Compiling plotters v0.3.7
[INFO] [stderr]    Compiling ciborium v0.2.2
[INFO] [stderr]    Compiling clap v4.5.23
[INFO] [stderr]    Compiling argan-core v0.1.1
[INFO] [stderr]    Compiling tokio-util v0.7.13
[INFO] [stderr]    Compiling async-compression v0.4.18
[INFO] [stderr]    Compiling rayon v1.10.0
[INFO] [stderr]    Compiling is-terminal v0.4.13
[INFO] [stderr]    Compiling bitflags v2.6.0
[INFO] [stderr]    Compiling h2 v0.4.7
[INFO] [stderr]    Compiling anes v0.1.6
[INFO] [stderr]    Compiling oorandom v11.1.4
[INFO] [stderr]    Compiling tower-http v0.5.2
[INFO] [stderr]    Compiling rustls-pemfile v2.2.0
[INFO] [stderr]    Compiling criterion v0.5.1
[INFO] [stderr]    Compiling hyper v1.5.1
[INFO] [stderr]    Compiling hyper-util v0.1.10
[INFO] [stderr]    Compiling argan v0.1.2 (/opt/rustwide/workdir)
[INFO] [stderr]    Compiling rustls-webpki v0.102.8
[INFO] [stderr]     Finished `test` profile [unoptimized + debuginfo] target(s) in 1m 36s
[INFO] running `Command { std: "docker" "inspect" "04b7477af5fe4dc258e3e439056401b96bd88d00656043dfd0a7878544672baa", kill_on_drop: false }`
[INFO] running `Command { std: "docker" "rm" "-f" "04b7477af5fe4dc258e3e439056401b96bd88d00656043dfd0a7878544672baa", kill_on_drop: false }`
[INFO] [stdout] 04b7477af5fe4dc258e3e439056401b96bd88d00656043dfd0a7878544672baa
[INFO] running `Command { std: "docker" "create" "-v" "/var/lib/crater-agent-workspace/builds/worker-3-tc1/target:/opt/rustwide/target:rw,Z" "-v" "/var/lib/crater-agent-workspace/builds/worker-3-tc1/source:/opt/rustwide/workdir:ro,Z" "-v" "/var/lib/crater-agent-workspace/cargo-home:/opt/rustwide/cargo-home:ro,Z" "-v" "/var/lib/crater-agent-workspace/rustup-home:/opt/rustwide/rustup-home:ro,Z" "-e" "SOURCE_DIR=/opt/rustwide/workdir" "-e" "CARGO_TARGET_DIR=/opt/rustwide/target" "-e" "CARGO_INCREMENTAL=0" "-e" "RUST_BACKTRACE=full" "-e" "RUSTFLAGS=--cap-lints=warn" "-e" "RUSTDOCFLAGS=--cap-lints=warn" "-e" "CARGO_HOME=/opt/rustwide/cargo-home" "-e" "RUSTUP_HOME=/opt/rustwide/rustup-home" "-w" "/opt/rustwide/workdir" "-m" "1610612736" "--user" "0:0" "--network" "none" "ghcr.io/rust-lang/crates-build-env/linux@sha256:f3a9d4ad9d972b27faf3965f35b62e55ba32bbce8f20bc8fe909558a86702fde" "/opt/rustwide/cargo-home/bin/cargo" "+1.83.0" "test" "--frozen", kill_on_drop: false }`
[INFO] [stdout] f7bfa62867dc64ddb529c457176806bbcfeeea0d7956ec4b8958237beca59976
[INFO] running `Command { std: "docker" "start" "-a" "f7bfa62867dc64ddb529c457176806bbcfeeea0d7956ec4b8958237beca59976", kill_on_drop: false }`
[INFO] [stderr]     Finished `test` profile [unoptimized + debuginfo] target(s) in 0.24s
[INFO] [stderr]      Running unittests src/lib.rs (/opt/rustwide/target/debug/deps/argan-cecc98376bb5978f)
[INFO] [stdout] 
[INFO] [stdout] running 20 tests
[INFO] [stdout] test common::test::node_extension ... ok
[INFO] [stdout] test common::test::normalize_path ... ok
[INFO] [stdout] test data::form::test::form ... ok
[INFO] [stdout] test data::json::test::json ... ok
[INFO] [stdout] test data::test::binary_extractor ... ok
[INFO] [stdout] test data::test::full_body_bytes_extractor ... ok
[INFO] [stdout] test data::test::text_extractor ... ok
[INFO] [stdout] test request::routing::test::route_traversal ... ok
[INFO] [stdout] test resource::config::test::resource_config_from ... ok
[INFO] [stdout] test common::test::trim ... ok
[INFO] [stdout] test resource::config::test::resource_config_from_panic_1 - should panic ... ok
[INFO] [stdout] test resource::config::test::resource_config_from_panic_2 - should panic ... ok
[INFO] [stdout] test resource::config::test::resource_config_from_panic_3 - should panic ... ok
[INFO] [stdout] test resource::config::test::resource_config_from_panic_4 - should panic ... ok
[INFO] [stdout] test resource::config::test::resource_config_from_panic_6 - should panic ... ok
[INFO] [stdout] test resource::config::test::resource_config_from_panic_7 - should panic ... ok
[INFO] [stdout] test resource::config::test::resource_config_from_panic_10 - should panic ... ok
[INFO] [stdout] test resource::config::test::resource_config_from_panic_5 - should panic ... ok
[INFO] [stdout] test resource::config::test::resource_config_from_panic_8 - should panic ... ok
[INFO] [stdout] test resource::config::test::resource_config_from_panic_9 - should panic ... ok
[INFO] [stdout] 
[INFO] [stdout] test result: ok. 20 passed; 0 failed; 0 ignored; 0 measured; 0 filtered out; finished in 0.11s
[INFO] [stdout] 
[INFO] [stderr]    Doc-tests argan
[INFO] [stdout] 
[INFO] [stdout] running 65 tests
[INFO] [stdout] test src/../docs/argan.md - (line 256) ... ok
[INFO] [stdout] test src/../docs/argan.md - (line 12) ... ok
[INFO] [stdout] test src/../docs/argan.md - (line 175) ... ok
[INFO] [stdout] test src/../docs/argan.md - (line 147) ... ok
[INFO] [stdout] test src/../docs/argan.md - (line 131) ... ok
[INFO] [stdout] test src/../docs/argan.md - (line 193) ... ok
[INFO] [stdout] test src/../docs/argan.md - (line 242) ... ok
[INFO] [stdout] test src/../docs/server.md - server (line 30) - compile ... FAILED
[INFO] [stdout] test src/../docs/server.md - server (line 5) - compile ... ok
[INFO] [stdout] test src/../docs/argan.md - (line 327) ... ok
[INFO] [stdout] test src/data/../../docs/data/form.md - data::form (line 25) ... ok
[INFO] [stdout] test src/data/../../docs/data/form.md - data::form (line 6) ... ok
[INFO] [stdout] test src/../docs/argan.md - (line 536) ... ok
[INFO] [stdout] test src/../docs/argan.md - (line 442) ... ok
[INFO] [stdout] test src/data/../../docs/data/json.md - data::json (line 6) ... ok
[INFO] [stdout] test src/data/../../docs/data/json.md - data::json (line 25) ... ok
[INFO] [stdout] test src/../docs/argan.md - (line 563) ... ok
[INFO] [stdout] test src/data/mod.rs - data::FullBody (line 213) ... ok
[INFO] [stdout] test src/data/mod.rs - data::Binary (line 135) ... ok
[INFO] [stdout] test src/data/mod.rs - data::Binary (line 146) ... ok
[INFO] [stdout] test src/data/mod.rs - data::FullBody (line 224) ... ok
[INFO] [stdout] test src/data/mod.rs - data::Text (line 57) ... ok
[INFO] [stdout] test src/data/mod.rs - data::Text (line 46) ... ok
[INFO] [stdout] test src/../docs/argan.md - (line 67) ... ok
[INFO] [stdout] test src/../docs/argan.md - (line 85) ... ok
[INFO] [stdout] test src/../docs/argan.md - (line 605) ... ok
[INFO] [stdout] test src/data/cookies.rs - data::cookies::CookieJar::add (line 71) ... ok
[INFO] [stdout] test src/data/cookies.rs - data::cookies::CookieJar::remove (line 155) ... ok
[INFO] [stdout] test src/host/mod.rs - host::Host::new (line 29) ... ok
[INFO] [stdout] test src/http.rs - http::CustomMethod (line 26) ... ok
[INFO] [stdout] test src/handler/mod.rs - handler::properties (line 190) ... ok
[INFO] [stdout] test src/http.rs - http::WildcardMethod (line 39) ... ok
[INFO] [stdout] test src/middleware/impls.rs - middleware::impls::RedirectionLayer (line 144) ... ok
[INFO] [stdout] test src/middleware/impls.rs - middleware::impls::ErrorHandlerLayer (line 14) ... ok
[INFO] [stdout] test src/middleware/impls.rs - middleware::impls::RequestExtensionsModifierLayer (line 59) ... ok
[INFO] [stdout] test src/request/mod.rs - request::MistargetedRequest (line 628) ... ok
[INFO] [stdout] test src/resource/mod.rs - resource::Resource::add_subresource_under (line 748) ... ok
[INFO] [stdout] test src/resource/mod.rs - resource::Resource::add_subresource (line 319) ... ok
[INFO] [stdout] test src/resource/mod.rs - resource::Resource::add_subresource (line 345) ... ok
[INFO] [stdout] test src/resource/mod.rs - resource::Resource::add_subresource (line 305) ... ok
[INFO] [stdout] test src/resource/mod.rs - resource::Resource::add_subresource_under (line 759) ... ok
[INFO] [stdout] test src/resource/mod.rs - resource::Resource::add_subresource (line 331) ... ok
[INFO] [stdout] test src/resource/mod.rs - resource::Resource::host_is (line 185) ... ok
[INFO] [stdout] test src/resource/mod.rs - resource::Resource::add_subresource_under (line 773) ... ok
[INFO] [stdout] test src/resource/mod.rs - resource::Resource::is (line 211) ... ok
[INFO] [stdout] test src/resource/mod.rs - resource::Resource::new (line 79) ... ok
[INFO] [stdout] test src/resource/mod.rs - resource::Resource::set_property (line 1293) ... ok
[INFO] [stdout] test src/resource/mod.rs - resource::Resource::set_handler_for (line 1198) ... ok
[INFO] [stdout] test src/resource/mod.rs - resource::Resource::subresource_mut (line 885) ... ok
[INFO] [stdout] test src/resource/mod.rs - resource::Resource::subresource_mut (line 898) ... ok
[INFO] [stdout] test src/resource/mod.rs - resource::Resource::wrap (line 1231) ... ok
[INFO] [stdout] test src/response/../../docs/response.md - response (line 67) ... ok
[INFO] [stdout] test src/response/../../docs/response.md - response (line 9) ... ok
[INFO] [stdout] test src/router/mod.rs - router::Router::add_host (line 105) ... ok
[INFO] [stdout] test src/response/../../docs/response.md - response (line 90) ... ok
[INFO] [stdout] test src/router/mod.rs - router::Router::add_host (line 67) ... ok
[INFO] [stdout] test src/router/mod.rs - router::Router::add_host (line 80) ... ok
[INFO] [stdout] test src/router/mod.rs - router::Router::add_resource (line 153) ... ok
[INFO] [stdout] test src/router/mod.rs - router::Router::add_resource (line 171) ... ok
[INFO] [stdout] test src/router/mod.rs - router::Router::add_resource_under (line 289) ... ok
[INFO] [stdout] test src/router/mod.rs - router::Router::add_resource_under (line 303) ... ok
[INFO] [stdout] test src/router/mod.rs - router::Router::resource_mut (line 418) ... ok
[INFO] [stdout] test src/router/mod.rs - router::Router::resource_mut (line 405) ... ok
[INFO] [stdout] test src/router/mod.rs - router::Router::set_property (line 599) ... ok
[INFO] [stdout] test src/router/mod.rs - router::Router::wrap (line 536) ... ok
[INFO] [stdout] 
[INFO] [stdout] failures:
[INFO] [stdout] 
[INFO] [stdout] ---- src/../docs/server.md - server (line 30) stdout ----
[INFO] [stdout] error[E0599]: no function or associated item named `builder` found for struct `ServerConfig` in the current scope
[INFO] [stdout]   --> src/../docs/server.md:78:42
[INFO] [stdout]    |
[INFO] [stdout] 51 | let tls_server_config = TlsServerConfig::builder()
[INFO] [stdout]    |                                          ^^^^^^^ function or associated item not found in `ServerConfig`
[INFO] [stdout] 
[INFO] [stdout] error[E0599]: no method named `serve_with_tls` found for struct `argan::Server` in the current scope
[INFO] [stdout]   --> src/../docs/server.md:84:4
[INFO] [stdout]    |
[INFO] [stdout] 55 |   let _ = Server::new(connection_builder)
[INFO] [stdout]    |  _________-
[INFO] [stdout] 56 | |   .with_graceful_shutdown_duration(Duration::from_secs(5))
[INFO] [stdout] 57 | |   .serve_with_tls(
[INFO] [stdout]    | |   -^^^^^^^^^^^^^^ method not found in `Server`
[INFO] [stdout]    | |___|
[INFO] [stdout]    |
[INFO] [stdout] 
[INFO] [stdout] error: aborting due to 2 previous errors
[INFO] [stdout] 
[INFO] [stdout] For more information about this error, try `rustc --explain E0599`.
[INFO] [stdout] Couldn't compile the test.
[INFO] [stdout] 
[INFO] [stdout] failures:
[INFO] [stdout]     src/../docs/server.md - server (line 30)
[INFO] [stdout] 
[INFO] [stdout] test result: FAILED. 64 passed; 1 failed; 0 ignored; 0 measured; 0 filtered out; finished in 56.78s
[INFO] [stdout] 
[INFO] [stderr] error: doctest failed, to rerun pass `--doc`
[INFO] running `Command { std: "docker" "inspect" "f7bfa62867dc64ddb529c457176806bbcfeeea0d7956ec4b8958237beca59976", kill_on_drop: false }`
[INFO] running `Command { std: "docker" "rm" "-f" "f7bfa62867dc64ddb529c457176806bbcfeeea0d7956ec4b8958237beca59976", kill_on_drop: false }`
[INFO] [stdout] f7bfa62867dc64ddb529c457176806bbcfeeea0d7956ec4b8958237beca59976
