[INFO] fetching crate ares_lib 0.10.0...
[INFO] testing ares_lib-0.10.0 against beta-2024-12-08 for beta-1.84.0-4-retry
[INFO] extracting crate ares_lib 0.10.0 into /workspace/builds/worker-4-tc2/source
[INFO] validating manifest of crates.io crate ares_lib 0.10.0 on toolchain beta-2024-12-08
[INFO] running `Command { std: CARGO_HOME="/workspace/cargo-home" RUSTUP_HOME="/workspace/rustup-home" "/workspace/cargo-home/bin/cargo" "+beta-2024-12-08" "metadata" "--manifest-path" "Cargo.toml" "--no-deps", kill_on_drop: false }`
[INFO] started tweaking crates.io crate ares_lib 0.10.0
[INFO] finished tweaking crates.io crate ares_lib 0.10.0
[INFO] tweaked toml for crates.io crate ares_lib 0.10.0 written to /workspace/builds/worker-4-tc2/source/Cargo.toml
[INFO] running `Command { std: CARGO_HOME="/workspace/cargo-home" RUSTUP_HOME="/workspace/rustup-home" "/workspace/cargo-home/bin/cargo" "+beta-2024-12-08" "generate-lockfile" "--manifest-path" "Cargo.toml", kill_on_drop: false }`
[INFO] [stderr]     Updating crates.io index
[INFO] [stderr]      Locking 153 packages to latest compatible versions
[INFO] [stderr]       Adding base64 v0.20.0 (available: v0.22.1)
[INFO] [stderr]       Adding bs58 v0.4.0 (available: v0.5.1)
[INFO] [stderr]       Adding criterion v0.4.0 (available: v0.5.1)
[INFO] [stderr]       Adding env_logger v0.10.2 (available: v0.11.5)
[INFO] [stderr]       Adding lazy-regex v2.5.0 (available: v3.3.0)
[INFO] [stderr]       Adding lemmeknow v0.7.0 (available: v0.8.0)
[INFO] running `Command { std: CARGO_HOME="/workspace/cargo-home" RUSTUP_HOME="/workspace/rustup-home" "/workspace/cargo-home/bin/cargo" "+beta-2024-12-08" "fetch" "--manifest-path" "Cargo.toml", kill_on_drop: false }`
[INFO] running `Command { std: "docker" "create" "-v" "/var/lib/crater-agent-workspace/builds/worker-4-tc2/target:/opt/rustwide/target:rw,Z" "-v" "/var/lib/crater-agent-workspace/builds/worker-4-tc2/source:/opt/rustwide/workdir:ro,Z" "-v" "/var/lib/crater-agent-workspace/cargo-home:/opt/rustwide/cargo-home:ro,Z" "-v" "/var/lib/crater-agent-workspace/rustup-home:/opt/rustwide/rustup-home:ro,Z" "-e" "SOURCE_DIR=/opt/rustwide/workdir" "-e" "CARGO_TARGET_DIR=/opt/rustwide/target" "-e" "CARGO_HOME=/opt/rustwide/cargo-home" "-e" "RUSTUP_HOME=/opt/rustwide/rustup-home" "-w" "/opt/rustwide/workdir" "-m" "1610612736" "--user" "0:0" "--network" "none" "ghcr.io/rust-lang/crates-build-env/linux@sha256:f3a9d4ad9d972b27faf3965f35b62e55ba32bbce8f20bc8fe909558a86702fde" "/opt/rustwide/cargo-home/bin/cargo" "+beta-2024-12-08" "metadata" "--no-deps" "--format-version=1", kill_on_drop: false }`
[INFO] [stdout] 12ccad722d1ae28758a9f872aed6414c36d2fa3ba7dfb814c7f1951848473f6a
[INFO] running `Command { std: "docker" "start" "-a" "12ccad722d1ae28758a9f872aed6414c36d2fa3ba7dfb814c7f1951848473f6a", kill_on_drop: false }`
[INFO] running `Command { std: "docker" "inspect" "12ccad722d1ae28758a9f872aed6414c36d2fa3ba7dfb814c7f1951848473f6a", kill_on_drop: false }`
[INFO] running `Command { std: "docker" "rm" "-f" "12ccad722d1ae28758a9f872aed6414c36d2fa3ba7dfb814c7f1951848473f6a", kill_on_drop: false }`
[INFO] [stdout] 12ccad722d1ae28758a9f872aed6414c36d2fa3ba7dfb814c7f1951848473f6a
[INFO] running `Command { std: "docker" "create" "-v" "/var/lib/crater-agent-workspace/builds/worker-4-tc2/target:/opt/rustwide/target:rw,Z" "-v" "/var/lib/crater-agent-workspace/builds/worker-4-tc2/source:/opt/rustwide/workdir:ro,Z" "-v" "/var/lib/crater-agent-workspace/cargo-home:/opt/rustwide/cargo-home:ro,Z" "-v" "/var/lib/crater-agent-workspace/rustup-home:/opt/rustwide/rustup-home:ro,Z" "-e" "SOURCE_DIR=/opt/rustwide/workdir" "-e" "CARGO_TARGET_DIR=/opt/rustwide/target" "-e" "CARGO_INCREMENTAL=0" "-e" "RUST_BACKTRACE=full" "-e" "RUSTFLAGS=--cap-lints=warn" "-e" "RUSTDOCFLAGS=--cap-lints=warn" "-e" "CARGO_HOME=/opt/rustwide/cargo-home" "-e" "RUSTUP_HOME=/opt/rustwide/rustup-home" "-w" "/opt/rustwide/workdir" "-m" "1610612736" "--user" "0:0" "--network" "none" "ghcr.io/rust-lang/crates-build-env/linux@sha256:f3a9d4ad9d972b27faf3965f35b62e55ba32bbce8f20bc8fe909558a86702fde" "/opt/rustwide/cargo-home/bin/cargo" "+beta-2024-12-08" "build" "--frozen" "--message-format=json", kill_on_drop: false }`
[INFO] [stdout] 14a099cf75e2213658f93a8b25aded6f8cd973a6767beacebb58a41b1938fc6c
[INFO] running `Command { std: "docker" "start" "-a" "14a099cf75e2213658f93a8b25aded6f8cd973a6767beacebb58a41b1938fc6c", kill_on_drop: false }`
[INFO] [stderr]    Compiling proc-macro2 v1.0.92
[INFO] [stderr]    Compiling unicode-ident v1.0.14
[INFO] [stderr]    Compiling autocfg v1.4.0
[INFO] [stderr]    Compiling libc v0.2.168
[INFO] [stderr]    Compiling memchr v2.7.4
[INFO] [stderr]    Compiling crossbeam-utils v0.8.20
[INFO] [stderr]    Compiling regex-syntax v0.8.5
[INFO] [stderr]    Compiling serde v1.0.216
[INFO] [stderr]    Compiling syn v1.0.109
[INFO] [stderr]    Compiling parking_lot_core v0.9.10
[INFO] [stderr]    Compiling log v0.4.22
[INFO] [stderr]    Compiling thiserror v1.0.69
[INFO] [stderr]    Compiling signal-hook v0.3.17
[INFO] [stderr]    Compiling smallvec v1.13.2
[INFO] [stderr]    Compiling cfg-if v1.0.0
[INFO] [stderr]    Compiling utf8parse v0.2.2
[INFO] [stderr]    Compiling serde_json v1.0.133
[INFO] [stderr]    Compiling rustversion v1.0.18
[INFO] [stderr]    Compiling bit-vec v0.6.3
[INFO] [stderr]    Compiling scopeguard v1.2.0
[INFO] [stderr]    Compiling anstyle-parse v0.2.6
[INFO] [stderr]    Compiling ryu v1.0.18
[INFO] [stderr]    Compiling anstyle-query v1.1.2
[INFO] [stderr]    Compiling bit-set v0.5.3
[INFO] [stderr]    Compiling colorchoice v1.0.3
[INFO] [stderr]    Compiling is_terminal_polyfill v1.70.1
[INFO] [stderr]    Compiling anstyle v1.0.10
[INFO] [stderr]    Compiling rayon-core v1.12.1
[INFO] [stderr]    Compiling itoa v1.0.14
[INFO] [stderr]    Compiling clap_lex v0.7.4
[INFO] [stderr]    Compiling heck v0.4.1
[INFO] [stderr]    Compiling strsim v0.11.1
[INFO] [stderr]    Compiling bitflags v1.3.2
[INFO] [stderr]    Compiling heck v0.5.0
[INFO] [stderr]    Compiling anstream v0.6.18
[INFO] [stderr]    Compiling num-traits v0.2.19
[INFO] [stderr]    Compiling lock_api v0.4.12
[INFO] [stderr]    Compiling unicode-width v0.1.14
[INFO] [stderr]    Compiling once_cell v1.20.2
[INFO] [stderr]    Compiling aho-corasick v1.1.3
[INFO] [stderr]    Compiling either v1.13.0
[INFO] [stderr]    Compiling strum v0.24.1
[INFO] [stderr]    Compiling humantime v2.1.0
[INFO] [stderr]    Compiling termcolor v1.4.1
[INFO] [stderr]    Compiling clap_builder v4.5.23
[INFO] [stderr]    Compiling fnv v1.0.7
[INFO] [stderr]    Compiling lazy_static v1.5.0
[INFO] [stderr]    Compiling base91 v0.1.0
[INFO] [stderr]    Compiling crossbeam-epoch v0.9.18
[INFO] [stderr]    Compiling crossbeam-queue v0.3.11
[INFO] [stderr]    Compiling crossbeam-channel v0.5.13
[INFO] [stderr]    Compiling base65536 v1.0.1
[INFO] [stderr]    Compiling ansi_term v0.12.1
[INFO] [stderr]    Compiling base64 v0.20.0
[INFO] [stderr]    Compiling text_io v0.1.12
[INFO] [stderr]    Compiling data-encoding v2.6.0
[INFO] [stderr]    Compiling crossbeam-deque v0.8.5
[INFO] [stderr]    Compiling bs58 v0.4.0
[INFO] [stderr]    Compiling num-integer v0.1.46
[INFO] [stderr]    Compiling num-complex v0.4.6
[INFO] [stderr]    Compiling quote v1.0.37
[INFO] [stderr]    Compiling num-bigint v0.4.6
[INFO] [stderr]    Compiling num-iter v0.1.45
[INFO] [stderr]    Compiling syn v2.0.90
[INFO] [stderr]    Compiling signal-hook-registry v1.4.2
[INFO] [stderr]    Compiling mio v0.8.11
[INFO] [stderr]    Compiling is-terminal v0.4.13
[INFO] [stderr]    Compiling include_dir_macros v0.7.4
[INFO] [stderr]    Compiling crossbeam v0.8.4
[INFO] [stderr]    Compiling parking_lot v0.12.3
[INFO] [stderr]    Compiling regex-automata v0.4.9
[INFO] [stderr]    Compiling signal-hook-mio v0.2.4
[INFO] [stderr]    Compiling rayon v1.10.0
[INFO] [stderr]    Compiling include_dir v0.7.4
[INFO] [stderr]    Compiling crossterm v0.26.1
[INFO] [stderr]    Compiling num-rational v0.4.2
[INFO] [stderr]    Compiling num v0.4.3
[INFO] [stderr]    Compiling regex v1.11.1
[INFO] [stderr]    Compiling fancy-regex v0.10.0
[INFO] [stderr]    Compiling env_logger v0.10.2
[INFO] [stderr]    Compiling serde_derive v1.0.216
[INFO] [stderr]    Compiling thiserror-impl v1.0.69
[INFO] [stderr]    Compiling clap_derive v4.5.18
[INFO] [stderr]    Compiling strum_macros v0.24.3
[INFO] [stderr]    Compiling lazy-regex-proc_macros v2.4.1
[INFO] [stderr]    Compiling lazy-regex v2.5.0
[INFO] [stderr]    Compiling clap v4.5.23
[INFO] [stderr]    Compiling comfy-table v6.2.0
[INFO] [stderr]    Compiling uneval v0.2.4
[INFO] [stderr]    Compiling lemmeknow v0.7.0
[INFO] [stderr]    Compiling ares_lib v0.10.0 (/opt/rustwide/workdir)
[INFO] [stdout] warning: unused doc comment
[INFO] [stdout]   --> src/checkers/english.rs:20:13
[INFO] [stdout]    |
[INFO] [stdout] 20 |             /// English is the most popular language
[INFO] [stdout]    |             ^^^^^^^^^^^^^^^^^^^^^^^^^^^^^^^^^^^^^^^^
[INFO] [stdout] 21 |             popularity: 1.0,
[INFO] [stdout]    |             --------------- rustdoc does not generate documentation for expression fields
[INFO] [stdout]    |
[INFO] [stdout]    = help: use `//` for a plain comment
[INFO] [stdout]    = note: `#[warn(unused_doc_comments)]` on by default
[INFO] [stdout] 
[INFO] [stdout] 
[INFO] [stdout] warning: fields `encoded_text`, `verbose`, `checker`, and `lemmeknow_config` are never read
[INFO] [stdout]   --> src/api_library_input_struct.rs:13:9
[INFO] [stdout]    |
[INFO] [stdout] 10 | pub struct LibraryInput<Type> {
[INFO] [stdout]    |            ------------ fields in this struct
[INFO] [stdout] ...
[INFO] [stdout] 13 |     pub encoded_text: String,
[INFO] [stdout]    |         ^^^^^^^^^^^^
[INFO] [stdout] ...
[INFO] [stdout] 16 |     pub verbose: i32,
[INFO] [stdout]    |         ^^^^^^^
[INFO] [stdout] 17 |     /// The checker to use
[INFO] [stdout] 18 |     pub checker: Checker<Type>,
[INFO] [stdout]    |         ^^^^^^^
[INFO] [stdout] 19 |     /// The lemmeknow config to use
[INFO] [stdout] 20 |     pub lemmeknow_config: Identifier,
[INFO] [stdout]    |         ^^^^^^^^^^^^^^^^
[INFO] [stdout]    |
[INFO] [stdout]    = note: `#[warn(dead_code)]` on by default
[INFO] [stdout] 
[INFO] [stdout] 
[INFO] [stderr]     Finished `dev` profile [unoptimized + debuginfo] target(s) in 35.05s
[INFO] running `Command { std: "docker" "inspect" "14a099cf75e2213658f93a8b25aded6f8cd973a6767beacebb58a41b1938fc6c", kill_on_drop: false }`
[INFO] running `Command { std: "docker" "rm" "-f" "14a099cf75e2213658f93a8b25aded6f8cd973a6767beacebb58a41b1938fc6c", kill_on_drop: false }`
[INFO] [stdout] 14a099cf75e2213658f93a8b25aded6f8cd973a6767beacebb58a41b1938fc6c
[INFO] running `Command { std: "docker" "create" "-v" "/var/lib/crater-agent-workspace/builds/worker-4-tc2/target:/opt/rustwide/target:rw,Z" "-v" "/var/lib/crater-agent-workspace/builds/worker-4-tc2/source:/opt/rustwide/workdir:ro,Z" "-v" "/var/lib/crater-agent-workspace/cargo-home:/opt/rustwide/cargo-home:ro,Z" "-v" "/var/lib/crater-agent-workspace/rustup-home:/opt/rustwide/rustup-home:ro,Z" "-e" "SOURCE_DIR=/opt/rustwide/workdir" "-e" "CARGO_TARGET_DIR=/opt/rustwide/target" "-e" "CARGO_INCREMENTAL=0" "-e" "RUST_BACKTRACE=full" "-e" "RUSTFLAGS=--cap-lints=warn" "-e" "RUSTDOCFLAGS=--cap-lints=warn" "-e" "CARGO_HOME=/opt/rustwide/cargo-home" "-e" "RUSTUP_HOME=/opt/rustwide/rustup-home" "-w" "/opt/rustwide/workdir" "-m" "1610612736" "--user" "0:0" "--network" "none" "ghcr.io/rust-lang/crates-build-env/linux@sha256:f3a9d4ad9d972b27faf3965f35b62e55ba32bbce8f20bc8fe909558a86702fde" "/opt/rustwide/cargo-home/bin/cargo" "+beta-2024-12-08" "test" "--frozen" "--no-run" "--message-format=json", kill_on_drop: false }`
[INFO] [stdout] f57037b7f3f8fa437a638d842b2660855208521e89f5d56d3ca5dbc3163c208c
[INFO] running `Command { std: "docker" "start" "-a" "f57037b7f3f8fa437a638d842b2660855208521e89f5d56d3ca5dbc3163c208c", kill_on_drop: false }`
[INFO] [stderr]    Compiling serde v1.0.216
[INFO] [stderr]    Compiling num-traits v0.2.19
[INFO] [stderr]    Compiling either v1.13.0
[INFO] [stderr]    Compiling indexmap v1.9.3
[INFO] [stderr]    Compiling half v2.4.1
[INFO] [stderr]    Compiling ciborium-io v0.2.2
[INFO] [stderr]    Compiling os_str_bytes v6.6.1
[INFO] [stderr]    Compiling plotters-backend v0.3.7
[INFO] [stderr]    Compiling hashbrown v0.12.3
[INFO] [stderr]    Compiling textwrap v0.16.1
[INFO] [stderr]    Compiling same-file v1.0.6
[INFO] [stderr]    Compiling cast v0.3.0
[INFO] [stderr]    Compiling atty v0.2.14
[INFO] [stderr]    Compiling anes v0.1.6
[INFO] [stderr]    Compiling oorandom v11.1.4
[INFO] [stderr]    Compiling walkdir v2.5.0
[INFO] [stderr]    Compiling rayon v1.10.0
[INFO] [stderr]    Compiling itertools v0.10.5
[INFO] [stderr]    Compiling clap_lex v0.2.4
[INFO] [stderr]    Compiling plotters-svg v0.3.7
[INFO] [stderr]    Compiling ciborium-ll v0.2.2
[INFO] [stderr]    Compiling clap v3.2.25
[INFO] [stderr]    Compiling criterion-plot v0.5.0
[INFO] [stderr]    Compiling num-integer v0.1.46
[INFO] [stderr]    Compiling num-complex v0.4.6
[INFO] [stderr]    Compiling plotters v0.3.7
[INFO] [stderr]    Compiling num-bigint v0.4.6
[INFO] [stderr]    Compiling num-iter v0.1.45
[INFO] [stderr]    Compiling num-rational v0.4.2
[INFO] [stderr]    Compiling uneval v0.2.4
[INFO] [stderr]    Compiling serde_json v1.0.133
[INFO] [stderr]    Compiling num v0.4.3
[INFO] [stderr]    Compiling ciborium v0.2.2
[INFO] [stderr]    Compiling lemmeknow v0.7.0
[INFO] [stderr]    Compiling tinytemplate v1.2.1
[INFO] [stderr]    Compiling criterion v0.4.0
[INFO] [stderr]    Compiling ares_lib v0.10.0 (/opt/rustwide/workdir)
[INFO] [stdout] warning: unused doc comment
[INFO] [stdout]   --> src/checkers/english.rs:20:13
[INFO] [stdout]    |
[INFO] [stdout] 20 |             /// English is the most popular language
[INFO] [stdout]    |             ^^^^^^^^^^^^^^^^^^^^^^^^^^^^^^^^^^^^^^^^
[INFO] [stdout] 21 |             popularity: 1.0,
[INFO] [stdout]    |             --------------- rustdoc does not generate documentation for expression fields
[INFO] [stdout]    |
[INFO] [stdout]    = help: use `//` for a plain comment
[INFO] [stdout]    = note: `#[warn(unused_doc_comments)]` on by default
[INFO] [stdout] 
[INFO] [stdout] 
[INFO] [stdout] warning: fields `encoded_text`, `verbose`, `checker`, and `lemmeknow_config` are never read
[INFO] [stdout]   --> src/api_library_input_struct.rs:13:9
[INFO] [stdout]    |
[INFO] [stdout] 10 | pub struct LibraryInput<Type> {
[INFO] [stdout]    |            ------------ fields in this struct
[INFO] [stdout] ...
[INFO] [stdout] 13 |     pub encoded_text: String,
[INFO] [stdout]    |         ^^^^^^^^^^^^
[INFO] [stdout] ...
[INFO] [stdout] 16 |     pub verbose: i32,
[INFO] [stdout]    |         ^^^^^^^
[INFO] [stdout] 17 |     /// The checker to use
[INFO] [stdout] 18 |     pub checker: Checker<Type>,
[INFO] [stdout]    |         ^^^^^^^
[INFO] [stdout] 19 |     /// The lemmeknow config to use
[INFO] [stdout] 20 |     pub lemmeknow_config: Identifier,
[INFO] [stdout]    |         ^^^^^^^^^^^^^^^^
[INFO] [stdout]    |
[INFO] [stdout]    = note: `#[warn(dead_code)]` on by default
[INFO] [stdout] 
[INFO] [stdout] 
[INFO] [stdout] warning: unused doc comment
[INFO] [stdout]   --> src/checkers/english.rs:20:13
[INFO] [stdout]    |
[INFO] [stdout] 20 |             /// English is the most popular language
[INFO] [stdout]    |             ^^^^^^^^^^^^^^^^^^^^^^^^^^^^^^^^^^^^^^^^
[INFO] [stdout] 21 |             popularity: 1.0,
[INFO] [stdout]    |             --------------- rustdoc does not generate documentation for expression fields
[INFO] [stdout]    |
[INFO] [stdout]    = help: use `//` for a plain comment
[INFO] [stdout]    = note: `#[warn(unused_doc_comments)]` on by default
[INFO] [stdout] 
[INFO] [stdout] 
[INFO] [stdout] warning: fields `encoded_text`, `verbose`, `checker`, and `lemmeknow_config` are never read
[INFO] [stdout]   --> src/api_library_input_struct.rs:13:9
[INFO] [stdout]    |
[INFO] [stdout] 10 | pub struct LibraryInput<Type> {
[INFO] [stdout]    |            ------------ fields in this struct
[INFO] [stdout] ...
[INFO] [stdout] 13 |     pub encoded_text: String,
[INFO] [stdout]    |         ^^^^^^^^^^^^
[INFO] [stdout] ...
[INFO] [stdout] 16 |     pub verbose: i32,
[INFO] [stdout]    |         ^^^^^^^
[INFO] [stdout] 17 |     /// The checker to use
[INFO] [stdout] 18 |     pub checker: Checker<Type>,
[INFO] [stdout]    |         ^^^^^^^
[INFO] [stdout] 19 |     /// The lemmeknow config to use
[INFO] [stdout] 20 |     pub lemmeknow_config: Identifier,
[INFO] [stdout]    |         ^^^^^^^^^^^^^^^^
[INFO] [stdout]    |
[INFO] [stdout]    = note: `#[warn(dead_code)]` on by default
[INFO] [stdout] 
[INFO] [stdout] 
[INFO] [stderr]     Finished `test` profile [unoptimized + debuginfo] target(s) in 26.07s
[INFO] running `Command { std: "docker" "inspect" "f57037b7f3f8fa437a638d842b2660855208521e89f5d56d3ca5dbc3163c208c", kill_on_drop: false }`
[INFO] running `Command { std: "docker" "rm" "-f" "f57037b7f3f8fa437a638d842b2660855208521e89f5d56d3ca5dbc3163c208c", kill_on_drop: false }`
[INFO] [stdout] f57037b7f3f8fa437a638d842b2660855208521e89f5d56d3ca5dbc3163c208c
[INFO] running `Command { std: "docker" "create" "-v" "/var/lib/crater-agent-workspace/builds/worker-4-tc2/target:/opt/rustwide/target:rw,Z" "-v" "/var/lib/crater-agent-workspace/builds/worker-4-tc2/source:/opt/rustwide/workdir:ro,Z" "-v" "/var/lib/crater-agent-workspace/cargo-home:/opt/rustwide/cargo-home:ro,Z" "-v" "/var/lib/crater-agent-workspace/rustup-home:/opt/rustwide/rustup-home:ro,Z" "-e" "SOURCE_DIR=/opt/rustwide/workdir" "-e" "CARGO_TARGET_DIR=/opt/rustwide/target" "-e" "CARGO_INCREMENTAL=0" "-e" "RUST_BACKTRACE=full" "-e" "RUSTFLAGS=--cap-lints=warn" "-e" "RUSTDOCFLAGS=--cap-lints=warn" "-e" "CARGO_HOME=/opt/rustwide/cargo-home" "-e" "RUSTUP_HOME=/opt/rustwide/rustup-home" "-w" "/opt/rustwide/workdir" "-m" "1610612736" "--user" "0:0" "--network" "none" "ghcr.io/rust-lang/crates-build-env/linux@sha256:f3a9d4ad9d972b27faf3965f35b62e55ba32bbce8f20bc8fe909558a86702fde" "/opt/rustwide/cargo-home/bin/cargo" "+beta-2024-12-08" "test" "--frozen", kill_on_drop: false }`
[INFO] [stdout] 26fbad26a12680b0beeb198e99a6efe765d76ab74b81f9cc6685d3b0e89a569d
[INFO] running `Command { std: "docker" "start" "-a" "26fbad26a12680b0beeb198e99a6efe765d76ab74b81f9cc6685d3b0e89a569d", kill_on_drop: false }`
[INFO] [stderr] warning: unused doc comment
[INFO] [stderr]   --> src/checkers/english.rs:20:13
[INFO] [stderr]    |
[INFO] [stderr] 20 |             /// English is the most popular language
[INFO] [stderr]    |             ^^^^^^^^^^^^^^^^^^^^^^^^^^^^^^^^^^^^^^^^
[INFO] [stderr] 21 |             popularity: 1.0,
[INFO] [stderr]    |             --------------- rustdoc does not generate documentation for expression fields
[INFO] [stderr]    |
[INFO] [stderr]    = help: use `//` for a plain comment
[INFO] [stderr]    = note: `#[warn(unused_doc_comments)]` on by default
[INFO] [stderr] 
[INFO] [stderr] warning: fields `encoded_text`, `verbose`, `checker`, and `lemmeknow_config` are never read
[INFO] [stderr]   --> src/api_library_input_struct.rs:13:9
[INFO] [stderr]    |
[INFO] [stderr] 10 | pub struct LibraryInput<Type> {
[INFO] [stderr]    |            ------------ fields in this struct
[INFO] [stderr] ...
[INFO] [stderr] 13 |     pub encoded_text: String,
[INFO] [stderr]    |         ^^^^^^^^^^^^
[INFO] [stderr] ...
[INFO] [stderr] 16 |     pub verbose: i32,
[INFO] [stderr]    |         ^^^^^^^
[INFO] [stderr] 17 |     /// The checker to use
[INFO] [stderr] 18 |     pub checker: Checker<Type>,
[INFO] [stderr]    |         ^^^^^^^
[INFO] [stderr] 19 |     /// The lemmeknow config to use
[INFO] [stderr] 20 |     pub lemmeknow_config: Identifier,
[INFO] [stderr]    |         ^^^^^^^^^^^^^^^^
[INFO] [stderr]    |
[INFO] [stderr]    = note: `#[warn(dead_code)]` on by default
[INFO] [stderr] 
[INFO] [stderr] warning: `ares_lib` (lib) generated 2 warnings
[INFO] [stderr] warning: `ares_lib` (lib test) generated 2 warnings (2 duplicates)
[INFO] [stderr]     Finished `test` profile [unoptimized + debuginfo] target(s) in 0.16s
[INFO] [stderr]      Running unittests src/lib.rs (/opt/rustwide/target/debug/deps/ares-7125a8f14d4899ce)
[INFO] [stdout] 
[INFO] [stdout] running 137 tests
[INFO] [stdout] test checkers::default_checker::tests::default_checker_works ... ok
[INFO] [stdout] test checkers::english::tests::test_check_fail_single_puncuation_char ... ok
[INFO] [stdout] test checkers::english::tests::test_check_normalise_string_works_with_lowercasing ... ok
[INFO] [stdout] test checkers::english::tests::test_check_normalise_string_works_with_messy_puncuation ... ok
[INFO] [stdout] test checkers::english::tests::test_check_normalise_string_works_with_puncuation ... ok
[INFO] [stdout] test decoders::atbash_decoder::tests::atbash_handle_panic_if_empty_string ... ok
[INFO] [stdout] test decoders::atbash_decoder::tests::atbash_handle_panic_if_emoji ... ok
[INFO] [stdout] test decoders::atbash_decoder::tests::atbash_decode_empty_string ... ok
[INFO] [stdout] test decoders::atbash_decoder::tests::atbash_decode_handles_panics ... ok
[INFO] [stdout] test decoders::base32_decoder::tests::base32_decode_handles_panics ... ok
[INFO] [stdout] test decoders::base32_decoder::tests::base32_handle_panic_if_emoji ... ok
[INFO] [stdout] test decoders::base32_decoder::tests::base32_work_if_string_not_base32 ... ok
[INFO] [stdout] test decoders::base32_decoder::tests::base32_handle_panic_if_empty_string ... ok
[INFO] [stdout] test decoders::base58_bitcoin_decoder::tests::base58_bitcoin_decode_empty_string ... ok
[INFO] [stdout] test decoders::base58_bitcoin_decoder::tests::base58_bitcoin_decode_handles_panics ... ok
[INFO] [stdout] test decoders::base32_decoder::tests::base32_decode_empty_string ... ok
[INFO] [stdout] test decoders::base58_bitcoin_decoder::tests::base58_bitcoin_handle_panic_if_emoji ... ok
[INFO] [stdout] test decoders::base58_bitcoin_decoder::tests::base58_bitcoin_handle_panic_if_empty_string ... ok
[INFO] [stdout] test decoders::base58_bitcoin_decoder::tests::base58_bitcoin_work_if_string_not_base58_bitcoin ... ok
[INFO] [stdout] test decoders::base58_flickr_decoder::tests::base58_flickr_decode_empty_string ... ok
[INFO] [stdout] test decoders::base58_flickr_decoder::tests::base58_flickr_decode_handles_panics ... ok
[INFO] [stdout] test decoders::base58_flickr_decoder::tests::base58_flickr_handle_panic_if_emoji ... ok
[INFO] [stdout] test decoders::base58_flickr_decoder::tests::base58_flickr_handle_panic_if_empty_string ... ok
[INFO] [stdout] test decoders::base58_flickr_decoder::tests::base58_flickr_work_if_string_not_base58_flickr ... ok
[INFO] [stdout] test checkers::english::tests::test_checker_works_with_puncuation_and_lowercase ... ok
[INFO] [stdout] test checkers::english::tests::test_check_non_dictionary_word ... ok
[INFO] [stdout] test checkers::english::tests::test_checker_fails_doesnt_hit_40_percent ... ok
[INFO] [stdout] test checkers::english::tests::test_check_basic ... ok
[INFO] [stdout] test checkers::english::tests::test_check_multiple_words2 ... ok
[INFO] [stdout] test checkers::english::tests::test_check_basic2 ... ok
[INFO] [stdout] test checkers::english::tests::test_check_multiple_words ... ok
[INFO] [stdout] test decoders::base58_monero_decoder::tests::base58_monero_decode_empty_string ... ok
[INFO] [stdout] test decoders::base58_monero_decoder::tests::base58_monero_decode_handles_panics ... ok
[INFO] [stdout] test decoders::base58_monero_decoder::tests::base58_monero_work_if_string_not_base58_monero ... ok
[INFO] [stdout] test decoders::base58_monero_decoder::tests::base58_monero_handle_panic_if_empty_string ... ok
[INFO] [stdout] test decoders::base58_ripple_decoder::tests::base58_ripple_decode_handles_panics ... ok
[INFO] [stdout] test decoders::base58_monero_decoder::tests::base58_monero_handle_panic_if_emoji ... ok
[INFO] [stdout] test checkers::tests::test_check_goes_to_dictionary ... ok
[INFO] [stdout] test decoders::base58_ripple_decoder::tests::base58_ripple_decode_empty_string ... ok
[INFO] [stdout] test decoders::base58_ripple_decoder::tests::base58_ripple_handle_panic_if_emoji ... ok
[INFO] [stdout] test decoders::base58_ripple_decoder::tests::base58_ripple_handle_panic_if_empty_string ... ok
[INFO] [stdout] test decoders::base64_decoder::tests::base64_handle_panic_if_empty_string ... ok
[INFO] [stdout] test decoders::base64_decoder::tests::base64_handle_panic_if_emoji ... ok
[INFO] [stdout] test decoders::base64_decoder::tests::base64_decode_empty_string ... ok
[INFO] [stdout] test decoders::base64_decoder::tests::base64_decode_handles_panics ... ok
[INFO] [stdout] test checkers::tests::test_check_ip_address ... ok
[INFO] [stdout] test decoders::base58_ripple_decoder::tests::base58_ripple_work_if_string_not_base58_ripple ... ok
[INFO] [stdout] test decoders::base64_decoder::tests::base64_work_if_string_not_base64 ... ok
[INFO] [stdout] test decoders::base64_url_decoder::tests::base64_url_handles_panic_if_emoji ... ok
[INFO] [stdout] test decoders::base64_url_decoder::tests::base64_url_handles_panic_if_empty_string ... ok
[INFO] [stdout] test decoders::base64_url_decoder::tests::base64_url_handles_panics ... ok
[INFO] [stdout] test decoders::base64_url_decoder::tests::base64_url_handles_regular_base64_with_slashes ... ok
[INFO] [stdout] test decoders::base65536_decoder::tests::base65536_handles_panic_if_emoji ... ok
[INFO] [stdout] test decoders::atbash_decoder::tests::atbash_work_if_string_not_atbash ... ok
[INFO] [stdout] test decoders::base58_ripple_decoder::tests::successful_decoding ... ok
[INFO] [stdout] test decoders::base32_decoder::tests::successful_decoding ... ok
[INFO] [stdout] test decoders::base58_bitcoin_decoder::tests::successful_decoding ... ok
[INFO] [stdout] test decoders::base65536_decoder::tests::base65536_handles_panic_if_empty_string ... ok
[INFO] [stdout] test decoders::base65536_decoder::tests::base65536_handles_panics ... ok
[INFO] [stdout] test decoders::base58_monero_decoder::tests::successful_decoding ... ok
[INFO] [stdout] test decoders::base64_url_decoder::tests::base64_url_handles_regular_base64_with_plus_signs ... ok
[INFO] [stdout] test decoders::base91_decoder::tests::base91_handle_panic_if_empty_string ... ok
[INFO] [stdout] test decoders::base91_decoder::tests::base91_work_if_string_not_base91 ... ok
[INFO] [stdout] test decoders::base58_flickr_decoder::tests::successful_decoding ... ok
[INFO] [stdout] test decoders::base64_decoder::tests::successful_decoding ... ok
[INFO] [stdout] test decoders::atbash_decoder::tests::test_atbash ... ok
[INFO] [stdout] test decoders::base91_decoder::tests::base91_decode_handles_panics ... ok
[INFO] [stdout] test decoders::base91_decoder::tests::base91_handle_panic_if_emoji ... ok
[INFO] [stdout] test decoders::binary_decoder::tests::binary_handles_panic_if_emoji ... ok
[INFO] [stdout] test decoders::binary_decoder::tests::binary_handles_panic_if_empty_string ... ok
[INFO] [stdout] test decoders::binary_decoder::tests::binary_handles_panics ... ok
[INFO] [stdout] test decoders::caesar_decoder::tests::caesar_decode_empty_string ... ok
[INFO] [stdout] test decoders::caesar_decoder::tests::caesar_decode_fails ... ok
[INFO] [stdout] test decoders::base91_decoder::tests::base91_decode_empty_string ... ok
[INFO] [stdout] test decoders::atbash_decoder::tests::test_atbash_capitalization ... ok
[INFO] [stdout] test decoders::base65536_decoder::tests::base65536_decodes_successfully ... ok
[INFO] [stdout] test decoders::base91_decoder::tests::successful_decoding ... ok
[INFO] [stdout] test decoders::citrix_ctx1_decoder::tests::citrix_ctx1_decodes_emoji_successfully ... ok
[INFO] [stdout] test decoders::base64_url_decoder::tests::base64_url_decodes_regular_base64_successfully ... ok
[INFO] [stdout] test decoders::citrix_ctx1_decoder::tests::citrix_ctx1_decodes_successfully ... ok
[INFO] [stdout] test decoders::citrix_ctx1_decoder::tests::citrix_ctx1_decode_handles_panics ... ok
[INFO] [stdout] test decoders::citrix_ctx1_decoder::tests::citrix_ctx1_decodes_lowercase_successfully ... ok
[INFO] [stdout] test decoders::caesar_decoder::tests::caesar_rot_13 ... ok
[INFO] [stdout] test decoders::caesar_decoder::tests::caesar_unicode ... ok
[INFO] [stdout] test decoders::caesar_decoder::tests::empty ... ok
[INFO] [stdout] test decoders::caesar_decoder::tests::successful_decoding_longer_text_with_puncuation ... ok
[INFO] [stdout] test decoders::citrix_ctx1_decoder::tests::citrix_ctx1_handles_length_not_divisible_by_4 ... ok
[INFO] [stdout] test decoders::hexadecimal_decoder::tests::hexadecimal_handles_panic_if_emoji ... ok
[INFO] [stdout] test decoders::citrix_ctx1_decoder::tests::citrix_ctx1_handles_substraction_overflow ... ok
[INFO] [stdout] test decoders::hexadecimal_decoder::tests::hexadecimal_handles_panic_if_empty_string ... ok
[INFO] [stdout] test decoders::citrix_ctx1_decoder::tests::citrix_ctx1_handle_panic_if_empty_string ... ok
[INFO] [stdout] test decoders::caesar_decoder::tests::successful_decoding ... ok
[INFO] [stdout] test decoders::morse_code::tests::test_morse_code_backslash ... ignored
[INFO] [stdout] test decoders::hexadecimal_decoder::tests::hexadecimal_with_delimiters_decodes_successfully ... ok
[INFO] [stdout] test decoders::hexadecimal_decoder::tests::uppercase_hexadecimal_decodes_successfully ... ok
[INFO] [stdout] test decoders::hexadecimal_decoder::tests::hexadecimal_handles_panics ... ok
[INFO] [stdout] test decoders::morse_code::tests::test_morse_code_colon ... ignored
[INFO] [stdout] test decoders::morse_code::tests::test_morse_code_comma ... ignored
[INFO] [stdout] test decoders::morse_code::tests::test_morse_code_line_feed ... ignored
[INFO] [stdout] test decoders::morse_code::tests::test_morse_code_new_line ... ok
[INFO] [stdout] test decoders::reverse_decoder::tests::returns_nothing ... ok
[INFO] [stdout] test decoders::morse_code::tests::test_morse_code_carrage_arrage_return_with_space ... ok
[INFO] [stdout] test decoders::morse_code::tests::test_morse_code_new_line_with_space ... ok
[INFO] [stdout] test decoders::morse_code::tests::test_morse_code ... ok
[INFO] [stdout] test decoders::reverse_decoder::tests::returns_success ... ok
[INFO] [stdout] test decoders::hexadecimal_decoder::tests::hexadecimal_with_spaces_decodes_successfully ... ok
[INFO] [stdout] test decoders::atbash_decoder::tests::test_atbash_non_alphabetic_characters ... ok
[INFO] [stdout] test decoders::morse_code::tests::test_morse_code_both_new_line_and_carrage_return ... ok
[INFO] [stdout] test filtration_system::tests::it_works ... ok
[INFO] [stdout] test decoders::hexadecimal_decoder::tests::hexadecimal_with_0x_delimiters_decodes_successfully ... ok
[INFO] [stdout] test searchers::bfs::tests::string_size_checker_returns_bad_if_string_cant_be_decoded ... ok
[INFO] [stdout] test searchers::bfs::tests::string_size_checker_returns_ok_if_string_can_be_decoded ... ok
[INFO] [stdout] test decoders::caesar_decoder::tests::successful_decoding_longer_text ... ok
[INFO] [stdout] test decoders::hexadecimal_decoder::tests::hexadecimal_with_no_spaces_decodes_successfully ... ok
[INFO] [stdout] test storage::tests::test_dictionary_loads_words_txt_contains_hello ... ok
[INFO] [stdout] test decoders::hexadecimal_decoder::tests::hexadecimal_with_0x_and_comma_delimiters_decodes_successfully ... ok
[INFO] [stdout] test searchers::tests::exit_condition_succeeds ... ok
[INFO] [stdout] test storage::tests::test_dictionary_does_not_contain_single_letter_words ... ok
[INFO] [stdout] test searchers::tests::exit_condition_fails ... ok
[INFO] [stdout] test storage::tests::test_dictionary_loads_words_txt ... ok
[INFO] [stdout] test decoders::base64_url_decoder::tests::base64_url_decodes_successfully ... ok
[INFO] [stdout] test tests::test_early_exit_if_input_is_plaintext ... ok
[INFO] [stdout] test decoders::binary_decoder::tests::binary_bit_7_decodes_successfully ... ok
[INFO] [stdout] test decoders::binary_decoder::tests::binary_bit_12_with_delimiters_decodes_successfully ... ok
[INFO] [stdout] test tests::test_successfully_inputted_plaintext ... ok
[INFO] [stdout] test decoders::binary_decoder::tests::binary_bit_8_decodes_successfully ... ok
[INFO] [stdout] test decoders::binary_decoder::tests::binary_bit_15_with_a_lot_of_delimiters_decodes_successfully ... ok
[INFO] [stdout] test searchers::tests::perform_decoding_succeeds ... ok
[INFO] [stdout] test filtration_system::tests::decoders_can_call_dot_run ... ok
[INFO] [stdout] test tests::test_perform_cracking_returns ... ok
[INFO] [stdout] test searchers::bfs::tests::non_deterministic_like_behaviour_regression_test ... ok
[INFO] [stdout] test tests::test_perform_cracking_returns_failure ... ok
[INFO] [stdout] test searchers::tests::perform_decoding_succeeds_empty_string ... ok
[INFO] [stdout] test tests::test_successfully_decode_caesar ... ok
[INFO] [stdout] test tests::test_perform_cracking_returns_successful_base64_reverse ... ok
[INFO] [stdout] test tests::test_perform_cracking_returns_successful ... ok
[INFO] [stdout] test searchers::bfs::tests::bfs_succeeds ... ok
[INFO] [stdout] 
[INFO] [stdout] test result: ok. 133 passed; 0 failed; 4 ignored; 0 measured; 0 filtered out; finished in 1.21s
[INFO] [stdout] 
[INFO] [stderr]    Doc-tests ares
[INFO] [stdout] 
[INFO] [stdout] running 14 tests
[INFO] [stdout] test src/decoders/base58_flickr_decoder.rs - decoders::base58_flickr_decoder::Base58FlickrDecoder (line 20) ... FAILED
[INFO] [stdout] test src/decoders/base58_bitcoin_decoder.rs - decoders::base58_bitcoin_decoder::Base58BitcoinDecoder (line 20) ... FAILED
[INFO] [stdout] test src/decoders/base91_decoder.rs - decoders::base91_decoder::Base91Decoder (line 20) ... FAILED
[INFO] [stdout] test src/decoders/base58_ripple_decoder.rs - decoders::base58_ripple_decoder::Base58RippleDecoder (line 20) ... FAILED
[INFO] [stdout] test src/decoders/base65536_decoder.rs - decoders::base65536_decoder::Base65536Decoder (line 20) ... FAILED
[INFO] [stdout] test src/config/mod.rs - config::Config (line 10) ... ok
[INFO] [stdout] test src/decoders/caesar_decoder.rs - decoders::caesar_decoder::CaesarDecoder (line 20) ... ok
[INFO] [stdout] test src/decoders/base64_url_decoder.rs - decoders::base64_url_decoder::Base64URLDecoder (line 20) ... ok
[INFO] [stdout] test src/decoders/base32_decoder.rs - decoders::base32_decoder::Base32Decoder (line 21) ... ok
[INFO] [stdout] test src/decoders/base64_decoder.rs - decoders::base64_decoder::Base64Decoder (line 20) ... ok
[INFO] [stdout] test src/decoders/base58_monero_decoder.rs - decoders::base58_monero_decoder::Base58MoneroDecoder (line 20) ... ok
[INFO] [stdout] test src/lib.rs - perform_cracking (line 47) ... ok
[INFO] [stdout] test src/decoders/reverse_decoder.rs - decoders::reverse_decoder::ReverseDecoder (line 14) ... ok
[INFO] [stdout] test src/lib.rs - perform_cracking (line 68) ... ok
[INFO] [stdout] 
[INFO] [stdout] failures:
[INFO] [stdout] 
[INFO] [stdout] ---- src/decoders/base58_flickr_decoder.rs - decoders::base58_flickr_decoder::Base58FlickrDecoder (line 20) stdout ----
[INFO] [stdout] error: linking with `cc` failed: exit status: 1
[INFO] [stdout]   |
[INFO] [stdout]   = note: LC_ALL="C" PATH="/opt/rustwide/rustup-home/toolchains/beta-2024-12-08-x86_64-unknown-linux-gnu/lib/rustlib/x86_64-unknown-linux-gnu/bin:/opt/rustwide/cargo-home/bin:/usr/local/sbin:/usr/local/bin:/usr/sbin:/usr/bin:/sbin:/bin" VSLANG="1033" "cc" "-m64" "/tmp/rustcokkFK7/symbols.o" "/tmp/rustdoctestj3zYMy/rust_out.rust_out.9242fac72db2cd11-cgu.0.rcgu.o" "/tmp/rustdoctestj3zYMy/rust_out.2hl2tb9xdtge7mguxzn2q1kvi.rcgu.o" "-Wl,--as-needed" "-Wl,-Bstatic" "/opt/rustwide/target/debug/deps/libares-f865da742ff15e3c.rlib" "/opt/rustwide/target/debug/deps/libbase91-b3dc40d149b4cdae.rlib" "/opt/rustwide/target/debug/deps/libbase65536-1920584b7a6acd52.rlib" "/opt/rustwide/target/debug/deps/libfnv-953831fe314029b4.rlib" "/opt/rustwide/target/debug/deps/liblazy_static-34736fcc74b41a53.rlib" "/opt/rustwide/target/debug/deps/libbase64-fc93ff20895c6cc2.rlib" "/opt/rustwide/target/debug/deps/libbs58-5df4082cdc088375.rlib" "/opt/rustwide/target/debug/deps/libansi_term-f435e404af61098a.rlib" "/opt/rustwide/target/debug/deps/libinclude_dir-c2cbcd298ca0de0c.rlib" "/opt/rustwide/target/debug/deps/libcrossbeam-518f886fbae80960.rlib" "/opt/rustwide/target/debug/deps/libcrossbeam_channel-37b1e549cc5b94d8.rlib" "/opt/rustwide/target/debug/deps/libcrossbeam_queue-cabefdf372420e98.rlib" "/opt/rustwide/target/debug/deps/libdata_encoding-a95258d30ff1420a.rlib" "/opt/rustwide/target/debug/deps/libtext_io-c441b2ec2d164b1f.rlib" "/opt/rustwide/target/debug/deps/liblemmeknow-0535a65b7423c3dd.rlib" "/opt/rustwide/target/debug/deps/libserde_json-614021df206f195f.rlib" "/opt/rustwide/target/debug/deps/libitoa-87633a66effadcdd.rlib" "/opt/rustwide/target/debug/deps/libryu-6e02dac7c3b6be75.rlib" "/opt/rustwide/target/debug/deps/libcomfy_table-5ed78914636c53a7.rlib" "/opt/rustwide/target/debug/deps/libunicode_width-678b846d5dec6380.rlib" "/opt/rustwide/target/debug/deps/libstrum-117e0be1423ad5d6.rlib" "/opt/rustwide/target/debug/deps/libcrossterm-8895b9bcb372d6d3.rlib" "/opt/rustwide/target/debug/deps/libsignal_hook_mio-14e984220459a7c6.rlib" "/opt/rustwide/target/debug/deps/libsignal_hook-add57e64baedff0a.rlib" "/opt/rustwide/target/debug/deps/libsignal_hook_registry-e39bbd51ff6364f9.rlib" "/opt/rustwide/target/debug/deps/libmio-1f7b5de392f4a5ef.rlib" "/opt/rustwide/target/debug/deps/liblog-e73d77c4679bb236.rlib" "/opt/rustwide/target/debug/deps/libparking_lot-c0eaf378a35d3aa7.rlib" "/opt/rustwide/target/debug/deps/libparking_lot_core-9bfdf4c2c848bcf0.rlib" "/opt/rustwide/target/debug/deps/liblibc-ab537429a1f68abe.rlib" "/opt/rustwide/target/debug/deps/libcfg_if-a3e7e701fcd1f47b.rlib" "/opt/rustwide/target/debug/deps/libsmallvec-cae3008cdb7d5db1.rlib" "/opt/rustwide/target/debug/deps/liblock_api-6967e438d0a7fd52.rlib" "/opt/rustwide/target/debug/deps/libscopeguard-f937485db0060aca.rlib" "/opt/rustwide/target/debug/deps/libbitflags-85e13ed1e0c6d910.rlib" "/opt/rustwide/target/debug/deps/libserde-09e5c4b1031aab8d.rlib" "/opt/rustwide/target/debug/deps/libregex-486b40b910e3c086.rlib" "/opt/rustwide/target/debug/deps/libregex_automata-22a108d746f540fd.rlib" "/opt/rustwide/target/debug/deps/libaho_corasick-5a18c24d288bad01.rlib" "/opt/rustwide/target/debug/deps/libmemchr-d6cb21f6c03ed32f.rlib" "/opt/rustwide/target/debug/deps/libregex_syntax-68a2118807cc42f7.rlib" "/opt/rustwide/target/debug/deps/libonce_cell-0a05695a483fa658.rlib" "/opt/rustwide/target/debug/deps/librayon-3c9b21f51d44c67e.rlib" "/opt/rustwide/target/debug/deps/librayon_core-a86b3e2a6874aea0.rlib" "/opt/rustwide/target/debug/deps/libcrossbeam_deque-bd6df934c95fd429.rlib" "/opt/rustwide/target/debug/deps/libcrossbeam_epoch-94621803ecea6178.rlib" "/opt/rustwide/target/debug/deps/libcrossbeam_utils-0d72a2b2b371b2bb.rlib" "/opt/rustwide/target/debug/deps/libeither-715c6002fba7ac68.rlib" "/opt/rustwide/rustup-home/toolchains/beta-2024-12-08-x86_64-unknown-linux-gnu/lib/rustlib/x86_64-unknown-linux-gnu/lib/libstd-02dc84f49135b6b8.rlib" "/opt/rustwide/rustup-home/toolchains/beta-2024-12-08-x86_64-unknown-linux-gnu/lib/rustlib/x86_64-unknown-linux-gnu/lib/libpanic_unwind-a8f45b397fae3f81.rlib" "/opt/rustwide/rustup-home/toolchains/beta-2024-12-08-x86_64-unknown-linux-gnu/lib/rustlib/x86_64-unknown-linux-gnu/lib/libobject-089607133c180609.rlib" "/opt/rustwide/rustup-home/toolchains/beta-2024-12-08-x86_64-unknown-linux-gnu/lib/rustlib/x86_64-unknown-linux-gnu/lib/libmemchr-fc89f091bcd86cbb.rlib" "/opt/rustwide/rustup-home/toolchains/beta-2024-12-08-x86_64-unknown-linux-gnu/lib/rustlib/x86_64-unknown-linux-gnu/lib/libaddr2line-5a60949f01c7340c.rlib" "/opt/rustwide/rustup-home/toolchains/beta-2024-12-08-x86_64-unknown-linux-gnu/lib/rustlib/x86_64-unknown-linux-gnu/lib/libgimli-d29e6a55ca253c8c.rlib" "/opt/rustwide/rustup-home/toolchains/beta-2024-12-08-x86_64-unknown-linux-gnu/lib/rustlib/x86_64-unknown-linux-gnu/lib/librustc_demangle-273c078d5f65de7a.rlib" "/opt/rustwide/rustup-home/toolchains/beta-2024-12-08-x86_64-unknown-linux-gnu/lib/rustlib/x86_64-unknown-linux-gnu/lib/libstd_detect-413c950ffbdd4454.rlib" "/opt/rustwide/rustup-home/toolchains/beta-2024-12-08-x86_64-unknown-linux-gnu/lib/rustlib/x86_64-unknown-linux-gnu/lib/libhashbrown-1853c0976a1d88a6.rlib" "/opt/rustwide/rustup-home/toolchains/beta-2024-12-08-x86_64-unknown-linux-gnu/lib/rustlib/x86_64-unknown-linux-gnu/lib/librustc_std_workspace_alloc-ccb3384ddacb0f9e.rlib" "/opt/rustwide/rustup-home/toolchains/beta-2024-12-08-x86_64-unknown-linux-gnu/lib/rustlib/x86_64-unknown-linux-gnu/lib/libminiz_oxide-0b901dfb0ca849e0.rlib" "/opt/rustwide/rustup-home/toolchains/beta-2024-12-08-x86_64-unknown-linux-gnu/lib/rustlib/x86_64-unknown-linux-gnu/lib/libadler-eebeb8d7c64543ad.rlib" "/opt/rustwide/rustup-home/toolchains/beta-2024-12-08-x86_64-unknown-linux-gnu/lib/rustlib/x86_64-unknown-linux-gnu/lib/libunwind-4723ef81d6079867.rlib" "/opt/rustwide/rustup-home/toolchains/beta-2024-12-08-x86_64-unknown-linux-gnu/lib/rustlib/x86_64-unknown-linux-gnu/lib/libcfg_if-54442f8b422f5a54.rlib" "/opt/rustwide/rustup-home/toolchains/beta-2024-12-08-x86_64-unknown-linux-gnu/lib/rustlib/x86_64-unknown-linux-gnu/lib/liblibc-e0bbe034b5282553.rlib" "/opt/rustwide/rustup-home/toolchains/beta-2024-12-08-x86_64-unknown-linux-gnu/lib/rustlib/x86_64-unknown-linux-gnu/lib/liballoc-d0febb68c1c37b90.rlib" "/opt/rustwide/rustup-home/toolchains/beta-2024-12-08-x86_64-unknown-linux-gnu/lib/rustlib/x86_64-unknown-linux-gnu/lib/librustc_std_workspace_core-4cf833632aafa84c.rlib" "/opt/rustwide/rustup-home/toolchains/beta-2024-12-08-x86_64-unknown-linux-gnu/lib/rustlib/x86_64-unknown-linux-gnu/lib/libcore-65c2c6d2d6ae570b.rlib" "/opt/rustwide/rustup-home/toolchains/beta-2024-12-08-x86_64-unknown-linux-gnu/lib/rustlib/x86_64-unknown-linux-gnu/lib/libcompiler_builtins-97929cee0dcfe424.rlib" "-Wl,-Bdynamic" "-lgcc_s" "-lutil" "-lrt" "-lpthread" "-lm" "-ldl" "-lc" "-Wl,--eh-frame-hdr" "-Wl,-z,noexecstack" "-L" "/opt/rustwide/rustup-home/toolchains/beta-2024-12-08-x86_64-unknown-linux-gnu/lib/rustlib/x86_64-unknown-linux-gnu/lib" "-o" "/tmp/rustdoctestj3zYMy/rust_out" "-Wl,--gc-sections" "-pie" "-Wl,-z,relro,-z,now" "-nodefaultlibs"
[INFO] [stdout]   = note: collect2: fatal error: ld terminated with signal 9 [Killed]
[INFO] [stdout]           compilation terminated.
[INFO] [stdout]           
[INFO] [stdout] 
[INFO] [stdout] error: aborting due to 1 previous error
[INFO] [stdout] 
[INFO] [stdout] Couldn't compile the test.
[INFO] [stdout] ---- src/decoders/base58_bitcoin_decoder.rs - decoders::base58_bitcoin_decoder::Base58BitcoinDecoder (line 20) stdout ----
[INFO] [stdout] error: linking with `cc` failed: exit status: 1
[INFO] [stdout]   |
[INFO] [stdout]   = note: LC_ALL="C" PATH="/opt/rustwide/rustup-home/toolchains/beta-2024-12-08-x86_64-unknown-linux-gnu/lib/rustlib/x86_64-unknown-linux-gnu/bin:/opt/rustwide/cargo-home/bin:/usr/local/sbin:/usr/local/bin:/usr/sbin:/usr/bin:/sbin:/bin" VSLANG="1033" "cc" "-m64" "/tmp/rustctetsZL/symbols.o" "/tmp/rustdoctestdgyXcM/rust_out.rust_out.9242fac72db2cd11-cgu.0.rcgu.o" "/tmp/rustdoctestdgyXcM/rust_out.2hl2tb9xdtge7mguxzn2q1kvi.rcgu.o" "-Wl,--as-needed" "-Wl,-Bstatic" "/opt/rustwide/target/debug/deps/libares-f865da742ff15e3c.rlib" "/opt/rustwide/target/debug/deps/libbase91-b3dc40d149b4cdae.rlib" "/opt/rustwide/target/debug/deps/libbase65536-1920584b7a6acd52.rlib" "/opt/rustwide/target/debug/deps/libfnv-953831fe314029b4.rlib" "/opt/rustwide/target/debug/deps/liblazy_static-34736fcc74b41a53.rlib" "/opt/rustwide/target/debug/deps/libbase64-fc93ff20895c6cc2.rlib" "/opt/rustwide/target/debug/deps/libbs58-5df4082cdc088375.rlib" "/opt/rustwide/target/debug/deps/libansi_term-f435e404af61098a.rlib" "/opt/rustwide/target/debug/deps/libinclude_dir-c2cbcd298ca0de0c.rlib" "/opt/rustwide/target/debug/deps/libcrossbeam-518f886fbae80960.rlib" "/opt/rustwide/target/debug/deps/libcrossbeam_channel-37b1e549cc5b94d8.rlib" "/opt/rustwide/target/debug/deps/libcrossbeam_queue-cabefdf372420e98.rlib" "/opt/rustwide/target/debug/deps/libdata_encoding-a95258d30ff1420a.rlib" "/opt/rustwide/target/debug/deps/libtext_io-c441b2ec2d164b1f.rlib" "/opt/rustwide/target/debug/deps/liblemmeknow-0535a65b7423c3dd.rlib" "/opt/rustwide/target/debug/deps/libserde_json-614021df206f195f.rlib" "/opt/rustwide/target/debug/deps/libitoa-87633a66effadcdd.rlib" "/opt/rustwide/target/debug/deps/libryu-6e02dac7c3b6be75.rlib" "/opt/rustwide/target/debug/deps/libcomfy_table-5ed78914636c53a7.rlib" "/opt/rustwide/target/debug/deps/libunicode_width-678b846d5dec6380.rlib" "/opt/rustwide/target/debug/deps/libstrum-117e0be1423ad5d6.rlib" "/opt/rustwide/target/debug/deps/libcrossterm-8895b9bcb372d6d3.rlib" "/opt/rustwide/target/debug/deps/libsignal_hook_mio-14e984220459a7c6.rlib" "/opt/rustwide/target/debug/deps/libsignal_hook-add57e64baedff0a.rlib" "/opt/rustwide/target/debug/deps/libsignal_hook_registry-e39bbd51ff6364f9.rlib" "/opt/rustwide/target/debug/deps/libmio-1f7b5de392f4a5ef.rlib" "/opt/rustwide/target/debug/deps/liblog-e73d77c4679bb236.rlib" "/opt/rustwide/target/debug/deps/libparking_lot-c0eaf378a35d3aa7.rlib" "/opt/rustwide/target/debug/deps/libparking_lot_core-9bfdf4c2c848bcf0.rlib" "/opt/rustwide/target/debug/deps/liblibc-ab537429a1f68abe.rlib" "/opt/rustwide/target/debug/deps/libcfg_if-a3e7e701fcd1f47b.rlib" "/opt/rustwide/target/debug/deps/libsmallvec-cae3008cdb7d5db1.rlib" "/opt/rustwide/target/debug/deps/liblock_api-6967e438d0a7fd52.rlib" "/opt/rustwide/target/debug/deps/libscopeguard-f937485db0060aca.rlib" "/opt/rustwide/target/debug/deps/libbitflags-85e13ed1e0c6d910.rlib" "/opt/rustwide/target/debug/deps/libserde-09e5c4b1031aab8d.rlib" "/opt/rustwide/target/debug/deps/libregex-486b40b910e3c086.rlib" "/opt/rustwide/target/debug/deps/libregex_automata-22a108d746f540fd.rlib" "/opt/rustwide/target/debug/deps/libaho_corasick-5a18c24d288bad01.rlib" "/opt/rustwide/target/debug/deps/libmemchr-d6cb21f6c03ed32f.rlib" "/opt/rustwide/target/debug/deps/libregex_syntax-68a2118807cc42f7.rlib" "/opt/rustwide/target/debug/deps/libonce_cell-0a05695a483fa658.rlib" "/opt/rustwide/target/debug/deps/librayon-3c9b21f51d44c67e.rlib" "/opt/rustwide/target/debug/deps/librayon_core-a86b3e2a6874aea0.rlib" "/opt/rustwide/target/debug/deps/libcrossbeam_deque-bd6df934c95fd429.rlib" "/opt/rustwide/target/debug/deps/libcrossbeam_epoch-94621803ecea6178.rlib" "/opt/rustwide/target/debug/deps/libcrossbeam_utils-0d72a2b2b371b2bb.rlib" "/opt/rustwide/target/debug/deps/libeither-715c6002fba7ac68.rlib" "/opt/rustwide/rustup-home/toolchains/beta-2024-12-08-x86_64-unknown-linux-gnu/lib/rustlib/x86_64-unknown-linux-gnu/lib/libstd-02dc84f49135b6b8.rlib" "/opt/rustwide/rustup-home/toolchains/beta-2024-12-08-x86_64-unknown-linux-gnu/lib/rustlib/x86_64-unknown-linux-gnu/lib/libpanic_unwind-a8f45b397fae3f81.rlib" "/opt/rustwide/rustup-home/toolchains/beta-2024-12-08-x86_64-unknown-linux-gnu/lib/rustlib/x86_64-unknown-linux-gnu/lib/libobject-089607133c180609.rlib" "/opt/rustwide/rustup-home/toolchains/beta-2024-12-08-x86_64-unknown-linux-gnu/lib/rustlib/x86_64-unknown-linux-gnu/lib/libmemchr-fc89f091bcd86cbb.rlib" "/opt/rustwide/rustup-home/toolchains/beta-2024-12-08-x86_64-unknown-linux-gnu/lib/rustlib/x86_64-unknown-linux-gnu/lib/libaddr2line-5a60949f01c7340c.rlib" "/opt/rustwide/rustup-home/toolchains/beta-2024-12-08-x86_64-unknown-linux-gnu/lib/rustlib/x86_64-unknown-linux-gnu/lib/libgimli-d29e6a55ca253c8c.rlib" "/opt/rustwide/rustup-home/toolchains/beta-2024-12-08-x86_64-unknown-linux-gnu/lib/rustlib/x86_64-unknown-linux-gnu/lib/librustc_demangle-273c078d5f65de7a.rlib" "/opt/rustwide/rustup-home/toolchains/beta-2024-12-08-x86_64-unknown-linux-gnu/lib/rustlib/x86_64-unknown-linux-gnu/lib/libstd_detect-413c950ffbdd4454.rlib" "/opt/rustwide/rustup-home/toolchains/beta-2024-12-08-x86_64-unknown-linux-gnu/lib/rustlib/x86_64-unknown-linux-gnu/lib/libhashbrown-1853c0976a1d88a6.rlib" "/opt/rustwide/rustup-home/toolchains/beta-2024-12-08-x86_64-unknown-linux-gnu/lib/rustlib/x86_64-unknown-linux-gnu/lib/librustc_std_workspace_alloc-ccb3384ddacb0f9e.rlib" "/opt/rustwide/rustup-home/toolchains/beta-2024-12-08-x86_64-unknown-linux-gnu/lib/rustlib/x86_64-unknown-linux-gnu/lib/libminiz_oxide-0b901dfb0ca849e0.rlib" "/opt/rustwide/rustup-home/toolchains/beta-2024-12-08-x86_64-unknown-linux-gnu/lib/rustlib/x86_64-unknown-linux-gnu/lib/libadler-eebeb8d7c64543ad.rlib" "/opt/rustwide/rustup-home/toolchains/beta-2024-12-08-x86_64-unknown-linux-gnu/lib/rustlib/x86_64-unknown-linux-gnu/lib/libunwind-4723ef81d6079867.rlib" "/opt/rustwide/rustup-home/toolchains/beta-2024-12-08-x86_64-unknown-linux-gnu/lib/rustlib/x86_64-unknown-linux-gnu/lib/libcfg_if-54442f8b422f5a54.rlib" "/opt/rustwide/rustup-home/toolchains/beta-2024-12-08-x86_64-unknown-linux-gnu/lib/rustlib/x86_64-unknown-linux-gnu/lib/liblibc-e0bbe034b5282553.rlib" "/opt/rustwide/rustup-home/toolchains/beta-2024-12-08-x86_64-unknown-linux-gnu/lib/rustlib/x86_64-unknown-linux-gnu/lib/liballoc-d0febb68c1c37b90.rlib" "/opt/rustwide/rustup-home/toolchains/beta-2024-12-08-x86_64-unknown-linux-gnu/lib/rustlib/x86_64-unknown-linux-gnu/lib/librustc_std_workspace_core-4cf833632aafa84c.rlib" "/opt/rustwide/rustup-home/toolchains/beta-2024-12-08-x86_64-unknown-linux-gnu/lib/rustlib/x86_64-unknown-linux-gnu/lib/libcore-65c2c6d2d6ae570b.rlib" "/opt/rustwide/rustup-home/toolchains/beta-2024-12-08-x86_64-unknown-linux-gnu/lib/rustlib/x86_64-unknown-linux-gnu/lib/libcompiler_builtins-97929cee0dcfe424.rlib" "-Wl,-Bdynamic" "-lgcc_s" "-lutil" "-lrt" "-lpthread" "-lm" "-ldl" "-lc" "-Wl,--eh-frame-hdr" "-Wl,-z,noexecstack" "-L" "/opt/rustwide/rustup-home/toolchains/beta-2024-12-08-x86_64-unknown-linux-gnu/lib/rustlib/x86_64-unknown-linux-gnu/lib" "-o" "/tmp/rustdoctestdgyXcM/rust_out" "-Wl,--gc-sections" "-pie" "-Wl,-z,relro,-z,now" "-nodefaultlibs"
[INFO] [stdout]   = note: collect2: fatal error: ld terminated with signal 9 [Killed]
[INFO] [stdout]           compilation terminated.
[INFO] [stdout]           
[INFO] [stdout] 
[INFO] [stdout] error: aborting due to 1 previous error
[INFO] [stdout] 
[INFO] [stdout] Couldn't compile the test.
[INFO] [stdout] ---- src/decoders/base91_decoder.rs - decoders::base91_decoder::Base91Decoder (line 20) stdout ----
[INFO] [stdout] error: linking with `cc` failed: exit status: 1
[INFO] [stdout]   |
[INFO] [stdout]   = note: LC_ALL="C" PATH="/opt/rustwide/rustup-home/toolchains/beta-2024-12-08-x86_64-unknown-linux-gnu/lib/rustlib/x86_64-unknown-linux-gnu/bin:/opt/rustwide/cargo-home/bin:/usr/local/sbin:/usr/local/bin:/usr/sbin:/usr/bin:/sbin:/bin" VSLANG="1033" "cc" "-m64" "/tmp/rustcIlyzQT/symbols.o" "/tmp/rustdoctestjYN8mh/rust_out.rust_out.9242fac72db2cd11-cgu.0.rcgu.o" "/tmp/rustdoctestjYN8mh/rust_out.2hl2tb9xdtge7mguxzn2q1kvi.rcgu.o" "-Wl,--as-needed" "-Wl,-Bstatic" "/opt/rustwide/target/debug/deps/libares-f865da742ff15e3c.rlib" "/opt/rustwide/target/debug/deps/libbase91-b3dc40d149b4cdae.rlib" "/opt/rustwide/target/debug/deps/libbase65536-1920584b7a6acd52.rlib" "/opt/rustwide/target/debug/deps/libfnv-953831fe314029b4.rlib" "/opt/rustwide/target/debug/deps/liblazy_static-34736fcc74b41a53.rlib" "/opt/rustwide/target/debug/deps/libbase64-fc93ff20895c6cc2.rlib" "/opt/rustwide/target/debug/deps/libbs58-5df4082cdc088375.rlib" "/opt/rustwide/target/debug/deps/libansi_term-f435e404af61098a.rlib" "/opt/rustwide/target/debug/deps/libinclude_dir-c2cbcd298ca0de0c.rlib" "/opt/rustwide/target/debug/deps/libcrossbeam-518f886fbae80960.rlib" "/opt/rustwide/target/debug/deps/libcrossbeam_channel-37b1e549cc5b94d8.rlib" "/opt/rustwide/target/debug/deps/libcrossbeam_queue-cabefdf372420e98.rlib" "/opt/rustwide/target/debug/deps/libdata_encoding-a95258d30ff1420a.rlib" "/opt/rustwide/target/debug/deps/libtext_io-c441b2ec2d164b1f.rlib" "/opt/rustwide/target/debug/deps/liblemmeknow-0535a65b7423c3dd.rlib" "/opt/rustwide/target/debug/deps/libserde_json-614021df206f195f.rlib" "/opt/rustwide/target/debug/deps/libitoa-87633a66effadcdd.rlib" "/opt/rustwide/target/debug/deps/libryu-6e02dac7c3b6be75.rlib" "/opt/rustwide/target/debug/deps/libcomfy_table-5ed78914636c53a7.rlib" "/opt/rustwide/target/debug/deps/libunicode_width-678b846d5dec6380.rlib" "/opt/rustwide/target/debug/deps/libstrum-117e0be1423ad5d6.rlib" "/opt/rustwide/target/debug/deps/libcrossterm-8895b9bcb372d6d3.rlib" "/opt/rustwide/target/debug/deps/libsignal_hook_mio-14e984220459a7c6.rlib" "/opt/rustwide/target/debug/deps/libsignal_hook-add57e64baedff0a.rlib" "/opt/rustwide/target/debug/deps/libsignal_hook_registry-e39bbd51ff6364f9.rlib" "/opt/rustwide/target/debug/deps/libmio-1f7b5de392f4a5ef.rlib" "/opt/rustwide/target/debug/deps/liblog-e73d77c4679bb236.rlib" "/opt/rustwide/target/debug/deps/libparking_lot-c0eaf378a35d3aa7.rlib" "/opt/rustwide/target/debug/deps/libparking_lot_core-9bfdf4c2c848bcf0.rlib" "/opt/rustwide/target/debug/deps/liblibc-ab537429a1f68abe.rlib" "/opt/rustwide/target/debug/deps/libcfg_if-a3e7e701fcd1f47b.rlib" "/opt/rustwide/target/debug/deps/libsmallvec-cae3008cdb7d5db1.rlib" "/opt/rustwide/target/debug/deps/liblock_api-6967e438d0a7fd52.rlib" "/opt/rustwide/target/debug/deps/libscopeguard-f937485db0060aca.rlib" "/opt/rustwide/target/debug/deps/libbitflags-85e13ed1e0c6d910.rlib" "/opt/rustwide/target/debug/deps/libserde-09e5c4b1031aab8d.rlib" "/opt/rustwide/target/debug/deps/libregex-486b40b910e3c086.rlib" "/opt/rustwide/target/debug/deps/libregex_automata-22a108d746f540fd.rlib" "/opt/rustwide/target/debug/deps/libaho_corasick-5a18c24d288bad01.rlib" "/opt/rustwide/target/debug/deps/libmemchr-d6cb21f6c03ed32f.rlib" "/opt/rustwide/target/debug/deps/libregex_syntax-68a2118807cc42f7.rlib" "/opt/rustwide/target/debug/deps/libonce_cell-0a05695a483fa658.rlib" "/opt/rustwide/target/debug/deps/librayon-3c9b21f51d44c67e.rlib" "/opt/rustwide/target/debug/deps/librayon_core-a86b3e2a6874aea0.rlib" "/opt/rustwide/target/debug/deps/libcrossbeam_deque-bd6df934c95fd429.rlib" "/opt/rustwide/target/debug/deps/libcrossbeam_epoch-94621803ecea6178.rlib" "/opt/rustwide/target/debug/deps/libcrossbeam_utils-0d72a2b2b371b2bb.rlib" "/opt/rustwide/target/debug/deps/libeither-715c6002fba7ac68.rlib" "/opt/rustwide/rustup-home/toolchains/beta-2024-12-08-x86_64-unknown-linux-gnu/lib/rustlib/x86_64-unknown-linux-gnu/lib/libstd-02dc84f49135b6b8.rlib" "/opt/rustwide/rustup-home/toolchains/beta-2024-12-08-x86_64-unknown-linux-gnu/lib/rustlib/x86_64-unknown-linux-gnu/lib/libpanic_unwind-a8f45b397fae3f81.rlib" "/opt/rustwide/rustup-home/toolchains/beta-2024-12-08-x86_64-unknown-linux-gnu/lib/rustlib/x86_64-unknown-linux-gnu/lib/libobject-089607133c180609.rlib" "/opt/rustwide/rustup-home/toolchains/beta-2024-12-08-x86_64-unknown-linux-gnu/lib/rustlib/x86_64-unknown-linux-gnu/lib/libmemchr-fc89f091bcd86cbb.rlib" "/opt/rustwide/rustup-home/toolchains/beta-2024-12-08-x86_64-unknown-linux-gnu/lib/rustlib/x86_64-unknown-linux-gnu/lib/libaddr2line-5a60949f01c7340c.rlib" "/opt/rustwide/rustup-home/toolchains/beta-2024-12-08-x86_64-unknown-linux-gnu/lib/rustlib/x86_64-unknown-linux-gnu/lib/libgimli-d29e6a55ca253c8c.rlib" "/opt/rustwide/rustup-home/toolchains/beta-2024-12-08-x86_64-unknown-linux-gnu/lib/rustlib/x86_64-unknown-linux-gnu/lib/librustc_demangle-273c078d5f65de7a.rlib" "/opt/rustwide/rustup-home/toolchains/beta-2024-12-08-x86_64-unknown-linux-gnu/lib/rustlib/x86_64-unknown-linux-gnu/lib/libstd_detect-413c950ffbdd4454.rlib" "/opt/rustwide/rustup-home/toolchains/beta-2024-12-08-x86_64-unknown-linux-gnu/lib/rustlib/x86_64-unknown-linux-gnu/lib/libhashbrown-1853c0976a1d88a6.rlib" "/opt/rustwide/rustup-home/toolchains/beta-2024-12-08-x86_64-unknown-linux-gnu/lib/rustlib/x86_64-unknown-linux-gnu/lib/librustc_std_workspace_alloc-ccb3384ddacb0f9e.rlib" "/opt/rustwide/rustup-home/toolchains/beta-2024-12-08-x86_64-unknown-linux-gnu/lib/rustlib/x86_64-unknown-linux-gnu/lib/libminiz_oxide-0b901dfb0ca849e0.rlib" "/opt/rustwide/rustup-home/toolchains/beta-2024-12-08-x86_64-unknown-linux-gnu/lib/rustlib/x86_64-unknown-linux-gnu/lib/libadler-eebeb8d7c64543ad.rlib" "/opt/rustwide/rustup-home/toolchains/beta-2024-12-08-x86_64-unknown-linux-gnu/lib/rustlib/x86_64-unknown-linux-gnu/lib/libunwind-4723ef81d6079867.rlib" "/opt/rustwide/rustup-home/toolchains/beta-2024-12-08-x86_64-unknown-linux-gnu/lib/rustlib/x86_64-unknown-linux-gnu/lib/libcfg_if-54442f8b422f5a54.rlib" "/opt/rustwide/rustup-home/toolchains/beta-2024-12-08-x86_64-unknown-linux-gnu/lib/rustlib/x86_64-unknown-linux-gnu/lib/liblibc-e0bbe034b5282553.rlib" "/opt/rustwide/rustup-home/toolchains/beta-2024-12-08-x86_64-unknown-linux-gnu/lib/rustlib/x86_64-unknown-linux-gnu/lib/liballoc-d0febb68c1c37b90.rlib" "/opt/rustwide/rustup-home/toolchains/beta-2024-12-08-x86_64-unknown-linux-gnu/lib/rustlib/x86_64-unknown-linux-gnu/lib/librustc_std_workspace_core-4cf833632aafa84c.rlib" "/opt/rustwide/rustup-home/toolchains/beta-2024-12-08-x86_64-unknown-linux-gnu/lib/rustlib/x86_64-unknown-linux-gnu/lib/libcore-65c2c6d2d6ae570b.rlib" "/opt/rustwide/rustup-home/toolchains/beta-2024-12-08-x86_64-unknown-linux-gnu/lib/rustlib/x86_64-unknown-linux-gnu/lib/libcompiler_builtins-97929cee0dcfe424.rlib" "-Wl,-Bdynamic" "-lgcc_s" "-lutil" "-lrt" "-lpthread" "-lm" "-ldl" "-lc" "-Wl,--eh-frame-hdr" "-Wl,-z,noexecstack" "-L" "/opt/rustwide/rustup-home/toolchains/beta-2024-12-08-x86_64-unknown-linux-gnu/lib/rustlib/x86_64-unknown-linux-gnu/lib" "-o" "/tmp/rustdoctestjYN8mh/rust_out" "-Wl,--gc-sections" "-pie" "-Wl,-z,relro,-z,now" "-nodefaultlibs"
[INFO] [stdout]   = note: collect2: fatal error: ld terminated with signal 9 [Killed]
[INFO] [stdout]           compilation terminated.
[INFO] [stdout]           
[INFO] [stdout] 
[INFO] [stdout] error: aborting due to 1 previous error
[INFO] [stdout] 
[INFO] [stdout] Couldn't compile the test.
[INFO] [stdout] ---- src/decoders/base58_ripple_decoder.rs - decoders::base58_ripple_decoder::Base58RippleDecoder (line 20) stdout ----
[INFO] [stdout] error: linking with `cc` failed: exit status: 1
[INFO] [stdout]   |
[INFO] [stdout]   = note: LC_ALL="C" PATH="/opt/rustwide/rustup-home/toolchains/beta-2024-12-08-x86_64-unknown-linux-gnu/lib/rustlib/x86_64-unknown-linux-gnu/bin:/opt/rustwide/cargo-home/bin:/usr/local/sbin:/usr/local/bin:/usr/sbin:/usr/bin:/sbin:/bin" VSLANG="1033" "cc" "-m64" "/tmp/rustcSaf68f/symbols.o" "/tmp/rustdoctestuFbqGw/rust_out.rust_out.9242fac72db2cd11-cgu.0.rcgu.o" "/tmp/rustdoctestuFbqGw/rust_out.2hl2tb9xdtge7mguxzn2q1kvi.rcgu.o" "-Wl,--as-needed" "-Wl,-Bstatic" "/opt/rustwide/target/debug/deps/libares-f865da742ff15e3c.rlib" "/opt/rustwide/target/debug/deps/libbase91-b3dc40d149b4cdae.rlib" "/opt/rustwide/target/debug/deps/libbase65536-1920584b7a6acd52.rlib" "/opt/rustwide/target/debug/deps/libfnv-953831fe314029b4.rlib" "/opt/rustwide/target/debug/deps/liblazy_static-34736fcc74b41a53.rlib" "/opt/rustwide/target/debug/deps/libbase64-fc93ff20895c6cc2.rlib" "/opt/rustwide/target/debug/deps/libbs58-5df4082cdc088375.rlib" "/opt/rustwide/target/debug/deps/libansi_term-f435e404af61098a.rlib" "/opt/rustwide/target/debug/deps/libinclude_dir-c2cbcd298ca0de0c.rlib" "/opt/rustwide/target/debug/deps/libcrossbeam-518f886fbae80960.rlib" "/opt/rustwide/target/debug/deps/libcrossbeam_channel-37b1e549cc5b94d8.rlib" "/opt/rustwide/target/debug/deps/libcrossbeam_queue-cabefdf372420e98.rlib" "/opt/rustwide/target/debug/deps/libdata_encoding-a95258d30ff1420a.rlib" "/opt/rustwide/target/debug/deps/libtext_io-c441b2ec2d164b1f.rlib" "/opt/rustwide/target/debug/deps/liblemmeknow-0535a65b7423c3dd.rlib" "/opt/rustwide/target/debug/deps/libserde_json-614021df206f195f.rlib" "/opt/rustwide/target/debug/deps/libitoa-87633a66effadcdd.rlib" "/opt/rustwide/target/debug/deps/libryu-6e02dac7c3b6be75.rlib" "/opt/rustwide/target/debug/deps/libcomfy_table-5ed78914636c53a7.rlib" "/opt/rustwide/target/debug/deps/libunicode_width-678b846d5dec6380.rlib" "/opt/rustwide/target/debug/deps/libstrum-117e0be1423ad5d6.rlib" "/opt/rustwide/target/debug/deps/libcrossterm-8895b9bcb372d6d3.rlib" "/opt/rustwide/target/debug/deps/libsignal_hook_mio-14e984220459a7c6.rlib" "/opt/rustwide/target/debug/deps/libsignal_hook-add57e64baedff0a.rlib" "/opt/rustwide/target/debug/deps/libsignal_hook_registry-e39bbd51ff6364f9.rlib" "/opt/rustwide/target/debug/deps/libmio-1f7b5de392f4a5ef.rlib" "/opt/rustwide/target/debug/deps/liblog-e73d77c4679bb236.rlib" "/opt/rustwide/target/debug/deps/libparking_lot-c0eaf378a35d3aa7.rlib" "/opt/rustwide/target/debug/deps/libparking_lot_core-9bfdf4c2c848bcf0.rlib" "/opt/rustwide/target/debug/deps/liblibc-ab537429a1f68abe.rlib" "/opt/rustwide/target/debug/deps/libcfg_if-a3e7e701fcd1f47b.rlib" "/opt/rustwide/target/debug/deps/libsmallvec-cae3008cdb7d5db1.rlib" "/opt/rustwide/target/debug/deps/liblock_api-6967e438d0a7fd52.rlib" "/opt/rustwide/target/debug/deps/libscopeguard-f937485db0060aca.rlib" "/opt/rustwide/target/debug/deps/libbitflags-85e13ed1e0c6d910.rlib" "/opt/rustwide/target/debug/deps/libserde-09e5c4b1031aab8d.rlib" "/opt/rustwide/target/debug/deps/libregex-486b40b910e3c086.rlib" "/opt/rustwide/target/debug/deps/libregex_automata-22a108d746f540fd.rlib" "/opt/rustwide/target/debug/deps/libaho_corasick-5a18c24d288bad01.rlib" "/opt/rustwide/target/debug/deps/libmemchr-d6cb21f6c03ed32f.rlib" "/opt/rustwide/target/debug/deps/libregex_syntax-68a2118807cc42f7.rlib" "/opt/rustwide/target/debug/deps/libonce_cell-0a05695a483fa658.rlib" "/opt/rustwide/target/debug/deps/librayon-3c9b21f51d44c67e.rlib" "/opt/rustwide/target/debug/deps/librayon_core-a86b3e2a6874aea0.rlib" "/opt/rustwide/target/debug/deps/libcrossbeam_deque-bd6df934c95fd429.rlib" "/opt/rustwide/target/debug/deps/libcrossbeam_epoch-94621803ecea6178.rlib" "/opt/rustwide/target/debug/deps/libcrossbeam_utils-0d72a2b2b371b2bb.rlib" "/opt/rustwide/target/debug/deps/libeither-715c6002fba7ac68.rlib" "/opt/rustwide/rustup-home/toolchains/beta-2024-12-08-x86_64-unknown-linux-gnu/lib/rustlib/x86_64-unknown-linux-gnu/lib/libstd-02dc84f49135b6b8.rlib" "/opt/rustwide/rustup-home/toolchains/beta-2024-12-08-x86_64-unknown-linux-gnu/lib/rustlib/x86_64-unknown-linux-gnu/lib/libpanic_unwind-a8f45b397fae3f81.rlib" "/opt/rustwide/rustup-home/toolchains/beta-2024-12-08-x86_64-unknown-linux-gnu/lib/rustlib/x86_64-unknown-linux-gnu/lib/libobject-089607133c180609.rlib" "/opt/rustwide/rustup-home/toolchains/beta-2024-12-08-x86_64-unknown-linux-gnu/lib/rustlib/x86_64-unknown-linux-gnu/lib/libmemchr-fc89f091bcd86cbb.rlib" "/opt/rustwide/rustup-home/toolchains/beta-2024-12-08-x86_64-unknown-linux-gnu/lib/rustlib/x86_64-unknown-linux-gnu/lib/libaddr2line-5a60949f01c7340c.rlib" "/opt/rustwide/rustup-home/toolchains/beta-2024-12-08-x86_64-unknown-linux-gnu/lib/rustlib/x86_64-unknown-linux-gnu/lib/libgimli-d29e6a55ca253c8c.rlib" "/opt/rustwide/rustup-home/toolchains/beta-2024-12-08-x86_64-unknown-linux-gnu/lib/rustlib/x86_64-unknown-linux-gnu/lib/librustc_demangle-273c078d5f65de7a.rlib" "/opt/rustwide/rustup-home/toolchains/beta-2024-12-08-x86_64-unknown-linux-gnu/lib/rustlib/x86_64-unknown-linux-gnu/lib/libstd_detect-413c950ffbdd4454.rlib" "/opt/rustwide/rustup-home/toolchains/beta-2024-12-08-x86_64-unknown-linux-gnu/lib/rustlib/x86_64-unknown-linux-gnu/lib/libhashbrown-1853c0976a1d88a6.rlib" "/opt/rustwide/rustup-home/toolchains/beta-2024-12-08-x86_64-unknown-linux-gnu/lib/rustlib/x86_64-unknown-linux-gnu/lib/librustc_std_workspace_alloc-ccb3384ddacb0f9e.rlib" "/opt/rustwide/rustup-home/toolchains/beta-2024-12-08-x86_64-unknown-linux-gnu/lib/rustlib/x86_64-unknown-linux-gnu/lib/libminiz_oxide-0b901dfb0ca849e0.rlib" "/opt/rustwide/rustup-home/toolchains/beta-2024-12-08-x86_64-unknown-linux-gnu/lib/rustlib/x86_64-unknown-linux-gnu/lib/libadler-eebeb8d7c64543ad.rlib" "/opt/rustwide/rustup-home/toolchains/beta-2024-12-08-x86_64-unknown-linux-gnu/lib/rustlib/x86_64-unknown-linux-gnu/lib/libunwind-4723ef81d6079867.rlib" "/opt/rustwide/rustup-home/toolchains/beta-2024-12-08-x86_64-unknown-linux-gnu/lib/rustlib/x86_64-unknown-linux-gnu/lib/libcfg_if-54442f8b422f5a54.rlib" "/opt/rustwide/rustup-home/toolchains/beta-2024-12-08-x86_64-unknown-linux-gnu/lib/rustlib/x86_64-unknown-linux-gnu/lib/liblibc-e0bbe034b5282553.rlib" "/opt/rustwide/rustup-home/toolchains/beta-2024-12-08-x86_64-unknown-linux-gnu/lib/rustlib/x86_64-unknown-linux-gnu/lib/liballoc-d0febb68c1c37b90.rlib" "/opt/rustwide/rustup-home/toolchains/beta-2024-12-08-x86_64-unknown-linux-gnu/lib/rustlib/x86_64-unknown-linux-gnu/lib/librustc_std_workspace_core-4cf833632aafa84c.rlib" "/opt/rustwide/rustup-home/toolchains/beta-2024-12-08-x86_64-unknown-linux-gnu/lib/rustlib/x86_64-unknown-linux-gnu/lib/libcore-65c2c6d2d6ae570b.rlib" "/opt/rustwide/rustup-home/toolchains/beta-2024-12-08-x86_64-unknown-linux-gnu/lib/rustlib/x86_64-unknown-linux-gnu/lib/libcompiler_builtins-97929cee0dcfe424.rlib" "-Wl,-Bdynamic" "-lgcc_s" "-lutil" "-lrt" "-lpthread" "-lm" "-ldl" "-lc" "-Wl,--eh-frame-hdr" "-Wl,-z,noexecstack" "-L" "/opt/rustwide/rustup-home/toolchains/beta-2024-12-08-x86_64-unknown-linux-gnu/lib/rustlib/x86_64-unknown-linux-gnu/lib" "-o" "/tmp/rustdoctestuFbqGw/rust_out" "-Wl,--gc-sections" "-pie" "-Wl,-z,relro,-z,now" "-nodefaultlibs"
[INFO] [stdout]   = note: collect2: fatal error: ld terminated with signal 9 [Killed]
[INFO] [stdout]           compilation terminated.
[INFO] [stdout]           
[INFO] [stdout] 
[INFO] [stdout] error: aborting due to 1 previous error
[INFO] [stdout] 
[INFO] [stdout] Couldn't compile the test.
[INFO] [stdout] ---- src/decoders/base65536_decoder.rs - decoders::base65536_decoder::Base65536Decoder (line 20) stdout ----
[INFO] [stdout] error: linking with `cc` failed: exit status: 1
[INFO] [stdout]   |
[INFO] [stdout]   = note: LC_ALL="C" PATH="/opt/rustwide/rustup-home/toolchains/beta-2024-12-08-x86_64-unknown-linux-gnu/lib/rustlib/x86_64-unknown-linux-gnu/bin:/opt/rustwide/cargo-home/bin:/usr/local/sbin:/usr/local/bin:/usr/sbin:/usr/bin:/sbin:/bin" VSLANG="1033" "cc" "-m64" "/tmp/rustcpxEjSq/symbols.o" "/tmp/rustdoctestWqrpSb/rust_out.rust_out.9242fac72db2cd11-cgu.0.rcgu.o" "/tmp/rustdoctestWqrpSb/rust_out.2hl2tb9xdtge7mguxzn2q1kvi.rcgu.o" "-Wl,--as-needed" "-Wl,-Bstatic" "/opt/rustwide/target/debug/deps/libares-f865da742ff15e3c.rlib" "/opt/rustwide/target/debug/deps/libbase91-b3dc40d149b4cdae.rlib" "/opt/rustwide/target/debug/deps/libbase65536-1920584b7a6acd52.rlib" "/opt/rustwide/target/debug/deps/libfnv-953831fe314029b4.rlib" "/opt/rustwide/target/debug/deps/liblazy_static-34736fcc74b41a53.rlib" "/opt/rustwide/target/debug/deps/libbase64-fc93ff20895c6cc2.rlib" "/opt/rustwide/target/debug/deps/libbs58-5df4082cdc088375.rlib" "/opt/rustwide/target/debug/deps/libansi_term-f435e404af61098a.rlib" "/opt/rustwide/target/debug/deps/libinclude_dir-c2cbcd298ca0de0c.rlib" "/opt/rustwide/target/debug/deps/libcrossbeam-518f886fbae80960.rlib" "/opt/rustwide/target/debug/deps/libcrossbeam_channel-37b1e549cc5b94d8.rlib" "/opt/rustwide/target/debug/deps/libcrossbeam_queue-cabefdf372420e98.rlib" "/opt/rustwide/target/debug/deps/libdata_encoding-a95258d30ff1420a.rlib" "/opt/rustwide/target/debug/deps/libtext_io-c441b2ec2d164b1f.rlib" "/opt/rustwide/target/debug/deps/liblemmeknow-0535a65b7423c3dd.rlib" "/opt/rustwide/target/debug/deps/libserde_json-614021df206f195f.rlib" "/opt/rustwide/target/debug/deps/libitoa-87633a66effadcdd.rlib" "/opt/rustwide/target/debug/deps/libryu-6e02dac7c3b6be75.rlib" "/opt/rustwide/target/debug/deps/libcomfy_table-5ed78914636c53a7.rlib" "/opt/rustwide/target/debug/deps/libunicode_width-678b846d5dec6380.rlib" "/opt/rustwide/target/debug/deps/libstrum-117e0be1423ad5d6.rlib" "/opt/rustwide/target/debug/deps/libcrossterm-8895b9bcb372d6d3.rlib" "/opt/rustwide/target/debug/deps/libsignal_hook_mio-14e984220459a7c6.rlib" "/opt/rustwide/target/debug/deps/libsignal_hook-add57e64baedff0a.rlib" "/opt/rustwide/target/debug/deps/libsignal_hook_registry-e39bbd51ff6364f9.rlib" "/opt/rustwide/target/debug/deps/libmio-1f7b5de392f4a5ef.rlib" "/opt/rustwide/target/debug/deps/liblog-e73d77c4679bb236.rlib" "/opt/rustwide/target/debug/deps/libparking_lot-c0eaf378a35d3aa7.rlib" "/opt/rustwide/target/debug/deps/libparking_lot_core-9bfdf4c2c848bcf0.rlib" "/opt/rustwide/target/debug/deps/liblibc-ab537429a1f68abe.rlib" "/opt/rustwide/target/debug/deps/libcfg_if-a3e7e701fcd1f47b.rlib" "/opt/rustwide/target/debug/deps/libsmallvec-cae3008cdb7d5db1.rlib" "/opt/rustwide/target/debug/deps/liblock_api-6967e438d0a7fd52.rlib" "/opt/rustwide/target/debug/deps/libscopeguard-f937485db0060aca.rlib" "/opt/rustwide/target/debug/deps/libbitflags-85e13ed1e0c6d910.rlib" "/opt/rustwide/target/debug/deps/libserde-09e5c4b1031aab8d.rlib" "/opt/rustwide/target/debug/deps/libregex-486b40b910e3c086.rlib" "/opt/rustwide/target/debug/deps/libregex_automata-22a108d746f540fd.rlib" "/opt/rustwide/target/debug/deps/libaho_corasick-5a18c24d288bad01.rlib" "/opt/rustwide/target/debug/deps/libmemchr-d6cb21f6c03ed32f.rlib" "/opt/rustwide/target/debug/deps/libregex_syntax-68a2118807cc42f7.rlib" "/opt/rustwide/target/debug/deps/libonce_cell-0a05695a483fa658.rlib" "/opt/rustwide/target/debug/deps/librayon-3c9b21f51d44c67e.rlib" "/opt/rustwide/target/debug/deps/librayon_core-a86b3e2a6874aea0.rlib" "/opt/rustwide/target/debug/deps/libcrossbeam_deque-bd6df934c95fd429.rlib" "/opt/rustwide/target/debug/deps/libcrossbeam_epoch-94621803ecea6178.rlib" "/opt/rustwide/target/debug/deps/libcrossbeam_utils-0d72a2b2b371b2bb.rlib" "/opt/rustwide/target/debug/deps/libeither-715c6002fba7ac68.rlib" "/opt/rustwide/rustup-home/toolchains/beta-2024-12-08-x86_64-unknown-linux-gnu/lib/rustlib/x86_64-unknown-linux-gnu/lib/libstd-02dc84f49135b6b8.rlib" "/opt/rustwide/rustup-home/toolchains/beta-2024-12-08-x86_64-unknown-linux-gnu/lib/rustlib/x86_64-unknown-linux-gnu/lib/libpanic_unwind-a8f45b397fae3f81.rlib" "/opt/rustwide/rustup-home/toolchains/beta-2024-12-08-x86_64-unknown-linux-gnu/lib/rustlib/x86_64-unknown-linux-gnu/lib/libobject-089607133c180609.rlib" "/opt/rustwide/rustup-home/toolchains/beta-2024-12-08-x86_64-unknown-linux-gnu/lib/rustlib/x86_64-unknown-linux-gnu/lib/libmemchr-fc89f091bcd86cbb.rlib" "/opt/rustwide/rustup-home/toolchains/beta-2024-12-08-x86_64-unknown-linux-gnu/lib/rustlib/x86_64-unknown-linux-gnu/lib/libaddr2line-5a60949f01c7340c.rlib" "/opt/rustwide/rustup-home/toolchains/beta-2024-12-08-x86_64-unknown-linux-gnu/lib/rustlib/x86_64-unknown-linux-gnu/lib/libgimli-d29e6a55ca253c8c.rlib" "/opt/rustwide/rustup-home/toolchains/beta-2024-12-08-x86_64-unknown-linux-gnu/lib/rustlib/x86_64-unknown-linux-gnu/lib/librustc_demangle-273c078d5f65de7a.rlib" "/opt/rustwide/rustup-home/toolchains/beta-2024-12-08-x86_64-unknown-linux-gnu/lib/rustlib/x86_64-unknown-linux-gnu/lib/libstd_detect-413c950ffbdd4454.rlib" "/opt/rustwide/rustup-home/toolchains/beta-2024-12-08-x86_64-unknown-linux-gnu/lib/rustlib/x86_64-unknown-linux-gnu/lib/libhashbrown-1853c0976a1d88a6.rlib" "/opt/rustwide/rustup-home/toolchains/beta-2024-12-08-x86_64-unknown-linux-gnu/lib/rustlib/x86_64-unknown-linux-gnu/lib/librustc_std_workspace_alloc-ccb3384ddacb0f9e.rlib" "/opt/rustwide/rustup-home/toolchains/beta-2024-12-08-x86_64-unknown-linux-gnu/lib/rustlib/x86_64-unknown-linux-gnu/lib/libminiz_oxide-0b901dfb0ca849e0.rlib" "/opt/rustwide/rustup-home/toolchains/beta-2024-12-08-x86_64-unknown-linux-gnu/lib/rustlib/x86_64-unknown-linux-gnu/lib/libadler-eebeb8d7c64543ad.rlib" "/opt/rustwide/rustup-home/toolchains/beta-2024-12-08-x86_64-unknown-linux-gnu/lib/rustlib/x86_64-unknown-linux-gnu/lib/libunwind-4723ef81d6079867.rlib" "/opt/rustwide/rustup-home/toolchains/beta-2024-12-08-x86_64-unknown-linux-gnu/lib/rustlib/x86_64-unknown-linux-gnu/lib/libcfg_if-54442f8b422f5a54.rlib" "/opt/rustwide/rustup-home/toolchains/beta-2024-12-08-x86_64-unknown-linux-gnu/lib/rustlib/x86_64-unknown-linux-gnu/lib/liblibc-e0bbe034b5282553.rlib" "/opt/rustwide/rustup-home/toolchains/beta-2024-12-08-x86_64-unknown-linux-gnu/lib/rustlib/x86_64-unknown-linux-gnu/lib/liballoc-d0febb68c1c37b90.rlib" "/opt/rustwide/rustup-home/toolchains/beta-2024-12-08-x86_64-unknown-linux-gnu/lib/rustlib/x86_64-unknown-linux-gnu/lib/librustc_std_workspace_core-4cf833632aafa84c.rlib" "/opt/rustwide/rustup-home/toolchains/beta-2024-12-08-x86_64-unknown-linux-gnu/lib/rustlib/x86_64-unknown-linux-gnu/lib/libcore-65c2c6d2d6ae570b.rlib" "/opt/rustwide/rustup-home/toolchains/beta-2024-12-08-x86_64-unknown-linux-gnu/lib/rustlib/x86_64-unknown-linux-gnu/lib/libcompiler_builtins-97929cee0dcfe424.rlib" "-Wl,-Bdynamic" "-lgcc_s" "-lutil" "-lrt" "-lpthread" "-lm" "-ldl" "-lc" "-Wl,--eh-frame-hdr" "-Wl,-z,noexecstack" "-L" "/opt/rustwide/rustup-home/toolchains/beta-2024-12-08-x86_64-unknown-linux-gnu/lib/rustlib/x86_64-unknown-linux-gnu/lib" "-o" "/tmp/rustdoctestWqrpSb/rust_out" "-Wl,--gc-sections" "-pie" "-Wl,-z,relro,-z,now" "-nodefaultlibs"
[INFO] [stdout]   = note: collect2: fatal error: ld terminated with signal 9 [Killed]
[INFO] [stdout]           compilation terminated.
[INFO] [stdout]           
[INFO] [stdout] 
[INFO] [stdout] error: aborting due to 1 previous error
[INFO] [stdout] 
[INFO] [stdout] Couldn't compile the test.
[INFO] [stdout] 
[INFO] [stdout] failures:
[INFO] [stdout]     src/decoders/base58_bitcoin_decoder.rs - decoders::base58_bitcoin_decoder::Base58BitcoinDecoder (line 20)
[INFO] [stdout]     src/decoders/base58_flickr_decoder.rs - decoders::base58_flickr_decoder::Base58FlickrDecoder (line 20)
[INFO] [stdout]     src/decoders/base58_ripple_decoder.rs - decoders::base58_ripple_decoder::Base58RippleDecoder (line 20)
[INFO] [stdout]     src/decoders/base65536_decoder.rs - decoders::base65536_decoder::Base65536Decoder (line 20)
[INFO] [stdout]     src/decoders/base91_decoder.rs - decoders::base91_decoder::Base91Decoder (line 20)
[INFO] [stdout] 
[INFO] [stdout] test result: FAILED. 9 passed; 5 failed; 0 ignored; 0 measured; 0 filtered out; finished in 11.97s
[INFO] [stdout] 
[INFO] [stderr] error: doctest failed, to rerun pass `--doc`
[INFO] running `Command { std: "docker" "inspect" "26fbad26a12680b0beeb198e99a6efe765d76ab74b81f9cc6685d3b0e89a569d", kill_on_drop: false }`
[INFO] running `Command { std: "docker" "rm" "-f" "26fbad26a12680b0beeb198e99a6efe765d76ab74b81f9cc6685d3b0e89a569d", kill_on_drop: false }`
[INFO] [stdout] 26fbad26a12680b0beeb198e99a6efe765d76ab74b81f9cc6685d3b0e89a569d
