[INFO] fetching crate arcgis_rust 0.1.2...
[INFO] testing arcgis_rust-0.1.2 against 1.83.0 for beta-1.84.0-4-retry
[INFO] extracting crate arcgis_rust 0.1.2 into /workspace/builds/worker-0-tc1/source
[INFO] validating manifest of crates.io crate arcgis_rust 0.1.2 on toolchain 1.83.0
[INFO] running `Command { std: CARGO_HOME="/workspace/cargo-home" RUSTUP_HOME="/workspace/rustup-home" "/workspace/cargo-home/bin/cargo" "+1.83.0" "metadata" "--manifest-path" "Cargo.toml" "--no-deps", kill_on_drop: false }`
[INFO] started tweaking crates.io crate arcgis_rust 0.1.2
[INFO] finished tweaking crates.io crate arcgis_rust 0.1.2
[INFO] tweaked toml for crates.io crate arcgis_rust 0.1.2 written to /workspace/builds/worker-0-tc1/source/Cargo.toml
[INFO] crate crates.io crate arcgis_rust 0.1.2 already has a lockfile, it will not be regenerated
[INFO] running `Command { std: CARGO_HOME="/workspace/cargo-home" RUSTUP_HOME="/workspace/rustup-home" "/workspace/cargo-home/bin/cargo" "+1.83.0" "fetch" "--manifest-path" "Cargo.toml", kill_on_drop: false }`
[INFO] [stderr]     Updating crates.io index
[INFO] [stderr]  Downloading crates ...
[INFO] [stderr]   Downloaded geo-types v0.6.2
[INFO] [stderr]   Downloaded accurate v0.3.1
[INFO] [stderr]   Downloaded robust v0.1.2
[INFO] [stderr]   Downloaded geo-booleanop v0.3.2
[INFO] [stderr]   Downloaded geojson v0.23.0
[INFO] running `Command { std: "docker" "create" "-v" "/var/lib/crater-agent-workspace/builds/worker-0-tc1/target:/opt/rustwide/target:rw,Z" "-v" "/var/lib/crater-agent-workspace/builds/worker-0-tc1/source:/opt/rustwide/workdir:ro,Z" "-v" "/var/lib/crater-agent-workspace/cargo-home:/opt/rustwide/cargo-home:ro,Z" "-v" "/var/lib/crater-agent-workspace/rustup-home:/opt/rustwide/rustup-home:ro,Z" "-e" "SOURCE_DIR=/opt/rustwide/workdir" "-e" "CARGO_TARGET_DIR=/opt/rustwide/target" "-e" "CARGO_HOME=/opt/rustwide/cargo-home" "-e" "RUSTUP_HOME=/opt/rustwide/rustup-home" "-w" "/opt/rustwide/workdir" "-m" "1610612736" "--user" "0:0" "--network" "none" "ghcr.io/rust-lang/crates-build-env/linux@sha256:f3a9d4ad9d972b27faf3965f35b62e55ba32bbce8f20bc8fe909558a86702fde" "/opt/rustwide/cargo-home/bin/cargo" "+1.83.0" "metadata" "--no-deps" "--format-version=1", kill_on_drop: false }`
[INFO] [stdout] b88c01da8d070486ca5dad243fb661d388032ad5ead8f9e225615a1d0359a721
[INFO] running `Command { std: "docker" "start" "-a" "b88c01da8d070486ca5dad243fb661d388032ad5ead8f9e225615a1d0359a721", kill_on_drop: false }`
[INFO] running `Command { std: "docker" "inspect" "b88c01da8d070486ca5dad243fb661d388032ad5ead8f9e225615a1d0359a721", kill_on_drop: false }`
[INFO] running `Command { std: "docker" "rm" "-f" "b88c01da8d070486ca5dad243fb661d388032ad5ead8f9e225615a1d0359a721", kill_on_drop: false }`
[INFO] [stdout] b88c01da8d070486ca5dad243fb661d388032ad5ead8f9e225615a1d0359a721
[INFO] running `Command { std: "docker" "create" "-v" "/var/lib/crater-agent-workspace/builds/worker-0-tc1/target:/opt/rustwide/target:rw,Z" "-v" "/var/lib/crater-agent-workspace/builds/worker-0-tc1/source:/opt/rustwide/workdir:ro,Z" "-v" "/var/lib/crater-agent-workspace/cargo-home:/opt/rustwide/cargo-home:ro,Z" "-v" "/var/lib/crater-agent-workspace/rustup-home:/opt/rustwide/rustup-home:ro,Z" "-e" "SOURCE_DIR=/opt/rustwide/workdir" "-e" "CARGO_TARGET_DIR=/opt/rustwide/target" "-e" "CARGO_INCREMENTAL=0" "-e" "RUST_BACKTRACE=full" "-e" "RUSTFLAGS=--cap-lints=warn" "-e" "RUSTDOCFLAGS=--cap-lints=warn" "-e" "CARGO_HOME=/opt/rustwide/cargo-home" "-e" "RUSTUP_HOME=/opt/rustwide/rustup-home" "-w" "/opt/rustwide/workdir" "-m" "1610612736" "--user" "0:0" "--network" "none" "ghcr.io/rust-lang/crates-build-env/linux@sha256:f3a9d4ad9d972b27faf3965f35b62e55ba32bbce8f20bc8fe909558a86702fde" "/opt/rustwide/cargo-home/bin/cargo" "+1.83.0" "build" "--frozen" "--message-format=json", kill_on_drop: false }`
[INFO] [stdout] 241e768d25a9cd34ab61303a2d6583cf29c443746e3d99ada9ac5aa942b064c6
[INFO] running `Command { std: "docker" "start" "-a" "241e768d25a9cd34ab61303a2d6583cf29c443746e3d99ada9ac5aa942b064c6", kill_on_drop: false }`
[INFO] [stderr]    Compiling autocfg v1.3.0
[INFO] [stderr]    Compiling cfg-if v1.0.0
[INFO] [stderr]    Compiling proc-macro2 v1.0.84
[INFO] [stderr]    Compiling unicode-ident v1.0.12
[INFO] [stderr]    Compiling libc v0.2.155
[INFO] [stderr]    Compiling pkg-config v0.3.30
[INFO] [stderr]    Compiling smallvec v1.13.2
[INFO] [stderr]    Compiling once_cell v1.19.0
[INFO] [stderr]    Compiling scopeguard v1.2.0
[INFO] [stderr]    Compiling libm v0.2.8
[INFO] [stderr]    Compiling bitflags v1.3.2
[INFO] [stderr]    Compiling log v0.4.21
[INFO] [stderr]    Compiling version_check v0.9.4
[INFO] [stderr]    Compiling zerocopy v0.7.34
[INFO] [stderr]    Compiling bitflags v2.5.0
[INFO] [stderr]    Compiling lock_api v0.4.12
[INFO] [stderr]    Compiling num-traits v0.2.19
[INFO] [stderr]    Compiling ahash v0.8.11
[INFO] [stderr]    Compiling memoffset v0.6.5
[INFO] [stderr]    Compiling pin-project-lite v0.2.14
[INFO] [stderr]    Compiling parking_lot_core v0.9.10
[INFO] [stderr]    Compiling xml-rs v0.8.20
[INFO] [stderr]    Compiling quote v1.0.36
[INFO] [stderr]    Compiling cc v1.0.98
[INFO] [stderr]    Compiling vcpkg v0.2.15
[INFO] [stderr]    Compiling syn v2.0.66
[INFO] [stderr]    Compiling semver v1.0.23
[INFO] [stderr]    Compiling allocator-api2 v0.2.18
[INFO] [stderr]    Compiling byteorder v1.5.0
[INFO] [stderr]    Compiling hashbrown v0.14.5
[INFO] [stderr]    Compiling wayland-scanner v0.29.5
[INFO] [stderr]    Compiling itoa v1.0.11
[INFO] [stderr]    Compiling bytes v1.6.0
[INFO] [stderr]    Compiling mio v0.8.11
[INFO] [stderr]    Compiling openssl-sys v0.9.102
[INFO] [stderr]    Compiling wayland-sys v0.29.5
[INFO] [stderr]    Compiling libloading v0.8.3
[INFO] [stderr]    Compiling parking_lot v0.12.3
[INFO] [stderr]    Compiling dlib v0.5.2
[INFO] [stderr]    Compiling rustc_version v0.4.0
[INFO] [stderr]    Compiling num_cpus v1.16.0
[INFO] [stderr]    Compiling socket2 v0.5.7
[INFO] [stderr]    Compiling signal-hook-registry v1.4.2
[INFO] [stderr]    Compiling slab v0.4.9
[INFO] [stderr]    Compiling futures-core v0.3.30
[INFO] [stderr]    Compiling lazy_static v1.4.0
[INFO] [stderr]    Compiling parking_lot_core v0.8.6
[INFO] [stderr]    Compiling thiserror v1.0.61
[INFO] [stderr]    Compiling heapless v0.7.17
[INFO] [stderr]    Compiling wayland-client v0.29.5
[INFO] [stderr]    Compiling nix v0.24.3
[INFO] [stderr]    Compiling indexmap v1.9.3
[INFO] [stderr]    Compiling instant v0.1.13
[INFO] [stderr]    Compiling foreign-types-shared v0.1.1
[INFO] [stderr]    Compiling openssl v0.10.64
[INFO] [stderr]    Compiling fnv v1.0.7
[INFO] [stderr]    Compiling serde v1.0.203
[INFO] [stderr]    Compiling http v0.2.12
[INFO] [stderr]    Compiling foreign-types v0.3.2
[INFO] [stderr]    Compiling hash32 v0.2.1
[INFO] [stderr]    Compiling spin v0.9.8
[INFO] [stderr]    Compiling tracing-core v0.1.32
[INFO] [stderr]    Compiling libloading v0.7.4
[INFO] [stderr]    Compiling futures-task v0.3.30
[INFO] [stderr]    Compiling downcast-rs v1.2.1
[INFO] [stderr]    Compiling stable_deref_trait v1.2.0
[INFO] [stderr]    Compiling ash v0.34.0+1.2.203
[INFO] [stderr]    Compiling scoped-tls v1.0.1
[INFO] [stderr]    Compiling memchr v2.7.2
[INFO] [stderr]    Compiling khronos-egl v4.1.0
[INFO] [stderr]    Compiling futures-sink v0.3.30
[INFO] [stderr]    Compiling equivalent v1.0.1
[INFO] [stderr]    Compiling hashbrown v0.12.3
[INFO] [stderr]    Compiling httparse v1.8.0
[INFO] [stderr]    Compiling tinyvec_macros v0.1.1
[INFO] [stderr]    Compiling cty v0.2.2
[INFO] [stderr]    Compiling futures-io v0.3.30
[INFO] [stderr]    Compiling wayland-commons v0.29.5
[INFO] [stderr]    Compiling unicode-width v0.1.12
[INFO] [stderr]    Compiling pin-utils v0.1.0
[INFO] [stderr]    Compiling termcolor v1.4.1
[INFO] [stderr]    Compiling native-tls v0.2.12
[INFO] [stderr]    Compiling percent-encoding v2.3.1
[INFO] [stderr]    Compiling bit-vec v0.6.3
[INFO] [stderr]    Compiling codespan-reporting v0.11.1
[INFO] [stderr]    Compiling futures-util v0.3.30
[INFO] [stderr]    Compiling bit-set v0.5.3
[INFO] [stderr]    Compiling raw-window-handle v0.4.3
[INFO] [stderr]    Compiling tinyvec v1.6.0
[INFO] [stderr]    Compiling indexmap v2.2.6
[INFO] [stderr]    Compiling tracing v0.1.40
[INFO] [stderr]    Compiling parking_lot v0.11.2
[INFO] [stderr]    Compiling wayland-protocols v0.29.5
[INFO] [stderr]    Compiling spirv v0.2.0+1.5.4
[INFO] [stderr]    Compiling gpu-descriptor-types v0.1.2
[INFO] [stderr]    Compiling gpu-alloc-types v0.2.0
[INFO] [stderr]    Compiling try-lock v0.2.5
[INFO] [stderr]    Compiling cfg_aliases v0.1.1
[INFO] [stderr]    Compiling hexf-parse v0.2.1
[INFO] [stderr]    Compiling ryu v1.0.18
[INFO] [stderr]    Compiling tokio-macros v2.2.0
[INFO] [stderr]    Compiling thiserror-impl v1.0.61
[INFO] [stderr]    Compiling openssl-macros v0.1.1
[INFO] [stderr]    Compiling serde_derive v1.0.203
[INFO] [stderr]    Compiling openssl-probe v0.1.5
[INFO] [stderr]    Compiling serde_json v1.0.117
[INFO] [stderr]    Compiling rustc-hash v1.1.0
[INFO] [stderr]    Compiling wgpu-core v0.12.2
[INFO] [stderr]    Compiling tokio v1.37.0
[INFO] [stderr]    Compiling want v0.3.1
[INFO] [stderr]    Compiling gpu-alloc v0.5.4
[INFO] [stderr]    Compiling rstar v0.9.3
[INFO] [stderr]    Compiling naga v0.8.5
[INFO] [stderr]    Compiling gpu-descriptor v0.2.4
[INFO] [stderr]    Compiling unicode-normalization v0.1.23
[INFO] [stderr]    Compiling form_urlencoded v1.2.1
[INFO] [stderr]    Compiling http-body v0.4.6
[INFO] [stderr]    Compiling futures-channel v0.3.30
[INFO] [stderr]    Compiling nix v0.22.3
[INFO] [stderr]    Compiling approx v0.5.1
[INFO] [stderr]    Compiling fxhash v0.2.1
[INFO] [stderr]    Compiling x11-dl v2.21.0
[INFO] [stderr]    Compiling smithay-client-toolkit v0.15.4
[INFO] [stderr]    Compiling wgpu-types v0.12.0
[INFO] [stderr]    Compiling tokio-util v0.7.11
[INFO] [stderr]    Compiling h2 v0.3.26
[INFO] [stderr]    Compiling unicode-bidi v0.3.15
[INFO] [stderr]    Compiling profiling v1.0.15
[INFO] [stderr]    Compiling tower-service v0.3.2
[INFO] [stderr]    Compiling arrayvec v0.7.4
[INFO] [stderr]    Compiling ieee754 v0.2.6
[INFO] [stderr]    Compiling inplace_it v0.3.5
[INFO] [stderr]    Compiling glow v0.11.2
[INFO] [stderr]    Compiling renderdoc-sys v0.7.1
[INFO] [stderr]    Compiling xcursor v0.3.5
[INFO] [stderr]    Compiling httpdate v1.0.3
[INFO] [stderr]    Compiling wayland-cursor v0.29.5
[INFO] [stderr]    Compiling accurate v0.3.1
[INFO] [stderr]    Compiling calloop v0.9.3
[INFO] [stderr]    Compiling idna v0.5.0
[INFO] [stderr]    Compiling hyper v0.14.28
[INFO] [stderr]    Compiling tokio-native-tls v0.3.1
[INFO] [stderr]    Compiling geo-types v0.7.13
[INFO] [stderr]    Compiling memmap2 v0.3.1
[INFO] [stderr]    Compiling approx v0.3.2
[INFO] [stderr]    Compiling float_next_after v0.1.5
[INFO] [stderr]    Compiling winit v0.26.1
[INFO] [stderr]    Compiling copyless v0.1.5
[INFO] [stderr]    Compiling base64 v0.21.7
[INFO] [stderr]    Compiling geo-types v0.6.2
[INFO] [stderr]    Compiling rustls-pemfile v1.0.4
[INFO] [stderr]    Compiling url v2.5.0
[INFO] [stderr]    Compiling geographiclib-rs v0.2.4
[INFO] [stderr]    Compiling serde_urlencoded v0.7.1
[INFO] [stderr]    Compiling encoding_rs v0.8.34
[INFO] [stderr]    Compiling robust v0.1.2
[INFO] [stderr]    Compiling wgpu-hal v0.12.5
[INFO] [stderr]    Compiling mime v0.3.17
[INFO] [stderr]    Compiling sync_wrapper v0.1.2
[INFO] [stderr]    Compiling robust v0.2.3
[INFO] [stderr]    Compiling ipnet v2.9.0
[INFO] [stderr]    Compiling geo v0.22.1
[INFO] [stderr]    Compiling hyper-tls v0.5.0
[INFO] [stderr]    Compiling reqwest v0.11.27
[INFO] [stderr]    Compiling geo-booleanop v0.3.2
[INFO] [stderr]    Compiling geojson v0.23.0
[INFO] [stderr]    Compiling wgpu v0.12.0
[INFO] [stderr]    Compiling arcgis_rust v0.1.2 (/opt/rustwide/workdir)
[INFO] [stdout] warning: unused variable: `res`
[INFO] [stdout]   --> src/tasks/locator.rs:40:13
[INFO] [stdout]    |
[INFO] [stdout] 40 |         let res = client.get(&self.url)
[INFO] [stdout]    |             ^^^ help: if this is intentional, prefix it with an underscore: `_res`
[INFO] [stdout]    |
[INFO] [stdout]    = note: `#[warn(unused_variables)]` on by default
[INFO] [stdout] 
[INFO] [stdout] 
[INFO] [stdout] warning: field `window` is never read
[INFO] [stdout]   --> src/rendering/map_view.rs:18:5
[INFO] [stdout]    |
[INFO] [stdout] 17 | pub struct MapView {
[INFO] [stdout]    |            ------- field in this struct
[INFO] [stdout] 18 |     window: Window, // Window for rendering the map
[INFO] [stdout]    |     ^^^^^^
[INFO] [stdout]    |
[INFO] [stdout]    = note: `#[warn(dead_code)]` on by default
[INFO] [stdout] 
[INFO] [stdout] 
[INFO] [stdout] warning: unused variable: `res`
[INFO] [stdout]   --> src/tasks/locator.rs:40:13
[INFO] [stdout]    |
[INFO] [stdout] 40 |         let res = client.get(&self.url)
[INFO] [stdout]    |             ^^^ help: if this is intentional, prefix it with an underscore: `_res`
[INFO] [stdout]    |
[INFO] [stdout]    = note: `#[warn(unused_variables)]` on by default
[INFO] [stdout] 
[INFO] [stdout] 
[INFO] [stdout] warning: struct `Envelope` is never constructed
[INFO] [stdout]   --> src/core/geometry.rs:25:12
[INFO] [stdout]    |
[INFO] [stdout] 25 | pub struct Envelope {
[INFO] [stdout]    |            ^^^^^^^^
[INFO] [stdout]    |
[INFO] [stdout]    = note: `Envelope` has derived impls for the traits `Clone` and `Debug`, but these are intentionally ignored during dead code analysis
[INFO] [stdout]    = note: `#[warn(dead_code)]` on by default
[INFO] [stdout] 
[INFO] [stdout] 
[INFO] [stdout] warning: method `contains` is never used
[INFO] [stdout]   --> src/core/geometry.rs:42:12
[INFO] [stdout]    |
[INFO] [stdout] 32 | impl Envelope {
[INFO] [stdout]    | ------------- method in this implementation
[INFO] [stdout] ...
[INFO] [stdout] 42 |     pub fn contains(&self, point: &Point<f64>) -> bool {
[INFO] [stdout]    |            ^^^^^^^^
[INFO] [stdout] 
[INFO] [stdout] 
[INFO] [stdout] warning: function `intersection` is never used
[INFO] [stdout]   --> src/core/geometry.rs:84:8
[INFO] [stdout]    |
[INFO] [stdout] 84 | pub fn intersection(poly1: &Polygon<f64>, poly2: &Polygon<f64>) -> MultiPolygon<f64> {
[INFO] [stdout]    |        ^^^^^^^^^^^^
[INFO] [stdout] 
[INFO] [stdout] 
[INFO] [stdout] warning: function `union` is never used
[INFO] [stdout]    --> src/core/geometry.rs:124:8
[INFO] [stdout]     |
[INFO] [stdout] 124 | pub fn union(poly1: &Polygon<f64>, poly2: &Polygon<f64>) -> MultiPolygon<f64> {
[INFO] [stdout]     |        ^^^^^
[INFO] [stdout] 
[INFO] [stdout] 
[INFO] [stdout] warning: function `buffer` is never used
[INFO] [stdout]    --> src/core/geometry.rs:154:8
[INFO] [stdout]     |
[INFO] [stdout] 154 | pub fn buffer(line: &LineString<f64>, distance: f64) -> Polygon<f64> {
[INFO] [stdout]     |        ^^^^^^
[INFO] [stdout] 
[INFO] [stdout] 
[INFO] [stdout] warning: fields `geometry` and `attributes` are never read
[INFO] [stdout]   --> src/data/feature.rs:9:9
[INFO] [stdout]    |
[INFO] [stdout] 7  | pub struct Feature {
[INFO] [stdout]    |            ------- fields in this struct
[INFO] [stdout] 8  |     /// Geometry of the feature.
[INFO] [stdout] 9  |     pub geometry: Geometry<f64>,
[INFO] [stdout]    |         ^^^^^^^^
[INFO] [stdout] 10 |     /// Attributes of the feature.
[INFO] [stdout] 11 |     pub attributes: HashMap<String, String>,
[INFO] [stdout]    |         ^^^^^^^^^^
[INFO] [stdout]    |
[INFO] [stdout]    = note: `Feature` has derived impls for the traits `Clone` and `Debug`, but these are intentionally ignored during dead code analysis
[INFO] [stdout] 
[INFO] [stdout] 
[INFO] [stdout] warning: method `query` is never used
[INFO] [stdout]   --> src/data/feature.rs:53:12
[INFO] [stdout]    |
[INFO] [stdout] 20 | impl FeatureLayer {
[INFO] [stdout]    | ----------------- method in this implementation
[INFO] [stdout] ...
[INFO] [stdout] 53 |     pub fn query(&self, envelope: &Envelope) -> Vec<&Feature> {
[INFO] [stdout]    |            ^^^^^
[INFO] [stdout] 
[INFO] [stdout] 
[INFO] [stdout] warning: struct `MapView` is never constructed
[INFO] [stdout]   --> src/rendering/map_view.rs:17:12
[INFO] [stdout]    |
[INFO] [stdout] 17 | pub struct MapView {
[INFO] [stdout]    |            ^^^^^^^
[INFO] [stdout] 
[INFO] [stdout] 
[INFO] [stdout] warning: associated items `new`, `add_layer`, and `render` are never used
[INFO] [stdout]   --> src/rendering/map_view.rs:32:12
[INFO] [stdout]    |
[INFO] [stdout] 22 | impl MapView {
[INFO] [stdout]    | ------------ associated items in this implementation
[INFO] [stdout] ...
[INFO] [stdout] 32 |     pub fn new(event_loop: &EventLoop<()>) -> Self {
[INFO] [stdout]    |            ^^^
[INFO] [stdout] ...
[INFO] [stdout] 42 |     pub fn add_layer(&mut self, layer: Box<dyn Layer>) {
[INFO] [stdout]    |            ^^^^^^^^^
[INFO] [stdout] ...
[INFO] [stdout] 47 |     pub fn render(&self) {
[INFO] [stdout]    |            ^^^^^^
[INFO] [stdout] 
[INFO] [stdout] 
[INFO] [stdout] warning: method `render` is never used
[INFO] [stdout]   --> src/rendering/map_view.rs:56:8
[INFO] [stdout]    |
[INFO] [stdout] 55 | pub trait Layer {
[INFO] [stdout]    |           ----- method in this trait
[INFO] [stdout] 56 |     fn render(&self);
[INFO] [stdout]    |        ^^^^^^
[INFO] [stdout] 
[INFO] [stdout] 
[INFO] [stdout] warning: struct `LocatorTask` is never constructed
[INFO] [stdout]   --> src/tasks/locator.rs:24:12
[INFO] [stdout]    |
[INFO] [stdout] 24 | pub struct LocatorTask {
[INFO] [stdout]    |            ^^^^^^^^^^^
[INFO] [stdout] 
[INFO] [stdout] 
[INFO] [stdout] warning: method `geocode` is never used
[INFO] [stdout]   --> src/tasks/locator.rs:38:18
[INFO] [stdout]    |
[INFO] [stdout] 28 | impl LocatorTask {
[INFO] [stdout]    | ---------------- method in this implementation
[INFO] [stdout] ...
[INFO] [stdout] 38 |     pub async fn geocode(&self, address: &str) -> Result<Point<f64>, Error> {
[INFO] [stdout]    |                  ^^^^^^^
[INFO] [stdout] 
[INFO] [stdout] 
[INFO] [stderr]     Finished `dev` profile [unoptimized + debuginfo] target(s) in 4m 08s
[INFO] running `Command { std: "docker" "inspect" "241e768d25a9cd34ab61303a2d6583cf29c443746e3d99ada9ac5aa942b064c6", kill_on_drop: false }`
[INFO] running `Command { std: "docker" "rm" "-f" "241e768d25a9cd34ab61303a2d6583cf29c443746e3d99ada9ac5aa942b064c6", kill_on_drop: false }`
[INFO] [stdout] 241e768d25a9cd34ab61303a2d6583cf29c443746e3d99ada9ac5aa942b064c6
[INFO] running `Command { std: "docker" "create" "-v" "/var/lib/crater-agent-workspace/builds/worker-0-tc1/target:/opt/rustwide/target:rw,Z" "-v" "/var/lib/crater-agent-workspace/builds/worker-0-tc1/source:/opt/rustwide/workdir:ro,Z" "-v" "/var/lib/crater-agent-workspace/cargo-home:/opt/rustwide/cargo-home:ro,Z" "-v" "/var/lib/crater-agent-workspace/rustup-home:/opt/rustwide/rustup-home:ro,Z" "-e" "SOURCE_DIR=/opt/rustwide/workdir" "-e" "CARGO_TARGET_DIR=/opt/rustwide/target" "-e" "CARGO_INCREMENTAL=0" "-e" "RUST_BACKTRACE=full" "-e" "RUSTFLAGS=--cap-lints=warn" "-e" "RUSTDOCFLAGS=--cap-lints=warn" "-e" "CARGO_HOME=/opt/rustwide/cargo-home" "-e" "RUSTUP_HOME=/opt/rustwide/rustup-home" "-w" "/opt/rustwide/workdir" "-m" "1610612736" "--user" "0:0" "--network" "none" "ghcr.io/rust-lang/crates-build-env/linux@sha256:f3a9d4ad9d972b27faf3965f35b62e55ba32bbce8f20bc8fe909558a86702fde" "/opt/rustwide/cargo-home/bin/cargo" "+1.83.0" "test" "--frozen" "--no-run" "--message-format=json", kill_on_drop: false }`
[INFO] [stdout] cc01ded4cda6507ec79d546d592052e8271b22e034f9845bde41cb695aaa69d9
[INFO] running `Command { std: "docker" "start" "-a" "cc01ded4cda6507ec79d546d592052e8271b22e034f9845bde41cb695aaa69d9", kill_on_drop: false }`
[INFO] [stderr]    Compiling assert_approx_eq v1.1.0
[INFO] [stdout] warning: unused variable: `res`
[INFO] [stdout]   --> src/tasks/locator.rs:40:13
[INFO] [stdout]    |
[INFO] [stdout] 40 |         let res = client.get(&self.url)
[INFO] [stdout]    |             ^^^ help: if this is intentional, prefix it with an underscore: `_res`
[INFO] [stdout]    |
[INFO] [stdout]    = note: `#[warn(unused_variables)]` on by default
[INFO] [stdout] 
[INFO] [stdout] 
[INFO] [stdout] warning: field `window` is never read
[INFO] [stdout]   --> src/rendering/map_view.rs:18:5
[INFO] [stdout]    |
[INFO] [stdout] 17 | pub struct MapView {
[INFO] [stdout]    |            ------- field in this struct
[INFO] [stdout] 18 |     window: Window, // Window for rendering the map
[INFO] [stdout]    |     ^^^^^^
[INFO] [stdout]    |
[INFO] [stdout]    = note: `#[warn(dead_code)]` on by default
[INFO] [stdout] 
[INFO] [stdout] 
[INFO] [stdout] warning: unused variable: `res`
[INFO] [stdout]   --> src/tasks/locator.rs:40:13
[INFO] [stdout]    |
[INFO] [stdout] 40 |         let res = client.get(&self.url)
[INFO] [stdout]    |             ^^^ help: if this is intentional, prefix it with an underscore: `_res`
[INFO] [stdout]    |
[INFO] [stdout]    = note: `#[warn(unused_variables)]` on by default
[INFO] [stdout] 
[INFO] [stdout] 
[INFO] [stdout] warning: struct `Envelope` is never constructed
[INFO] [stdout]   --> src/core/geometry.rs:25:12
[INFO] [stdout]    |
[INFO] [stdout] 25 | pub struct Envelope {
[INFO] [stdout]    |            ^^^^^^^^
[INFO] [stdout]    |
[INFO] [stdout]    = note: `Envelope` has derived impls for the traits `Clone` and `Debug`, but these are intentionally ignored during dead code analysis
[INFO] [stdout]    = note: `#[warn(dead_code)]` on by default
[INFO] [stdout] 
[INFO] [stdout] 
[INFO] [stdout] warning: method `contains` is never used
[INFO] [stdout]   --> src/core/geometry.rs:42:12
[INFO] [stdout]    |
[INFO] [stdout] 32 | impl Envelope {
[INFO] [stdout]    | ------------- method in this implementation
[INFO] [stdout] ...
[INFO] [stdout] 42 |     pub fn contains(&self, point: &Point<f64>) -> bool {
[INFO] [stdout]    |            ^^^^^^^^
[INFO] [stdout] 
[INFO] [stdout] 
[INFO] [stdout] warning: function `intersection` is never used
[INFO] [stdout]   --> src/core/geometry.rs:84:8
[INFO] [stdout]    |
[INFO] [stdout] 84 | pub fn intersection(poly1: &Polygon<f64>, poly2: &Polygon<f64>) -> MultiPolygon<f64> {
[INFO] [stdout]    |        ^^^^^^^^^^^^
[INFO] [stdout] 
[INFO] [stdout] 
[INFO] [stdout] warning: function `union` is never used
[INFO] [stdout]    --> src/core/geometry.rs:124:8
[INFO] [stdout]     |
[INFO] [stdout] 124 | pub fn union(poly1: &Polygon<f64>, poly2: &Polygon<f64>) -> MultiPolygon<f64> {
[INFO] [stdout]     |        ^^^^^
[INFO] [stdout] 
[INFO] [stdout] 
[INFO] [stdout] warning: function `buffer` is never used
[INFO] [stdout]    --> src/core/geometry.rs:154:8
[INFO] [stdout]     |
[INFO] [stdout] 154 | pub fn buffer(line: &LineString<f64>, distance: f64) -> Polygon<f64> {
[INFO] [stdout]     |        ^^^^^^
[INFO] [stdout] 
[INFO] [stdout] 
[INFO] [stdout] warning: fields `geometry` and `attributes` are never read
[INFO] [stdout]   --> src/data/feature.rs:9:9
[INFO] [stdout]    |
[INFO] [stdout] 7  | pub struct Feature {
[INFO] [stdout]    |            ------- fields in this struct
[INFO] [stdout] 8  |     /// Geometry of the feature.
[INFO] [stdout] 9  |     pub geometry: Geometry<f64>,
[INFO] [stdout]    |         ^^^^^^^^
[INFO] [stdout] 10 |     /// Attributes of the feature.
[INFO] [stdout] 11 |     pub attributes: HashMap<String, String>,
[INFO] [stdout]    |         ^^^^^^^^^^
[INFO] [stdout]    |
[INFO] [stdout]    = note: `Feature` has derived impls for the traits `Clone` and `Debug`, but these are intentionally ignored during dead code analysis
[INFO] [stdout] 
[INFO] [stdout] 
[INFO] [stdout] warning: method `query` is never used
[INFO] [stdout]   --> src/data/feature.rs:53:12
[INFO] [stdout]    |
[INFO] [stdout] 20 | impl FeatureLayer {
[INFO] [stdout]    | ----------------- method in this implementation
[INFO] [stdout] ...
[INFO] [stdout] 53 |     pub fn query(&self, envelope: &Envelope) -> Vec<&Feature> {
[INFO] [stdout]    |            ^^^^^
[INFO] [stdout] 
[INFO] [stdout] 
[INFO] [stdout] warning: struct `MapView` is never constructed
[INFO] [stdout]   --> src/rendering/map_view.rs:17:12
[INFO] [stdout]    |
[INFO] [stdout] 17 | pub struct MapView {
[INFO] [stdout]    |            ^^^^^^^
[INFO] [stdout] 
[INFO] [stdout] 
[INFO] [stdout] warning: associated items `new`, `add_layer`, and `render` are never used
[INFO] [stdout]   --> src/rendering/map_view.rs:32:12
[INFO] [stdout]    |
[INFO] [stdout] 22 | impl MapView {
[INFO] [stdout]    | ------------ associated items in this implementation
[INFO] [stdout] ...
[INFO] [stdout] 32 |     pub fn new(event_loop: &EventLoop<()>) -> Self {
[INFO] [stdout]    |            ^^^
[INFO] [stdout] ...
[INFO] [stdout] 42 |     pub fn add_layer(&mut self, layer: Box<dyn Layer>) {
[INFO] [stdout]    |            ^^^^^^^^^
[INFO] [stdout] ...
[INFO] [stdout] 47 |     pub fn render(&self) {
[INFO] [stdout]    |            ^^^^^^
[INFO] [stdout] 
[INFO] [stdout] 
[INFO] [stdout] warning: method `render` is never used
[INFO] [stdout]   --> src/rendering/map_view.rs:56:8
[INFO] [stdout]    |
[INFO] [stdout] 55 | pub trait Layer {
[INFO] [stdout]    |           ----- method in this trait
[INFO] [stdout] 56 |     fn render(&self);
[INFO] [stdout]    |        ^^^^^^
[INFO] [stdout] 
[INFO] [stdout] 
[INFO] [stdout] warning: struct `LocatorTask` is never constructed
[INFO] [stdout]   --> src/tasks/locator.rs:24:12
[INFO] [stdout]    |
[INFO] [stdout] 24 | pub struct LocatorTask {
[INFO] [stdout]    |            ^^^^^^^^^^^
[INFO] [stdout] 
[INFO] [stdout] 
[INFO] [stdout] warning: method `geocode` is never used
[INFO] [stdout]   --> src/tasks/locator.rs:38:18
[INFO] [stdout]    |
[INFO] [stdout] 28 | impl LocatorTask {
[INFO] [stdout]    | ---------------- method in this implementation
[INFO] [stdout] ...
[INFO] [stdout] 38 |     pub async fn geocode(&self, address: &str) -> Result<Point<f64>, Error> {
[INFO] [stdout]    |                  ^^^^^^^
[INFO] [stdout] 
[INFO] [stdout] 
[INFO] [stderr]    Compiling arcgis_rust v0.1.2 (/opt/rustwide/workdir)
[INFO] [stdout] warning: unused import: `std::collections::HashSet`
[INFO] [stdout]  --> tests/core_tests.rs:4:5
[INFO] [stdout]   |
[INFO] [stdout] 4 | use std::collections::HashSet;
[INFO] [stdout]   |     ^^^^^^^^^^^^^^^^^^^^^^^^^
[INFO] [stdout]   |
[INFO] [stdout]   = note: `#[warn(unused_imports)]` on by default
[INFO] [stdout] 
[INFO] [stdout] 
[INFO] [stdout] warning: unused variable: `res`
[INFO] [stdout]   --> src/tasks/locator.rs:40:13
[INFO] [stdout]    |
[INFO] [stdout] 40 |         let res = client.get(&self.url)
[INFO] [stdout]    |             ^^^ help: if this is intentional, prefix it with an underscore: `_res`
[INFO] [stdout]    |
[INFO] [stdout]    = note: `#[warn(unused_variables)]` on by default
[INFO] [stdout] 
[INFO] [stdout] 
[INFO] [stdout] warning: unused variable: `res`
[INFO] [stdout]   --> src/tasks/locator.rs:40:13
[INFO] [stdout]    |
[INFO] [stdout] 40 |         let res = client.get(&self.url)
[INFO] [stdout]    |             ^^^ help: if this is intentional, prefix it with an underscore: `_res`
[INFO] [stdout]    |
[INFO] [stdout]    = note: `#[warn(unused_variables)]` on by default
[INFO] [stdout] 
[INFO] [stdout] 
[INFO] [stdout] warning: struct `Envelope` is never constructed
[INFO] [stdout]   --> src/core/geometry.rs:25:12
[INFO] [stdout]    |
[INFO] [stdout] 25 | pub struct Envelope {
[INFO] [stdout]    |            ^^^^^^^^
[INFO] [stdout]    |
[INFO] [stdout]    = note: `Envelope` has derived impls for the traits `Clone` and `Debug`, but these are intentionally ignored during dead code analysis
[INFO] [stdout]    = note: `#[warn(dead_code)]` on by default
[INFO] [stdout] 
[INFO] [stdout] 
[INFO] [stdout] warning: method `contains` is never used
[INFO] [stdout]   --> src/core/geometry.rs:42:12
[INFO] [stdout]    |
[INFO] [stdout] 32 | impl Envelope {
[INFO] [stdout]    | ------------- method in this implementation
[INFO] [stdout] ...
[INFO] [stdout] 42 |     pub fn contains(&self, point: &Point<f64>) -> bool {
[INFO] [stdout]    |            ^^^^^^^^
[INFO] [stdout] 
[INFO] [stdout] 
[INFO] [stdout] warning: function `intersection` is never used
[INFO] [stdout]   --> src/core/geometry.rs:84:8
[INFO] [stdout]    |
[INFO] [stdout] 84 | pub fn intersection(poly1: &Polygon<f64>, poly2: &Polygon<f64>) -> MultiPolygon<f64> {
[INFO] [stdout]    |        ^^^^^^^^^^^^
[INFO] [stdout] 
[INFO] [stdout] 
[INFO] [stdout] warning: function `union` is never used
[INFO] [stdout]    --> src/core/geometry.rs:124:8
[INFO] [stdout]     |
[INFO] [stdout] 124 | pub fn union(poly1: &Polygon<f64>, poly2: &Polygon<f64>) -> MultiPolygon<f64> {
[INFO] [stdout]     |        ^^^^^
[INFO] [stdout] 
[INFO] [stdout] 
[INFO] [stdout] warning: function `buffer` is never used
[INFO] [stdout]    --> src/core/geometry.rs:154:8
[INFO] [stdout]     |
[INFO] [stdout] 154 | pub fn buffer(line: &LineString<f64>, distance: f64) -> Polygon<f64> {
[INFO] [stdout]     |        ^^^^^^
[INFO] [stdout] 
[INFO] [stdout] 
[INFO] [stdout] warning: fields `geometry` and `attributes` are never read
[INFO] [stdout]   --> src/data/feature.rs:9:9
[INFO] [stdout]    |
[INFO] [stdout] 7  | pub struct Feature {
[INFO] [stdout]    |            ------- fields in this struct
[INFO] [stdout] 8  |     /// Geometry of the feature.
[INFO] [stdout] 9  |     pub geometry: Geometry<f64>,
[INFO] [stdout]    |         ^^^^^^^^
[INFO] [stdout] 10 |     /// Attributes of the feature.
[INFO] [stdout] 11 |     pub attributes: HashMap<String, String>,
[INFO] [stdout]    |         ^^^^^^^^^^
[INFO] [stdout]    |
[INFO] [stdout]    = note: `Feature` has derived impls for the traits `Clone` and `Debug`, but these are intentionally ignored during dead code analysis
[INFO] [stdout] 
[INFO] [stdout] 
[INFO] [stdout] warning: method `query` is never used
[INFO] [stdout]   --> src/data/feature.rs:53:12
[INFO] [stdout]    |
[INFO] [stdout] 20 | impl FeatureLayer {
[INFO] [stdout]    | ----------------- method in this implementation
[INFO] [stdout] ...
[INFO] [stdout] 53 |     pub fn query(&self, envelope: &Envelope) -> Vec<&Feature> {
[INFO] [stdout]    |            ^^^^^
[INFO] [stdout] 
[INFO] [stdout] 
[INFO] [stdout] warning: struct `MapView` is never constructed
[INFO] [stdout]   --> src/rendering/map_view.rs:17:12
[INFO] [stdout]    |
[INFO] [stdout] 17 | pub struct MapView {
[INFO] [stdout]    |            ^^^^^^^
[INFO] [stdout] 
[INFO] [stdout] 
[INFO] [stdout] warning: associated items `new`, `add_layer`, and `render` are never used
[INFO] [stdout]   --> src/rendering/map_view.rs:32:12
[INFO] [stdout]    |
[INFO] [stdout] 22 | impl MapView {
[INFO] [stdout]    | ------------ associated items in this implementation
[INFO] [stdout] ...
[INFO] [stdout] 32 |     pub fn new(event_loop: &EventLoop<()>) -> Self {
[INFO] [stdout]    |            ^^^
[INFO] [stdout] ...
[INFO] [stdout] 42 |     pub fn add_layer(&mut self, layer: Box<dyn Layer>) {
[INFO] [stdout]    |            ^^^^^^^^^
[INFO] [stdout] ...
[INFO] [stdout] 47 |     pub fn render(&self) {
[INFO] [stdout]    |            ^^^^^^
[INFO] [stdout] 
[INFO] [stdout] 
[INFO] [stdout] warning: method `render` is never used
[INFO] [stdout]   --> src/rendering/map_view.rs:56:8
[INFO] [stdout]    |
[INFO] [stdout] 55 | pub trait Layer {
[INFO] [stdout]    |           ----- method in this trait
[INFO] [stdout] 56 |     fn render(&self);
[INFO] [stdout]    |        ^^^^^^
[INFO] [stdout] 
[INFO] [stdout] 
[INFO] [stdout] warning: struct `LocatorTask` is never constructed
[INFO] [stdout]   --> src/tasks/locator.rs:24:12
[INFO] [stdout]    |
[INFO] [stdout] 24 | pub struct LocatorTask {
[INFO] [stdout]    |            ^^^^^^^^^^^
[INFO] [stdout] 
[INFO] [stdout] 
[INFO] [stdout] warning: method `geocode` is never used
[INFO] [stdout]   --> src/tasks/locator.rs:38:18
[INFO] [stdout]    |
[INFO] [stdout] 28 | impl LocatorTask {
[INFO] [stdout]    | ---------------- method in this implementation
[INFO] [stdout] ...
[INFO] [stdout] 38 |     pub async fn geocode(&self, address: &str) -> Result<Point<f64>, Error> {
[INFO] [stdout]    |                  ^^^^^^^
[INFO] [stdout] 
[INFO] [stdout] 
[INFO] [stdout] warning: field `window` is never read
[INFO] [stdout]   --> src/rendering/map_view.rs:18:5
[INFO] [stdout]    |
[INFO] [stdout] 17 | pub struct MapView {
[INFO] [stdout]    |            ------- field in this struct
[INFO] [stdout] 18 |     window: Window, // Window for rendering the map
[INFO] [stdout]    |     ^^^^^^
[INFO] [stdout]    |
[INFO] [stdout]    = note: `#[warn(dead_code)]` on by default
[INFO] [stdout] 
[INFO] [stdout] 
[INFO] [stderr]     Finished `test` profile [unoptimized + debuginfo] target(s) in 12.85s
[INFO] running `Command { std: "docker" "inspect" "cc01ded4cda6507ec79d546d592052e8271b22e034f9845bde41cb695aaa69d9", kill_on_drop: false }`
[INFO] running `Command { std: "docker" "rm" "-f" "cc01ded4cda6507ec79d546d592052e8271b22e034f9845bde41cb695aaa69d9", kill_on_drop: false }`
[INFO] [stdout] cc01ded4cda6507ec79d546d592052e8271b22e034f9845bde41cb695aaa69d9
[INFO] running `Command { std: "docker" "create" "-v" "/var/lib/crater-agent-workspace/builds/worker-0-tc1/target:/opt/rustwide/target:rw,Z" "-v" "/var/lib/crater-agent-workspace/builds/worker-0-tc1/source:/opt/rustwide/workdir:ro,Z" "-v" "/var/lib/crater-agent-workspace/cargo-home:/opt/rustwide/cargo-home:ro,Z" "-v" "/var/lib/crater-agent-workspace/rustup-home:/opt/rustwide/rustup-home:ro,Z" "-e" "SOURCE_DIR=/opt/rustwide/workdir" "-e" "CARGO_TARGET_DIR=/opt/rustwide/target" "-e" "CARGO_INCREMENTAL=0" "-e" "RUST_BACKTRACE=full" "-e" "RUSTFLAGS=--cap-lints=warn" "-e" "RUSTDOCFLAGS=--cap-lints=warn" "-e" "CARGO_HOME=/opt/rustwide/cargo-home" "-e" "RUSTUP_HOME=/opt/rustwide/rustup-home" "-w" "/opt/rustwide/workdir" "-m" "1610612736" "--user" "0:0" "--network" "none" "ghcr.io/rust-lang/crates-build-env/linux@sha256:f3a9d4ad9d972b27faf3965f35b62e55ba32bbce8f20bc8fe909558a86702fde" "/opt/rustwide/cargo-home/bin/cargo" "+1.83.0" "test" "--frozen", kill_on_drop: false }`
[INFO] [stdout] 5ee004d275e66f0a24e6913b09fb528a6132d0b626b757cc987bf4e71a6cf64a
[INFO] running `Command { std: "docker" "start" "-a" "5ee004d275e66f0a24e6913b09fb528a6132d0b626b757cc987bf4e71a6cf64a", kill_on_drop: false }`
[INFO] [stderr] warning: unused variable: `res`
[INFO] [stderr]   --> src/tasks/locator.rs:40:13
[INFO] [stderr]    |
[INFO] [stderr] 40 |         let res = client.get(&self.url)
[INFO] [stderr]    |             ^^^ help: if this is intentional, prefix it with an underscore: `_res`
[INFO] [stderr]    |
[INFO] [stderr]    = note: `#[warn(unused_variables)]` on by default
[INFO] [stderr] 
[INFO] [stderr] warning: field `window` is never read
[INFO] [stderr]   --> src/rendering/map_view.rs:18:5
[INFO] [stderr]    |
[INFO] [stderr] 17 | pub struct MapView {
[INFO] [stderr]    |            ------- field in this struct
[INFO] [stderr] 18 |     window: Window, // Window for rendering the map
[INFO] [stderr]    |     ^^^^^^
[INFO] [stderr]    |
[INFO] [stderr]    = note: `#[warn(dead_code)]` on by default
[INFO] [stderr] 
[INFO] [stderr] warning: `arcgis_rust` (lib) generated 2 warnings
[INFO] [stderr] warning: `arcgis_rust` (lib test) generated 2 warnings (2 duplicates)
[INFO] [stderr] warning: unused import: `std::collections::HashSet`
[INFO] [stderr]  --> tests/core_tests.rs:4:5
[INFO] [stderr]   |
[INFO] [stderr] 4 | use std::collections::HashSet;
[INFO] [stderr]   |     ^^^^^^^^^^^^^^^^^^^^^^^^^
[INFO] [stderr]   |
[INFO] [stderr]   = note: `#[warn(unused_imports)]` on by default
[INFO] [stderr] 
[INFO] [stderr] warning: struct `Envelope` is never constructed
[INFO] [stderr]   --> src/core/geometry.rs:25:12
[INFO] [stderr]    |
[INFO] [stderr] 25 | pub struct Envelope {
[INFO] [stderr]    |            ^^^^^^^^
[INFO] [stderr]    |
[INFO] [stderr]    = note: `Envelope` has derived impls for the traits `Clone` and `Debug`, but these are intentionally ignored during dead code analysis
[INFO] [stderr]    = note: `#[warn(dead_code)]` on by default
[INFO] [stderr] 
[INFO] [stderr] warning: method `contains` is never used
[INFO] [stderr]   --> src/core/geometry.rs:42:12
[INFO] [stderr]    |
[INFO] [stderr] 32 | impl Envelope {
[INFO] [stderr]    | ------------- method in this implementation
[INFO] [stderr] ...
[INFO] [stderr] 42 |     pub fn contains(&self, point: &Point<f64>) -> bool {
[INFO] [stderr]    |            ^^^^^^^^
[INFO] [stderr] 
[INFO] [stderr] warning: function `intersection` is never used
[INFO] [stderr]   --> src/core/geometry.rs:84:8
[INFO] [stderr]    |
[INFO] [stderr] 84 | pub fn intersection(poly1: &Polygon<f64>, poly2: &Polygon<f64>) -> MultiPolygon<f64> {
[INFO] [stderr]    |        ^^^^^^^^^^^^
[INFO] [stderr] 
[INFO] [stderr] warning: function `union` is never used
[INFO] [stderr]    --> src/core/geometry.rs:124:8
[INFO] [stderr]     |
[INFO] [stderr] 124 | pub fn union(poly1: &Polygon<f64>, poly2: &Polygon<f64>) -> MultiPolygon<f64> {
[INFO] [stderr]     |        ^^^^^
[INFO] [stderr] 
[INFO] [stderr] warning: function `buffer` is never used
[INFO] [stderr]    --> src/core/geometry.rs:154:8
[INFO] [stderr]     |
[INFO] [stderr] 154 | pub fn buffer(line: &LineString<f64>, distance: f64) -> Polygon<f64> {
[INFO] [stderr]     |        ^^^^^^
[INFO] [stderr] 
[INFO] [stderr] warning: fields `geometry` and `attributes` are never read
[INFO] [stderr]   --> src/data/feature.rs:9:9
[INFO] [stderr]    |
[INFO] [stderr] 7  | pub struct Feature {
[INFO] [stderr]    |            ------- fields in this struct
[INFO] [stderr] 8  |     /// Geometry of the feature.
[INFO] [stderr] 9  |     pub geometry: Geometry<f64>,
[INFO] [stderr]    |         ^^^^^^^^
[INFO] [stderr] 10 |     /// Attributes of the feature.
[INFO] [stderr] 11 |     pub attributes: HashMap<String, String>,
[INFO] [stderr]    |         ^^^^^^^^^^
[INFO] [stderr]    |
[INFO] [stderr]    = note: `Feature` has derived impls for the traits `Clone` and `Debug`, but these are intentionally ignored during dead code analysis
[INFO] [stderr] 
[INFO] [stderr] warning: method `query` is never used
[INFO] [stderr]   --> src/data/feature.rs:53:12
[INFO] [stderr]    |
[INFO] [stderr] 20 | impl FeatureLayer {
[INFO] [stderr]    | ----------------- method in this implementation
[INFO] [stderr] ...
[INFO] [stderr] 53 |     pub fn query(&self, envelope: &Envelope) -> Vec<&Feature> {
[INFO] [stderr]    |            ^^^^^
[INFO] [stderr] 
[INFO] [stderr] warning: struct `MapView` is never constructed
[INFO] [stderr]   --> src/rendering/map_view.rs:17:12
[INFO] [stderr]    |
[INFO] [stderr] 17 | pub struct MapView {
[INFO] [stderr]    |            ^^^^^^^
[INFO] [stderr] 
[INFO] [stderr] warning: associated items `new`, `add_layer`, and `render` are never used
[INFO] [stderr]   --> src/rendering/map_view.rs:32:12
[INFO] [stderr]    |
[INFO] [stderr] 22 | impl MapView {
[INFO] [stderr]    | ------------ associated items in this implementation
[INFO] [stderr] ...
[INFO] [stderr] 32 |     pub fn new(event_loop: &EventLoop<()>) -> Self {
[INFO] [stderr]    |            ^^^
[INFO] [stderr] ...
[INFO] [stderr] 42 |     pub fn add_layer(&mut self, layer: Box<dyn Layer>) {
[INFO] [stderr]    |            ^^^^^^^^^
[INFO] [stderr] ...
[INFO] [stderr] 47 |     pub fn render(&self) {
[INFO] [stderr]    |            ^^^^^^
[INFO] [stderr] 
[INFO] [stderr] warning: method `render` is never used
[INFO] [stderr]   --> src/rendering/map_view.rs:56:8
[INFO] [stderr]    |
[INFO] [stderr] 55 | pub trait Layer {
[INFO] [stderr]    |           ----- method in this trait
[INFO] [stderr] 56 |     fn render(&self);
[INFO] [stderr]    |        ^^^^^^
[INFO] [stderr] 
[INFO] [stderr] warning: struct `LocatorTask` is never constructed
[INFO] [stderr]   --> src/tasks/locator.rs:24:12
[INFO] [stderr]    |
[INFO] [stderr] 24 | pub struct LocatorTask {
[INFO] [stderr]    |            ^^^^^^^^^^^
[INFO] [stderr] 
[INFO] [stderr] warning: method `geocode` is never used
[INFO] [stderr]   --> src/tasks/locator.rs:38:18
[INFO] [stderr]    |
[INFO] [stderr] 28 | impl LocatorTask {
[INFO] [stderr]    | ---------------- method in this implementation
[INFO] [stderr] ...
[INFO] [stderr] 38 |     pub async fn geocode(&self, address: &str) -> Result<Point<f64>, Error> {
[INFO] [stderr]    |                  ^^^^^^^
[INFO] [stderr] 
[INFO] [stderr] warning: `arcgis_rust` (test "core_tests") generated 1 warning (run `cargo fix --test "core_tests"` to apply 1 suggestion)
[INFO] [stderr] warning: `arcgis_rust` (bin "arcgis_rust" test) generated 13 warnings (1 duplicate)
[INFO] [stderr] warning: `arcgis_rust` (bin "arcgis_rust") generated 13 warnings (13 duplicates)
[INFO] [stderr]     Finished `test` profile [unoptimized + debuginfo] target(s) in 0.57s
[INFO] [stderr]      Running unittests src/lib.rs (/opt/rustwide/target/debug/deps/arcgis_rust-34cbbea62874e1af)
[INFO] [stdout] 
[INFO] [stderr]      Running unittests src/main.rs (/opt/rustwide/target/debug/deps/arcgis_rust-579dd367c7914c8b)
[INFO] [stdout] running 0 tests
[INFO] [stdout] 
[INFO] [stdout] test result: ok. 0 passed; 0 failed; 0 ignored; 0 measured; 0 filtered out; finished in 0.00s
[INFO] [stdout] 
[INFO] [stdout] 
[INFO] [stdout] running 0 tests
[INFO] [stdout] 
[INFO] [stdout] test result: ok. 0 passed; 0 failed; 0 ignored; 0 measured; 0 filtered out; finished in 0.00s
[INFO] [stdout] 
[INFO] [stderr]      Running tests/core_tests.rs (/opt/rustwide/target/debug/deps/core_tests-bc68359fd0eadc81)
[INFO] [stdout] 
[INFO] [stdout] running 5 tests
[INFO] [stdout] test test_intersection ... ok
[INFO] [stderr]      Running tests/data_tests.rs (/opt/rustwide/target/debug/deps/data_tests-a7d9839c35810656)
[INFO] [stdout] test test_point_creation ... ok
[INFO] [stdout] test test_union ... ok
[INFO] [stdout] test test_buffer ... ok
[INFO] [stdout] test test_envelope_contains ... ok
[INFO] [stdout] 
[INFO] [stdout] test result: ok. 5 passed; 0 failed; 0 ignored; 0 measured; 0 filtered out; finished in 0.02s
[INFO] [stdout] 
[INFO] [stdout] 
[INFO] [stdout] running 1 test
[INFO] [stdout] test test_feature_layer_query ... ok
[INFO] [stdout] 
[INFO] [stdout] test result: ok. 1 passed; 0 failed; 0 ignored; 0 measured; 0 filtered out; finished in 0.01s
[INFO] [stdout] 
[INFO] [stderr]      Running tests/rendering_tests.rs (/opt/rustwide/target/debug/deps/rendering_tests-41c32d8a22b9473a)
[INFO] [stdout] 
[INFO] [stderr]      Running tests/tasks_tests.rs (/opt/rustwide/target/debug/deps/tasks_tests-545d2657cc6cd85c)
[INFO] [stdout] running 0 tests
[INFO] [stdout] 
[INFO] [stdout] test result: ok. 0 passed; 0 failed; 0 ignored; 0 measured; 0 filtered out; finished in 0.00s
[INFO] [stdout] 
[INFO] [stdout] 
[INFO] [stdout] running 2 tests
[INFO] [stdout] test test_geoprocessing_task_execution ... FAILED
[INFO] [stdout] test test_locator_task_geocode ... FAILED
[INFO] [stdout] 
[INFO] [stdout] failures:
[INFO] [stdout] 
[INFO] [stdout] ---- test_geoprocessing_task_execution stdout ----
[INFO] [stdout] thread 'test_geoprocessing_task_execution' panicked at tests/tasks_tests.rs:16:5:
[INFO] [stdout] assertion failed: result.is_ok()
[INFO] [stdout] stack backtrace:
[INFO] [stdout]    0:     0x63cc6458ff3a - std::backtrace_rs::backtrace::libunwind::trace::h5a5b8284f2d0c266
[INFO] [stdout]                                at /rustc/90b35a6239c3d8bdabc530a6a0816f7ff89a0aaf/library/std/src/../../backtrace/src/backtrace/libunwind.rs:116:5
[INFO] [stdout]    1:     0x63cc6458ff3a - std::backtrace_rs::backtrace::trace_unsynchronized::h76d4f1c9b0b875e3
[INFO] [stdout]                                at /rustc/90b35a6239c3d8bdabc530a6a0816f7ff89a0aaf/library/std/src/../../backtrace/src/backtrace/mod.rs:66:5
[INFO] [stdout]    2:     0x63cc6458ff3a - std::sys::backtrace::_print_fmt::hc4546b8364a537c6
[INFO] [stdout]                                at /rustc/90b35a6239c3d8bdabc530a6a0816f7ff89a0aaf/library/std/src/sys/backtrace.rs:66:9
[INFO] [stdout]    3:     0x63cc6458ff3a - <std::sys::backtrace::BacktraceLock::print::DisplayBacktrace as core::fmt::Display>::fmt::h5b6bd5631a6d1f6b
[INFO] [stdout]                                at /rustc/90b35a6239c3d8bdabc530a6a0816f7ff89a0aaf/library/std/src/sys/backtrace.rs:39:26
[INFO] [stdout]    4:     0x63cc645b84f3 - core::fmt::rt::Argument::fmt::h270f6602a2b96f62
[INFO] [stdout]                                at /rustc/90b35a6239c3d8bdabc530a6a0816f7ff89a0aaf/library/core/src/fmt/rt.rs:177:76
[INFO] [stdout]    5:     0x63cc645b84f3 - core::fmt::write::h7550c97b06c86515
[INFO] [stdout]                                at /rustc/90b35a6239c3d8bdabc530a6a0816f7ff89a0aaf/library/core/src/fmt/mod.rs:1186:21
[INFO] [stdout]    6:     0x63cc6458c5d3 - std::io::Write::write_fmt::h509ff860e5956e5e
[INFO] [stdout]                                at /rustc/90b35a6239c3d8bdabc530a6a0816f7ff89a0aaf/library/std/src/io/mod.rs:1839:15
[INFO] [stdout]    7:     0x63cc6458fd82 - std::sys::backtrace::BacktraceLock::print::h2395ccd2c84ba3aa
[INFO] [stdout]                                at /rustc/90b35a6239c3d8bdabc530a6a0816f7ff89a0aaf/library/std/src/sys/backtrace.rs:42:9
[INFO] [stdout]    8:     0x63cc6459139a - std::panicking::default_hook::{{closure}}::he19d4c7230e07961
[INFO] [stdout]                                at /rustc/90b35a6239c3d8bdabc530a6a0816f7ff89a0aaf/library/std/src/panicking.rs:268:22
[INFO] [stdout]    9:     0x63cc645911a4 - std::panicking::default_hook::hf614597d3c67bbdb
[INFO] [stdout]                                at /rustc/90b35a6239c3d8bdabc530a6a0816f7ff89a0aaf/library/std/src/panicking.rs:292:9
[INFO] [stdout]   10:     0x63cc64145239 - <alloc::boxed::Box<F,A> as core::ops::function::Fn<Args>>::call::h39b51ce4599c23d1
[INFO] [stdout]                                at /rustc/90b35a6239c3d8bdabc530a6a0816f7ff89a0aaf/library/alloc/src/boxed.rs:2468:9
[INFO] [stdout]   11:     0x63cc64145239 - test::test_main::{{closure}}::he977ae839a582784
[INFO] [stdout]                                at /rustc/90b35a6239c3d8bdabc530a6a0816f7ff89a0aaf/library/test/src/lib.rs:133:21
[INFO] [stdout]   12:     0x63cc64591a38 - <alloc::boxed::Box<F,A> as core::ops::function::Fn<Args>>::call::h9455091b6b06f9fb
[INFO] [stdout]                                at /rustc/90b35a6239c3d8bdabc530a6a0816f7ff89a0aaf/library/alloc/src/boxed.rs:2468:9
[INFO] [stdout]   13:     0x63cc64591a38 - std::panicking::rust_panic_with_hook::h8942133a8b252070
[INFO] [stdout]                                at /rustc/90b35a6239c3d8bdabc530a6a0816f7ff89a0aaf/library/std/src/panicking.rs:809:13
[INFO] [stdout]   14:     0x63cc645917c6 - std::panicking::begin_panic_handler::{{closure}}::hb5f5963570096b29
[INFO] [stdout]                                at /rustc/90b35a6239c3d8bdabc530a6a0816f7ff89a0aaf/library/std/src/panicking.rs:667:13
[INFO] [stdout]   15:     0x63cc64590419 - std::sys::backtrace::__rust_end_short_backtrace::h6208cedc1922feda
[INFO] [stdout]                                at /rustc/90b35a6239c3d8bdabc530a6a0816f7ff89a0aaf/library/std/src/sys/backtrace.rs:170:18
[INFO] [stdout]   16:     0x63cc6459148c - rust_begin_unwind
[INFO] [stdout]                                at /rustc/90b35a6239c3d8bdabc530a6a0816f7ff89a0aaf/library/std/src/panicking.rs:665:5
[INFO] [stdout]   17:     0x63cc641032a0 - core::panicking::panic_fmt::h0c3082644d1bf418
[INFO] [stdout]                                at /rustc/90b35a6239c3d8bdabc530a6a0816f7ff89a0aaf/library/core/src/panicking.rs:74:14
[INFO] [stdout]   18:     0x63cc6410332c - core::panicking::panic::h957f98c65a3b3074
[INFO] [stdout]                                at /rustc/90b35a6239c3d8bdabc530a6a0816f7ff89a0aaf/library/core/src/panicking.rs:148:5
[INFO] [stdout]   19:     0x63cc6410c7b4 - tasks_tests::test_geoprocessing_task_execution::{{closure}}::h9b04985f27e8b310
[INFO] [stdout]                                at /opt/rustwide/workdir/tests/tasks_tests.rs:16:5
[INFO] [stdout]   20:     0x63cc6410add2 - <core::pin::Pin<P> as core::future::future::Future>::poll::h22b744c3c97dc1e2
[INFO] [stdout]                                at /rustc/90b35a6239c3d8bdabc530a6a0816f7ff89a0aaf/library/core/src/future/future.rs:123:9
[INFO] [stdout]   21:     0x63cc6410ae0d - <core::pin::Pin<P> as core::future::future::Future>::poll::hf9dcc4db225a7c98
[INFO] [stdout]                                at /rustc/90b35a6239c3d8bdabc530a6a0816f7ff89a0aaf/library/core/src/future/future.rs:123:9
[INFO] [stdout]   22:     0x63cc6410ac8f - tokio::runtime::scheduler::current_thread::CoreGuard::block_on::{{closure}}::{{closure}}::{{closure}}::hac6f93756cd647f6
[INFO] [stdout]                                at /opt/rustwide/cargo-home/registry/src/index.crates.io-6f17d22bba15001f/tokio-1.37.0/src/runtime/scheduler/current_thread/mod.rs:659:57
[INFO] [stdout]   23:     0x63cc6410abc5 - tokio::runtime::coop::with_budget::hf94e2d9d36b683a3
[INFO] [stdout]                                at /opt/rustwide/cargo-home/registry/src/index.crates.io-6f17d22bba15001f/tokio-1.37.0/src/runtime/coop.rs:107:5
[INFO] [stdout]   24:     0x63cc6410abc5 - tokio::runtime::coop::budget::he061f5c382d1d415
[INFO] [stdout]                                at /opt/rustwide/cargo-home/registry/src/index.crates.io-6f17d22bba15001f/tokio-1.37.0/src/runtime/coop.rs:73:5
[INFO] [stdout]   25:     0x63cc6410abc5 - tokio::runtime::scheduler::current_thread::CoreGuard::block_on::{{closure}}::{{closure}}::h843133f65f5a86fc
[INFO] [stdout]                                at /opt/rustwide/cargo-home/registry/src/index.crates.io-6f17d22bba15001f/tokio-1.37.0/src/runtime/scheduler/current_thread/mod.rs:659:25
[INFO] [stdout]   26:     0x63cc64109680 - tokio::runtime::scheduler::current_thread::Context::enter::hda1fe03c039667f0
[INFO] [stdout]                                at /opt/rustwide/cargo-home/registry/src/index.crates.io-6f17d22bba15001f/tokio-1.37.0/src/runtime/scheduler/current_thread/mod.rs:404:19
[INFO] [stdout]   27:     0x63cc6410a42e - tokio::runtime::scheduler::current_thread::CoreGuard::block_on::{{closure}}::h427ea6425fb107a1
[INFO] [stdout]                                at /opt/rustwide/cargo-home/registry/src/index.crates.io-6f17d22bba15001f/tokio-1.37.0/src/runtime/scheduler/current_thread/mod.rs:658:36
[INFO] [stdout]   28:     0x63cc6410a1a4 - tokio::runtime::scheduler::current_thread::CoreGuard::enter::{{closure}}::h13b0bfcf71376c49
[INFO] [stdout]                                at /opt/rustwide/cargo-home/registry/src/index.crates.io-6f17d22bba15001f/tokio-1.37.0/src/runtime/scheduler/current_thread/mod.rs:737:68
[INFO] [stdout]   29:     0x63cc641085cb - tokio::runtime::context::scoped::Scoped<T>::set::hae31a70ca08fb369
[INFO] [stdout]                                at /opt/rustwide/cargo-home/registry/src/index.crates.io-6f17d22bba15001f/tokio-1.37.0/src/runtime/context/scoped.rs:40:9
[INFO] [stdout]   30:     0x63cc64108409 - tokio::runtime::context::set_scheduler::{{closure}}::h648351b930711579
[INFO] [stdout]                                at /opt/rustwide/cargo-home/registry/src/index.crates.io-6f17d22bba15001f/tokio-1.37.0/src/runtime/context.rs:176:26
[INFO] [stdout]   31:     0x63cc64105dad - std::thread::local::LocalKey<T>::try_with::he84695b935f24242
[INFO] [stdout]                                at /rustc/90b35a6239c3d8bdabc530a6a0816f7ff89a0aaf/library/std/src/thread/local.rs:283:12
[INFO] [stdout]   32:     0x63cc6410561a - std::thread::local::LocalKey<T>::with::hc7fc1c7ee47e9d16
[INFO] [stdout]                                at /rustc/90b35a6239c3d8bdabc530a6a0816f7ff89a0aaf/library/std/src/thread/local.rs:260:9
[INFO] [stdout]   33:     0x63cc641083bd - tokio::runtime::context::set_scheduler::hb2de76076bbd13be
[INFO] [stdout]                                at /opt/rustwide/cargo-home/registry/src/index.crates.io-6f17d22bba15001f/tokio-1.37.0/src/runtime/context.rs:176:9
[INFO] [stdout]   34:     0x63cc64109f50 - tokio::runtime::scheduler::current_thread::CoreGuard::enter::h675f50381838b78f
[INFO] [stdout]                                at /opt/rustwide/cargo-home/registry/src/index.crates.io-6f17d22bba15001f/tokio-1.37.0/src/runtime/scheduler/current_thread/mod.rs:737:27
[INFO] [stdout]   35:     0x63cc6410a1c3 - tokio::runtime::scheduler::current_thread::CoreGuard::block_on::h2e6b3b2cb9d27580
[INFO] [stdout]                                at /opt/rustwide/cargo-home/registry/src/index.crates.io-6f17d22bba15001f/tokio-1.37.0/src/runtime/scheduler/current_thread/mod.rs:646:19
[INFO] [stdout]   36:     0x63cc641091bd - tokio::runtime::scheduler::current_thread::CurrentThread::block_on::{{closure}}::hc808861b473efb7f
[INFO] [stdout]                                at /opt/rustwide/cargo-home/registry/src/index.crates.io-6f17d22bba15001f/tokio-1.37.0/src/runtime/scheduler/current_thread/mod.rs:175:28
[INFO] [stdout]   37:     0x63cc64108916 - tokio::runtime::context::runtime::enter_runtime::h7a2fcff0e806dbc0
[INFO] [stdout]                                at /opt/rustwide/cargo-home/registry/src/index.crates.io-6f17d22bba15001f/tokio-1.37.0/src/runtime/context/runtime.rs:65:16
[INFO] [stdout]   38:     0x63cc641090d1 - tokio::runtime::scheduler::current_thread::CurrentThread::block_on::he5e99d630a502137
[INFO] [stdout]                                at /opt/rustwide/cargo-home/registry/src/index.crates.io-6f17d22bba15001f/tokio-1.37.0/src/runtime/scheduler/current_thread/mod.rs:167:9
[INFO] [stdout]   39:     0x63cc64108f2d - tokio::runtime::runtime::Runtime::block_on::ha176b6fdb03c9a8d
[INFO] [stdout]                                at /opt/rustwide/cargo-home/registry/src/index.crates.io-6f17d22bba15001f/tokio-1.37.0/src/runtime/runtime.rs:349:47
[INFO] [stdout]   40:     0x63cc6410c465 - tasks_tests::test_geoprocessing_task_execution::hb855e1a5323cff32
[INFO] [stdout]                                at /opt/rustwide/workdir/tests/tasks_tests.rs:16:5
[INFO] [stdout]   41:     0x63cc6410c307 - tasks_tests::test_geoprocessing_task_execution::{{closure}}::h95f0d193a7181b07
[INFO] [stdout]                                at /opt/rustwide/workdir/tests/tasks_tests.rs:7:45
[INFO] [stdout]   42:     0x63cc64106016 - core::ops::function::FnOnce::call_once::hee0fa55e259ef6e5
[INFO] [stdout]                                at /rustc/90b35a6239c3d8bdabc530a6a0816f7ff89a0aaf/library/core/src/ops/function.rs:250:5
[INFO] [stdout]   43:     0x63cc64149bfb - core::ops::function::FnOnce::call_once::h109cf8051a59b34e
[INFO] [stdout]                                at /rustc/90b35a6239c3d8bdabc530a6a0816f7ff89a0aaf/library/core/src/ops/function.rs:250:5
[INFO] [stdout]   44:     0x63cc64149bfb - test::__rust_begin_short_backtrace::hf4fff89d377446ba
[INFO] [stdout]                                at /rustc/90b35a6239c3d8bdabc530a6a0816f7ff89a0aaf/library/test/src/lib.rs:621:18
[INFO] [stdout]   45:     0x63cc64149437 - test::run_test_in_process::{{closure}}::h0e39181dd7ee5a43
[INFO] [stdout]                                at /rustc/90b35a6239c3d8bdabc530a6a0816f7ff89a0aaf/library/test/src/lib.rs:644:60
[INFO] [stdout]   46:     0x63cc64149437 - <core::panic::unwind_safe::AssertUnwindSafe<F> as core::ops::function::FnOnce<()>>::call_once::hc5a66a30f0bdfd1f
[INFO] [stdout]                                at /rustc/90b35a6239c3d8bdabc530a6a0816f7ff89a0aaf/library/core/src/panic/unwind_safe.rs:272:9
[INFO] [stdout]   47:     0x63cc64149437 - std::panicking::try::do_call::h873b7cf639554a5e
[INFO] [stdout]                                at /rustc/90b35a6239c3d8bdabc530a6a0816f7ff89a0aaf/library/std/src/panicking.rs:557:40
[INFO] [stdout]   48:     0x63cc64149437 - std::panicking::try::hdb19862fad9c8bd1
[INFO] [stdout]                                at /rustc/90b35a6239c3d8bdabc530a6a0816f7ff89a0aaf/library/std/src/panicking.rs:520:19
[INFO] [stdout]   49:     0x63cc64149437 - std::panic::catch_unwind::h281fe732d236d260
[INFO] [stdout]                                at /rustc/90b35a6239c3d8bdabc530a6a0816f7ff89a0aaf/library/std/src/panic.rs:358:14
[INFO] [stdout]   50:     0x63cc64149437 - test::run_test_in_process::h949b6df8457ed338
[INFO] [stdout]                                at /rustc/90b35a6239c3d8bdabc530a6a0816f7ff89a0aaf/library/test/src/lib.rs:644:27
[INFO] [stdout]   51:     0x63cc64149437 - test::run_test::{{closure}}::h52c556a6d4740e10
[INFO] [stdout]                                at /rustc/90b35a6239c3d8bdabc530a6a0816f7ff89a0aaf/library/test/src/lib.rs:565:43
[INFO] [stdout]   52:     0x63cc6410e714 - test::run_test::{{closure}}::h4237f6381c45ccb9
[INFO] [stdout]                                at /rustc/90b35a6239c3d8bdabc530a6a0816f7ff89a0aaf/library/test/src/lib.rs:595:41
[INFO] [stdout]   53:     0x63cc6410e714 - std::sys::backtrace::__rust_begin_short_backtrace::h505c97a579eca628
[INFO] [stdout]                                at /rustc/90b35a6239c3d8bdabc530a6a0816f7ff89a0aaf/library/std/src/sys/backtrace.rs:154:18
[INFO] [stdout]   54:     0x63cc64111dde - std::thread::Builder::spawn_unchecked_::{{closure}}::{{closure}}::h9e86b2e2bc107ea3
[INFO] [stdout]                                at /rustc/90b35a6239c3d8bdabc530a6a0816f7ff89a0aaf/library/std/src/thread/mod.rs:538:17
[INFO] [stdout]   55:     0x63cc64111dde - <core::panic::unwind_safe::AssertUnwindSafe<F> as core::ops::function::FnOnce<()>>::call_once::h8b06ddb275ff4a25
[INFO] [stdout]                                at /rustc/90b35a6239c3d8bdabc530a6a0816f7ff89a0aaf/library/core/src/panic/unwind_safe.rs:272:9
[INFO] [stdout]   56:     0x63cc64111dde - std::panicking::try::do_call::hb26ecd7cd9a9355d
[INFO] [stdout]                                at /rustc/90b35a6239c3d8bdabc530a6a0816f7ff89a0aaf/library/std/src/panicking.rs:557:40
[INFO] [stdout]   57:     0x63cc64111dde - std::panicking::try::h8ddeca9d705f9069
[INFO] [stdout]                                at /rustc/90b35a6239c3d8bdabc530a6a0816f7ff89a0aaf/library/std/src/panicking.rs:520:19
[INFO] [stdout]   58:     0x63cc64111dde - std::panic::catch_unwind::h49e1c33078844c46
[INFO] [stdout]                                at /rustc/90b35a6239c3d8bdabc530a6a0816f7ff89a0aaf/library/std/src/panic.rs:358:14
[INFO] [stdout]   59:     0x63cc64111dde - std::thread::Builder::spawn_unchecked_::{{closure}}::h6073db6ff56ad35d
[INFO] [stdout]                                at /rustc/90b35a6239c3d8bdabc530a6a0816f7ff89a0aaf/library/std/src/thread/mod.rs:537:30
[INFO] [stdout]   60:     0x63cc64111dde - core::ops::function::FnOnce::call_once{{vtable.shim}}::h2c5a5f3779c774f1
[INFO] [stdout]                                at /rustc/90b35a6239c3d8bdabc530a6a0816f7ff89a0aaf/library/core/src/ops/function.rs:250:5
[INFO] [stdout]   61:     0x63cc64595cfb - <alloc::boxed::Box<F,A> as core::ops::function::FnOnce<Args>>::call_once::hf75717d9f28faebf
[INFO] [stdout]                                at /rustc/90b35a6239c3d8bdabc530a6a0816f7ff89a0aaf/library/alloc/src/boxed.rs:2454:9
[INFO] [stdout]   62:     0x63cc64595cfb - <alloc::boxed::Box<F,A> as core::ops::function::FnOnce<Args>>::call_once::h7bd883a5f3c5f3c1
[INFO] [stdout]                                at /rustc/90b35a6239c3d8bdabc530a6a0816f7ff89a0aaf/library/alloc/src/boxed.rs:2454:9
[INFO] [stdout]   63:     0x63cc64595cfb - std::sys::pal::unix::thread::Thread::new::thread_start::hcc78f3943333fa94
[INFO] [stdout]                                at /rustc/90b35a6239c3d8bdabc530a6a0816f7ff89a0aaf/library/std/src/sys/pal/unix/thread.rs:105:17
[INFO] [stdout]   64:     0x75f1520fcac3 - <unknown>
[INFO] [stdout]   65:     0x75f15218da04 - clone
[INFO] [stdout]   66:                0x0 - <unknown>
[INFO] [stdout] 
[INFO] [stdout] ---- test_locator_task_geocode stdout ----
[INFO] [stdout] thread 'test_locator_task_geocode' panicked at tests/tasks_tests.rs:29:5:
[INFO] [stdout] assertion failed: result.is_ok()
[INFO] [stdout] stack backtrace:
[INFO] [stdout]    0:     0x63cc6458ff3a - std::backtrace_rs::backtrace::libunwind::trace::h5a5b8284f2d0c266
[INFO] [stdout]                                at /rustc/90b35a6239c3d8bdabc530a6a0816f7ff89a0aaf/library/std/src/../../backtrace/src/backtrace/libunwind.rs:116:5
[INFO] [stdout]    1:     0x63cc6458ff3a - std::backtrace_rs::backtrace::trace_unsynchronized::h76d4f1c9b0b875e3
[INFO] [stdout]                                at /rustc/90b35a6239c3d8bdabc530a6a0816f7ff89a0aaf/library/std/src/../../backtrace/src/backtrace/mod.rs:66:5
[INFO] [stdout]    2:     0x63cc6458ff3a - std::sys::backtrace::_print_fmt::hc4546b8364a537c6
[INFO] [stdout]                                at /rustc/90b35a6239c3d8bdabc530a6a0816f7ff89a0aaf/library/std/src/sys/backtrace.rs:66:9
[INFO] [stdout]    3:     0x63cc6458ff3a - <std::sys::backtrace::BacktraceLock::print::DisplayBacktrace as core::fmt::Display>::fmt::h5b6bd5631a6d1f6b
[INFO] [stdout]                                at /rustc/90b35a6239c3d8bdabc530a6a0816f7ff89a0aaf/library/std/src/sys/backtrace.rs:39:26
[INFO] [stdout]    4:     0x63cc645b84f3 - core::fmt::rt::Argument::fmt::h270f6602a2b96f62
[INFO] [stdout]                                at /rustc/90b35a6239c3d8bdabc530a6a0816f7ff89a0aaf/library/core/src/fmt/rt.rs:177:76
[INFO] [stdout]    5:     0x63cc645b84f3 - core::fmt::write::h7550c97b06c86515
[INFO] [stdout]                                at /rustc/90b35a6239c3d8bdabc530a6a0816f7ff89a0aaf/library/core/src/fmt/mod.rs:1186:21
[INFO] [stdout]    6:     0x63cc6458c5d3 - std::io::Write::write_fmt::h509ff860e5956e5e
[INFO] [stdout]                                at /rustc/90b35a6239c3d8bdabc530a6a0816f7ff89a0aaf/library/std/src/io/mod.rs:1839:15
[INFO] [stdout]    7:     0x63cc6458fd82 - std::sys::backtrace::BacktraceLock::print::h2395ccd2c84ba3aa
[INFO] [stdout]                                at /rustc/90b35a6239c3d8bdabc530a6a0816f7ff89a0aaf/library/std/src/sys/backtrace.rs:42:9
[INFO] [stdout]    8:     0x63cc6459139a - std::panicking::default_hook::{{closure}}::he19d4c7230e07961
[INFO] [stdout]                                at /rustc/90b35a6239c3d8bdabc530a6a0816f7ff89a0aaf/library/std/src/panicking.rs:268:22
[INFO] [stdout]    9:     0x63cc645911a4 - std::panicking::default_hook::hf614597d3c67bbdb
[INFO] [stdout]                                at /rustc/90b35a6239c3d8bdabc530a6a0816f7ff89a0aaf/library/std/src/panicking.rs:292:9
[INFO] [stdout]   10:     0x63cc64145239 - <alloc::boxed::Box<F,A> as core::ops::function::Fn<Args>>::call::h39b51ce4599c23d1
[INFO] [stdout]                                at /rustc/90b35a6239c3d8bdabc530a6a0816f7ff89a0aaf/library/alloc/src/boxed.rs:2468:9
[INFO] [stdout]   11:     0x63cc64145239 - test::test_main::{{closure}}::he977ae839a582784
[INFO] [stdout]                                at /rustc/90b35a6239c3d8bdabc530a6a0816f7ff89a0aaf/library/test/src/lib.rs:133:21
[INFO] [stdout]   12:     0x63cc64591a38 - <alloc::boxed::Box<F,A> as core::ops::function::Fn<Args>>::call::h9455091b6b06f9fb
[INFO] [stdout]                                at /rustc/90b35a6239c3d8bdabc530a6a0816f7ff89a0aaf/library/alloc/src/boxed.rs:2468:9
[INFO] [stdout]   13:     0x63cc64591a38 - std::panicking::rust_panic_with_hook::h8942133a8b252070
[INFO] [stdout]                                at /rustc/90b35a6239c3d8bdabc530a6a0816f7ff89a0aaf/library/std/src/panicking.rs:809:13
[INFO] [stdout]   14:     0x63cc645917c6 - std::panicking::begin_panic_handler::{{closure}}::hb5f5963570096b29
[INFO] [stdout]                                at /rustc/90b35a6239c3d8bdabc530a6a0816f7ff89a0aaf/library/std/src/panicking.rs:667:13
[INFO] [stdout]   15:     0x63cc64590419 - std::sys::backtrace::__rust_end_short_backtrace::h6208cedc1922feda
[INFO] [stdout]                                at /rustc/90b35a6239c3d8bdabc530a6a0816f7ff89a0aaf/library/std/src/sys/backtrace.rs:170:18
[INFO] [stdout]   16:     0x63cc6459148c - rust_begin_unwind
[INFO] [stdout]                                at /rustc/90b35a6239c3d8bdabc530a6a0816f7ff89a0aaf/library/std/src/panicking.rs:665:5
[INFO] [stdout]   17:     0x63cc641032a0 - core::panicking::panic_fmt::h0c3082644d1bf418
[INFO] [stdout]                                at /rustc/90b35a6239c3d8bdabc530a6a0816f7ff89a0aaf/library/core/src/panicking.rs:74:14
[INFO] [stdout]   18:     0x63cc6410332c - core::panicking::panic::h957f98c65a3b3074
[INFO] [stdout]                                at /rustc/90b35a6239c3d8bdabc530a6a0816f7ff89a0aaf/library/core/src/panicking.rs:148:5
[INFO] [stdout]   19:     0x63cc6410ccfa - tasks_tests::test_locator_task_geocode::{{closure}}::h9820d6157d1e63e7
[INFO] [stdout]                                at /opt/rustwide/workdir/tests/tasks_tests.rs:29:5
[INFO] [stdout]   20:     0x63cc6410add2 - <core::pin::Pin<P> as core::future::future::Future>::poll::h22b744c3c97dc1e2
[INFO] [stdout]                                at /rustc/90b35a6239c3d8bdabc530a6a0816f7ff89a0aaf/library/core/src/future/future.rs:123:9
[INFO] [stdout]   21:     0x63cc6410ae0d - <core::pin::Pin<P> as core::future::future::Future>::poll::hf9dcc4db225a7c98
[INFO] [stdout]                                at /rustc/90b35a6239c3d8bdabc530a6a0816f7ff89a0aaf/library/core/src/future/future.rs:123:9
[INFO] [stdout]   22:     0x63cc6410ac8f - tokio::runtime::scheduler::current_thread::CoreGuard::block_on::{{closure}}::{{closure}}::{{closure}}::hac6f93756cd647f6
[INFO] [stdout]                                at /opt/rustwide/cargo-home/registry/src/index.crates.io-6f17d22bba15001f/tokio-1.37.0/src/runtime/scheduler/current_thread/mod.rs:659:57
[INFO] [stdout]   23:     0x63cc6410abc5 - tokio::runtime::coop::with_budget::hf94e2d9d36b683a3
[INFO] [stdout]                                at /opt/rustwide/cargo-home/registry/src/index.crates.io-6f17d22bba15001f/tokio-1.37.0/src/runtime/coop.rs:107:5
[INFO] [stdout]   24:     0x63cc6410abc5 - tokio::runtime::coop::budget::he061f5c382d1d415
[INFO] [stdout]                                at /opt/rustwide/cargo-home/registry/src/index.crates.io-6f17d22bba15001f/tokio-1.37.0/src/runtime/coop.rs:73:5
[INFO] [stdout]   25:     0x63cc6410abc5 - tokio::runtime::scheduler::current_thread::CoreGuard::block_on::{{closure}}::{{closure}}::h843133f65f5a86fc
[INFO] [stdout]                                at /opt/rustwide/cargo-home/registry/src/index.crates.io-6f17d22bba15001f/tokio-1.37.0/src/runtime/scheduler/current_thread/mod.rs:659:25
[INFO] [stdout]   26:     0x63cc64109680 - tokio::runtime::scheduler::current_thread::Context::enter::hda1fe03c039667f0
[INFO] [stdout]                                at /opt/rustwide/cargo-home/registry/src/index.crates.io-6f17d22bba15001f/tokio-1.37.0/src/runtime/scheduler/current_thread/mod.rs:404:19
[INFO] [stdout]   27:     0x63cc6410a42e - tokio::runtime::scheduler::current_thread::CoreGuard::block_on::{{closure}}::h427ea6425fb107a1
[INFO] [stdout]                                at /opt/rustwide/cargo-home/registry/src/index.crates.io-6f17d22bba15001f/tokio-1.37.0/src/runtime/scheduler/current_thread/mod.rs:658:36
[INFO] [stdout]   28:     0x63cc6410a1a4 - tokio::runtime::scheduler::current_thread::CoreGuard::enter::{{closure}}::h13b0bfcf71376c49
[INFO] [stdout]                                at /opt/rustwide/cargo-home/registry/src/index.crates.io-6f17d22bba15001f/tokio-1.37.0/src/runtime/scheduler/current_thread/mod.rs:737:68
[INFO] [stdout]   29:     0x63cc641085cb - tokio::runtime::context::scoped::Scoped<T>::set::hae31a70ca08fb369
[INFO] [stdout]                                at /opt/rustwide/cargo-home/registry/src/index.crates.io-6f17d22bba15001f/tokio-1.37.0/src/runtime/context/scoped.rs:40:9
[INFO] [stdout]   30:     0x63cc64108409 - tokio::runtime::context::set_scheduler::{{closure}}::h648351b930711579
[INFO] [stdout]                                at /opt/rustwide/cargo-home/registry/src/index.crates.io-6f17d22bba15001f/tokio-1.37.0/src/runtime/context.rs:176:26
[INFO] [stdout]   31:     0x63cc64105dad - std::thread::local::LocalKey<T>::try_with::he84695b935f24242
[INFO] [stdout]                                at /rustc/90b35a6239c3d8bdabc530a6a0816f7ff89a0aaf/library/std/src/thread/local.rs:283:12
[INFO] [stdout]   32:     0x63cc6410561a - std::thread::local::LocalKey<T>::with::hc7fc1c7ee47e9d16
[INFO] [stdout]                                at /rustc/90b35a6239c3d8bdabc530a6a0816f7ff89a0aaf/library/std/src/thread/local.rs:260:9
[INFO] [stdout]   33:     0x63cc641083bd - tokio::runtime::context::set_scheduler::hb2de76076bbd13be
[INFO] [stdout]                                at /opt/rustwide/cargo-home/registry/src/index.crates.io-6f17d22bba15001f/tokio-1.37.0/src/runtime/context.rs:176:9
[INFO] [stdout]   34:     0x63cc64109f50 - tokio::runtime::scheduler::current_thread::CoreGuard::enter::h675f50381838b78f
[INFO] [stdout]                                at /opt/rustwide/cargo-home/registry/src/index.crates.io-6f17d22bba15001f/tokio-1.37.0/src/runtime/scheduler/current_thread/mod.rs:737:27
[INFO] [stdout]   35:     0x63cc6410a1c3 - tokio::runtime::scheduler::current_thread::CoreGuard::block_on::h2e6b3b2cb9d27580
[INFO] [stdout]                                at /opt/rustwide/cargo-home/registry/src/index.crates.io-6f17d22bba15001f/tokio-1.37.0/src/runtime/scheduler/current_thread/mod.rs:646:19
[INFO] [stdout]   36:     0x63cc641091bd - tokio::runtime::scheduler::current_thread::CurrentThread::block_on::{{closure}}::hc808861b473efb7f
[INFO] [stdout]                                at /opt/rustwide/cargo-home/registry/src/index.crates.io-6f17d22bba15001f/tokio-1.37.0/src/runtime/scheduler/current_thread/mod.rs:175:28
[INFO] [stdout]   37:     0x63cc64108916 - tokio::runtime::context::runtime::enter_runtime::h7a2fcff0e806dbc0
[INFO] [stdout]                                at /opt/rustwide/cargo-home/registry/src/index.crates.io-6f17d22bba15001f/tokio-1.37.0/src/runtime/context/runtime.rs:65:16
[INFO] [stdout]   38:     0x63cc641090d1 - tokio::runtime::scheduler::current_thread::CurrentThread::block_on::he5e99d630a502137
[INFO] [stdout]                                at /opt/rustwide/cargo-home/registry/src/index.crates.io-6f17d22bba15001f/tokio-1.37.0/src/runtime/scheduler/current_thread/mod.rs:167:9
[INFO] [stdout]   39:     0x63cc64108f2d - tokio::runtime::runtime::Runtime::block_on::ha176b6fdb03c9a8d
[INFO] [stdout]                                at /opt/rustwide/cargo-home/registry/src/index.crates.io-6f17d22bba15001f/tokio-1.37.0/src/runtime/runtime.rs:349:47
[INFO] [stdout]   40:     0x63cc6410c975 - tasks_tests::test_locator_task_geocode::h1f716d3b56fc3661
[INFO] [stdout]                                at /opt/rustwide/workdir/tests/tasks_tests.rs:32:5
[INFO] [stdout]   41:     0x63cc6410c817 - tasks_tests::test_locator_task_geocode::{{closure}}::ha2f0cf3809e9f573
[INFO] [stdout]                                at /opt/rustwide/workdir/tests/tasks_tests.rs:20:37
[INFO] [stdout]   42:     0x63cc64105fd6 - core::ops::function::FnOnce::call_once::he055fb803a01dff4
[INFO] [stdout]                                at /rustc/90b35a6239c3d8bdabc530a6a0816f7ff89a0aaf/library/core/src/ops/function.rs:250:5
[INFO] [stdout]   43:     0x63cc64149bfb - core::ops::function::FnOnce::call_once::h109cf8051a59b34e
[INFO] [stdout]                                at /rustc/90b35a6239c3d8bdabc530a6a0816f7ff89a0aaf/library/core/src/ops/function.rs:250:5
[INFO] [stdout]   44:     0x63cc64149bfb - test::__rust_begin_short_backtrace::hf4fff89d377446ba
[INFO] [stdout]                                at /rustc/90b35a6239c3d8bdabc530a6a0816f7ff89a0aaf/library/test/src/lib.rs:621:18
[INFO] [stdout]   45:     0x63cc64149437 - test::run_test_in_process::{{closure}}::h0e39181dd7ee5a43
[INFO] [stdout]                                at /rustc/90b35a6239c3d8bdabc530a6a0816f7ff89a0aaf/library/test/src/lib.rs:644:60
[INFO] [stdout]   46:     0x63cc64149437 - <core::panic::unwind_safe::AssertUnwindSafe<F> as core::ops::function::FnOnce<()>>::call_once::hc5a66a30f0bdfd1f
[INFO] [stdout]                                at /rustc/90b35a6239c3d8bdabc530a6a0816f7ff89a0aaf/library/core/src/panic/unwind_safe.rs:272:9
[INFO] [stdout]   47:     0x63cc64149437 - std::panicking::try::do_call::h873b7cf639554a5e
[INFO] [stdout]                                at /rustc/90b35a6239c3d8bdabc530a6a0816f7ff89a0aaf/library/std/src/panicking.rs:557:40
[INFO] [stdout]   48:     0x63cc64149437 - std::panicking::try::hdb19862fad9c8bd1
[INFO] [stdout]                                at /rustc/90b35a6239c3d8bdabc530a6a0816f7ff89a0aaf/library/std/src/panicking.rs:520:19
[INFO] [stdout]   49:     0x63cc64149437 - std::panic::catch_unwind::h281fe732d236d260
[INFO] [stdout]                                at /rustc/90b35a6239c3d8bdabc530a6a0816f7ff89a0aaf/library/std/src/panic.rs:358:14
[INFO] [stdout]   50:     0x63cc64149437 - test::run_test_in_process::h949b6df8457ed338
[INFO] [stdout]                                at /rustc/90b35a6239c3d8bdabc530a6a0816f7ff89a0aaf/library/test/src/lib.rs:644:27
[INFO] [stdout]   51:     0x63cc64149437 - test::run_test::{{closure}}::h52c556a6d4740e10
[INFO] [stdout]                                at /rustc/90b35a6239c3d8bdabc530a6a0816f7ff89a0aaf/library/test/src/lib.rs:565:43
[INFO] [stdout]   52:     0x63cc6410e714 - test::run_test::{{closure}}::h4237f6381c45ccb9
[INFO] [stdout]                                at /rustc/90b35a6239c3d8bdabc530a6a0816f7ff89a0aaf/library/test/src/lib.rs:595:41
[INFO] [stdout]   53:     0x63cc6410e714 - std::sys::backtrace::__rust_begin_short_backtrace::h505c97a579eca628
[INFO] [stdout]                                at /rustc/90b35a6239c3d8bdabc530a6a0816f7ff89a0aaf/library/std/src/sys/backtrace.rs:154:18
[INFO] [stdout]   54:     0x63cc64111dde - std::thread::Builder::spawn_unchecked_::{{closure}}::{{closure}}::h9e86b2e2bc107ea3
[INFO] [stdout]                                at /rustc/90b35a6239c3d8bdabc530a6a0816f7ff89a0aaf/library/std/src/thread/mod.rs:538:17
[INFO] [stdout]   55:     0x63cc64111dde - <core::panic::unwind_safe::AssertUnwindSafe<F> as core::ops::function::FnOnce<()>>::call_once::h8b06ddb275ff4a25
[INFO] [stdout]                                at /rustc/90b35a6239c3d8bdabc530a6a0816f7ff89a0aaf/library/core/src/panic/unwind_safe.rs:272:9
[INFO] [stdout]   56:     0x63cc64111dde - std::panicking::try::do_call::hb26ecd7cd9a9355d
[INFO] [stdout]                                at /rustc/90b35a6239c3d8bdabc530a6a0816f7ff89a0aaf/library/std/src/panicking.rs:557:40
[INFO] [stdout]   57:     0x63cc64111dde - std::panicking::try::h8ddeca9d705f9069
[INFO] [stdout]                                at /rustc/90b35a6239c3d8bdabc530a6a0816f7ff89a0aaf/library/std/src/panicking.rs:520:19
[INFO] [stdout]   58:     0x63cc64111dde - std::panic::catch_unwind::h49e1c33078844c46
[INFO] [stdout]                                at /rustc/90b35a6239c3d8bdabc530a6a0816f7ff89a0aaf/library/std/src/panic.rs:358:14
[INFO] [stdout]   59:     0x63cc64111dde - std::thread::Builder::spawn_unchecked_::{{closure}}::h6073db6ff56ad35d
[INFO] [stdout]                                at /rustc/90b35a6239c3d8bdabc530a6a0816f7ff89a0aaf/library/std/src/thread/mod.rs:537:30
[INFO] [stdout]   60:     0x63cc64111dde - core::ops::function::FnOnce::call_once{{vtable.shim}}::h2c5a5f3779c774f1
[INFO] [stdout]                                at /rustc/90b35a6239c3d8bdabc530a6a0816f7ff89a0aaf/library/core/src/ops/function.rs:250:5
[INFO] [stdout]   61:     0x63cc64595cfb - <alloc::boxed::Box<F,A> as core::ops::function::FnOnce<Args>>::call_once::hf75717d9f28faebf
[INFO] [stdout]                                at /rustc/90b35a6239c3d8bdabc530a6a0816f7ff89a0aaf/library/alloc/src/boxed.rs:2454:9
[INFO] [stdout]   62:     0x63cc64595cfb - <alloc::boxed::Box<F,A> as core::ops::function::FnOnce<Args>>::call_once::h7bd883a5f3c5f3c1
[INFO] [stdout]                                at /rustc/90b35a6239c3d8bdabc530a6a0816f7ff89a0aaf/library/alloc/src/boxed.rs:2454:9
[INFO] [stdout]   63:     0x63cc64595cfb - std::sys::pal::unix::thread::Thread::new::thread_start::hcc78f3943333fa94
[INFO] [stdout]                                at /rustc/90b35a6239c3d8bdabc530a6a0816f7ff89a0aaf/library/std/src/sys/pal/unix/thread.rs:105:17
[INFO] [stdout]   64:     0x75f1520fcac3 - <unknown>
[INFO] [stdout]   65:     0x75f15218da04 - clone
[INFO] [stdout]   66:                0x0 - <unknown>
[INFO] [stdout] 
[INFO] [stdout] 
[INFO] [stdout] failures:
[INFO] [stdout]     test_geoprocessing_task_execution
[INFO] [stdout]     test_locator_task_geocode
[INFO] [stdout] 
[INFO] [stdout] test result: FAILED. 0 passed; 2 failed; 0 ignored; 0 measured; 0 filtered out; finished in 0.38s
[INFO] [stdout] 
[INFO] [stderr] error: test failed, to rerun pass `--test tasks_tests`
[INFO] running `Command { std: "docker" "inspect" "5ee004d275e66f0a24e6913b09fb528a6132d0b626b757cc987bf4e71a6cf64a", kill_on_drop: false }`
[INFO] running `Command { std: "docker" "rm" "-f" "5ee004d275e66f0a24e6913b09fb528a6132d0b626b757cc987bf4e71a6cf64a", kill_on_drop: false }`
[INFO] [stdout] 5ee004d275e66f0a24e6913b09fb528a6132d0b626b757cc987bf4e71a6cf64a
