[INFO] fetching crate arcboot 0.1.4...
[INFO] testing arcboot-0.1.4 against 1.83.0 for beta-1.84.0-4-retry
[INFO] extracting crate arcboot 0.1.4 into /workspace/builds/worker-4-tc1/source
[INFO] validating manifest of crates.io crate arcboot 0.1.4 on toolchain 1.83.0
[INFO] running `Command { std: CARGO_HOME="/workspace/cargo-home" RUSTUP_HOME="/workspace/rustup-home" "/workspace/cargo-home/bin/cargo" "+1.83.0" "metadata" "--manifest-path" "Cargo.toml" "--no-deps", kill_on_drop: false }`
[INFO] started tweaking crates.io crate arcboot 0.1.4
[INFO] finished tweaking crates.io crate arcboot 0.1.4
[INFO] tweaked toml for crates.io crate arcboot 0.1.4 written to /workspace/builds/worker-4-tc1/source/Cargo.toml
[INFO] crate crates.io crate arcboot 0.1.4 already has a lockfile, it will not be regenerated
[INFO] running `Command { std: CARGO_HOME="/workspace/cargo-home" RUSTUP_HOME="/workspace/rustup-home" "/workspace/cargo-home/bin/cargo" "+1.83.0" "fetch" "--manifest-path" "Cargo.toml", kill_on_drop: false }`
[INFO] running `Command { std: "docker" "create" "-v" "/var/lib/crater-agent-workspace/builds/worker-4-tc1/target:/opt/rustwide/target:rw,Z" "-v" "/var/lib/crater-agent-workspace/builds/worker-4-tc1/source:/opt/rustwide/workdir:ro,Z" "-v" "/var/lib/crater-agent-workspace/cargo-home:/opt/rustwide/cargo-home:ro,Z" "-v" "/var/lib/crater-agent-workspace/rustup-home:/opt/rustwide/rustup-home:ro,Z" "-e" "SOURCE_DIR=/opt/rustwide/workdir" "-e" "CARGO_TARGET_DIR=/opt/rustwide/target" "-e" "CARGO_HOME=/opt/rustwide/cargo-home" "-e" "RUSTUP_HOME=/opt/rustwide/rustup-home" "-w" "/opt/rustwide/workdir" "-m" "1610612736" "--user" "0:0" "--network" "none" "ghcr.io/rust-lang/crates-build-env/linux@sha256:f3a9d4ad9d972b27faf3965f35b62e55ba32bbce8f20bc8fe909558a86702fde" "/opt/rustwide/cargo-home/bin/cargo" "+1.83.0" "metadata" "--no-deps" "--format-version=1", kill_on_drop: false }`
[INFO] [stdout] 01e1c74aa590153ca35e3f09961c093e6b27c65ee0195e9c8aeca108269dae35
[INFO] running `Command { std: "docker" "start" "-a" "01e1c74aa590153ca35e3f09961c093e6b27c65ee0195e9c8aeca108269dae35", kill_on_drop: false }`
[INFO] running `Command { std: "docker" "inspect" "01e1c74aa590153ca35e3f09961c093e6b27c65ee0195e9c8aeca108269dae35", kill_on_drop: false }`
[INFO] running `Command { std: "docker" "rm" "-f" "01e1c74aa590153ca35e3f09961c093e6b27c65ee0195e9c8aeca108269dae35", kill_on_drop: false }`
[INFO] [stdout] 01e1c74aa590153ca35e3f09961c093e6b27c65ee0195e9c8aeca108269dae35
[INFO] running `Command { std: "docker" "create" "-v" "/var/lib/crater-agent-workspace/builds/worker-4-tc1/target:/opt/rustwide/target:rw,Z" "-v" "/var/lib/crater-agent-workspace/builds/worker-4-tc1/source:/opt/rustwide/workdir:ro,Z" "-v" "/var/lib/crater-agent-workspace/cargo-home:/opt/rustwide/cargo-home:ro,Z" "-v" "/var/lib/crater-agent-workspace/rustup-home:/opt/rustwide/rustup-home:ro,Z" "-e" "SOURCE_DIR=/opt/rustwide/workdir" "-e" "CARGO_TARGET_DIR=/opt/rustwide/target" "-e" "CARGO_INCREMENTAL=0" "-e" "RUST_BACKTRACE=full" "-e" "RUSTFLAGS=--cap-lints=warn" "-e" "RUSTDOCFLAGS=--cap-lints=warn" "-e" "CARGO_HOME=/opt/rustwide/cargo-home" "-e" "RUSTUP_HOME=/opt/rustwide/rustup-home" "-w" "/opt/rustwide/workdir" "-m" "1610612736" "--user" "0:0" "--network" "none" "ghcr.io/rust-lang/crates-build-env/linux@sha256:f3a9d4ad9d972b27faf3965f35b62e55ba32bbce8f20bc8fe909558a86702fde" "/opt/rustwide/cargo-home/bin/cargo" "+1.83.0" "build" "--frozen" "--message-format=json", kill_on_drop: false }`
[INFO] [stdout] 67d984e051affe62b38b093dad59a94f77f24df9ac85234c08c3f277f7d35638
[INFO] running `Command { std: "docker" "start" "-a" "67d984e051affe62b38b093dad59a94f77f24df9ac85234c08c3f277f7d35638", kill_on_drop: false }`
[INFO] [stderr]    Compiling arcboot v0.1.4 (/opt/rustwide/workdir)
[INFO] [stdout] warning: unused imports: `vec::Vec` and `vec`
[INFO] [stdout]  --> src/builder.rs:2:11
[INFO] [stdout]   |
[INFO] [stdout] 2 | use std::{vec, vec::Vec};
[INFO] [stdout]   |           ^^^  ^^^^^^^^
[INFO] [stdout]   |
[INFO] [stdout]   = note: `#[warn(unused_imports)]` on by default
[INFO] [stdout] 
[INFO] [stdout] 
[INFO] [stdout] warning: unused variable: `staticlib_dir`
[INFO] [stdout]    --> src/builder.rs:152:19
[INFO] [stdout]     |
[INFO] [stdout] 152 | pub fn full_build(staticlib_dir: &str, arch: Arch) {
[INFO] [stdout]     |                   ^^^^^^^^^^^^^ help: if this is intentional, prefix it with an underscore: `_staticlib_dir`
[INFO] [stdout]     |
[INFO] [stdout]     = note: `#[warn(unused_variables)]` on by default
[INFO] [stdout] 
[INFO] [stdout] 
[INFO] [stdout] warning: unused variable: `arch`
[INFO] [stdout]    --> src/builder.rs:152:40
[INFO] [stdout]     |
[INFO] [stdout] 152 | pub fn full_build(staticlib_dir: &str, arch: Arch) {
[INFO] [stdout]     |                                        ^^^^ help: if this is intentional, prefix it with an underscore: `_arch`
[INFO] [stdout] 
[INFO] [stdout] 
[INFO] [stdout] warning: constant `cargo_command` should have an upper case name
[INFO] [stdout]  --> src/builder.rs:9:7
[INFO] [stdout]   |
[INFO] [stdout] 9 | const cargo_command: &str = "cargo";
[INFO] [stdout]   |       ^^^^^^^^^^^^^ help: convert the identifier to upper case: `CARGO_COMMAND`
[INFO] [stdout]   |
[INFO] [stdout]   = note: `#[warn(non_upper_case_globals)]` on by default
[INFO] [stdout] 
[INFO] [stdout] 
[INFO] [stdout] warning: constant `rustc_command` should have an upper case name
[INFO] [stdout]   --> src/builder.rs:10:7
[INFO] [stdout]    |
[INFO] [stdout] 10 | const rustc_command: &str = "rustc";
[INFO] [stdout]    |       ^^^^^^^^^^^^^ help: convert the identifier to upper case: `RUSTC_COMMAND`
[INFO] [stdout] 
[INFO] [stdout] 
[INFO] [stdout] warning: constant `rustc_target_command` should have an upper case name
[INFO] [stdout]   --> src/builder.rs:11:7
[INFO] [stdout]    |
[INFO] [stdout] 11 | const rustc_target_command: &str = "--target=";
[INFO] [stdout]    |       ^^^^^^^^^^^^^^^^^^^^ help: convert the identifier to upper case: `RUSTC_TARGET_COMMAND`
[INFO] [stdout] 
[INFO] [stdout] 
[INFO] [stdout] warning: constant `rustc_flag_command` should have an upper case name
[INFO] [stdout]   --> src/builder.rs:12:7
[INFO] [stdout]    |
[INFO] [stdout] 12 | const rustc_flag_command: &str = "--";
[INFO] [stdout]    |       ^^^^^^^^^^^^^^^^^^ help: convert the identifier to upper case: `RUSTC_FLAG_COMMAND`
[INFO] [stdout] 
[INFO] [stdout] 
[INFO] [stdout] warning: constant `staticlib_crate_type` should have an upper case name
[INFO] [stdout]   --> src/builder.rs:13:7
[INFO] [stdout]    |
[INFO] [stdout] 13 | const staticlib_crate_type: &str = "--crate-type=staticlib";
[INFO] [stdout]    |       ^^^^^^^^^^^^^^^^^^^^ help: convert the identifier to upper case: `STATICLIB_CRATE_TYPE`
[INFO] [stdout] 
[INFO] [stdout] 
[INFO] [stdout] warning: unused import: `fs`
[INFO] [stdout]  --> src/main.rs:2:16
[INFO] [stdout]   |
[INFO] [stdout] 2 | use std::{env, fs};
[INFO] [stdout]   |                ^^
[INFO] [stdout]   |
[INFO] [stdout]   = note: `#[warn(unused_imports)]` on by default
[INFO] [stdout] 
[INFO] [stdout] 
[INFO] [stdout] warning: unused import: `arcboot::str`
[INFO] [stdout]  --> src/main.rs:8:5
[INFO] [stdout]   |
[INFO] [stdout] 8 | use arcboot::str;
[INFO] [stdout]   |     ^^^^^^^^^^^^
[INFO] [stdout] 
[INFO] [stdout] 
[INFO] [stdout] warning: unreachable statement
[INFO] [stdout]   --> src/main.rs:85:9
[INFO] [stdout]    |
[INFO] [stdout] 83 |         exit(1);
[INFO] [stdout]    |         ------- any code following this expression is unreachable
[INFO] [stdout] 84 |
[INFO] [stdout] 85 |         let QEMU = "qemu-system-riscv64";
[INFO] [stdout]    |         ^^^^^^^^^^^^^^^^^^^^^^^^^^^^^^^^^ unreachable statement
[INFO] [stdout]    |
[INFO] [stdout]    = note: `#[warn(unreachable_code)]` on by default
[INFO] [stdout] 
[INFO] [stdout] 
[INFO] [stdout] warning: unreachable statement
[INFO] [stdout]    --> src/main.rs:102:9
[INFO] [stdout]     |
[INFO] [stdout] 100 |         exit(1);
[INFO] [stdout]     |         ------- any code following this expression is unreachable
[INFO] [stdout] 101 |
[INFO] [stdout] 102 |         let QEMU = "qemu-system-riscv64";
[INFO] [stdout]     |         ^^^^^^^^^^^^^^^^^^^^^^^^^^^^^^^^^ unreachable statement
[INFO] [stdout] 
[INFO] [stdout] 
[INFO] [stdout] warning: unused variable: `build`
[INFO] [stdout]   --> src/main.rs:72:13
[INFO] [stdout]    |
[INFO] [stdout] 72 |         let build = Build::new(__arch_build)
[INFO] [stdout]    |             ^^^^^ help: if this is intentional, prefix it with an underscore: `_build`
[INFO] [stdout]    |
[INFO] [stdout]    = note: `#[warn(unused_variables)]` on by default
[INFO] [stdout] 
[INFO] [stdout] 
[INFO] [stdout] warning: variable does not need to be mutable
[INFO] [stdout]   --> src/main.rs:52:13
[INFO] [stdout]    |
[INFO] [stdout] 52 |         let mut arch_build = match __arch_build {
[INFO] [stdout]    |             ----^^^^^^^^^^
[INFO] [stdout]    |             |
[INFO] [stdout]    |             help: remove this `mut`
[INFO] [stdout]    |
[INFO] [stdout]    = note: `#[warn(unused_mut)]` on by default
[INFO] [stdout] 
[INFO] [stdout] 
[INFO] [stdout] warning: constant `BUILD_CFG` is never used
[INFO] [stdout]   --> src/main.rs:10:7
[INFO] [stdout]    |
[INFO] [stdout] 10 | const BUILD_CFG: [&str; 3] = ["--release", "--debug", "--test"];
[INFO] [stdout]    |       ^^^^^^^^^
[INFO] [stdout]    |
[INFO] [stdout]    = note: `#[warn(dead_code)]` on by default
[INFO] [stdout] 
[INFO] [stdout] 
[INFO] [stdout] warning: constant `SUPPORT_ENV_PATH` is never used
[INFO] [stdout]   --> src/main.rs:11:7
[INFO] [stdout]    |
[INFO] [stdout] 11 | const SUPPORT_ENV_PATH: &str = "support/";
[INFO] [stdout]    |       ^^^^^^^^^^^^^^^^
[INFO] [stdout] 
[INFO] [stdout] 
[INFO] [stdout] warning: variable `QEMU` should have a snake case name
[INFO] [stdout]   --> src/main.rs:85:13
[INFO] [stdout]    |
[INFO] [stdout] 85 |         let QEMU = "qemu-system-riscv64";
[INFO] [stdout]    |             ^^^^ help: convert the identifier to snake case: `qemu`
[INFO] [stdout]    |
[INFO] [stdout]    = note: `#[warn(non_snake_case)]` on by default
[INFO] [stdout] 
[INFO] [stdout] 
[INFO] [stdout] warning: variable `QEMU` should have a snake case name
[INFO] [stdout]    --> src/main.rs:102:13
[INFO] [stdout]     |
[INFO] [stdout] 102 |         let QEMU = "qemu-system-riscv64";
[INFO] [stdout]     |             ^^^^ help: convert the identifier to snake case: `qemu`
[INFO] [stdout] 
[INFO] [stdout] 
[INFO] [stderr]     Finished `dev` profile [unoptimized + debuginfo] target(s) in 1.05s
[INFO] running `Command { std: "docker" "inspect" "67d984e051affe62b38b093dad59a94f77f24df9ac85234c08c3f277f7d35638", kill_on_drop: false }`
[INFO] running `Command { std: "docker" "rm" "-f" "67d984e051affe62b38b093dad59a94f77f24df9ac85234c08c3f277f7d35638", kill_on_drop: false }`
[INFO] [stdout] 67d984e051affe62b38b093dad59a94f77f24df9ac85234c08c3f277f7d35638
[INFO] running `Command { std: "docker" "create" "-v" "/var/lib/crater-agent-workspace/builds/worker-4-tc1/target:/opt/rustwide/target:rw,Z" "-v" "/var/lib/crater-agent-workspace/builds/worker-4-tc1/source:/opt/rustwide/workdir:ro,Z" "-v" "/var/lib/crater-agent-workspace/cargo-home:/opt/rustwide/cargo-home:ro,Z" "-v" "/var/lib/crater-agent-workspace/rustup-home:/opt/rustwide/rustup-home:ro,Z" "-e" "SOURCE_DIR=/opt/rustwide/workdir" "-e" "CARGO_TARGET_DIR=/opt/rustwide/target" "-e" "CARGO_INCREMENTAL=0" "-e" "RUST_BACKTRACE=full" "-e" "RUSTFLAGS=--cap-lints=warn" "-e" "RUSTDOCFLAGS=--cap-lints=warn" "-e" "CARGO_HOME=/opt/rustwide/cargo-home" "-e" "RUSTUP_HOME=/opt/rustwide/rustup-home" "-w" "/opt/rustwide/workdir" "-m" "1610612736" "--user" "0:0" "--network" "none" "ghcr.io/rust-lang/crates-build-env/linux@sha256:f3a9d4ad9d972b27faf3965f35b62e55ba32bbce8f20bc8fe909558a86702fde" "/opt/rustwide/cargo-home/bin/cargo" "+1.83.0" "test" "--frozen" "--no-run" "--message-format=json", kill_on_drop: false }`
[INFO] [stdout] 73d5bac13402f30b534e4bb765aaf9b3f045b2a44e64a83f7e983c76c6d95381
[INFO] running `Command { std: "docker" "start" "-a" "73d5bac13402f30b534e4bb765aaf9b3f045b2a44e64a83f7e983c76c6d95381", kill_on_drop: false }`
[INFO] [stdout] warning: unused imports: `vec::Vec` and `vec`
[INFO] [stdout]  --> src/builder.rs:2:11
[INFO] [stdout]   |
[INFO] [stdout] 2 | use std::{vec, vec::Vec};
[INFO] [stdout]   |           ^^^  ^^^^^^^^
[INFO] [stdout]   |
[INFO] [stdout]   = note: `#[warn(unused_imports)]` on by default
[INFO] [stdout] 
[INFO] [stdout] 
[INFO] [stdout] warning: unused variable: `staticlib_dir`
[INFO] [stdout]    --> src/builder.rs:152:19
[INFO] [stdout]     |
[INFO] [stdout] 152 | pub fn full_build(staticlib_dir: &str, arch: Arch) {
[INFO] [stdout]     |                   ^^^^^^^^^^^^^ help: if this is intentional, prefix it with an underscore: `_staticlib_dir`
[INFO] [stdout]     |
[INFO] [stdout]     = note: `#[warn(unused_variables)]` on by default
[INFO] [stdout] 
[INFO] [stdout] 
[INFO] [stdout] warning: unused variable: `arch`
[INFO] [stdout]    --> src/builder.rs:152:40
[INFO] [stdout]     |
[INFO] [stdout] 152 | pub fn full_build(staticlib_dir: &str, arch: Arch) {
[INFO] [stdout]     |                                        ^^^^ help: if this is intentional, prefix it with an underscore: `_arch`
[INFO] [stdout] 
[INFO] [stdout] 
[INFO] [stdout] warning: constant `cargo_command` should have an upper case name
[INFO] [stdout]  --> src/builder.rs:9:7
[INFO] [stdout]   |
[INFO] [stdout] 9 | const cargo_command: &str = "cargo";
[INFO] [stdout]   |       ^^^^^^^^^^^^^ help: convert the identifier to upper case: `CARGO_COMMAND`
[INFO] [stdout]   |
[INFO] [stdout]   = note: `#[warn(non_upper_case_globals)]` on by default
[INFO] [stdout] 
[INFO] [stdout] 
[INFO] [stdout] warning: constant `rustc_command` should have an upper case name
[INFO] [stdout]   --> src/builder.rs:10:7
[INFO] [stdout]    |
[INFO] [stdout] 10 | const rustc_command: &str = "rustc";
[INFO] [stdout]    |       ^^^^^^^^^^^^^ help: convert the identifier to upper case: `RUSTC_COMMAND`
[INFO] [stdout] 
[INFO] [stdout] 
[INFO] [stderr]    Compiling arcboot v0.1.4 (/opt/rustwide/workdir)
[INFO] [stdout] warning: constant `rustc_target_command` should have an upper case name
[INFO] [stdout]   --> src/builder.rs:11:7
[INFO] [stdout]    |
[INFO] [stdout] 11 | const rustc_target_command: &str = "--target=";
[INFO] [stdout]    |       ^^^^^^^^^^^^^^^^^^^^ help: convert the identifier to upper case: `RUSTC_TARGET_COMMAND`
[INFO] [stdout] 
[INFO] [stdout] 
[INFO] [stdout] warning: constant `rustc_flag_command` should have an upper case name
[INFO] [stdout]   --> src/builder.rs:12:7
[INFO] [stdout]    |
[INFO] [stdout] 12 | const rustc_flag_command: &str = "--";
[INFO] [stdout]    |       ^^^^^^^^^^^^^^^^^^ help: convert the identifier to upper case: `RUSTC_FLAG_COMMAND`
[INFO] [stdout] 
[INFO] [stdout] 
[INFO] [stdout] warning: constant `staticlib_crate_type` should have an upper case name
[INFO] [stdout]   --> src/builder.rs:13:7
[INFO] [stdout]    |
[INFO] [stdout] 13 | const staticlib_crate_type: &str = "--crate-type=staticlib";
[INFO] [stdout]    |       ^^^^^^^^^^^^^^^^^^^^ help: convert the identifier to upper case: `STATICLIB_CRATE_TYPE`
[INFO] [stdout] 
[INFO] [stdout] 
[INFO] [stdout] warning: unused imports: `vec::Vec` and `vec`
[INFO] [stdout]  --> src/builder.rs:2:11
[INFO] [stdout]   |
[INFO] [stdout] 2 | use std::{vec, vec::Vec};
[INFO] [stdout]   |           ^^^  ^^^^^^^^
[INFO] [stdout]   |
[INFO] [stdout]   = note: `#[warn(unused_imports)]` on by default
[INFO] [stdout] 
[INFO] [stdout] 
[INFO] [stdout] warning: unused import: `fs`
[INFO] [stdout]  --> src/main.rs:2:16
[INFO] [stdout]   |
[INFO] [stdout] 2 | use std::{env, fs};
[INFO] [stdout]   |                ^^
[INFO] [stdout]   |
[INFO] [stdout]   = note: `#[warn(unused_imports)]` on by default
[INFO] [stdout] 
[INFO] [stdout] 
[INFO] [stdout] warning: unused import: `arcboot::str`
[INFO] [stdout]  --> src/main.rs:8:5
[INFO] [stdout]   |
[INFO] [stdout] 8 | use arcboot::str;
[INFO] [stdout]   |     ^^^^^^^^^^^^
[INFO] [stdout] 
[INFO] [stdout] 
[INFO] [stdout] warning: unreachable statement
[INFO] [stdout]   --> src/main.rs:85:9
[INFO] [stdout]    |
[INFO] [stdout] 83 |         exit(1);
[INFO] [stdout]    |         ------- any code following this expression is unreachable
[INFO] [stdout] 84 |
[INFO] [stdout] 85 |         let QEMU = "qemu-system-riscv64";
[INFO] [stdout]    |         ^^^^^^^^^^^^^^^^^^^^^^^^^^^^^^^^^ unreachable statement
[INFO] [stdout]    |
[INFO] [stdout]    = note: `#[warn(unreachable_code)]` on by default
[INFO] [stdout] 
[INFO] [stdout] 
[INFO] [stdout] warning: unreachable statement
[INFO] [stdout]    --> src/main.rs:102:9
[INFO] [stdout]     |
[INFO] [stdout] 100 |         exit(1);
[INFO] [stdout]     |         ------- any code following this expression is unreachable
[INFO] [stdout] 101 |
[INFO] [stdout] 102 |         let QEMU = "qemu-system-riscv64";
[INFO] [stdout]     |         ^^^^^^^^^^^^^^^^^^^^^^^^^^^^^^^^^ unreachable statement
[INFO] [stdout] 
[INFO] [stdout] 
[INFO] [stdout] warning: unused variable: `build`
[INFO] [stdout]   --> src/main.rs:72:13
[INFO] [stdout]    |
[INFO] [stdout] 72 |         let build = Build::new(__arch_build)
[INFO] [stdout]    |             ^^^^^ help: if this is intentional, prefix it with an underscore: `_build`
[INFO] [stdout]    |
[INFO] [stdout]    = note: `#[warn(unused_variables)]` on by default
[INFO] [stdout] 
[INFO] [stdout] 
[INFO] [stdout] warning: variable does not need to be mutable
[INFO] [stdout]   --> src/main.rs:52:13
[INFO] [stdout]    |
[INFO] [stdout] 52 |         let mut arch_build = match __arch_build {
[INFO] [stdout]    |             ----^^^^^^^^^^
[INFO] [stdout]    |             |
[INFO] [stdout]    |             help: remove this `mut`
[INFO] [stdout]    |
[INFO] [stdout]    = note: `#[warn(unused_mut)]` on by default
[INFO] [stdout] 
[INFO] [stdout] 
[INFO] [stdout] warning: constant `BUILD_CFG` is never used
[INFO] [stdout]   --> src/main.rs:10:7
[INFO] [stdout]    |
[INFO] [stdout] 10 | const BUILD_CFG: [&str; 3] = ["--release", "--debug", "--test"];
[INFO] [stdout]    |       ^^^^^^^^^
[INFO] [stdout]    |
[INFO] [stdout]    = note: `#[warn(dead_code)]` on by default
[INFO] [stdout] 
[INFO] [stdout] 
[INFO] [stdout] warning: constant `SUPPORT_ENV_PATH` is never used
[INFO] [stdout]   --> src/main.rs:11:7
[INFO] [stdout]    |
[INFO] [stdout] 11 | const SUPPORT_ENV_PATH: &str = "support/";
[INFO] [stdout]    |       ^^^^^^^^^^^^^^^^
[INFO] [stdout] 
[INFO] [stdout] 
[INFO] [stdout] warning: variable `QEMU` should have a snake case name
[INFO] [stdout]   --> src/main.rs:85:13
[INFO] [stdout]    |
[INFO] [stdout] 85 |         let QEMU = "qemu-system-riscv64";
[INFO] [stdout]    |             ^^^^ help: convert the identifier to snake case: `qemu`
[INFO] [stdout]    |
[INFO] [stdout]    = note: `#[warn(non_snake_case)]` on by default
[INFO] [stdout] 
[INFO] [stdout] 
[INFO] [stdout] warning: variable `QEMU` should have a snake case name
[INFO] [stdout]    --> src/main.rs:102:13
[INFO] [stdout]     |
[INFO] [stdout] 102 |         let QEMU = "qemu-system-riscv64";
[INFO] [stdout]     |             ^^^^ help: convert the identifier to snake case: `qemu`
[INFO] [stdout] 
[INFO] [stdout] 
[INFO] [stdout] warning: unused variable: `staticlib_dir`
[INFO] [stdout]    --> src/builder.rs:152:19
[INFO] [stdout]     |
[INFO] [stdout] 152 | pub fn full_build(staticlib_dir: &str, arch: Arch) {
[INFO] [stdout]     |                   ^^^^^^^^^^^^^ help: if this is intentional, prefix it with an underscore: `_staticlib_dir`
[INFO] [stdout]     |
[INFO] [stdout]     = note: `#[warn(unused_variables)]` on by default
[INFO] [stdout] 
[INFO] [stdout] 
[INFO] [stdout] warning: unused variable: `arch`
[INFO] [stdout]    --> src/builder.rs:152:40
[INFO] [stdout]     |
[INFO] [stdout] 152 | pub fn full_build(staticlib_dir: &str, arch: Arch) {
[INFO] [stdout]     |                                        ^^^^ help: if this is intentional, prefix it with an underscore: `_arch`
[INFO] [stdout] 
[INFO] [stdout] 
[INFO] [stdout] warning: constant `cargo_command` should have an upper case name
[INFO] [stdout]  --> src/builder.rs:9:7
[INFO] [stdout]   |
[INFO] [stdout] 9 | const cargo_command: &str = "cargo";
[INFO] [stdout]   |       ^^^^^^^^^^^^^ help: convert the identifier to upper case: `CARGO_COMMAND`
[INFO] [stdout]   |
[INFO] [stdout]   = note: `#[warn(non_upper_case_globals)]` on by default
[INFO] [stdout] 
[INFO] [stdout] 
[INFO] [stdout] warning: constant `rustc_command` should have an upper case name
[INFO] [stdout]   --> src/builder.rs:10:7
[INFO] [stdout]    |
[INFO] [stdout] 10 | const rustc_command: &str = "rustc";
[INFO] [stdout]    |       ^^^^^^^^^^^^^ help: convert the identifier to upper case: `RUSTC_COMMAND`
[INFO] [stdout] 
[INFO] [stdout] 
[INFO] [stdout] warning: constant `rustc_target_command` should have an upper case name
[INFO] [stdout]   --> src/builder.rs:11:7
[INFO] [stdout]    |
[INFO] [stdout] 11 | const rustc_target_command: &str = "--target=";
[INFO] [stdout]    |       ^^^^^^^^^^^^^^^^^^^^ help: convert the identifier to upper case: `RUSTC_TARGET_COMMAND`
[INFO] [stdout] 
[INFO] [stdout] 
[INFO] [stdout] warning: constant `rustc_flag_command` should have an upper case name
[INFO] [stdout]   --> src/builder.rs:12:7
[INFO] [stdout]    |
[INFO] [stdout] 12 | const rustc_flag_command: &str = "--";
[INFO] [stdout]    |       ^^^^^^^^^^^^^^^^^^ help: convert the identifier to upper case: `RUSTC_FLAG_COMMAND`
[INFO] [stdout] 
[INFO] [stdout] 
[INFO] [stdout] warning: constant `staticlib_crate_type` should have an upper case name
[INFO] [stdout]   --> src/builder.rs:13:7
[INFO] [stdout]    |
[INFO] [stdout] 13 | const staticlib_crate_type: &str = "--crate-type=staticlib";
[INFO] [stdout]    |       ^^^^^^^^^^^^^^^^^^^^ help: convert the identifier to upper case: `STATICLIB_CRATE_TYPE`
[INFO] [stdout] 
[INFO] [stdout] 
[INFO] [stderr]     Finished `test` profile [unoptimized + debuginfo] target(s) in 0.82s
[INFO] running `Command { std: "docker" "inspect" "73d5bac13402f30b534e4bb765aaf9b3f045b2a44e64a83f7e983c76c6d95381", kill_on_drop: false }`
[INFO] running `Command { std: "docker" "rm" "-f" "73d5bac13402f30b534e4bb765aaf9b3f045b2a44e64a83f7e983c76c6d95381", kill_on_drop: false }`
[INFO] [stdout] 73d5bac13402f30b534e4bb765aaf9b3f045b2a44e64a83f7e983c76c6d95381
[INFO] running `Command { std: "docker" "create" "-v" "/var/lib/crater-agent-workspace/builds/worker-4-tc1/target:/opt/rustwide/target:rw,Z" "-v" "/var/lib/crater-agent-workspace/builds/worker-4-tc1/source:/opt/rustwide/workdir:ro,Z" "-v" "/var/lib/crater-agent-workspace/cargo-home:/opt/rustwide/cargo-home:ro,Z" "-v" "/var/lib/crater-agent-workspace/rustup-home:/opt/rustwide/rustup-home:ro,Z" "-e" "SOURCE_DIR=/opt/rustwide/workdir" "-e" "CARGO_TARGET_DIR=/opt/rustwide/target" "-e" "CARGO_INCREMENTAL=0" "-e" "RUST_BACKTRACE=full" "-e" "RUSTFLAGS=--cap-lints=warn" "-e" "RUSTDOCFLAGS=--cap-lints=warn" "-e" "CARGO_HOME=/opt/rustwide/cargo-home" "-e" "RUSTUP_HOME=/opt/rustwide/rustup-home" "-w" "/opt/rustwide/workdir" "-m" "1610612736" "--user" "0:0" "--network" "none" "ghcr.io/rust-lang/crates-build-env/linux@sha256:f3a9d4ad9d972b27faf3965f35b62e55ba32bbce8f20bc8fe909558a86702fde" "/opt/rustwide/cargo-home/bin/cargo" "+1.83.0" "test" "--frozen", kill_on_drop: false }`
[INFO] [stdout] 504d18208b655e5b161dd51a336a696a054522c2582a3bbaf1e71c61e68aa27c
[INFO] running `Command { std: "docker" "start" "-a" "504d18208b655e5b161dd51a336a696a054522c2582a3bbaf1e71c61e68aa27c", kill_on_drop: false }`
[INFO] [stderr] warning: unused imports: `vec::Vec` and `vec`
[INFO] [stderr]  --> src/builder.rs:2:11
[INFO] [stderr]   |
[INFO] [stderr] 2 | use std::{vec, vec::Vec};
[INFO] [stderr]   |           ^^^  ^^^^^^^^
[INFO] [stderr]   |
[INFO] [stderr]   = note: `#[warn(unused_imports)]` on by default
[INFO] [stderr] 
[INFO] [stderr] warning: unused variable: `staticlib_dir`
[INFO] [stderr]    --> src/builder.rs:152:19
[INFO] [stderr]     |
[INFO] [stderr] 152 | pub fn full_build(staticlib_dir: &str, arch: Arch) {
[INFO] [stderr]     |                   ^^^^^^^^^^^^^ help: if this is intentional, prefix it with an underscore: `_staticlib_dir`
[INFO] [stderr]     |
[INFO] [stderr]     = note: `#[warn(unused_variables)]` on by default
[INFO] [stderr] 
[INFO] [stderr] warning: unused variable: `arch`
[INFO] [stderr]    --> src/builder.rs:152:40
[INFO] [stderr]     |
[INFO] [stderr] 152 | pub fn full_build(staticlib_dir: &str, arch: Arch) {
[INFO] [stderr]     |                                        ^^^^ help: if this is intentional, prefix it with an underscore: `_arch`
[INFO] [stderr] 
[INFO] [stderr] warning: constant `cargo_command` should have an upper case name
[INFO] [stderr]  --> src/builder.rs:9:7
[INFO] [stderr]   |
[INFO] [stderr] 9 | const cargo_command: &str = "cargo";
[INFO] [stderr]   |       ^^^^^^^^^^^^^ help: convert the identifier to upper case: `CARGO_COMMAND`
[INFO] [stderr]   |
[INFO] [stderr]   = note: `#[warn(non_upper_case_globals)]` on by default
[INFO] [stderr] 
[INFO] [stderr] warning: constant `rustc_command` should have an upper case name
[INFO] [stderr]   --> src/builder.rs:10:7
[INFO] [stderr]    |
[INFO] [stderr] 10 | const rustc_command: &str = "rustc";
[INFO] [stderr]    |       ^^^^^^^^^^^^^ help: convert the identifier to upper case: `RUSTC_COMMAND`
[INFO] [stderr] 
[INFO] [stderr] warning: constant `rustc_target_command` should have an upper case name
[INFO] [stderr]   --> src/builder.rs:11:7
[INFO] [stderr]    |
[INFO] [stderr] 11 | const rustc_target_command: &str = "--target=";
[INFO] [stderr]    |       ^^^^^^^^^^^^^^^^^^^^ help: convert the identifier to upper case: `RUSTC_TARGET_COMMAND`
[INFO] [stderr] 
[INFO] [stderr] warning: constant `rustc_flag_command` should have an upper case name
[INFO] [stderr]   --> src/builder.rs:12:7
[INFO] [stderr]    |
[INFO] [stderr] 12 | const rustc_flag_command: &str = "--";
[INFO] [stderr]    |       ^^^^^^^^^^^^^^^^^^ help: convert the identifier to upper case: `RUSTC_FLAG_COMMAND`
[INFO] [stderr] 
[INFO] [stderr] warning: constant `staticlib_crate_type` should have an upper case name
[INFO] [stderr]   --> src/builder.rs:13:7
[INFO] [stderr]    |
[INFO] [stderr] 13 | const staticlib_crate_type: &str = "--crate-type=staticlib";
[INFO] [stderr]    |       ^^^^^^^^^^^^^^^^^^^^ help: convert the identifier to upper case: `STATICLIB_CRATE_TYPE`
[INFO] [stderr] 
[INFO] [stderr] warning: `arcboot` (lib) generated 8 warnings (run `cargo fix --lib -p arcboot` to apply 1 suggestion)
[INFO] [stderr] warning: unused import: `fs`
[INFO] [stderr]  --> src/main.rs:2:16
[INFO] [stderr]   |
[INFO] [stderr] 2 | use std::{env, fs};
[INFO] [stderr]   |                ^^
[INFO] [stderr]   |
[INFO] [stderr]   = note: `#[warn(unused_imports)]` on by default
[INFO] [stderr] 
[INFO] [stderr] warning: unused import: `arcboot::str`
[INFO] [stderr]  --> src/main.rs:8:5
[INFO] [stderr]   |
[INFO] [stderr] 8 | use arcboot::str;
[INFO] [stderr]   |     ^^^^^^^^^^^^
[INFO] [stderr] 
[INFO] [stderr] warning: unreachable statement
[INFO] [stderr]   --> src/main.rs:85:9
[INFO] [stderr]    |
[INFO] [stderr] 83 |         exit(1);
[INFO] [stderr]    |         ------- any code following this expression is unreachable
[INFO] [stderr] 84 |
[INFO] [stderr] 85 |         let QEMU = "qemu-system-riscv64";
[INFO] [stderr]    |         ^^^^^^^^^^^^^^^^^^^^^^^^^^^^^^^^^ unreachable statement
[INFO] [stderr]    |
[INFO] [stderr]    = note: `#[warn(unreachable_code)]` on by default
[INFO] [stderr] 
[INFO] [stderr] warning: unreachable statement
[INFO] [stderr]    --> src/main.rs:102:9
[INFO] [stderr]     |
[INFO] [stderr] 100 |         exit(1);
[INFO] [stderr]     |         ------- any code following this expression is unreachable
[INFO] [stderr] 101 |
[INFO] [stderr] 102 |         let QEMU = "qemu-system-riscv64";
[INFO] [stderr]     |         ^^^^^^^^^^^^^^^^^^^^^^^^^^^^^^^^^ unreachable statement
[INFO] [stderr] 
[INFO] [stderr] warning: unused variable: `build`
[INFO] [stderr]   --> src/main.rs:72:13
[INFO] [stderr]    |
[INFO] [stderr] 72 |         let build = Build::new(__arch_build)
[INFO] [stderr]    |             ^^^^^ help: if this is intentional, prefix it with an underscore: `_build`
[INFO] [stderr]    |
[INFO] [stderr]    = note: `#[warn(unused_variables)]` on by default
[INFO] [stderr] 
[INFO] [stderr] warning: variable does not need to be mutable
[INFO] [stderr]   --> src/main.rs:52:13
[INFO] [stderr]    |
[INFO] [stderr] 52 |         let mut arch_build = match __arch_build {
[INFO] [stderr]    |             ----^^^^^^^^^^
[INFO] [stderr]    |             |
[INFO] [stderr]    |             help: remove this `mut`
[INFO] [stderr]    |
[INFO] [stderr]    = note: `#[warn(unused_mut)]` on by default
[INFO] [stderr] 
[INFO] [stderr] warning: constant `BUILD_CFG` is never used
[INFO] [stderr]   --> src/main.rs:10:7
[INFO] [stderr]    |
[INFO] [stderr] 10 | const BUILD_CFG: [&str; 3] = ["--release", "--debug", "--test"];
[INFO] [stderr]    |       ^^^^^^^^^
[INFO] [stderr]    |
[INFO] [stderr]    = note: `#[warn(dead_code)]` on by default
[INFO] [stderr] 
[INFO] [stderr] warning: constant `SUPPORT_ENV_PATH` is never used
[INFO] [stderr]   --> src/main.rs:11:7
[INFO] [stderr]    |
[INFO] [stderr] 11 | const SUPPORT_ENV_PATH: &str = "support/";
[INFO] [stderr]    |       ^^^^^^^^^^^^^^^^
[INFO] [stderr] 
[INFO] [stderr] warning: variable `QEMU` should have a snake case name
[INFO] [stderr]   --> src/main.rs:85:13
[INFO] [stderr]    |
[INFO] [stderr] 85 |         let QEMU = "qemu-system-riscv64";
[INFO] [stderr]    |             ^^^^ help: convert the identifier to snake case: `qemu`
[INFO] [stderr]    |
[INFO] [stderr]    = note: `#[warn(non_snake_case)]` on by default
[INFO] [stderr] 
[INFO] [stderr] warning: variable `QEMU` should have a snake case name
[INFO] [stderr]    --> src/main.rs:102:13
[INFO] [stderr]     |
[INFO] [stderr] 102 |         let QEMU = "qemu-system-riscv64";
[INFO] [stderr]     |             ^^^^ help: convert the identifier to snake case: `qemu`
[INFO] [stderr] 
[INFO] [stderr] warning: `arcboot` (bin "arcboot" test) generated 10 warnings (run `cargo fix --bin "arcboot" --tests` to apply 3 suggestions)
[INFO] [stderr] warning: `arcboot` (lib test) generated 8 warnings (8 duplicates)
[INFO] [stderr]     Finished `test` profile [unoptimized + debuginfo] target(s) in 0.02s
[INFO] [stderr]      Running unittests src/lib.rs (/opt/rustwide/target/debug/deps/arcboot-4ff68db8ed91409e)
[INFO] [stdout] 
[INFO] [stdout] running 3 tests
[INFO] [stdout] test tests::it_works ... ok
[INFO] [stdout] test test_build_basic ... FAILED
[INFO] [stdout] test test_build_basic_chain ... FAILED
[INFO] [stdout] 
[INFO] [stdout] failures:
[INFO] [stdout] 
[INFO] [stdout] ---- test_build_basic stdout ----
[INFO] [stdout] status: exit status: 0
[INFO] [stdout] asm_file = asm/riscv64/boot.S
[INFO] [stdout] output_file = build/boot.o
[INFO] [stdout] thread 'test_build_basic' panicked at src/builder.rs:95:14:
[INFO] [stdout] failed to execute the assembler, is it in path? Otherwise specify its full path in Cargo.toml under [deps.arcboot]: Os { code: 2, kind: NotFound, message: "No such file or directory" }
[INFO] [stdout] stack backtrace:
[INFO] [stdout]    0:     0x58f0dc1cf88a - std::backtrace_rs::backtrace::libunwind::trace::h5a5b8284f2d0c266
[INFO] [stdout]                                at /rustc/90b35a6239c3d8bdabc530a6a0816f7ff89a0aaf/library/std/src/../../backtrace/src/backtrace/libunwind.rs:116:5
[INFO] [stdout]    1:     0x58f0dc1cf88a - std::backtrace_rs::backtrace::trace_unsynchronized::h76d4f1c9b0b875e3
[INFO] [stdout]                                at /rustc/90b35a6239c3d8bdabc530a6a0816f7ff89a0aaf/library/std/src/../../backtrace/src/backtrace/mod.rs:66:5
[INFO] [stdout]    2:     0x58f0dc1cf88a - std::sys::backtrace::_print_fmt::hc4546b8364a537c6
[INFO] [stdout]                                at /rustc/90b35a6239c3d8bdabc530a6a0816f7ff89a0aaf/library/std/src/sys/backtrace.rs:66:9
[INFO] [stdout]    3:     0x58f0dc1cf88a - <std::sys::backtrace::BacktraceLock::print::DisplayBacktrace as core::fmt::Display>::fmt::h5b6bd5631a6d1f6b
[INFO] [stdout]                                at /rustc/90b35a6239c3d8bdabc530a6a0816f7ff89a0aaf/library/std/src/sys/backtrace.rs:39:26
[INFO] [stdout]    4:     0x58f0dc1f5093 - core::fmt::rt::Argument::fmt::h270f6602a2b96f62
[INFO] [stdout]                                at /rustc/90b35a6239c3d8bdabc530a6a0816f7ff89a0aaf/library/core/src/fmt/rt.rs:177:76
[INFO] [stdout]    5:     0x58f0dc1f5093 - core::fmt::write::h7550c97b06c86515
[INFO] [stdout]                                at /rustc/90b35a6239c3d8bdabc530a6a0816f7ff89a0aaf/library/core/src/fmt/mod.rs:1186:21
[INFO] [stdout]    6:     0x58f0dc1cca43 - std::io::Write::write_fmt::h509ff860e5956e5e
[INFO] [stdout]                                at /rustc/90b35a6239c3d8bdabc530a6a0816f7ff89a0aaf/library/std/src/io/mod.rs:1839:15
[INFO] [stdout]    7:     0x58f0dc1cf6d2 - std::sys::backtrace::BacktraceLock::print::h2395ccd2c84ba3aa
[INFO] [stdout]                                at /rustc/90b35a6239c3d8bdabc530a6a0816f7ff89a0aaf/library/std/src/sys/backtrace.rs:42:9
[INFO] [stdout]    8:     0x58f0dc1d0cea - std::panicking::default_hook::{{closure}}::he19d4c7230e07961
[INFO] [stdout]                                at /rustc/90b35a6239c3d8bdabc530a6a0816f7ff89a0aaf/library/std/src/panicking.rs:268:22
[INFO] [stdout]    9:     0x58f0dc1d0af4 - std::panicking::default_hook::hf614597d3c67bbdb
[INFO] [stdout]                                at /rustc/90b35a6239c3d8bdabc530a6a0816f7ff89a0aaf/library/std/src/panicking.rs:292:9
[INFO] [stdout]   10:     0x58f0dc19c3c9 - <alloc::boxed::Box<F,A> as core::ops::function::Fn<Args>>::call::h39b51ce4599c23d1
[INFO] [stdout]                                at /rustc/90b35a6239c3d8bdabc530a6a0816f7ff89a0aaf/library/alloc/src/boxed.rs:2468:9
[INFO] [stdout]   11:     0x58f0dc19c3c9 - test::test_main::{{closure}}::he977ae839a582784
[INFO] [stdout]                                at /rustc/90b35a6239c3d8bdabc530a6a0816f7ff89a0aaf/library/test/src/lib.rs:133:21
[INFO] [stdout]   12:     0x58f0dc1d1388 - <alloc::boxed::Box<F,A> as core::ops::function::Fn<Args>>::call::h9455091b6b06f9fb
[INFO] [stdout]                                at /rustc/90b35a6239c3d8bdabc530a6a0816f7ff89a0aaf/library/alloc/src/boxed.rs:2468:9
[INFO] [stdout]   13:     0x58f0dc1d1388 - std::panicking::rust_panic_with_hook::h8942133a8b252070
[INFO] [stdout]                                at /rustc/90b35a6239c3d8bdabc530a6a0816f7ff89a0aaf/library/std/src/panicking.rs:809:13
[INFO] [stdout]   14:     0x58f0dc1d114a - std::panicking::begin_panic_handler::{{closure}}::hb5f5963570096b29
[INFO] [stdout]                                at /rustc/90b35a6239c3d8bdabc530a6a0816f7ff89a0aaf/library/std/src/panicking.rs:674:13
[INFO] [stdout]   15:     0x58f0dc1cfd69 - std::sys::backtrace::__rust_end_short_backtrace::h6208cedc1922feda
[INFO] [stdout]                                at /rustc/90b35a6239c3d8bdabc530a6a0816f7ff89a0aaf/library/std/src/sys/backtrace.rs:170:18
[INFO] [stdout]   16:     0x58f0dc1d0ddc - rust_begin_unwind
[INFO] [stdout]                                at /rustc/90b35a6239c3d8bdabc530a6a0816f7ff89a0aaf/library/std/src/panicking.rs:665:5
[INFO] [stdout]   17:     0x58f0dc159a60 - core::panicking::panic_fmt::h0c3082644d1bf418
[INFO] [stdout]                                at /rustc/90b35a6239c3d8bdabc530a6a0816f7ff89a0aaf/library/core/src/panicking.rs:74:14
[INFO] [stdout]   18:     0x58f0dc159e06 - core::result::unwrap_failed::hd20b4aa073bda1e2
[INFO] [stdout]                                at /rustc/90b35a6239c3d8bdabc530a6a0816f7ff89a0aaf/library/core/src/result.rs:1700:5
[INFO] [stdout]   19:     0x58f0dc1623f8 - core::result::Result<T,E>::expect::h168f0d6690191c54
[INFO] [stdout]                                at /rustc/90b35a6239c3d8bdabc530a6a0816f7ff89a0aaf/library/core/src/result.rs:1061:23
[INFO] [stdout]   20:     0x58f0dc15ff13 - arcboot::builder::Build::assemble::h2c02b1d8b087265a
[INFO] [stdout]                                at /opt/rustwide/workdir/src/builder.rs:89:22
[INFO] [stdout]   21:     0x58f0dc1607a6 - arcboot::test_build_basic::hf50a9e2959c60925
[INFO] [stdout]                                at /opt/rustwide/workdir/src/lib.rs:28:5
[INFO] [stdout]   22:     0x58f0dc160747 - arcboot::test_build_basic::{{closure}}::h3c31eb7a039f5205
[INFO] [stdout]                                at /opt/rustwide/workdir/src/lib.rs:25:22
[INFO] [stdout]   23:     0x58f0dc15b756 - core::ops::function::FnOnce::call_once::h3c53cc96cf1b34e8
[INFO] [stdout]                                at /rustc/90b35a6239c3d8bdabc530a6a0816f7ff89a0aaf/library/core/src/ops/function.rs:250:5
[INFO] [stdout]   24:     0x58f0dc1a0d8b - core::ops::function::FnOnce::call_once::h109cf8051a59b34e
[INFO] [stdout]                                at /rustc/90b35a6239c3d8bdabc530a6a0816f7ff89a0aaf/library/core/src/ops/function.rs:250:5
[INFO] [stdout]   25:     0x58f0dc1a0d8b - test::__rust_begin_short_backtrace::hf4fff89d377446ba
[INFO] [stdout]                                at /rustc/90b35a6239c3d8bdabc530a6a0816f7ff89a0aaf/library/test/src/lib.rs:621:18
[INFO] [stdout]   26:     0x58f0dc1a05c7 - test::run_test_in_process::{{closure}}::h0e39181dd7ee5a43
[INFO] [stdout]                                at /rustc/90b35a6239c3d8bdabc530a6a0816f7ff89a0aaf/library/test/src/lib.rs:644:60
[INFO] [stdout]   27:     0x58f0dc1a05c7 - <core::panic::unwind_safe::AssertUnwindSafe<F> as core::ops::function::FnOnce<()>>::call_once::hc5a66a30f0bdfd1f
[INFO] [stdout]                                at /rustc/90b35a6239c3d8bdabc530a6a0816f7ff89a0aaf/library/core/src/panic/unwind_safe.rs:272:9
[INFO] [stdout]   28:     0x58f0dc1a05c7 - std::panicking::try::do_call::h873b7cf639554a5e
[INFO] [stdout]                                at /rustc/90b35a6239c3d8bdabc530a6a0816f7ff89a0aaf/library/std/src/panicking.rs:557:40
[INFO] [stdout]   29:     0x58f0dc1a05c7 - std::panicking::try::hdb19862fad9c8bd1
[INFO] [stdout]                                at /rustc/90b35a6239c3d8bdabc530a6a0816f7ff89a0aaf/library/std/src/panicking.rs:520:19
[INFO] [stdout]   30:     0x58f0dc1a05c7 - std::panic::catch_unwind::h281fe732d236d260
[INFO] [stdout]                                at /rustc/90b35a6239c3d8bdabc530a6a0816f7ff89a0aaf/library/std/src/panic.rs:358:14
[INFO] [stdout]   31:     0x58f0dc1a05c7 - test::run_test_in_process::h949b6df8457ed338
[INFO] [stdout]                                at /rustc/90b35a6239c3d8bdabc530a6a0816f7ff89a0aaf/library/test/src/lib.rs:644:27
[INFO] [stdout]   32:     0x58f0dc1a05c7 - test::run_test::{{closure}}::h52c556a6d4740e10
[INFO] [stdout]                                at /rustc/90b35a6239c3d8bdabc530a6a0816f7ff89a0aaf/library/test/src/lib.rs:565:43
[INFO] [stdout]   33:     0x58f0dc1658a4 - test::run_test::{{closure}}::h4237f6381c45ccb9
[INFO] [stdout]                                at /rustc/90b35a6239c3d8bdabc530a6a0816f7ff89a0aaf/library/test/src/lib.rs:595:41
[INFO] [stdout]   34:     0x58f0dc1658a4 - std::sys::backtrace::__rust_begin_short_backtrace::h505c97a579eca628
[INFO] [stdout]                                at /rustc/90b35a6239c3d8bdabc530a6a0816f7ff89a0aaf/library/std/src/sys/backtrace.rs:154:18
[INFO] [stdout]   35:     0x58f0dc168f6e - std::thread::Builder::spawn_unchecked_::{{closure}}::{{closure}}::h9e86b2e2bc107ea3
[INFO] [stdout]                                at /rustc/90b35a6239c3d8bdabc530a6a0816f7ff89a0aaf/library/std/src/thread/mod.rs:538:17
[INFO] [stdout]   36:     0x58f0dc168f6e - <core::panic::unwind_safe::AssertUnwindSafe<F> as core::ops::function::FnOnce<()>>::call_once::h8b06ddb275ff4a25
[INFO] [stdout]                                at /rustc/90b35a6239c3d8bdabc530a6a0816f7ff89a0aaf/library/core/src/panic/unwind_safe.rs:272:9
[INFO] [stderr] error: test failed, to rerun pass `--lib`
[INFO] [stdout]   37:     0x58f0dc168f6e - std::panicking::try::do_call::hb26ecd7cd9a9355d
[INFO] [stdout]                                at /rustc/90b35a6239c3d8bdabc530a6a0816f7ff89a0aaf/library/std/src/panicking.rs:557:40
[INFO] [stdout]   38:     0x58f0dc168f6e - std::panicking::try::h8ddeca9d705f9069
[INFO] [stdout]                                at /rustc/90b35a6239c3d8bdabc530a6a0816f7ff89a0aaf/library/std/src/panicking.rs:520:19
[INFO] [stdout]   39:     0x58f0dc168f6e - std::panic::catch_unwind::h49e1c33078844c46
[INFO] [stdout]                                at /rustc/90b35a6239c3d8bdabc530a6a0816f7ff89a0aaf/library/std/src/panic.rs:358:14
[INFO] [stdout]   40:     0x58f0dc168f6e - std::thread::Builder::spawn_unchecked_::{{closure}}::h6073db6ff56ad35d
[INFO] [stdout]                                at /rustc/90b35a6239c3d8bdabc530a6a0816f7ff89a0aaf/library/std/src/thread/mod.rs:537:30
[INFO] [stdout]   41:     0x58f0dc168f6e - core::ops::function::FnOnce::call_once{{vtable.shim}}::h2c5a5f3779c774f1
[INFO] [stdout]                                at /rustc/90b35a6239c3d8bdabc530a6a0816f7ff89a0aaf/library/core/src/ops/function.rs:250:5
[INFO] [stdout]   42:     0x58f0dc1d51cb - <alloc::boxed::Box<F,A> as core::ops::function::FnOnce<Args>>::call_once::hf75717d9f28faebf
[INFO] [stdout]                                at /rustc/90b35a6239c3d8bdabc530a6a0816f7ff89a0aaf/library/alloc/src/boxed.rs:2454:9
[INFO] [stdout]   43:     0x58f0dc1d51cb - <alloc::boxed::Box<F,A> as core::ops::function::FnOnce<Args>>::call_once::h7bd883a5f3c5f3c1
[INFO] [stdout]                                at /rustc/90b35a6239c3d8bdabc530a6a0816f7ff89a0aaf/library/alloc/src/boxed.rs:2454:9
[INFO] [stdout]   44:     0x58f0dc1d51cb - std::sys::pal::unix::thread::Thread::new::thread_start::hcc78f3943333fa94
[INFO] [stdout]                                at /rustc/90b35a6239c3d8bdabc530a6a0816f7ff89a0aaf/library/std/src/sys/pal/unix/thread.rs:105:17
[INFO] [stdout]   45:     0x7c70dd7d5ac3 - <unknown>
[INFO] [stdout]   46:     0x7c70dd866a04 - clone
[INFO] [stdout]   47:                0x0 - <unknown>
[INFO] [stdout] 
[INFO] [stdout] ---- test_build_basic_chain stdout ----
[INFO] [stdout] status: exit status: 0
[INFO] [stdout] asm_file = asm/riscv64/boot.S
[INFO] [stdout] output_file = build/boot.o
[INFO] [stdout] thread 'test_build_basic_chain' panicked at src/builder.rs:95:14:
[INFO] [stdout] failed to execute the assembler, is it in path? Otherwise specify its full path in Cargo.toml under [deps.arcboot]: Os { code: 2, kind: NotFound, message: "No such file or directory" }
[INFO] [stdout] stack backtrace:
[INFO] [stdout]    0:     0x58f0dc1cf88a - std::backtrace_rs::backtrace::libunwind::trace::h5a5b8284f2d0c266
[INFO] [stdout]                                at /rustc/90b35a6239c3d8bdabc530a6a0816f7ff89a0aaf/library/std/src/../../backtrace/src/backtrace/libunwind.rs:116:5
[INFO] [stdout]    1:     0x58f0dc1cf88a - std::backtrace_rs::backtrace::trace_unsynchronized::h76d4f1c9b0b875e3
[INFO] [stdout]                                at /rustc/90b35a6239c3d8bdabc530a6a0816f7ff89a0aaf/library/std/src/../../backtrace/src/backtrace/mod.rs:66:5
[INFO] [stdout]    2:     0x58f0dc1cf88a - std::sys::backtrace::_print_fmt::hc4546b8364a537c6
[INFO] [stdout]                                at /rustc/90b35a6239c3d8bdabc530a6a0816f7ff89a0aaf/library/std/src/sys/backtrace.rs:66:9
[INFO] [stdout]    3:     0x58f0dc1cf88a - <std::sys::backtrace::BacktraceLock::print::DisplayBacktrace as core::fmt::Display>::fmt::h5b6bd5631a6d1f6b
[INFO] [stdout]                                at /rustc/90b35a6239c3d8bdabc530a6a0816f7ff89a0aaf/library/std/src/sys/backtrace.rs:39:26
[INFO] [stdout]    4:     0x58f0dc1f5093 - core::fmt::rt::Argument::fmt::h270f6602a2b96f62
[INFO] [stdout]                                at /rustc/90b35a6239c3d8bdabc530a6a0816f7ff89a0aaf/library/core/src/fmt/rt.rs:177:76
[INFO] [stdout]    5:     0x58f0dc1f5093 - core::fmt::write::h7550c97b06c86515
[INFO] [stdout]                                at /rustc/90b35a6239c3d8bdabc530a6a0816f7ff89a0aaf/library/core/src/fmt/mod.rs:1186:21
[INFO] [stdout]    6:     0x58f0dc1cca43 - std::io::Write::write_fmt::h509ff860e5956e5e
[INFO] [stdout]                                at /rustc/90b35a6239c3d8bdabc530a6a0816f7ff89a0aaf/library/std/src/io/mod.rs:1839:15
[INFO] [stdout]    7:     0x58f0dc1cf6d2 - std::sys::backtrace::BacktraceLock::print::h2395ccd2c84ba3aa
[INFO] [stdout]                                at /rustc/90b35a6239c3d8bdabc530a6a0816f7ff89a0aaf/library/std/src/sys/backtrace.rs:42:9
[INFO] [stdout]    8:     0x58f0dc1d0cea - std::panicking::default_hook::{{closure}}::he19d4c7230e07961
[INFO] [stdout]                                at /rustc/90b35a6239c3d8bdabc530a6a0816f7ff89a0aaf/library/std/src/panicking.rs:268:22
[INFO] [stdout]    9:     0x58f0dc1d0af4 - std::panicking::default_hook::hf614597d3c67bbdb
[INFO] [stdout]                                at /rustc/90b35a6239c3d8bdabc530a6a0816f7ff89a0aaf/library/std/src/panicking.rs:292:9
[INFO] [stdout]   10:     0x58f0dc19c3c9 - <alloc::boxed::Box<F,A> as core::ops::function::Fn<Args>>::call::h39b51ce4599c23d1
[INFO] [stdout]                                at /rustc/90b35a6239c3d8bdabc530a6a0816f7ff89a0aaf/library/alloc/src/boxed.rs:2468:9
[INFO] [stdout]   11:     0x58f0dc19c3c9 - test::test_main::{{closure}}::he977ae839a582784
[INFO] [stdout]                                at /rustc/90b35a6239c3d8bdabc530a6a0816f7ff89a0aaf/library/test/src/lib.rs:133:21
[INFO] [stdout]   12:     0x58f0dc1d1388 - <alloc::boxed::Box<F,A> as core::ops::function::Fn<Args>>::call::h9455091b6b06f9fb
[INFO] [stdout]                                at /rustc/90b35a6239c3d8bdabc530a6a0816f7ff89a0aaf/library/alloc/src/boxed.rs:2468:9
[INFO] [stdout]   13:     0x58f0dc1d1388 - std::panicking::rust_panic_with_hook::h8942133a8b252070
[INFO] [stdout]                                at /rustc/90b35a6239c3d8bdabc530a6a0816f7ff89a0aaf/library/std/src/panicking.rs:809:13
[INFO] [stdout]   14:     0x58f0dc1d114a - std::panicking::begin_panic_handler::{{closure}}::hb5f5963570096b29
[INFO] [stdout]                                at /rustc/90b35a6239c3d8bdabc530a6a0816f7ff89a0aaf/library/std/src/panicking.rs:674:13
[INFO] [stdout]   15:     0x58f0dc1cfd69 - std::sys::backtrace::__rust_end_short_backtrace::h6208cedc1922feda
[INFO] [stdout]                                at /rustc/90b35a6239c3d8bdabc530a6a0816f7ff89a0aaf/library/std/src/sys/backtrace.rs:170:18
[INFO] [stdout]   16:     0x58f0dc1d0ddc - rust_begin_unwind
[INFO] [stdout]                                at /rustc/90b35a6239c3d8bdabc530a6a0816f7ff89a0aaf/library/std/src/panicking.rs:665:5
[INFO] [stdout]   17:     0x58f0dc159a60 - core::panicking::panic_fmt::h0c3082644d1bf418
[INFO] [stdout]                                at /rustc/90b35a6239c3d8bdabc530a6a0816f7ff89a0aaf/library/core/src/panicking.rs:74:14
[INFO] [stdout]   18:     0x58f0dc159e06 - core::result::unwrap_failed::hd20b4aa073bda1e2
[INFO] [stdout]                                at /rustc/90b35a6239c3d8bdabc530a6a0816f7ff89a0aaf/library/core/src/result.rs:1700:5
[INFO] [stdout]   19:     0x58f0dc1623f8 - core::result::Result<T,E>::expect::h168f0d6690191c54
[INFO] [stdout]                                at /rustc/90b35a6239c3d8bdabc530a6a0816f7ff89a0aaf/library/core/src/result.rs:1061:23
[INFO] [stdout]   20:     0x58f0dc15ff13 - arcboot::builder::Build::assemble::h2c02b1d8b087265a
[INFO] [stdout]                                at /opt/rustwide/workdir/src/builder.rs:89:22
[INFO] [stdout]   21:     0x58f0dc160976 - arcboot::test_build_basic_chain::h6635f5cdf18db246
[INFO] [stdout]                                at /opt/rustwide/workdir/src/lib.rs:47:5
[INFO] [stdout]   22:     0x58f0dc160917 - arcboot::test_build_basic_chain::{{closure}}::h1524c6cc547298ce
[INFO] [stdout]                                at /opt/rustwide/workdir/src/lib.rs:45:28
[INFO] [stdout]   23:     0x58f0dc15b716 - core::ops::function::FnOnce::call_once::h26ff4a35d2747d49
[INFO] [stdout]                                at /rustc/90b35a6239c3d8bdabc530a6a0816f7ff89a0aaf/library/core/src/ops/function.rs:250:5
[INFO] [stdout]   24:     0x58f0dc1a0d8b - core::ops::function::FnOnce::call_once::h109cf8051a59b34e
[INFO] [stdout]                                at /rustc/90b35a6239c3d8bdabc530a6a0816f7ff89a0aaf/library/core/src/ops/function.rs:250:5
[INFO] [stdout]   25:     0x58f0dc1a0d8b - test::__rust_begin_short_backtrace::hf4fff89d377446ba
[INFO] [stdout]                                at /rustc/90b35a6239c3d8bdabc530a6a0816f7ff89a0aaf/library/test/src/lib.rs:621:18
[INFO] [stdout]   26:     0x58f0dc1a05c7 - test::run_test_in_process::{{closure}}::h0e39181dd7ee5a43
[INFO] [stdout]                                at /rustc/90b35a6239c3d8bdabc530a6a0816f7ff89a0aaf/library/test/src/lib.rs:644:60
[INFO] [stdout]   27:     0x58f0dc1a05c7 - <core::panic::unwind_safe::AssertUnwindSafe<F> as core::ops::function::FnOnce<()>>::call_once::hc5a66a30f0bdfd1f
[INFO] [stdout]                                at /rustc/90b35a6239c3d8bdabc530a6a0816f7ff89a0aaf/library/core/src/panic/unwind_safe.rs:272:9
[INFO] [stdout]   28:     0x58f0dc1a05c7 - std::panicking::try::do_call::h873b7cf639554a5e
[INFO] [stdout]                                at /rustc/90b35a6239c3d8bdabc530a6a0816f7ff89a0aaf/library/std/src/panicking.rs:557:40
[INFO] [stdout]   29:     0x58f0dc1a05c7 - std::panicking::try::hdb19862fad9c8bd1
[INFO] [stdout]                                at /rustc/90b35a6239c3d8bdabc530a6a0816f7ff89a0aaf/library/std/src/panicking.rs:520:19
[INFO] [stdout]   30:     0x58f0dc1a05c7 - std::panic::catch_unwind::h281fe732d236d260
[INFO] [stdout]                                at /rustc/90b35a6239c3d8bdabc530a6a0816f7ff89a0aaf/library/std/src/panic.rs:358:14
[INFO] [stdout]   31:     0x58f0dc1a05c7 - test::run_test_in_process::h949b6df8457ed338
[INFO] [stdout]                                at /rustc/90b35a6239c3d8bdabc530a6a0816f7ff89a0aaf/library/test/src/lib.rs:644:27
[INFO] [stdout]   32:     0x58f0dc1a05c7 - test::run_test::{{closure}}::h52c556a6d4740e10
[INFO] [stdout]                                at /rustc/90b35a6239c3d8bdabc530a6a0816f7ff89a0aaf/library/test/src/lib.rs:565:43
[INFO] [stdout]   33:     0x58f0dc1658a4 - test::run_test::{{closure}}::h4237f6381c45ccb9
[INFO] [stdout]                                at /rustc/90b35a6239c3d8bdabc530a6a0816f7ff89a0aaf/library/test/src/lib.rs:595:41
[INFO] [stdout]   34:     0x58f0dc1658a4 - std::sys::backtrace::__rust_begin_short_backtrace::h505c97a579eca628
[INFO] [stdout]                                at /rustc/90b35a6239c3d8bdabc530a6a0816f7ff89a0aaf/library/std/src/sys/backtrace.rs:154:18
[INFO] [stdout]   35:     0x58f0dc168f6e - std::thread::Builder::spawn_unchecked_::{{closure}}::{{closure}}::h9e86b2e2bc107ea3
[INFO] [stdout]                                at /rustc/90b35a6239c3d8bdabc530a6a0816f7ff89a0aaf/library/std/src/thread/mod.rs:538:17
[INFO] [stdout]   36:     0x58f0dc168f6e - <core::panic::unwind_safe::AssertUnwindSafe<F> as core::ops::function::FnOnce<()>>::call_once::h8b06ddb275ff4a25
[INFO] [stdout]                                at /rustc/90b35a6239c3d8bdabc530a6a0816f7ff89a0aaf/library/core/src/panic/unwind_safe.rs:272:9
[INFO] [stdout]   37:     0x58f0dc168f6e - std::panicking::try::do_call::hb26ecd7cd9a9355d
[INFO] [stdout]                                at /rustc/90b35a6239c3d8bdabc530a6a0816f7ff89a0aaf/library/std/src/panicking.rs:557:40
[INFO] [stdout]   38:     0x58f0dc168f6e - std::panicking::try::h8ddeca9d705f9069
[INFO] [stdout]                                at /rustc/90b35a6239c3d8bdabc530a6a0816f7ff89a0aaf/library/std/src/panicking.rs:520:19
[INFO] [stdout]   39:     0x58f0dc168f6e - std::panic::catch_unwind::h49e1c33078844c46
[INFO] [stdout]                                at /rustc/90b35a6239c3d8bdabc530a6a0816f7ff89a0aaf/library/std/src/panic.rs:358:14
[INFO] [stdout]   40:     0x58f0dc168f6e - std::thread::Builder::spawn_unchecked_::{{closure}}::h6073db6ff56ad35d
[INFO] [stdout]                                at /rustc/90b35a6239c3d8bdabc530a6a0816f7ff89a0aaf/library/std/src/thread/mod.rs:537:30
[INFO] [stdout]   41:     0x58f0dc168f6e - core::ops::function::FnOnce::call_once{{vtable.shim}}::h2c5a5f3779c774f1
[INFO] [stdout]                                at /rustc/90b35a6239c3d8bdabc530a6a0816f7ff89a0aaf/library/core/src/ops/function.rs:250:5
[INFO] [stdout]   42:     0x58f0dc1d51cb - <alloc::boxed::Box<F,A> as core::ops::function::FnOnce<Args>>::call_once::hf75717d9f28faebf
[INFO] [stdout]                                at /rustc/90b35a6239c3d8bdabc530a6a0816f7ff89a0aaf/library/alloc/src/boxed.rs:2454:9
[INFO] [stdout]   43:     0x58f0dc1d51cb - <alloc::boxed::Box<F,A> as core::ops::function::FnOnce<Args>>::call_once::h7bd883a5f3c5f3c1
[INFO] [stdout]                                at /rustc/90b35a6239c3d8bdabc530a6a0816f7ff89a0aaf/library/alloc/src/boxed.rs:2454:9
[INFO] [stdout]   44:     0x58f0dc1d51cb - std::sys::pal::unix::thread::Thread::new::thread_start::hcc78f3943333fa94
[INFO] [stdout]                                at /rustc/90b35a6239c3d8bdabc530a6a0816f7ff89a0aaf/library/std/src/sys/pal/unix/thread.rs:105:17
[INFO] [stdout]   45:     0x7c70dd7d5ac3 - <unknown>
[INFO] [stdout]   46:     0x7c70dd866a04 - clone
[INFO] [stdout]   47:                0x0 - <unknown>
[INFO] [stdout] 
[INFO] [stdout] 
[INFO] [stdout] failures:
[INFO] [stdout]     test_build_basic
[INFO] [stdout]     test_build_basic_chain
[INFO] [stdout] 
[INFO] [stdout] test result: FAILED. 1 passed; 2 failed; 0 ignored; 0 measured; 0 filtered out; finished in 0.06s
[INFO] [stdout] 
[INFO] running `Command { std: "docker" "inspect" "504d18208b655e5b161dd51a336a696a054522c2582a3bbaf1e71c61e68aa27c", kill_on_drop: false }`
[INFO] running `Command { std: "docker" "rm" "-f" "504d18208b655e5b161dd51a336a696a054522c2582a3bbaf1e71c61e68aa27c", kill_on_drop: false }`
[INFO] [stdout] 504d18208b655e5b161dd51a336a696a054522c2582a3bbaf1e71c61e68aa27c
