[INFO] fetching crate aranya-crypto 0.2.0...
[INFO] testing aranya-crypto-0.2.0 against 1.83.0 for beta-1.84.0-4-retry
[INFO] extracting crate aranya-crypto 0.2.0 into /workspace/builds/worker-0-tc1/source
[INFO] validating manifest of crates.io crate aranya-crypto 0.2.0 on toolchain 1.83.0
[INFO] running `Command { std: CARGO_HOME="/workspace/cargo-home" RUSTUP_HOME="/workspace/rustup-home" "/workspace/cargo-home/bin/cargo" "+1.83.0" "metadata" "--manifest-path" "Cargo.toml" "--no-deps", kill_on_drop: false }`
[INFO] removed /workspace/builds/worker-0-tc1/source/.cargo/config.toml
[INFO] started tweaking crates.io crate aranya-crypto 0.2.0
[INFO] removed 0 missing examples
[INFO] removed 0 missing tests
[INFO] finished tweaking crates.io crate aranya-crypto 0.2.0
[INFO] tweaked toml for crates.io crate aranya-crypto 0.2.0 written to /workspace/builds/worker-0-tc1/source/Cargo.toml
[INFO] crate crates.io crate aranya-crypto 0.2.0 already has a lockfile, it will not be regenerated
[INFO] running `Command { std: CARGO_HOME="/workspace/cargo-home" RUSTUP_HOME="/workspace/rustup-home" "/workspace/cargo-home/bin/cargo" "+1.83.0" "fetch" "--manifest-path" "Cargo.toml", kill_on_drop: false }`
[INFO] [stderr]     Updating crates.io index
[INFO] [stderr]  Downloading crates ...
[INFO] [stderr]   Downloaded aranya-crypto-derive v0.2.0
[INFO] [stderr]   Downloaded aranya-trouble v0.1.0
[INFO] [stderr]   Downloaded const-default v1.0.0
[INFO] [stderr]   Downloaded proptest-derive v0.5.0
[INFO] [stderr]   Downloaded aranya-bearssl-sys v0.1.0
[INFO] [stderr]   Downloaded aranya-buggy v0.1.0
[INFO] [stderr]   Downloaded postcard-derive v0.1.2
[INFO] [stderr]   Downloaded more-asserts v0.3.1
[INFO] [stderr]   Downloaded generic-array v1.1.1
[INFO] [stderr]   Downloaded aranya-base58 v0.1.0
[INFO] [stderr]   Downloaded wycheproof v0.6.0
[INFO] running `Command { std: "docker" "create" "-v" "/var/lib/crater-agent-workspace/builds/worker-0-tc1/target:/opt/rustwide/target:rw,Z" "-v" "/var/lib/crater-agent-workspace/builds/worker-0-tc1/source:/opt/rustwide/workdir:ro,Z" "-v" "/var/lib/crater-agent-workspace/cargo-home:/opt/rustwide/cargo-home:ro,Z" "-v" "/var/lib/crater-agent-workspace/rustup-home:/opt/rustwide/rustup-home:ro,Z" "-e" "SOURCE_DIR=/opt/rustwide/workdir" "-e" "CARGO_TARGET_DIR=/opt/rustwide/target" "-e" "CARGO_HOME=/opt/rustwide/cargo-home" "-e" "RUSTUP_HOME=/opt/rustwide/rustup-home" "-w" "/opt/rustwide/workdir" "-m" "1610612736" "--user" "0:0" "--network" "none" "ghcr.io/rust-lang/crates-build-env/linux@sha256:f3a9d4ad9d972b27faf3965f35b62e55ba32bbce8f20bc8fe909558a86702fde" "/opt/rustwide/cargo-home/bin/cargo" "+1.83.0" "metadata" "--no-deps" "--format-version=1", kill_on_drop: false }`
[INFO] [stdout] 0e724e0fbd3dd3b455d5b0d69932d3e13314655b8b19412d11840c2bcd979778
[INFO] running `Command { std: "docker" "start" "-a" "0e724e0fbd3dd3b455d5b0d69932d3e13314655b8b19412d11840c2bcd979778", kill_on_drop: false }`
[INFO] running `Command { std: "docker" "inspect" "0e724e0fbd3dd3b455d5b0d69932d3e13314655b8b19412d11840c2bcd979778", kill_on_drop: false }`
[INFO] running `Command { std: "docker" "rm" "-f" "0e724e0fbd3dd3b455d5b0d69932d3e13314655b8b19412d11840c2bcd979778", kill_on_drop: false }`
[INFO] [stdout] 0e724e0fbd3dd3b455d5b0d69932d3e13314655b8b19412d11840c2bcd979778
[INFO] running `Command { std: "docker" "create" "-v" "/var/lib/crater-agent-workspace/builds/worker-0-tc1/target:/opt/rustwide/target:rw,Z" "-v" "/var/lib/crater-agent-workspace/builds/worker-0-tc1/source:/opt/rustwide/workdir:ro,Z" "-v" "/var/lib/crater-agent-workspace/cargo-home:/opt/rustwide/cargo-home:ro,Z" "-v" "/var/lib/crater-agent-workspace/rustup-home:/opt/rustwide/rustup-home:ro,Z" "-e" "SOURCE_DIR=/opt/rustwide/workdir" "-e" "CARGO_TARGET_DIR=/opt/rustwide/target" "-e" "CARGO_INCREMENTAL=0" "-e" "RUST_BACKTRACE=full" "-e" "RUSTFLAGS=--cap-lints=warn" "-e" "RUSTDOCFLAGS=--cap-lints=warn" "-e" "CARGO_HOME=/opt/rustwide/cargo-home" "-e" "RUSTUP_HOME=/opt/rustwide/rustup-home" "-w" "/opt/rustwide/workdir" "-m" "1610612736" "--user" "0:0" "--network" "none" "ghcr.io/rust-lang/crates-build-env/linux@sha256:f3a9d4ad9d972b27faf3965f35b62e55ba32bbce8f20bc8fe909558a86702fde" "/opt/rustwide/cargo-home/bin/cargo" "+1.83.0" "build" "--frozen" "--message-format=json", kill_on_drop: false }`
[INFO] [stdout] d923be0cc75438baabe8f49573a1838b20f6c633b02e61c963b37db70c3c5438
[INFO] running `Command { std: "docker" "start" "-a" "d923be0cc75438baabe8f49573a1838b20f6c633b02e61c963b37db70c3c5438", kill_on_drop: false }`
[INFO] [stderr]    Compiling typenum v1.17.0
[INFO] [stderr]    Compiling version_check v0.9.5
[INFO] [stderr]    Compiling subtle v2.6.1
[INFO] [stderr]    Compiling cfg-if v1.0.0
[INFO] [stderr]    Compiling const-oid v0.9.6
[INFO] [stderr]    Compiling libc v0.2.167
[INFO] [stderr]    Compiling semver v1.0.23
[INFO] [stderr]    Compiling cpufeatures v0.2.16
[INFO] [stderr]    Compiling autocfg v1.4.0
[INFO] [stderr]    Compiling base16ct v0.2.0
[INFO] [stderr]    Compiling serde v1.0.215
[INFO] [stderr]    Compiling syn v1.0.109
[INFO] [stderr]    Compiling byteorder v1.5.0
[INFO] [stderr]    Compiling scopeguard v1.2.0
[INFO] [stderr]    Compiling prettyplease v0.2.25
[INFO] [stderr]    Compiling syn v2.0.90
[INFO] [stderr]    Compiling opaque-debug v0.3.1
[INFO] [stderr]    Compiling stable_deref_trait v1.2.0
[INFO] [stderr]    Compiling aranya-crypto-derive v0.2.0
[INFO] [stderr]    Compiling aranya-buggy v0.1.0
[INFO] [stderr]    Compiling const-default v1.0.0
[INFO] [stderr]    Compiling aranya-crypto v0.2.0 (/opt/rustwide/workdir)
[INFO] [stderr]    Compiling cobs v0.2.3
[INFO] [stderr]    Compiling aranya-trouble v0.1.0
[INFO] [stderr]    Compiling hash32 v0.2.1
[INFO] [stderr]    Compiling aranya-base58 v0.1.0
[INFO] [stderr]    Compiling siphasher v1.0.1
[INFO] [stderr]    Compiling more-asserts v0.3.1
[INFO] [stderr]    Compiling generic-array v0.14.7
[INFO] [stderr]    Compiling lock_api v0.4.12
[INFO] [stderr]    Compiling rustc_version v0.4.1
[INFO] [stderr]    Compiling spin v0.9.8
[INFO] [stderr]    Compiling curve25519-dalek v4.1.3
[INFO] [stderr]    Compiling heapless v0.7.17
[INFO] [stderr]    Compiling getrandom v0.2.15
[INFO] [stderr]    Compiling rand_core v0.6.4
[INFO] [stderr]    Compiling ff v0.13.0
[INFO] [stderr]    Compiling group v0.13.0
[INFO] [stderr]    Compiling postcard-derive v0.1.2
[INFO] [stderr]    Compiling zeroize_derive v1.4.2
[INFO] [stderr]    Compiling serde_derive v1.0.215
[INFO] [stderr]    Compiling curve25519-dalek-derive v0.1.1
[INFO] [stderr]    Compiling zeroize v1.8.1
[INFO] [stderr]    Compiling der v0.7.9
[INFO] [stderr]    Compiling crypto-common v0.1.6
[INFO] [stderr]    Compiling block-buffer v0.10.4
[INFO] [stderr]    Compiling crypto-bigint v0.5.5
[INFO] [stderr]    Compiling inout v0.1.3
[INFO] [stderr]    Compiling universal-hash v0.5.1
[INFO] [stderr]    Compiling aead v0.5.2
[INFO] [stderr]    Compiling digest v0.10.7
[INFO] [stderr]    Compiling cipher v0.4.4
[INFO] [stderr]    Compiling polyval v0.6.2
[INFO] [stderr]    Compiling sec1 v0.7.3
[INFO] [stderr]    Compiling ghash v0.5.1
[INFO] [stderr]    Compiling hmac v0.12.1
[INFO] [stderr]    Compiling signature v2.2.0
[INFO] [stderr]    Compiling sha2 v0.10.8
[INFO] [stderr]    Compiling ctr v0.9.2
[INFO] [stderr]    Compiling aes v0.8.4
[INFO] [stderr]    Compiling ed25519 v2.2.3
[INFO] [stderr]    Compiling hkdf v0.12.4
[INFO] [stderr]    Compiling rfc6979 v0.4.0
[INFO] [stderr]    Compiling aes-gcm v0.10.3
[INFO] [stderr]    Compiling ed25519-dalek v2.1.1
[INFO] [stderr]    Compiling elliptic-curve v0.13.8
[INFO] [stderr]    Compiling primeorder v0.13.6
[INFO] [stderr]    Compiling ecdsa v0.16.9
[INFO] [stderr]    Compiling p384 v0.13.0
[INFO] [stderr]    Compiling p256 v0.13.2
[INFO] [stderr]    Compiling generic-array v1.1.1
[INFO] [stderr]    Compiling postcard v1.1.1
[INFO] [stderr]     Finished `dev` profile [unoptimized + debuginfo] target(s) in 22.92s
[INFO] running `Command { std: "docker" "inspect" "d923be0cc75438baabe8f49573a1838b20f6c633b02e61c963b37db70c3c5438", kill_on_drop: false }`
[INFO] running `Command { std: "docker" "rm" "-f" "d923be0cc75438baabe8f49573a1838b20f6c633b02e61c963b37db70c3c5438", kill_on_drop: false }`
[INFO] [stdout] d923be0cc75438baabe8f49573a1838b20f6c633b02e61c963b37db70c3c5438
[INFO] running `Command { std: "docker" "create" "-v" "/var/lib/crater-agent-workspace/builds/worker-0-tc1/target:/opt/rustwide/target:rw,Z" "-v" "/var/lib/crater-agent-workspace/builds/worker-0-tc1/source:/opt/rustwide/workdir:ro,Z" "-v" "/var/lib/crater-agent-workspace/cargo-home:/opt/rustwide/cargo-home:ro,Z" "-v" "/var/lib/crater-agent-workspace/rustup-home:/opt/rustwide/rustup-home:ro,Z" "-e" "SOURCE_DIR=/opt/rustwide/workdir" "-e" "CARGO_TARGET_DIR=/opt/rustwide/target" "-e" "CARGO_INCREMENTAL=0" "-e" "RUST_BACKTRACE=full" "-e" "RUSTFLAGS=--cap-lints=warn" "-e" "RUSTDOCFLAGS=--cap-lints=warn" "-e" "CARGO_HOME=/opt/rustwide/cargo-home" "-e" "RUSTUP_HOME=/opt/rustwide/rustup-home" "-w" "/opt/rustwide/workdir" "-m" "1610612736" "--user" "0:0" "--network" "none" "ghcr.io/rust-lang/crates-build-env/linux@sha256:f3a9d4ad9d972b27faf3965f35b62e55ba32bbce8f20bc8fe909558a86702fde" "/opt/rustwide/cargo-home/bin/cargo" "+1.83.0" "test" "--frozen" "--no-run" "--message-format=json", kill_on_drop: false }`
[INFO] [stdout] f47c3ceabf4dcf1b4aa824c870d532ceae82db802488f8c6fbae4fd2a126e604
[INFO] running `Command { std: "docker" "start" "-a" "f47c3ceabf4dcf1b4aa824c870d532ceae82db802488f8c6fbae4fd2a126e604", kill_on_drop: false }`
[INFO] [stderr]    Compiling serde v1.0.215
[INFO] [stderr]    Compiling serde_json v1.0.133
[INFO] [stderr]    Compiling rustix v0.38.41
[INFO] [stderr]    Compiling ryu v1.0.18
[INFO] [stderr]    Compiling bitflags v2.6.0
[INFO] [stderr]    Compiling linux-raw-sys v0.4.14
[INFO] [stderr]    Compiling getrandom v0.2.15
[INFO] [stderr]    Compiling memchr v2.7.4
[INFO] [stderr]    Compiling itoa v1.0.14
[INFO] [stderr]    Compiling zerocopy-derive v0.7.35
[INFO] [stderr]    Compiling data-encoding v2.6.0
[INFO] [stderr]    Compiling once_cell v1.20.2
[INFO] [stderr]    Compiling fastrand v2.2.0
[INFO] [stderr]    Compiling serde_repr v0.1.19
[INFO] [stderr]    Compiling rand_core v0.6.4
[INFO] [stderr]    Compiling ff v0.13.0
[INFO] [stderr]    Compiling signature v2.2.0
[INFO] [stderr]    Compiling crypto-bigint v0.5.5
[INFO] [stderr]    Compiling ed25519 v2.2.3
[INFO] [stderr]    Compiling group v0.13.0
[INFO] [stderr]    Compiling ed25519-dalek v2.1.1
[INFO] [stderr]    Compiling zerocopy v0.7.35
[INFO] [stderr]    Compiling ppv-lite86 v0.2.20
[INFO] [stderr]    Compiling elliptic-curve v0.13.8
[INFO] [stderr]    Compiling rand_chacha v0.3.1
[INFO] [stderr]    Compiling primeorder v0.13.6
[INFO] [stderr]    Compiling ecdsa v0.16.9
[INFO] [stderr]    Compiling rand v0.8.5
[INFO] [stderr]    Compiling tempfile v3.14.0
[INFO] [stderr]    Compiling p256 v0.13.2
[INFO] [stderr]    Compiling p384 v0.13.0
[INFO] [stderr]    Compiling heapless v0.7.17
[INFO] [stderr]    Compiling generic-array v1.1.1
[INFO] [stderr]    Compiling postcard v1.1.1
[INFO] [stderr]    Compiling aranya-crypto v0.2.0 (/opt/rustwide/workdir)
[INFO] [stderr]    Compiling wycheproof v0.6.0
[INFO] [stderr]     Finished `test` profile [unoptimized + debuginfo] target(s) in 34.44s
[INFO] running `Command { std: "docker" "inspect" "f47c3ceabf4dcf1b4aa824c870d532ceae82db802488f8c6fbae4fd2a126e604", kill_on_drop: false }`
[INFO] running `Command { std: "docker" "rm" "-f" "f47c3ceabf4dcf1b4aa824c870d532ceae82db802488f8c6fbae4fd2a126e604", kill_on_drop: false }`
[INFO] [stdout] f47c3ceabf4dcf1b4aa824c870d532ceae82db802488f8c6fbae4fd2a126e604
[INFO] running `Command { std: "docker" "create" "-v" "/var/lib/crater-agent-workspace/builds/worker-0-tc1/target:/opt/rustwide/target:rw,Z" "-v" "/var/lib/crater-agent-workspace/builds/worker-0-tc1/source:/opt/rustwide/workdir:ro,Z" "-v" "/var/lib/crater-agent-workspace/cargo-home:/opt/rustwide/cargo-home:ro,Z" "-v" "/var/lib/crater-agent-workspace/rustup-home:/opt/rustwide/rustup-home:ro,Z" "-e" "SOURCE_DIR=/opt/rustwide/workdir" "-e" "CARGO_TARGET_DIR=/opt/rustwide/target" "-e" "CARGO_INCREMENTAL=0" "-e" "RUST_BACKTRACE=full" "-e" "RUSTFLAGS=--cap-lints=warn" "-e" "RUSTDOCFLAGS=--cap-lints=warn" "-e" "CARGO_HOME=/opt/rustwide/cargo-home" "-e" "RUSTUP_HOME=/opt/rustwide/rustup-home" "-w" "/opt/rustwide/workdir" "-m" "1610612736" "--user" "0:0" "--network" "none" "ghcr.io/rust-lang/crates-build-env/linux@sha256:f3a9d4ad9d972b27faf3965f35b62e55ba32bbce8f20bc8fe909558a86702fde" "/opt/rustwide/cargo-home/bin/cargo" "+1.83.0" "test" "--frozen", kill_on_drop: false }`
[INFO] [stdout] 185d08aacbd62039c7f562b71ec92d5ea78a21c693a9d6b82ea4373d120da56a
[INFO] running `Command { std: "docker" "start" "-a" "185d08aacbd62039c7f562b71ec92d5ea78a21c693a9d6b82ea4373d120da56a", kill_on_drop: false }`
[INFO] [stderr]     Finished `test` profile [unoptimized + debuginfo] target(s) in 0.15s
[INFO] [stderr]      Running unittests src/lib.rs (/opt/rustwide/target/debug/deps/aranya_crypto-cf0f46ef2ea16f69)
[INFO] [stdout] 
[INFO] [stdout] running 342 tests
[INFO] [stdout] test default::test::default_ciphersuite::aead::test_bad_ad ... ok
[INFO] [stdout] test default::test::default_ciphersuite::aead::test_bad_ciphertext ... ok
[INFO] [stdout] test default::test::default_ciphersuite::aead::test_bad_key ... ok
[INFO] [stdout] test default::test::default_ciphersuite::aead::test_bad_tag ... ok
[INFO] [stdout] test default::test::default_ciphersuite::aead::test_bad_nonce ... ok
[INFO] [stdout] test default::test::default_ciphersuite::aead::test_basic ... ok
[INFO] [stdout] test default::test::default_ciphersuite::aead_with_defaults::test_bad_ciphertext ... ok
[INFO] [stdout] test default::test::default_ciphersuite::aead_with_defaults::test_bad_tag ... ok
[INFO] [stdout] test default::test::default_ciphersuite::aead_with_defaults::test_basic ... ok
[INFO] [stdout] test default::test::default_ciphersuite::aead_with_defaults::test_in_place_round_trip ... ok
[INFO] [stdout] test default::test::default_ciphersuite::aead_with_defaults::test_bad_key ... ok
[INFO] [stdout] test default::test::default_ciphersuite::aead::test_in_place_round_trip ... ok
[INFO] [stdout] test default::test::default_ciphersuite::aead_with_defaults::test_bad_nonce ... ok
[INFO] [stdout] test default::test::default_ciphersuite::aead_with_defaults::test_new_key ... ok
[INFO] [stdout] test default::test::default_ciphersuite::aead::test_new_key ... ok
[INFO] [stdout] test default::test::default_ciphersuite::aead::test_round_trip ... ok
[INFO] [stdout] test default::test::default_ciphersuite::kdf::test_max_output ... ok
[INFO] [stdout] test default::test::default_ciphersuite::aead_with_defaults::test_bad_ad ... ok
[INFO] [stdout] test default::test::default_ciphersuite::mac::test_update ... ok
[INFO] [stdout] test default::test::default_ciphersuite::hash::test_basic ... ok
[INFO] [stdout] test default::test::default_ciphersuite::mac::test_verify ... ok
[INFO] [stdout] test default::test::default_ciphersuite::mac::test_default ... ok
[INFO] [stdout] test default::test::default_ciphersuite::mac::test_different_data ... ok
[INFO] [stdout] test default::test::default_ciphersuite::mac_with_defaults::test_default ... ok
[INFO] [stdout] test default::test::default_ciphersuite::mac_with_defaults::test_different_data ... ok
[INFO] [stdout] test default::test::default_ciphersuite::mac_with_defaults::test_different_keys ... ok
[INFO] [stdout] test default::test::default_ciphersuite::kdf_with_defaults::test_max_output ... ok
[INFO] [stdout] test default::test::default_ciphersuite::aead_with_defaults::test_round_trip ... ok
[INFO] [stdout] test default::test::default_ciphersuite::mac_with_defaults::test_verify ... ok
[INFO] [stdout] test default::test::default_ciphersuite::mac_with_defaults::test_update ... ok
[INFO] [stdout] test default::test::default_ciphersuite::mac::test_different_keys ... ok
[INFO] [stdout] test default::test::default_ciphersuite::hpke::test_round_trip ... ok
[INFO] [stdout] test afc::bidi::tests::test_info_positive ... ok
[INFO] [stdout] test default::test::default_ciphersuite::signer_with_defaults::test_pk_eq ... ok
[INFO] [stdout] test default::test::default_ciphersuite::signer::test_public ... ok
[INFO] [stdout] test default::test::default_engine::ciphersuite::aead::test_bad_ad ... ok
[INFO] [stdout] test default::test::default_ciphersuite::hpke::test_export ... ok
[INFO] [stdout] test default::test::default_engine::ciphersuite::aead::test_bad_key ... ok
[INFO] [stdout] test default::test::default_engine::ciphersuite::aead::test_bad_ciphertext ... ok
[INFO] [stdout] test default::test::default_engine::ciphersuite::aead::test_bad_nonce ... ok
[INFO] [stdout] test default::test::default_engine::ciphersuite::aead::test_in_place_round_trip ... ok
[INFO] [stdout] test default::test::default_engine::ciphersuite::aead::test_bad_tag ... ok
[INFO] [stdout] test default::test::default_engine::ciphersuite::aead::test_new_key ... ok
[INFO] [stdout] test default::test::default_engine::ciphersuite::aead::test_basic ... ok
[INFO] [stdout] test default::test::default_engine::ciphersuite::aead_with_defaults::test_bad_ad ... ok
[INFO] [stdout] test default::test::default_engine::ciphersuite::aead_with_defaults::test_bad_ciphertext ... ok
[INFO] [stdout] test default::test::default_engine::ciphersuite::aead::test_round_trip ... ok
[INFO] [stdout] test default::test::default_ciphersuite::signer::test_pk_eq ... ok
[INFO] [stdout] test default::test::default_engine::ciphersuite::aead_with_defaults::test_bad_key ... ok
[INFO] [stdout] test default::test::default_engine::ciphersuite::aead_with_defaults::test_bad_tag ... ok
[INFO] [stdout] test default::test::default_engine::ciphersuite::aead_with_defaults::test_bad_nonce ... ok
[INFO] [stdout] test default::test::default_ciphersuite::signer_with_defaults::test_public ... ok
[INFO] [stdout] test default::test::default_engine::ciphersuite::aead_with_defaults::test_basic ... ok
[INFO] [stdout] test default::test::default_engine::ciphersuite::aead_with_defaults::test_round_trip ... ok
[INFO] [stdout] test default::test::default_engine::ciphersuite::aead_with_defaults::test_in_place_round_trip ... ok
[INFO] [stdout] test default::test::default_engine::ciphersuite::hash::test_basic ... ok
[INFO] [stdout] test default::test::default_engine::ciphersuite::aead_with_defaults::test_new_key ... ok
[INFO] [stdout] test default::test::default_engine::ciphersuite::kdf::test_max_output ... ok
[INFO] [stdout] test default::test::default_engine::ciphersuite::kdf_with_defaults::test_max_output ... ok
[INFO] [stdout] test afc::bidi::tests::test_info_negative ... ok
[INFO] [stdout] test default::test::default_engine::ciphersuite::mac::test_different_data ... ok
[INFO] [stdout] test default::test::default_engine::ciphersuite::mac::test_default ... ok
[INFO] [stdout] test default::test::default_engine::ciphersuite::mac::test_different_keys ... ok
[INFO] [stdout] test default::test::default_engine::ciphersuite::mac::test_verify ... ok
[INFO] [stdout] test default::test::default_engine::ciphersuite::mac_with_defaults::test_default ... ok
[INFO] [stdout] test default::test::default_engine::ciphersuite::mac_with_defaults::test_different_data ... ok
[INFO] [stdout] test default::test::default_engine::ciphersuite::mac_with_defaults::test_different_keys ... ok
[INFO] [stdout] test default::test::default_engine::ciphersuite::mac::test_update ... ok
[INFO] [stdout] test default::test::default_engine::ciphersuite::mac_with_defaults::test_update ... ok
[INFO] [stdout] test default::test::default_engine::ciphersuite::mac_with_defaults::test_verify ... ok
[INFO] [stdout] test default::test::default_ciphersuite::signer::test_default ... ok
[INFO] [stdout] test default::test::default_engine::ciphersuite::hpke::test_export ... ok
[INFO] [stdout] test default::test::default_engine::ciphersuite::hpke::test_round_trip ... ok
[INFO] [stdout] test default::test::default_ciphersuite::signer_with_defaults::test_default ... ok
[INFO] [stdout] test default::test::default_engine::ciphersuite::signer::test_public ... ok
[INFO] [stdout] test default::test::default_ciphersuite::signer::test_sk_ct_eq ... ok
[INFO] [stdout] test default::test::default_engine::ciphersuite::signer::test_default ... ok
[INFO] [stdout] test default::test::default_engine::ciphersuite::signer::test_pk_eq ... ok
[INFO] [stdout] test default::test::default_engine::ciphersuite::signer_with_defaults::test_default ... ok
[INFO] [stdout] test default::test::default_engine::ciphersuite::signer_with_defaults::test_public ... ok
[INFO] [stdout] test default::test::default_ciphersuite::signer_with_defaults::test_sk_ct_eq ... ok
[INFO] [stdout] test default::test::default_engine::ciphersuite::signer_with_defaults::test_pk_eq ... ok
[INFO] [stdout] test default::test::default_engine::ciphersuite::signer::test_sk_ct_eq ... ok
[INFO] [stdout] test default::test::default_engine::test_derive_bidi_keys_different_keys ... ok
[INFO] [stdout] test default::test::default_engine::test_derive_bidi_keys_different_cmd_ids ... ok
[INFO] [stdout] test default::test::default_engine::ciphersuite::signer_with_defaults::test_sk_ct_eq ... ok
[INFO] [stdout] test default::test::default_engine::test_derive_bidi_keys ... ok
[INFO] [stdout] test default::test::default_engine::test_derive_bidi_keys_different_labels ... ok
[INFO] [stdout] test default::test::default_engine::test_derive_bidi_keys_same_user_id ... ok
[INFO] [stdout] test default::test::default_engine::test_derive_bidi_keys_different_user_ids ... ok
[INFO] [stdout] test default::test::default_engine::test_derive_uni_key_different_cmd_ids ... ok
[INFO] [stdout] test default::test::default_engine::ciphersuite::signer::test_batch_simple_bad ... ok
[INFO] [stdout] test default::test::default_engine::test_derive_uni_key_different_keys ... ok
[INFO] [stdout] test default::test::default_engine::test_derive_uni_key_different_labels ... ok
[INFO] [stdout] test default::test::default_engine::test_different_seal_key_open_key ... ok
[INFO] [stdout] test default::test::default_engine::test_encrypted_group_key_encode ... ok
[INFO] [stdout] test default::test::default_engine::test_group_key_open_bad_ciphertext ... ok
[INFO] [stdout] test default::test::default_engine::test_derive_uni_seal_key_same_user_id ... ok
[INFO] [stdout] test default::test::default_engine::test_derive_uni_open_key_same_user_id ... ok
[INFO] [stdout] test default::test::default_engine::test_group_key_open_wrong_key ... ok
[INFO] [stdout] test default::test::default_engine::test_open_key_seq_number_exhausted ... ok
[INFO] [stdout] test default::test::default_engine::test_group_key_open_wrong_context ... ok
[INFO] [stdout] test default::test::default_engine::test_open_key_wrong_auth_data ... ok
[INFO] [stdout] test default::test::default_engine::test_same_seal_key_open_key ... ok
[INFO] [stdout] test default::test::default_engine::test_open_key_wrong_seq_number ... ok
[INFO] [stdout] test default::test::default_engine::test_seal_key_seq_number_exhausted ... ok
[INFO] [stdout] test default::test::default_engine::test_simple_export_user_encryption_key ... ok
[INFO] [stdout] test default::test::default_engine::test_group_key_seal ... ok
[INFO] [stdout] test default::test::default_engine::test_derive_uni_key_different_user_ids ... ok
[INFO] [stdout] test default::test::default_engine::test_derive_uni_key ... ok
[INFO] [stdout] test default::test::default_engine::test_simple_export_user_signing_key ... ok
[INFO] [stdout] test default::test::default_engine::test_simple_export_user_identity_key ... ok
[INFO] [stdout] test default::test::default_engine::test_simple_seal_group_key ... ok
[INFO] [stdout] test default::test::default_engine::test_simple_sender_signing_key_sign ... ok
[INFO] [stdout] test default::test::default_engine::test_simple_seal_topic_key ... ok
[INFO] [stdout] test default::test::default_engine::test_simple_wrap_group_key ... ok
[INFO] [stdout] test default::test::default_engine::test_simple_wrap_user_encryption_key ... ok
[INFO] [stdout] test default::test::default_engine::test_simple_wrap_user_identity_key ... ok
[INFO] [stdout] test default::test::default_engine::ciphersuite::signer_with_defaults::test_batch_simple_bad ... ok
[INFO] [stdout] test default::test::default_engine::test_simple_identity_key_sign ... ok
[INFO] [stdout] test default::test::default_engine::test_simple_wrap_user_receiver_secret_key ... ok
[INFO] [stdout] test default::test::default_ciphersuite::signer::test_batch_simple_bad ... ok
[INFO] [stdout] test default::test::default_engine::test_simple_wrap_user_sender_secret_key ... ok
[INFO] [stdout] test default::test::default_ciphersuite::signer::test_batch_simple_good ... ok
[INFO] [stdout] test default::test::default_engine::test_topic_key_open_bad_ciphertext ... ok
[INFO] [stdout] test default::test::default_engine::test_simple_wrap_user_signing_key ... ok
[INFO] [stdout] test default::test::default_engine::test_topic_key_open_wrong_key ... ok
[INFO] [stdout] test default::test::default_engine::test_simple_wrap_user_sender_signing_key ... ok
[INFO] [stdout] test default::test::default_engine::test_topic_key_open_wrong_context ... ok
[INFO] [stdout] test default::test::default_engine::test_topic_key_seal ... ok
[INFO] [stdout] test ed25519::tests::ed25519::test_pk_eq ... ok
[INFO] [stdout] test default::test::default_engine::test_simple_user_signing_key_sign ... ok
[INFO] [stdout] test ed25519::tests::ed25519::test_public ... ok
[INFO] [stdout] test ed25519::tests::ed25519::test_default ... ok
[INFO] [stdout] test default::test::default_ciphersuite::signer_with_defaults::test_batch_simple_bad ... ok
[INFO] [stdout] test hash::test::rust::test_sha256 ... ok
[INFO] [stdout] test hash::test::rust::test_sha384 ... ok
[INFO] [stdout] test hash::test::rust::test_sha512 ... ok
[INFO] [stdout] test hex::tests::test_encode_exhaustive ... ok
[INFO] [stdout] test default::test::default_engine::test_wrap_uni_author_secret ... ok
[INFO] [stdout] test hkdf::tests::rust::hkdf_sha256::test_max_output ... ok
[INFO] [stdout] test default::test::default_engine::ciphersuite::signer::test_batch_simple_good ... ok
[INFO] [stdout] test default::test::default_engine::test_wrap_bidi_author_secret ... ok
[INFO] [stdout] test hkdf::tests::rust::hkdf_sha384::test_max_output ... ok
[INFO] [stdout] test hex::tests::test_decode_exhaustive ... ok
[INFO] [stdout] test ed25519::tests::ed25519::test_sk_ct_eq ... ok
[INFO] [stdout] test hkdf::tests::rust::hkdf_sha512::test_max_output ... ok
[INFO] [stdout] test hkdf::tests::rust::hkdf_sha256::vectors ... ok
[INFO] [stdout] test hmac::tests::rust::hmac_sha256::test_default ... ok
[INFO] [stdout] test hmac::tests::rust::hmac_sha256::test_different_data ... ok
[INFO] [stdout] test hmac::tests::rust::hmac_sha256::test_different_keys ... ok
[INFO] [stdout] test hmac::tests::rust::hmac_sha256::test_update ... ok
[INFO] [stdout] test hmac::tests::rust::hmac_sha256::test_verify ... ok
[INFO] [stdout] test default::test::default_ciphersuite::signer_with_defaults::test_batch_simple_good ... ok
[INFO] [stdout] test hmac::tests::rust::hmac_sha384::test_default ... ok
[INFO] [stdout] test hmac::tests::rust::hmac_sha384::test_different_data ... ok
[INFO] [stdout] test hmac::tests::rust::hmac_sha256::vectors ... ok
[INFO] [stdout] test hmac::tests::rust::hmac_sha384::test_different_keys ... ok
[INFO] [stdout] test hmac::tests::rust::hmac_sha384::test_update ... ok
[INFO] [stdout] test hmac::tests::rust::hmac_sha384::test_verify ... ok
[INFO] [stdout] test hmac::tests::rust::hmac_sha512::test_default ... ok
[INFO] [stdout] test hmac::tests::rust::hmac_sha512::test_different_data ... ok
[INFO] [stdout] test hmac::tests::rust::hmac_sha512::test_different_keys ... ok
[INFO] [stdout] test hmac::tests::rust::hmac_sha512::test_update ... ok
[INFO] [stdout] test hmac::tests::rust::hmac_sha512::test_verify ... ok
[INFO] [stdout] test hmac::tests::rust::hmac_sha512::vectors ... ok
[INFO] [stdout] test hkdf::tests::rust::hkdf_sha384::vectors ... ok
[INFO] [stdout] test hmac::tests::rust::hmac_sha384::vectors ... ok
[INFO] [stdout] test hpke::tests::test_invalid_psk ... ok
[INFO] [stdout] test default::test::default_engine::ciphersuite::signer_with_defaults::test_batch_simple_good ... ok
[INFO] [stdout] test hkdf::tests::rust::hkdf_sha512::vectors ... ok
[INFO] [stdout] test hpke::tests::test_psk_ct_eq ... ok
[INFO] [stdout] test hpke::tests::test_aead_id ... ok
[INFO] [stdout] test hpke::tests::test_seq_compute_nonce ... ok
[INFO] [stdout] test rust::tests::aead_tests::aes256gcm::test_bad_ad ... ok
[INFO] [stdout] test rust::tests::aead_tests::aes256gcm::test_bad_ciphertext ... ok
[INFO] [stdout] test rust::tests::aead_tests::aes256gcm::test_bad_key ... ok
[INFO] [stdout] test hpke::tests::test_aead_id_json ... ok
[INFO] [stdout] test rust::tests::aead_tests::aes256gcm::test_bad_tag ... ok
[INFO] [stdout] test rust::tests::aead_tests::aes256gcm::test_bad_nonce ... ok
[INFO] [stdout] test rust::tests::aead_tests::aes256gcm::test_in_place_round_trip ... ok
[INFO] [stdout] test rust::tests::aead_tests::aes256gcm::test_new_key ... ok
[INFO] [stdout] test rust::tests::aead_tests::aes256gcm::test_round_trip ... ok
[INFO] [stdout] test rust::tests::aead_tests::aes256gcm::test_basic ... ok
[INFO] [stdout] test rust::tests::ciphersuite_tests::p256::aead::test_bad_ad ... ok
[INFO] [stdout] test rust::tests::ciphersuite_tests::p256::aead::test_bad_ciphertext ... ok
[INFO] [stdout] test rust::tests::ciphersuite_tests::p256::aead::test_bad_key ... ok
[INFO] [stdout] test rust::tests::ciphersuite_tests::p256::aead::test_bad_nonce ... ok
[INFO] [stdout] test rust::tests::ciphersuite_tests::p256::aead::test_bad_tag ... ok
[INFO] [stdout] test hpke::tests::test_kdf_id ... ok
[INFO] [stdout] test rust::tests::ciphersuite_tests::p256::aead::test_in_place_round_trip ... ok
[INFO] [stdout] test rust::tests::ciphersuite_tests::p256::aead::test_basic ... ok
[INFO] [stdout] test rust::tests::ciphersuite_tests::p256::aead::test_new_key ... ok
[INFO] [stdout] test rust::tests::ciphersuite_tests::p256::aead::test_round_trip ... ok
[INFO] [stdout] test rust::tests::ciphersuite_tests::p256::aead_with_defaults::test_bad_ad ... ok
[INFO] [stdout] test rust::tests::ciphersuite_tests::p256::aead_with_defaults::test_bad_ciphertext ... ok
[INFO] [stdout] test rust::tests::ciphersuite_tests::p256::aead_with_defaults::test_bad_key ... ok
[INFO] [stdout] test rust::tests::ciphersuite_tests::p256::aead_with_defaults::test_bad_nonce ... ok
[INFO] [stdout] test rust::tests::ciphersuite_tests::p256::aead_with_defaults::test_bad_tag ... ok
[INFO] [stdout] test rust::tests::ciphersuite_tests::p256::aead_with_defaults::test_basic ... ok
[INFO] [stdout] test rust::tests::ciphersuite_tests::p256::aead_with_defaults::test_new_key ... ok
[INFO] [stdout] test rust::tests::ciphersuite_tests::p256::aead_with_defaults::test_round_trip ... ok
[INFO] [stdout] test rust::tests::ciphersuite_tests::p256::hash::test_basic ... ok
[INFO] [stdout] test rust::tests::ciphersuite_tests::p256::aead_with_defaults::test_in_place_round_trip ... ok
[INFO] [stdout] test hpke::tests::test_kem_id ... ok
[INFO] [stdout] test rust::tests::ciphersuite_tests::p256::hpke::test_export ... ok
[INFO] [stdout] test rust::tests::ciphersuite_tests::p256::hpke::test_round_trip ... ok
[INFO] [stdout] test rust::tests::ciphersuite_tests::p256::kdf::test_max_output ... ok
[INFO] [stdout] test rust::tests::ciphersuite_tests::p256::kdf_with_defaults::test_max_output ... ok
[INFO] [stdout] test rust::tests::ciphersuite_tests::p256::mac::test_default ... ok
[INFO] [stdout] test rust::tests::ciphersuite_tests::p256::mac::test_different_data ... ok
[INFO] [stdout] test rust::tests::ciphersuite_tests::p256::mac::test_different_keys ... ok
[INFO] [stdout] test rust::tests::ciphersuite_tests::p256::mac::test_update ... ok
[INFO] [stdout] test rust::tests::ciphersuite_tests::p256::mac::test_verify ... ok
[INFO] [stdout] test rust::tests::ciphersuite_tests::p256::mac_with_defaults::test_default ... ok
[INFO] [stdout] test rust::tests::ciphersuite_tests::p256::mac_with_defaults::test_different_data ... ok
[INFO] [stdout] test rust::tests::ciphersuite_tests::p256::mac_with_defaults::test_different_keys ... ok
[INFO] [stdout] test rust::tests::ciphersuite_tests::p256::mac_with_defaults::test_update ... ok
[INFO] [stdout] test rust::tests::ciphersuite_tests::p256::mac_with_defaults::test_verify ... ok
[INFO] [stdout] test rust::tests::aead_tests::aes256gcm::vectors ... ok
[INFO] [stdout] test ed25519::tests::ed25519::test_batch_simple_bad ... ok
[INFO] [stdout] test rust::tests::ciphersuite_tests::p256::signer::test_default ... ok
[INFO] [stdout] test rust::tests::ciphersuite_tests::p256::signer::test_pk_eq ... ok
[INFO] [stdout] test rust::tests::ciphersuite_tests::p256::signer::test_public ... ok
[INFO] [stdout] test rust::tests::ciphersuite_tests::p256::signer::test_batch_simple_bad ... ok
[INFO] [stdout] test rust::tests::ciphersuite_tests::p256::signer::test_sk_ct_eq ... ok
[INFO] [stdout] test hpke::tests::test_seq_unique_nonce ... ok
[INFO] [stdout] test rust::tests::ciphersuite_tests::p256::signer_with_defaults::test_default ... ok
[INFO] [stdout] test ed25519::tests::ed25519::test_batch_simple_good ... ok
[INFO] [stdout] test rust::tests::ciphersuite_tests::p256::signer::test_batch_simple_good ... ok
[INFO] [stdout] test rust::tests::ciphersuite_tests::p256::signer_with_defaults::test_pk_eq ... ok
[INFO] [stdout] test rust::tests::ciphersuite_tests::p384::aead::test_bad_ad ... ok
[INFO] [stdout] test rust::tests::ciphersuite_tests::p256::signer_with_defaults::test_public ... ok
[INFO] [stdout] test rust::tests::ciphersuite_tests::p384::aead::test_bad_ciphertext ... ok
[INFO] [stdout] test rust::tests::ciphersuite_tests::p384::aead::test_bad_key ... ok
[INFO] [stdout] test rust::tests::ciphersuite_tests::p384::aead::test_bad_tag ... ok
[INFO] [stdout] test rust::tests::ciphersuite_tests::p384::aead::test_bad_nonce ... ok
[INFO] [stdout] test rust::tests::ciphersuite_tests::p384::aead::test_in_place_round_trip ... ok
[INFO] [stdout] test rust::tests::ciphersuite_tests::p384::aead::test_basic ... ok
[INFO] [stdout] test rust::tests::ciphersuite_tests::p384::aead::test_new_key ... ok
[INFO] [stdout] test rust::tests::ciphersuite_tests::p384::aead::test_round_trip ... ok
[INFO] [stdout] test rust::tests::ciphersuite_tests::p384::aead_with_defaults::test_bad_ciphertext ... ok
[INFO] [stdout] test rust::tests::ciphersuite_tests::p384::aead_with_defaults::test_bad_ad ... ok
[INFO] [stdout] test rust::tests::ciphersuite_tests::p384::aead_with_defaults::test_bad_key ... ok
[INFO] [stdout] test rust::tests::ciphersuite_tests::p384::aead_with_defaults::test_bad_nonce ... ok
[INFO] [stdout] test rust::tests::ciphersuite_tests::p384::aead_with_defaults::test_basic ... ok
[INFO] [stdout] test rust::tests::ciphersuite_tests::p384::aead_with_defaults::test_in_place_round_trip ... ok
[INFO] [stdout] test rust::tests::ciphersuite_tests::p384::aead_with_defaults::test_new_key ... ok
[INFO] [stdout] test rust::tests::ciphersuite_tests::p384::aead_with_defaults::test_round_trip ... ok
[INFO] [stdout] test rust::tests::ciphersuite_tests::p384::hash::test_basic ... ok
[INFO] [stdout] test rust::tests::ciphersuite_tests::p384::aead_with_defaults::test_bad_tag ... ok
[INFO] [stdout] test rust::tests::ciphersuite_tests::p256::signer_with_defaults::test_sk_ct_eq ... ok
[INFO] [stdout] test rust::tests::ciphersuite_tests::p384::hpke::test_export ... ok
[INFO] [stdout] test rust::tests::ciphersuite_tests::p384::kdf::test_max_output ... ok
[INFO] [stdout] test rust::tests::ciphersuite_tests::p384::hpke::test_round_trip ... ok
[INFO] [stdout] test rust::tests::ciphersuite_tests::p384::kdf_with_defaults::test_max_output ... ok
[INFO] [stdout] test rust::tests::ciphersuite_tests::p384::mac::test_default ... ok
[INFO] [stdout] test rust::tests::ciphersuite_tests::p384::mac::test_different_data ... ok
[INFO] [stdout] test rust::tests::ciphersuite_tests::p384::mac::test_different_keys ... ok
[INFO] [stdout] test rust::tests::ciphersuite_tests::p384::mac::test_update ... ok
[INFO] [stdout] test rust::tests::ciphersuite_tests::p256::signer_with_defaults::test_batch_simple_bad ... ok
[INFO] [stdout] test rust::tests::ciphersuite_tests::p384::mac::test_verify ... ok
[INFO] [stdout] test rust::tests::ciphersuite_tests::p384::mac_with_defaults::test_default ... ok
[INFO] [stdout] test rust::tests::ciphersuite_tests::p384::mac_with_defaults::test_different_data ... ok
[INFO] [stdout] test rust::tests::ciphersuite_tests::p384::mac_with_defaults::test_different_keys ... ok
[INFO] [stdout] test rust::tests::ciphersuite_tests::p384::mac_with_defaults::test_verify ... ok
[INFO] [stdout] test rust::tests::ciphersuite_tests::p384::mac_with_defaults::test_update ... ok
[INFO] [stdout] test rust::tests::ciphersuite_tests::p256::signer_with_defaults::test_batch_simple_good ... ok
[INFO] [stdout] test rust::tests::ciphersuite_tests::p384::signer::test_default ... ok
[INFO] [stdout] test rust::tests::ciphersuite_tests::p384::signer::test_pk_eq ... ok
[INFO] [stdout] test rust::tests::ciphersuite_tests::p384::signer::test_public ... ok
[INFO] [stdout] test rust::tests::ciphersuite_tests::p384::signer::test_sk_ct_eq ... ok
[INFO] [stdout] test rust::tests::ciphersuite_tests::p384::signer::test_batch_simple_good ... ok
[INFO] [stdout] test rust::tests::ciphersuite_tests::p384::signer::test_batch_simple_bad ... ok
[INFO] [stdout] test rust::tests::ciphersuite_tests::p384::signer_with_defaults::test_default ... ok
[INFO] [stdout] test rust::tests::ciphersuite_tests::p384::signer_with_defaults::test_pk_eq ... ok
[INFO] [stdout] test rust::tests::ciphersuite_tests::p384::signer_with_defaults::test_public ... ok
[INFO] [stdout] test rust::tests::ciphersuite_tests::p384::signer_with_defaults::test_sk_ct_eq ... ok
[INFO] [stdout] test default::test::default_engine::test_seal_key_monotonic_seq_number ... ok
[INFO] [stdout] test rust::tests::ciphersuite_tests::p384::signer_with_defaults::test_batch_simple_bad ... ok
[INFO] [stdout] test rust::tests::ecdsa_tests::p256::test_batch_simple_bad ... ok
[INFO] [stdout] test rust::tests::ciphersuite_tests::p384::signer_with_defaults::test_batch_simple_good ... ok
[INFO] [stdout] test rust::tests::ecdsa_tests::p256::test_batch_simple_good ... ok
[INFO] [stdout] test rust::tests::ecdsa_tests::p256::test_default ... ok
[INFO] [stdout] test rust::tests::ecdsa_tests::p256::test_public ... ok
[INFO] [stdout] test rust::tests::ecdsa_tests::p256::test_pk_eq ... ok
[INFO] [stdout] test rust::tests::ecdsa_tests::p256::test_sk_ct_eq ... ok
[INFO] [stdout] test rust::tests::ecdh_tests::test_ecdh_p256 ... ok
[INFO] [stdout] test rust::tests::ecdsa_tests::p384::test_batch_simple_bad ... ok
[INFO] [stdout] test rust::tests::ecdsa_tests::p384::test_default ... ok
[INFO] [stdout] test rust::tests::ecdsa_tests::p384::test_pk_eq ... ok
[INFO] [stdout] test rust::tests::ecdsa_tests::p384::test_public ... ok
[INFO] [stdout] test rust::tests::ecdsa_tests::p384::test_sk_ct_eq ... ok
[INFO] [stdout] test rust::tests::ecdh_tests::test_ecdh_p384 ... ok
[INFO] [stdout] test ed25519::tests::ed25519::vectors ... ok
[INFO] [stdout] test rust::tests::hkdf_tests::test_hkdf_sha256::test_max_output ... ok
[INFO] [stdout] test rust::tests::hkdf_tests::test_hkdf_sha256::vectors ... ok
[INFO] [stdout] test rust::tests::ecdsa_tests::p384::test_batch_simple_good ... ok
[INFO] [stdout] test rust::tests::hkdf_tests::test_hkdf_sha384::test_max_output ... ok
[INFO] [stdout] test rust::tests::hkdf_tests::test_hkdf_sha384::vectors ... ok
[INFO] [stdout] test rust::tests::ecdsa_tests::p256::vectors ... ok
[INFO] [stdout] test rust::tests::hkdf_tests::test_hkdf_sha512::test_max_output ... ok
[INFO] [stdout] test rust::tests::hkdf_tests::test_hkdf_sha512::vectors ... ok
[INFO] [stdout] test rust::tests::hmac_tests::test_hmac_sha256::test_default ... ok
[INFO] [stdout] test rust::tests::hmac_tests::test_hmac_sha256::test_different_data ... ok
[INFO] [stdout] test rust::tests::hmac_tests::test_hmac_sha256::test_different_keys ... ok
[INFO] [stdout] test rust::tests::hmac_tests::test_hmac_sha256::test_update ... ok
[INFO] [stdout] test rust::tests::hmac_tests::test_hmac_sha256::test_verify ... ok
[INFO] [stdout] test rust::tests::hmac_tests::test_hmac_sha256::vectors ... ok
[INFO] [stdout] test rust::tests::hmac_tests::test_hmac_sha384::test_default ... ok
[INFO] [stdout] test rust::tests::hmac_tests::test_hmac_sha384::test_different_data ... ok
[INFO] [stdout] test rust::tests::hmac_tests::test_hmac_sha384::test_different_keys ... ok
[INFO] [stdout] test rust::tests::hmac_tests::test_hmac_sha384::test_update ... ok
[INFO] [stdout] test rust::tests::hmac_tests::test_hmac_sha384::test_verify ... ok
[INFO] [stdout] test rust::tests::hmac_tests::test_hmac_sha384::vectors ... ok
[INFO] [stdout] test rust::tests::hmac_tests::test_hmac_sha512::test_default ... ok
[INFO] [stdout] test rust::tests::hmac_tests::test_hmac_sha512::test_different_data ... ok
[INFO] [stdout] test rust::tests::hmac_tests::test_hmac_sha512::test_different_keys ... ok
[INFO] [stdout] test rust::tests::hmac_tests::test_hmac_sha512::test_update ... ok
[INFO] [stdout] test rust::tests::hmac_tests::test_hmac_sha512::test_verify ... ok
[INFO] [stdout] test rust::tests::hmac_tests::test_hmac_sha512::vectors ... ok
[INFO] [stdout] test rust::tests::hpke_tests::sha256::test_export ... ok
[INFO] [stdout] test rust::tests::hpke_tests::sha256::test_round_trip ... ok
[INFO] [stdout] test rust::tests::hpke_tests::sha256::vectors ... ok
[INFO] [stdout] test rust::tests::hpke_tests::sha512::test_export ... ok
[INFO] [stdout] test rust::tests::hpke_tests::sha512::test_round_trip ... ok
[INFO] [stdout] test rust::tests::hpke_tests::sha512::vectors ... ok
[INFO] [stdout] test hkdf::tests::rust::hkdf_sha256::test_arbitrary_len ... ok
[INFO] [stdout] test rust::tests::ciphersuite_tests::p256::kdf::test_arbitrary_len ... ok
[INFO] [stdout] test rust::tests::ciphersuite_tests::p256::kdf_with_defaults::test_arbitrary_len ... ok
[INFO] [stdout] test rust::tests::hkdf_tests::test_hkdf_sha256::test_arbitrary_len ... ok
[INFO] [stdout] test default::test::default_ciphersuite::kdf::test_arbitrary_len has been running for over 60 seconds
[INFO] [stdout] test default::test::default_ciphersuite::kdf_with_defaults::test_arbitrary_len has been running for over 60 seconds
[INFO] [stdout] test default::test::default_engine::ciphersuite::kdf::test_arbitrary_len has been running for over 60 seconds
[INFO] [stdout] test default::test::default_engine::ciphersuite::kdf_with_defaults::test_arbitrary_len has been running for over 60 seconds
[INFO] [stdout] test hkdf::tests::rust::hkdf_sha384::test_arbitrary_len has been running for over 60 seconds
[INFO] [stdout] test hkdf::tests::rust::hkdf_sha512::test_arbitrary_len ... ok
[INFO] [stdout] test default::test::default_engine::ciphersuite::kdf_with_defaults::test_arbitrary_len ... ok
[INFO] [stdout] test default::test::default_ciphersuite::kdf_with_defaults::test_arbitrary_len ... ok
[INFO] [stdout] test default::test::default_ciphersuite::kdf::test_arbitrary_len ... ok
[INFO] [stdout] test default::test::default_engine::ciphersuite::kdf::test_arbitrary_len ... ok
[INFO] [stdout] test hkdf::tests::rust::hkdf_sha384::test_arbitrary_len ... ok
[INFO] [stdout] test rust::tests::ciphersuite_tests::p384::kdf::test_arbitrary_len has been running for over 60 seconds
[INFO] [stdout] test rust::tests::ciphersuite_tests::p384::kdf_with_defaults::test_arbitrary_len has been running for over 60 seconds
[INFO] [stdout] test rust::tests::ciphersuite_tests::p384::kdf::test_arbitrary_len ... ok
[INFO] [stdout] test rust::tests::ciphersuite_tests::p384::kdf_with_defaults::test_arbitrary_len ... ok
[INFO] [stdout] test rust::tests::hkdf_tests::test_hkdf_sha512::test_arbitrary_len ... ok
[INFO] [stdout] test rust::tests::hkdf_tests::test_hkdf_sha384::test_arbitrary_len ... ok
[INFO] [stdout] test rust::tests::ecdsa_tests::p384::vectors ... ok
[INFO] [stdout] 
[INFO] [stdout] test result: ok. 342 passed; 0 failed; 0 ignored; 0 measured; 0 filtered out; finished in 71.18s
[INFO] [stdout] 
[INFO] [stderr]      Running tests/lib.rs (/opt/rustwide/target/debug/deps/lib-a7dd650d4618bde3)
[INFO] [stdout] 
[INFO] [stdout] running 0 tests
[INFO] [stdout] 
[INFO] [stdout] test result: ok. 0 passed; 0 failed; 0 ignored; 0 measured; 0 filtered out; finished in 0.00s
[INFO] [stdout] 
[INFO] [stderr]    Doc-tests aranya_crypto
[INFO] [stdout] 
[INFO] [stdout] running 16 tests
[INFO] [stdout] test src/kem.rs - kem::dhkem_impl (line 553) ... ignored
[INFO] [stdout] test src/hmac.rs - hmac::hmac_impl (line 183) ... FAILED
[INFO] [stdout] test src/hkdf.rs - hkdf::hkdf_impl (line 152) ... FAILED
[INFO] [stdout] test src/default.rs - default::Rng (line 41) ... ok
[INFO] [stdout] test src/apq.rs - apq::ReceiverPublicKey<CS>::seal_topic_key (line 603) ... ok
[INFO] [stdout] test src/afc/uni.rs - afc::uni::UniChannel (line 30) ... ok
[INFO] [stdout] test src/afc/bidi.rs - afc::bidi::BidiChannel (line 29) ... ok
[INFO] [stdout] test src/groupkey.rs - groupkey::GroupKey<CS>::seal (line 92) ... ok
[INFO] [stdout] test src/default.rs - default::Rng (line 52) ... ok
[INFO] [stdout] test src/apq.rs - apq::SenderSigningKey<CS>::sign (line 386) ... ok
[INFO] [stdout] test src/aranya.rs - aranya::SigningKey<CS>::sign (line 226) ... ok
[INFO] [stdout] test src/apq.rs - apq::TopicKey<CS>::seal_message (line 198) ... ok
[INFO] [stdout] test src/aranya.rs - aranya::SigningKey<CS>::sign_cmd (line 280) ... ok
[INFO] [stdout] test src/keys.rs - keys::raw_key (line 140) ... ok
[INFO] [stdout] test src/aranya.rs - aranya::IdentityKey<CS>::sign (line 123) ... ok
[INFO] [stdout] test src/aead.rs - aead::Lifetime (line 255) ... ok
[INFO] [stdout] 
[INFO] [stdout] failures:
[INFO] [stdout] 
[INFO] [stdout] ---- src/hmac.rs - hmac::hmac_impl (line 183) stdout ----
[INFO] [stdout] error[E0601]: `main` function not found in crate `rust_out`
[INFO] [stdout]   --> src/hmac.rs:213:2
[INFO] [stdout]    |
[INFO] [stdout] 32 | }
[INFO] [stdout]    |  ^ consider adding a `main` function to `src/hmac.rs`
[INFO] [stdout] 
[INFO] [stdout] error: aborting due to 1 previous error
[INFO] [stdout] 
[INFO] [stdout] For more information about this error, try `rustc --explain E0601`.
[INFO] [stdout] Couldn't compile the test.
[INFO] [stdout] ---- src/hkdf.rs - hkdf::hkdf_impl (line 152) stdout ----
[INFO] [stdout] error[E0601]: `main` function not found in crate `rust_out`
[INFO] [stdout]   --> src/hkdf.rs:182:2
[INFO] [stdout]    |
[INFO] [stdout] 32 | }
[INFO] [stdout]    |  ^ consider adding a `main` function to `src/hkdf.rs`
[INFO] [stdout] 
[INFO] [stdout] error: aborting due to 1 previous error
[INFO] [stdout] 
[INFO] [stdout] For more information about this error, try `rustc --explain E0601`.
[INFO] [stdout] Couldn't compile the test.
[INFO] [stdout] 
[INFO] [stdout] failures:
[INFO] [stdout]     src/hkdf.rs - hkdf::hkdf_impl (line 152)
[INFO] [stdout]     src/hmac.rs - hmac::hmac_impl (line 183)
[INFO] [stdout] 
[INFO] [stdout] test result: FAILED. 13 passed; 2 failed; 1 ignored; 0 measured; 0 filtered out; finished in 0.95s
[INFO] [stdout] 
[INFO] [stderr] error: doctest failed, to rerun pass `--doc`
[INFO] running `Command { std: "docker" "inspect" "185d08aacbd62039c7f562b71ec92d5ea78a21c693a9d6b82ea4373d120da56a", kill_on_drop: false }`
[INFO] running `Command { std: "docker" "rm" "-f" "185d08aacbd62039c7f562b71ec92d5ea78a21c693a9d6b82ea4373d120da56a", kill_on_drop: false }`
[INFO] [stdout] 185d08aacbd62039c7f562b71ec92d5ea78a21c693a9d6b82ea4373d120da56a
