[INFO] fetching crate aptos-crypto-link 0.0.3...
[INFO] testing aptos-crypto-link-0.0.3 against 1.83.0 for beta-1.84.0-4-retry
[INFO] extracting crate aptos-crypto-link 0.0.3 into /workspace/builds/worker-4-tc1/source
[INFO] validating manifest of crates.io crate aptos-crypto-link 0.0.3 on toolchain 1.83.0
[INFO] running `Command { std: CARGO_HOME="/workspace/cargo-home" RUSTUP_HOME="/workspace/rustup-home" "/workspace/cargo-home/bin/cargo" "+1.83.0" "metadata" "--manifest-path" "Cargo.toml" "--no-deps", kill_on_drop: false }`
[INFO] started tweaking crates.io crate aptos-crypto-link 0.0.3
[INFO] finished tweaking crates.io crate aptos-crypto-link 0.0.3
[INFO] tweaked toml for crates.io crate aptos-crypto-link 0.0.3 written to /workspace/builds/worker-4-tc1/source/Cargo.toml
[INFO] running `Command { std: CARGO_HOME="/workspace/cargo-home" RUSTUP_HOME="/workspace/rustup-home" "/workspace/cargo-home/bin/cargo" "+1.83.0" "generate-lockfile" "--manifest-path" "Cargo.toml", kill_on_drop: false }`
[INFO] [stderr]     Updating crates.io index
[INFO] [stderr]      Locking 177 packages to latest compatible versions
[INFO] [stderr]       Adding bitvec v0.19.6 (available: v1.0.1)
[INFO] [stderr]       Adding criterion v0.3.6 (available: v0.5.1)
[INFO] [stderr]       Adding curve25519-dalek v3.2.1 (available: v4.1.3)
[INFO] [stderr]       Adding digest v0.9.0 (available: v0.10.7)
[INFO] [stderr]       Adding ed25519-dalek v1.0.1 (available: v2.1.1)
[INFO] [stderr]       Adding hkdf v0.10.0 (available: v0.12.4)
[INFO] [stderr]       Adding proptest-derive v0.3.0 (available: v0.5.0)
[INFO] [stderr]       Adding rand v0.7.3 (available: v0.8.5)
[INFO] [stderr]       Adding rand_core v0.5.1 (available: v0.6.4)
[INFO] [stderr]       Adding ring v0.16.20 (available: v0.17.8)
[INFO] [stderr]       Adding serde-name v0.1.2 (available: v0.2.1)
[INFO] [stderr]       Adding sha2 v0.9.9 (available: v0.10.8)
[INFO] [stderr]       Adding sha3 v0.9.1 (available: v0.10.8)
[INFO] [stderr]       Adding subtle v2.4.1 (available: v2.6.1)
[INFO] [stderr]       Adding thiserror v1.0.69 (available: v2.0.7)
[INFO] [stderr]       Adding x25519-dalek v1.2.0 (available: v2.0.1)
[INFO] [stderr]       Adding zeroize v1.3.0 (available: v1.8.1)
[INFO] running `Command { std: CARGO_HOME="/workspace/cargo-home" RUSTUP_HOME="/workspace/rustup-home" "/workspace/cargo-home/bin/cargo" "+1.83.0" "fetch" "--manifest-path" "Cargo.toml", kill_on_drop: false }`
[INFO] [stderr]  Downloading crates ...
[INFO] [stderr]   Downloaded aptos-crypto-derive-link v0.0.3
[INFO] [stderr]   Downloaded bcs-link v0.1.3
[INFO] running `Command { std: "docker" "create" "-v" "/var/lib/crater-agent-workspace/builds/worker-4-tc1/target:/opt/rustwide/target:rw,Z" "-v" "/var/lib/crater-agent-workspace/builds/worker-4-tc1/source:/opt/rustwide/workdir:ro,Z" "-v" "/var/lib/crater-agent-workspace/cargo-home:/opt/rustwide/cargo-home:ro,Z" "-v" "/var/lib/crater-agent-workspace/rustup-home:/opt/rustwide/rustup-home:ro,Z" "-e" "SOURCE_DIR=/opt/rustwide/workdir" "-e" "CARGO_TARGET_DIR=/opt/rustwide/target" "-e" "CARGO_HOME=/opt/rustwide/cargo-home" "-e" "RUSTUP_HOME=/opt/rustwide/rustup-home" "-w" "/opt/rustwide/workdir" "-m" "1610612736" "--user" "0:0" "--network" "none" "ghcr.io/rust-lang/crates-build-env/linux@sha256:f3a9d4ad9d972b27faf3965f35b62e55ba32bbce8f20bc8fe909558a86702fde" "/opt/rustwide/cargo-home/bin/cargo" "+1.83.0" "metadata" "--no-deps" "--format-version=1", kill_on_drop: false }`
[INFO] [stdout] 7a8f24d643afe41f33d9dbe86d0673cca8e7c43bbf9ea5b62b0c9f51bb34ffb6
[INFO] running `Command { std: "docker" "start" "-a" "7a8f24d643afe41f33d9dbe86d0673cca8e7c43bbf9ea5b62b0c9f51bb34ffb6", kill_on_drop: false }`
[INFO] running `Command { std: "docker" "inspect" "7a8f24d643afe41f33d9dbe86d0673cca8e7c43bbf9ea5b62b0c9f51bb34ffb6", kill_on_drop: false }`
[INFO] running `Command { std: "docker" "rm" "-f" "7a8f24d643afe41f33d9dbe86d0673cca8e7c43bbf9ea5b62b0c9f51bb34ffb6", kill_on_drop: false }`
[INFO] [stdout] 7a8f24d643afe41f33d9dbe86d0673cca8e7c43bbf9ea5b62b0c9f51bb34ffb6
[INFO] running `Command { std: "docker" "create" "-v" "/var/lib/crater-agent-workspace/builds/worker-4-tc1/target:/opt/rustwide/target:rw,Z" "-v" "/var/lib/crater-agent-workspace/builds/worker-4-tc1/source:/opt/rustwide/workdir:ro,Z" "-v" "/var/lib/crater-agent-workspace/cargo-home:/opt/rustwide/cargo-home:ro,Z" "-v" "/var/lib/crater-agent-workspace/rustup-home:/opt/rustwide/rustup-home:ro,Z" "-e" "SOURCE_DIR=/opt/rustwide/workdir" "-e" "CARGO_TARGET_DIR=/opt/rustwide/target" "-e" "CARGO_INCREMENTAL=0" "-e" "RUST_BACKTRACE=full" "-e" "RUSTFLAGS=--cap-lints=warn" "-e" "RUSTDOCFLAGS=--cap-lints=warn" "-e" "CARGO_HOME=/opt/rustwide/cargo-home" "-e" "RUSTUP_HOME=/opt/rustwide/rustup-home" "-w" "/opt/rustwide/workdir" "-m" "1610612736" "--user" "0:0" "--network" "none" "ghcr.io/rust-lang/crates-build-env/linux@sha256:f3a9d4ad9d972b27faf3965f35b62e55ba32bbce8f20bc8fe909558a86702fde" "/opt/rustwide/cargo-home/bin/cargo" "+1.83.0" "build" "--frozen" "--message-format=json", kill_on_drop: false }`
[INFO] [stdout] e94e40bff394e80867b1f393d2c0006ef9172224e6723d37d9ab76e3b9e33e81
[INFO] running `Command { std: "docker" "start" "-a" "e94e40bff394e80867b1f393d2c0006ef9172224e6723d37d9ab76e3b9e33e81", kill_on_drop: false }`
[INFO] [stderr]    Compiling proc-macro2 v1.0.92
[INFO] [stderr]    Compiling unicode-ident v1.0.14
[INFO] [stderr]    Compiling typenum v1.17.0
[INFO] [stderr]    Compiling version_check v0.9.5
[INFO] [stderr]    Compiling libc v0.2.168
[INFO] [stderr]    Compiling subtle v2.4.1
[INFO] [stderr]    Compiling cfg-if v1.0.0
[INFO] [stderr]    Compiling crunchy v0.2.2
[INFO] [stderr]    Compiling byteorder v1.5.0
[INFO] [stderr]    Compiling getrandom v0.1.16
[INFO] [stderr]    Compiling serde v1.0.216
[INFO] [stderr]    Compiling shlex v1.3.0
[INFO] [stderr]    Compiling thiserror v1.0.69
[INFO] [stderr]    Compiling cpufeatures v0.2.16
[INFO] [stderr]    Compiling syn v1.0.109
[INFO] [stderr]    Compiling opaque-debug v0.3.1
[INFO] [stderr]    Compiling anyhow v1.0.94
[INFO] [stderr]    Compiling tiny-keccak v2.0.2
[INFO] [stderr]    Compiling signature v1.6.4
[INFO] [stderr]    Compiling spin v0.5.2
[INFO] [stderr]    Compiling cc v1.2.4
[INFO] [stderr]    Compiling once_cell v1.20.2
[INFO] [stderr]    Compiling arrayref v0.3.9
[INFO] [stderr]    Compiling untrusted v0.7.1
[INFO] [stderr]    Compiling base64 v0.13.1
[INFO] [stderr]    Compiling hex v0.4.3
[INFO] [stderr]    Compiling more-asserts v0.3.1
[INFO] [stderr]    Compiling bytes v1.9.0
[INFO] [stderr]    Compiling static_assertions v1.1.0
[INFO] [stderr]    Compiling generic-array v0.14.7
[INFO] [stderr]    Compiling quote v1.0.37
[INFO] [stderr]    Compiling syn v2.0.90
[INFO] [stderr]    Compiling getrandom v0.2.15
[INFO] [stderr]    Compiling num_cpus v1.16.0
[INFO] [stderr]    Compiling digest v0.9.0
[INFO] [stderr]    Compiling block-buffer v0.9.0
[INFO] [stderr]    Compiling crypto-mac v0.8.0
[INFO] [stderr]    Compiling crypto-mac v0.10.1
[INFO] [stderr]    Compiling ring v0.16.20
[INFO] [stderr]    Compiling blst v0.3.13
[INFO] [stderr]    Compiling rand_core v0.5.1
[INFO] [stderr]    Compiling rand_core v0.6.4
[INFO] [stderr]    Compiling libsecp256k1-core v0.3.0
[INFO] [stderr]    Compiling hmac v0.8.1
[INFO] [stderr]    Compiling sha2 v0.9.9
[INFO] [stderr]    Compiling threadpool v1.8.1
[INFO] [stderr]    Compiling hmac v0.10.1
[INFO] [stderr]    Compiling hmac-drbg v0.3.0
[INFO] [stderr]    Compiling hkdf v0.10.0
[INFO] [stderr]    Compiling aptos-crypto-derive-link v0.0.3
[INFO] [stderr]    Compiling libsecp256k1-gen-genmult v0.3.0
[INFO] [stderr]    Compiling libsecp256k1-gen-ecmult v0.3.0
[INFO] [stderr]    Compiling libsecp256k1 v0.7.1
[INFO] [stderr]    Compiling zerocopy-derive v0.7.35
[INFO] [stderr]    Compiling serde_derive v1.0.216
[INFO] [stderr]    Compiling zeroize_derive v1.4.2
[INFO] [stderr]    Compiling thiserror-impl v1.0.69
[INFO] [stderr]    Compiling zeroize v1.3.0
[INFO] [stderr]    Compiling zerocopy v0.7.35
[INFO] [stderr]    Compiling curve25519-dalek v3.2.1
[INFO] [stderr]    Compiling x25519-dalek v1.2.0
[INFO] [stderr]    Compiling ppv-lite86 v0.2.20
[INFO] [stderr]    Compiling rand_chacha v0.3.1
[INFO] [stderr]    Compiling rand_chacha v0.2.2
[INFO] [stderr]    Compiling rand v0.7.3
[INFO] [stderr]    Compiling rand v0.8.5
[INFO] [stderr]    Compiling serde_bytes v0.11.15
[INFO] [stderr]    Compiling ed25519 v1.5.3
[INFO] [stderr]    Compiling serde-name v0.1.2
[INFO] [stderr]    Compiling bcs-link v0.1.3
[INFO] [stderr]    Compiling ed25519-dalek v1.0.1
[INFO] [stderr]    Compiling aptos-crypto-link v0.0.3 (/opt/rustwide/workdir)
[INFO] [stderr]     Finished `dev` profile [unoptimized + debuginfo] target(s) in 24.04s
[INFO] running `Command { std: "docker" "inspect" "e94e40bff394e80867b1f393d2c0006ef9172224e6723d37d9ab76e3b9e33e81", kill_on_drop: false }`
[INFO] running `Command { std: "docker" "rm" "-f" "e94e40bff394e80867b1f393d2c0006ef9172224e6723d37d9ab76e3b9e33e81", kill_on_drop: false }`
[INFO] [stdout] e94e40bff394e80867b1f393d2c0006ef9172224e6723d37d9ab76e3b9e33e81
[INFO] running `Command { std: "docker" "create" "-v" "/var/lib/crater-agent-workspace/builds/worker-4-tc1/target:/opt/rustwide/target:rw,Z" "-v" "/var/lib/crater-agent-workspace/builds/worker-4-tc1/source:/opt/rustwide/workdir:ro,Z" "-v" "/var/lib/crater-agent-workspace/cargo-home:/opt/rustwide/cargo-home:ro,Z" "-v" "/var/lib/crater-agent-workspace/rustup-home:/opt/rustwide/rustup-home:ro,Z" "-e" "SOURCE_DIR=/opt/rustwide/workdir" "-e" "CARGO_TARGET_DIR=/opt/rustwide/target" "-e" "CARGO_INCREMENTAL=0" "-e" "RUST_BACKTRACE=full" "-e" "RUSTFLAGS=--cap-lints=warn" "-e" "RUSTDOCFLAGS=--cap-lints=warn" "-e" "CARGO_HOME=/opt/rustwide/cargo-home" "-e" "RUSTUP_HOME=/opt/rustwide/rustup-home" "-w" "/opt/rustwide/workdir" "-m" "1610612736" "--user" "0:0" "--network" "none" "ghcr.io/rust-lang/crates-build-env/linux@sha256:f3a9d4ad9d972b27faf3965f35b62e55ba32bbce8f20bc8fe909558a86702fde" "/opt/rustwide/cargo-home/bin/cargo" "+1.83.0" "test" "--frozen" "--no-run" "--message-format=json", kill_on_drop: false }`
[INFO] [stdout] 4d195579ab5b3355187e336ca51302657aea488be510ddd8bffd4d74a23c59b4
[INFO] running `Command { std: "docker" "start" "-a" "4d195579ab5b3355187e336ca51302657aea488be510ddd8bffd4d74a23c59b4", kill_on_drop: false }`
[INFO] [stderr]    Compiling byteorder v1.5.0
[INFO] [stderr]    Compiling crossbeam-utils v0.8.20
[INFO] [stderr]    Compiling autocfg v1.4.0
[INFO] [stderr]    Compiling libm v0.2.11
[INFO] [stderr]    Compiling block-padding v0.2.1
[INFO] [stderr]    Compiling memchr v2.7.4
[INFO] [stderr]    Compiling itoa v1.0.14
[INFO] [stderr]    Compiling ryu v1.0.18
[INFO] [stderr]    Compiling serde_json v1.0.133
[INFO] [stderr]    Compiling rustix v0.38.42
[INFO] [stderr]    Compiling proc-macro2 v0.4.30
[INFO] [stderr]    Compiling linux-raw-sys v0.4.14
[INFO] [stderr]    Compiling regex-syntax v0.8.5
[INFO] [stderr]    Compiling unicode-xid v0.1.0
[INFO] [stderr]    Compiling rayon-core v1.12.1
[INFO] [stderr]    Compiling hashbrown v0.15.2
[INFO] [stderr]    Compiling block-buffer v0.9.0
[INFO] [stderr]    Compiling bitflags v2.6.0
[INFO] [stderr]    Compiling equivalent v1.0.1
[INFO] [stderr]    Compiling either v1.13.0
[INFO] [stderr]    Compiling toml_datetime v0.6.8
[INFO] [stderr]    Compiling sha2 v0.9.9
[INFO] [stderr]    Compiling zerocopy v0.7.35
[INFO] [stderr]    Compiling curve25519-dalek v3.2.1
[INFO] [stderr]    Compiling serde_spanned v0.6.8
[INFO] [stderr]    Compiling syn v0.15.44
[INFO] [stderr]    Compiling radium v0.5.3
[INFO] [stderr]    Compiling plotters-backend v0.3.7
[INFO] [stderr]    Compiling target-triple v0.1.3
[INFO] [stderr]    Compiling num-traits v0.2.19
[INFO] [stderr]    Compiling unicode-width v0.1.14
[INFO] [stderr]    Compiling fastrand v2.3.0
[INFO] [stderr]    Compiling winnow v0.6.20
[INFO] [stderr]    Compiling plotters-svg v0.3.7
[INFO] [stderr]    Compiling itertools v0.10.5
[INFO] [stderr]    Compiling crossbeam-epoch v0.9.18
[INFO] [stderr]    Compiling indexmap v2.7.0
[INFO] [stderr]    Compiling textwrap v0.11.0
[INFO] [stderr]    Compiling csv-core v0.1.11
[INFO] [stderr]    Compiling wait-timeout v0.2.0
[INFO] [stderr]    Compiling half v1.8.3
[INFO] [stderr]    Compiling ppv-lite86 v0.2.20
[INFO] [stderr]    Compiling quote v0.6.13
[INFO] [stderr]    Compiling same-file v1.0.6
[INFO] [stderr]    Compiling bitflags v1.3.2
[INFO] [stderr]    Compiling quick-error v1.2.3
[INFO] [stderr]    Compiling lazy_static v1.5.0
[INFO] [stderr]    Compiling fnv v1.0.7
[INFO] [stderr]    Compiling cast v0.3.0
[INFO] [stderr]    Compiling crossbeam-deque v0.8.5
[INFO] [stderr]    Compiling bit-vec v0.6.3
[INFO] [stderr]    Compiling clap v2.34.0
[INFO] [stderr]    Compiling walkdir v2.5.0
[INFO] [stderr]    Compiling x25519-dalek v1.2.0
[INFO] [stderr]    Compiling csv v1.3.1
[INFO] [stderr]    Compiling criterion-plot v0.4.5
[INFO] [stderr]    Compiling serde_cbor v0.11.2
[INFO] [stderr]    Compiling bit-set v0.5.3
[INFO] [stderr]    Compiling rand_xorshift v0.3.0
[INFO] [stderr]    Compiling rand_chacha v0.3.1
[INFO] [stderr]    Compiling rand_chacha v0.2.2
[INFO] [stderr]    Compiling plotters v0.3.7
[INFO] [stderr]    Compiling atty v0.2.14
[INFO] [stderr]    Compiling unarray v0.1.4
[INFO] [stderr]    Compiling funty v1.1.0
[INFO] [stderr]    Compiling tap v1.0.1
[INFO] [stderr]    Compiling wyz v0.2.0
[INFO] [stderr]    Compiling rand v0.8.5
[INFO] [stderr]    Compiling rand v0.7.3
[INFO] [stderr]    Compiling regex-automata v0.4.9
[INFO] [stderr]    Compiling libsecp256k1 v0.7.1
[INFO] [stderr]    Compiling tinytemplate v1.2.1
[INFO] [stderr]    Compiling rayon v1.10.0
[INFO] [stderr]    Compiling keccak v0.1.5
[INFO] [stderr]    Compiling glob v0.3.1
[INFO] [stderr]    Compiling termcolor v1.4.1
[INFO] [stderr]    Compiling oorandom v11.1.4
[INFO] [stderr]    Compiling sha3 v0.9.1
[INFO] [stderr]    Compiling bitvec v0.19.6
[INFO] [stderr]    Compiling tempfile v3.14.0
[INFO] [stderr]    Compiling toml_edit v0.22.22
[INFO] [stderr]    Compiling ed25519-dalek v1.0.1
[INFO] [stderr]    Compiling rusty-fork v0.3.0
[INFO] [stderr]    Compiling proptest v1.5.0
[INFO] [stderr]    Compiling regex v1.11.1
[INFO] [stderr]    Compiling toml v0.8.19
[INFO] [stderr]    Compiling criterion v0.3.6
[INFO] [stderr]    Compiling trybuild v1.0.101
[INFO] [stderr]    Compiling proptest-derive v0.3.0
[INFO] [stderr]    Compiling aptos-crypto-link v0.0.3 (/opt/rustwide/workdir)
[INFO] [stdout] warning: non-local `impl` definition, `impl` blocks should be written at the same level as their item
[INFO] [stdout]    --> src/hash.rs:124:51
[INFO] [stdout]     |
[INFO] [stdout] 124 | #[cfg_attr(any(test, feature = "fuzzing"), derive(Arbitrary))]
[INFO] [stdout]     |                                                   ^--------
[INFO] [stdout]     |                                                   |
[INFO] [stdout]     |                                                   `Arbitrary` is not local
[INFO] [stdout]     |                                                   move the `impl` block outside of this constant `_IMPL_ARBITRARY_FOR_HashValue`
[INFO] [stdout] 125 | pub struct HashValue {
[INFO] [stdout]     |            --------- `HashValue` is not local
[INFO] [stdout]     |
[INFO] [stdout]     = note: the derive macro `Arbitrary` defines the non-local `impl`, and may need to be changed
[INFO] [stdout]     = note: the derive macro `Arbitrary` may come from an old version of the `proptest_derive` crate, try updating your dependency with `cargo update -p proptest_derive`
[INFO] [stdout]     = note: an `impl` is never scoped, even when it is nested inside an item, as it may impact type checking outside of that item, which can be the case if neither the trait or the self type are at the same nesting level as the `impl`
[INFO] [stdout]     = note: items in an anonymous const item (`const _: () = { ... }`) are treated as in the same scope as the anonymous const's declaration for the purpose of this lint
[INFO] [stdout]     = note: `#[warn(non_local_definitions)]` on by default
[INFO] [stdout]     = note: this warning originates in the derive macro `Arbitrary` (in Nightly builds, run with -Z macro-backtrace for more info)
[INFO] [stdout] 
[INFO] [stdout] 
[INFO] [stdout] warning: missing documentation for an associated function
[INFO] [stdout]    --> src/hash.rs:185:5
[INFO] [stdout]     |
[INFO] [stdout] 185 | /     pub fn from_iter_sha3<'a, I>(buffers: I) -> Self
[INFO] [stdout] 186 | |     where
[INFO] [stdout] 187 | |         I: IntoIterator<Item = &'a [u8]>,
[INFO] [stdout]     | |_________________________________________^
[INFO] [stdout]     |
[INFO] [stdout] note: the lint level is defined here
[INFO] [stdout]    --> src/lib.rs:5:9
[INFO] [stdout]     |
[INFO] [stdout] 5   | #![deny(missing_docs)]
[INFO] [stdout]     |         ^^^^^^^^^^^^
[INFO] [stdout] 
[INFO] [stdout] 
[INFO] [stdout] warning: non-local `impl` definition, `impl` blocks should be written at the same level as their item
[INFO] [stdout]   --> src/x25519.rs:77:51
[INFO] [stdout]    |
[INFO] [stdout] 77 | #[cfg_attr(any(test, feature = "fuzzing"), derive(Arbitrary))]
[INFO] [stdout]    |                                                   ^--------
[INFO] [stdout]    |                                                   |
[INFO] [stdout]    |                                                   `Arbitrary` is not local
[INFO] [stdout]    |                                                   move the `impl` block outside of this constant `_IMPL_ARBITRARY_FOR_PublicKey`
[INFO] [stdout] 78 | pub struct PublicKey([u8; PUBLIC_KEY_SIZE]);
[INFO] [stdout]    |            --------- `PublicKey` is not local
[INFO] [stdout]    |
[INFO] [stdout]    = note: the derive macro `Arbitrary` defines the non-local `impl`, and may need to be changed
[INFO] [stdout]    = note: the derive macro `Arbitrary` may come from an old version of the `proptest_derive` crate, try updating your dependency with `cargo update -p proptest_derive`
[INFO] [stdout]    = note: an `impl` is never scoped, even when it is nested inside an item, as it may impact type checking outside of that item, which can be the case if neither the trait or the self type are at the same nesting level as the `impl`
[INFO] [stdout]    = note: items in an anonymous const item (`const _: () = { ... }`) are treated as in the same scope as the anonymous const's declaration for the purpose of this lint
[INFO] [stdout]    = note: this warning originates in the derive macro `Arbitrary` (in Nightly builds, run with -Z macro-backtrace for more info)
[INFO] [stdout] 
[INFO] [stdout] 
[INFO] [stderr]     Finished `test` profile [unoptimized + debuginfo] target(s) in 56.35s
[INFO] running `Command { std: "docker" "inspect" "4d195579ab5b3355187e336ca51302657aea488be510ddd8bffd4d74a23c59b4", kill_on_drop: false }`
[INFO] running `Command { std: "docker" "rm" "-f" "4d195579ab5b3355187e336ca51302657aea488be510ddd8bffd4d74a23c59b4", kill_on_drop: false }`
[INFO] [stdout] 4d195579ab5b3355187e336ca51302657aea488be510ddd8bffd4d74a23c59b4
[INFO] running `Command { std: "docker" "create" "-v" "/var/lib/crater-agent-workspace/builds/worker-4-tc1/target:/opt/rustwide/target:rw,Z" "-v" "/var/lib/crater-agent-workspace/builds/worker-4-tc1/source:/opt/rustwide/workdir:ro,Z" "-v" "/var/lib/crater-agent-workspace/cargo-home:/opt/rustwide/cargo-home:ro,Z" "-v" "/var/lib/crater-agent-workspace/rustup-home:/opt/rustwide/rustup-home:ro,Z" "-e" "SOURCE_DIR=/opt/rustwide/workdir" "-e" "CARGO_TARGET_DIR=/opt/rustwide/target" "-e" "CARGO_INCREMENTAL=0" "-e" "RUST_BACKTRACE=full" "-e" "RUSTFLAGS=--cap-lints=warn" "-e" "RUSTDOCFLAGS=--cap-lints=warn" "-e" "CARGO_HOME=/opt/rustwide/cargo-home" "-e" "RUSTUP_HOME=/opt/rustwide/rustup-home" "-w" "/opt/rustwide/workdir" "-m" "1610612736" "--user" "0:0" "--network" "none" "ghcr.io/rust-lang/crates-build-env/linux@sha256:f3a9d4ad9d972b27faf3965f35b62e55ba32bbce8f20bc8fe909558a86702fde" "/opt/rustwide/cargo-home/bin/cargo" "+1.83.0" "test" "--frozen", kill_on_drop: false }`
[INFO] [stdout] 1c1f8301bc9d8371e9632509d64bc6539f19365b08dc292ecbfa236205100e4a
[INFO] running `Command { std: "docker" "start" "-a" "1c1f8301bc9d8371e9632509d64bc6539f19365b08dc292ecbfa236205100e4a", kill_on_drop: false }`
[INFO] [stderr] warning: non-local `impl` definition, `impl` blocks should be written at the same level as their item
[INFO] [stderr]    --> src/hash.rs:124:51
[INFO] [stderr]     |
[INFO] [stderr] 124 | #[cfg_attr(any(test, feature = "fuzzing"), derive(Arbitrary))]
[INFO] [stderr]     |                                                   ^--------
[INFO] [stderr]     |                                                   |
[INFO] [stderr]     |                                                   `Arbitrary` is not local
[INFO] [stderr]     |                                                   move the `impl` block outside of this constant `_IMPL_ARBITRARY_FOR_HashValue`
[INFO] [stderr] 125 | pub struct HashValue {
[INFO] [stderr]     |            --------- `HashValue` is not local
[INFO] [stderr]     |
[INFO] [stderr]     = note: the derive macro `Arbitrary` defines the non-local `impl`, and may need to be changed
[INFO] [stderr]     = note: the derive macro `Arbitrary` may come from an old version of the `proptest_derive` crate, try updating your dependency with `cargo update -p proptest_derive`
[INFO] [stderr]     = note: an `impl` is never scoped, even when it is nested inside an item, as it may impact type checking outside of that item, which can be the case if neither the trait or the self type are at the same nesting level as the `impl`
[INFO] [stderr]     = note: items in an anonymous const item (`const _: () = { ... }`) are treated as in the same scope as the anonymous const's declaration for the purpose of this lint
[INFO] [stderr]     = note: `#[warn(non_local_definitions)]` on by default
[INFO] [stderr]     = note: this warning originates in the derive macro `Arbitrary` (in Nightly builds, run with -Z macro-backtrace for more info)
[INFO] [stderr] 
[INFO] [stderr] warning: missing documentation for an associated function
[INFO] [stderr]    --> src/hash.rs:185:5
[INFO] [stderr]     |
[INFO] [stderr] 185 | /     pub fn from_iter_sha3<'a, I>(buffers: I) -> Self
[INFO] [stderr] 186 | |     where
[INFO] [stderr] 187 | |         I: IntoIterator<Item = &'a [u8]>,
[INFO] [stderr]     | |_________________________________________^
[INFO] [stderr]     |
[INFO] [stderr] note: the lint level is defined here
[INFO] [stderr]    --> src/lib.rs:5:9
[INFO] [stderr]     |
[INFO] [stderr] 5   | #![deny(missing_docs)]
[INFO] [stderr]     |         ^^^^^^^^^^^^
[INFO] [stderr] 
[INFO] [stderr] warning: non-local `impl` definition, `impl` blocks should be written at the same level as their item
[INFO] [stderr]   --> src/x25519.rs:77:51
[INFO] [stderr]    |
[INFO] [stderr] 77 | #[cfg_attr(any(test, feature = "fuzzing"), derive(Arbitrary))]
[INFO] [stderr]    |                                                   ^--------
[INFO] [stderr]    |                                                   |
[INFO] [stderr]    |                                                   `Arbitrary` is not local
[INFO] [stderr]    |                                                   move the `impl` block outside of this constant `_IMPL_ARBITRARY_FOR_PublicKey`
[INFO] [stderr] 78 | pub struct PublicKey([u8; PUBLIC_KEY_SIZE]);
[INFO] [stderr]    |            --------- `PublicKey` is not local
[INFO] [stderr]    |
[INFO] [stderr]    = note: the derive macro `Arbitrary` defines the non-local `impl`, and may need to be changed
[INFO] [stderr]    = note: the derive macro `Arbitrary` may come from an old version of the `proptest_derive` crate, try updating your dependency with `cargo update -p proptest_derive`
[INFO] [stderr]    = note: an `impl` is never scoped, even when it is nested inside an item, as it may impact type checking outside of that item, which can be the case if neither the trait or the self type are at the same nesting level as the `impl`
[INFO] [stderr]    = note: items in an anonymous const item (`const _: () = { ... }`) are treated as in the same scope as the anonymous const's declaration for the purpose of this lint
[INFO] [stderr]    = note: this warning originates in the derive macro `Arbitrary` (in Nightly builds, run with -Z macro-backtrace for more info)
[INFO] [stderr] 
[INFO] [stderr] warning: `aptos-crypto-link` (lib test) generated 3 warnings
[INFO] [stderr]     Finished `test` profile [unoptimized + debuginfo] target(s) in 0.18s
[INFO] [stdout] 
[INFO] [stderr]      Running unittests src/lib.rs (/opt/rustwide/target/debug/deps/aptos_crypto_link-c4f80e77f92bc398)
[INFO] [stdout] running 77 tests
[INFO] [stdout] test multi_ed25519::bitmap_tests ... ok
[INFO] [stdout] test unit_tests::bcs_test::ed25519_bcs_material ... ok
[INFO] [stdout] test unit_tests::bls12381_test::bls12381_aggsig_zero_messages_or_pks_does_not_verify ... ok
[INFO] [stdout] test unit_tests::bcs_test::multi_ed25519_bcs_material ... ok
[INFO] [stdout] test unit_tests::bls12381_test::bls12381_sample_aggregate_pk_and_aggsig ... ignored
[INFO] [stdout] test unit_tests::bls12381_test::bls12381_sample_aggregate_pk_and_multisig ... ignored
[INFO] [stdout] test unit_tests::bls12381_test::bls12381_sample_aggregate_sigs ... ignored
[INFO] [stdout] test unit_tests::bls12381_test::bls12381_sample_doc_test_for_normal_sigs ... ignored
[INFO] [stdout] test unit_tests::bls12381_test::bls12381_sample_pop ... ignored
[INFO] [stdout] test unit_tests::bls12381_test::bls12381_sample_signature ... ignored
[INFO] [stdout] test unit_tests::bls12381_test::bls12381_validatable_pk ... ok
[INFO] [stdout] test unit_tests::cross_test::unsupported_sigs ... ignored
[INFO] [stdout] test unit_tests::bls12381_test::bls12381_serialize_sig ... ok
[INFO] [stdout] test unit_tests::cryptohasher::test_bcs_cryptohash_with_generics ... ok
[INFO] [stdout] test unit_tests::cryptohasher::test_cryptohasher_name ... ok
[INFO] [stdout] test unit_tests::cryptohasher::test_bcs_cryptohash ... ok
[INFO] [stdout] test unit_tests::cryptohasher::test_cryptohasher_salt_access ... ok
[INFO] [stdout] test unit_tests::bls12381_test::bls12381_sample_signature_verifies ... ok
[INFO] [stdout] test unit_tests::bls12381_test::bls12381_sigshare_verify ... ok
[INFO] [stdout] test unit_tests::bls12381_test::bls12381_random_multisig_dont_verify_with_random_pk ... ok
[INFO] [stdout] test unit_tests::bls12381_test::bls12381_pop_verify ... ok
[INFO] [stdout] test unit_tests::ed25519_test::test_pub_key_deserialization ... ok
[INFO] [stdout] test unit_tests::ed25519_test::test_keys_custom_serialisation ... ok
[INFO] [stdout] test unit_tests::ed25519_test::test_keys_encode ... ok
[INFO] [stdout] test unit_tests::ed25519_test::convert_from_ed25519_publickey ... ok
[INFO] [stdout] test bls12381::bls12381_validatable::test::bls12381_validatable_pk ... ok
[INFO] [stdout] test unit_tests::ed25519_test::ed25519_to_x25519_roundtrip ... ok
[INFO] [stdout] test unit_tests::ed25519_test::verify_mul_torsion ... ok
[INFO] [stdout] test unit_tests::compat_test::sha3_256_compatibility_test ... ok
[INFO] [stdout] test unit_tests::ed25519_test::test_signature_malleability ... ok
[INFO] [stdout] test unit_tests::bls12381_test::bls12381_multisig_wrong_messages_aggregated ... ok
[INFO] [stdout] test unit_tests::hash_test::test_common_prefix_bits_len ... ok
[INFO] [stdout] test unit_tests::hash_test::test_fmt_binary ... ok
[INFO] [stdout] test unit_tests::hash_test::test_default_hasher ... ok
[INFO] [stdout] test unit_tests::hash_test::test_get_nibble ... ok
[INFO] [stdout] test unit_tests::hash_test::test_from_slice ... ok
[INFO] [stdout] test unit_tests::hash_test::test_hash_value_iter_bits ... ok
[INFO] [stdout] test unit_tests::hash_test::test_hash_value_iterator_exact_size ... ok
[INFO] [stdout] test unit_tests::cross_test::test_keys_mix ... ok
[INFO] [stdout] test unit_tests::hash_test::test_hashvalue_from_bit_iter ... ok
[INFO] [stdout] test unit_tests::hash_test::test_hashvalue_iter_bits_rev ... ok
[INFO] [stdout] test unit_tests::hash_test::test_hashvalue_to_hex_literal ... ok
[INFO] [stdout] test unit_tests::hash_test::test_hashvalue_to_rev_bits_roundtrip ... ok
[INFO] [stdout] test unit_tests::hash_test::test_hashvalue_to_bits_roundtrip ... ok
[INFO] [stdout] test unit_tests::hash_test::test_primitive_type ... ok
[INFO] [stdout] test unit_tests::hash_test::test_random_with_rng ... ok
[INFO] [stdout] test unit_tests::hkdf_test::test_extract_then_expand ... ok
[INFO] [stdout] test unit_tests::hkdf_test::test_ikm_size ... ok
[INFO] [stdout] test unit_tests::hash_test::test_hashvalue_to_str_roundtrip ... ok
[INFO] [stdout] test unit_tests::hkdf_test::test_sha256_test_vectors ... ok
[INFO] [stdout] test unit_tests::hkdf_test::test_sha256_output_length ... ok
[INFO] [stdout] test unit_tests::ed25519_test::ed25519_and_x25519_privkeys ... ok
[INFO] [stdout] test unit_tests::hkdf_test::unsupported_digest ... ignored
[INFO] [stdout] test unit_tests::multi_ed25519_test::test_invalid_multi_ed25519_signature_bitmap ... ok
[INFO] [stdout] test unit_tests::hkdf_test::test_sha512_output_length ... ok
[INFO] [stdout] test unit_tests::hkdf_test::test_sha3_256_output_length ... ok
[INFO] [stdout] test unit_tests::multi_ed25519_test::test_multi_ed25519_public_key_serialization ... ok
[INFO] [stdout] test unit_tests::multi_ed25519_test::test_publickey_smallorder ... ignored
[INFO] [stdout] test unit_tests::multi_ed25519_test::test_sample_multisig ... ignored
[INFO] [stdout] test unit_tests::bls12381_test::bls12381_multisig_should_verify ... ok
[INFO] [stdout] test unit_tests::noise_test::simple_handshake ... ok
[INFO] [stdout] test unit_tests::noise_test::test_vectors ... ok
[INFO] [stdout] test unit_tests::multi_ed25519_test::test_multi_ed25519_signature_verification ... ok
[INFO] [stdout] test unit_tests::noise_test::wrong_buffer_sizes ... ok
[INFO] [stdout] test unit_tests::multi_ed25519_test::test_multi_ed25519_signature_serialization ... ok
[INFO] [stdout] test unit_tests::ed25519_test::verify_canonicity_torsion ... ok
[INFO] [stdout] test unit_tests::hash_test::test_hashvalue_to_bits_inverse_roundtrip ... ok
[INFO] [stdout] test unit_tests::ed25519_test::test_signature_verification_custom_serialisation ... ok
[INFO] [stdout] test unit_tests::ed25519_test::test_signature_verification_from_arbitrary ... ok
[INFO] [stdout] test unit_tests::bls12381_test::bls12381_multisig_wrong_pks_aggregated ... ok
[INFO] [stdout] test unit_tests::ed25519_test::test_signature_verification_from_struct ... ok
[INFO] [stdout] test unit_tests::compat_test::check_basic_sha3_256_test_vectors ... ok
[INFO] [stdout] test unit_tests::ed25519_test::verify_sig_strict_torsion ... ok
[INFO] [stdout] test unit_tests::ed25519_test::verify_sig_malleable_torsion ... ok
[INFO] [stdout] test unit_tests::bls12381_test::bls12381_aggsig_should_verify ... ok
[INFO] [stdout] test unit_tests::ed25519_test::test_publickey_smallorder ... ok
[INFO] [stdout] test unit_tests::ed25519_test::test_batch_verify ... ok
[INFO] [stdout] 
[INFO] [stdout] test result: ok. 67 passed; 0 failed; 10 ignored; 0 measured; 0 filtered out; finished in 9.91s
[INFO] [stdout] 
[INFO] [stderr]    Doc-tests aptos_crypto_link
[INFO] [stdout] 
[INFO] [stdout] running 13 tests
[INFO] [stdout] test src/hash.rs - hash (line 93) ... FAILED
[INFO] [stdout] test src/hkdf.rs - hkdf (line 60) ... FAILED
[INFO] [stdout] test src/hash.rs - hash::TestOnlyHash (line 672) ... FAILED
[INFO] [stdout] test src/bls12381/mod.rs - bls12381 (line 151) ... FAILED
[INFO] [stdout] test src/x25519.rs - x25519 (line 12) ... FAILED
[INFO] [stdout] test src/bls12381/mod.rs - bls12381 (line 118) ... FAILED
[INFO] [stdout] test src/noise.rs - noise (line 20) ... FAILED
[INFO] [stdout] test src/bls12381/mod.rs - bls12381 (line 322) ... FAILED
[INFO] [stdout] test src/hash.rs - hash (line 64) ... FAILED
[INFO] [stdout] test src/bls12381/mod.rs - bls12381 (line 225) ... FAILED
[INFO] [stdout] test src/hash.rs - hash (line 83) ... ok
[INFO] [stdout] test src/hash.rs - hash (line 40) ... FAILED
[INFO] [stdout] test src/ed25519/mod.rs - ed25519 (line 11) ... FAILED
[INFO] [stdout] 
[INFO] [stdout] failures:
[INFO] [stdout] 
[INFO] [stdout] ---- src/hash.rs - hash (line 93) stdout ----
[INFO] [stdout] error[E0433]: failed to resolve: use of undeclared crate or module `aptos_crypto`
[INFO] [stdout]  --> src/hash.rs:94:5
[INFO] [stdout]   |
[INFO] [stdout] 3 | use aptos_crypto::hash::{CryptoHasher, TestOnlyHasher};
[INFO] [stdout]   |     ^^^^^^^^^^^^ use of undeclared crate or module `aptos_crypto`
[INFO] [stdout] 
[INFO] [stdout] error: aborting due to 1 previous error
[INFO] [stdout] 
[INFO] [stdout] For more information about this error, try `rustc --explain E0433`.
[INFO] [stdout] Couldn't compile the test.
[INFO] [stdout] ---- src/hkdf.rs - hkdf (line 60) stdout ----
[INFO] [stdout] error[E0433]: failed to resolve: use of undeclared crate or module `aptos_crypto`
[INFO] [stdout]  --> src/hkdf.rs:61:5
[INFO] [stdout]   |
[INFO] [stdout] 3 | use aptos_crypto::hkdf::Hkdf;
[INFO] [stdout]   |     ^^^^^^^^^^^^ use of undeclared crate or module `aptos_crypto`
[INFO] [stdout] 
[INFO] [stdout] error: aborting due to 1 previous error
[INFO] [stdout] 
[INFO] [stdout] For more information about this error, try `rustc --explain E0433`.
[INFO] [stdout] Couldn't compile the test.
[INFO] [stdout] ---- src/hash.rs - hash::TestOnlyHash (line 672) stdout ----
[INFO] [stdout] error[E0433]: failed to resolve: use of undeclared crate or module `aptos_crypto`
[INFO] [stdout]  --> src/hash.rs:673:5
[INFO] [stdout]   |
[INFO] [stdout] 3 | use aptos_crypto::hash::TestOnlyHash;
[INFO] [stdout]   |     ^^^^^^^^^^^^ use of undeclared crate or module `aptos_crypto`
[INFO] [stdout] 
[INFO] [stdout] error[E0599]: no method named `test_only_hash` found for reference `&'static [u8; 11]` in the current scope
[INFO] [stdout]  --> src/hash.rs:675:16
[INFO] [stdout]   |
[INFO] [stdout] 5 | b"hello world".test_only_hash();
[INFO] [stdout]   |                ^^^^^^^^^^^^^^ method not found in `&[u8; 11]`
[INFO] [stdout] 
[INFO] [stdout] error: aborting due to 2 previous errors
[INFO] [stdout] 
[INFO] [stdout] Some errors have detailed explanations: E0433, E0599.
[INFO] [stdout] For more information about an error, try `rustc --explain E0433`.
[INFO] [stdout] Couldn't compile the test.
[INFO] [stdout] ---- src/bls12381/mod.rs - bls12381 (line 151) stdout ----
[INFO] [stdout] error[E0433]: failed to resolve: use of undeclared crate or module `aptos_crypto`
[INFO] [stdout]  --> src/bls12381/mod.rs:154:5
[INFO] [stdout]   |
[INFO] [stdout] 5 | use aptos_crypto::test_utils::{KeyPair, TestAptosCrypto};
[INFO] [stdout]   |     ^^^^^^^^^^^^ use of undeclared crate or module `aptos_crypto`
[INFO] [stdout] 
[INFO] [stdout] error[E0433]: failed to resolve: use of undeclared crate or module `aptos_crypto`
[INFO] [stdout]  --> src/bls12381/mod.rs:156:5
[INFO] [stdout]   |
[INFO] [stdout] 7 | use aptos_crypto::bls12381::bls12381_keys::{PrivateKey, PublicKey};
[INFO] [stdout]   |     ^^^^^^^^^^^^ use of undeclared crate or module `aptos_crypto`
[INFO] [stdout] 
[INFO] [stdout] error[E0433]: failed to resolve: use of undeclared crate or module `aptos_crypto`
[INFO] [stdout]  --> src/bls12381/mod.rs:157:5
[INFO] [stdout]   |
[INFO] [stdout] 8 | use aptos_crypto::bls12381::{ProofOfPossession, UnvalidatedPublicKey};
[INFO] [stdout]   |     ^^^^^^^^^^^^ use of undeclared crate or module `aptos_crypto`
[INFO] [stdout] 
[INFO] [stdout] error[E0433]: failed to resolve: use of undeclared crate or module `aptos_crypto`
[INFO] [stdout]   --> src/bls12381/mod.rs:161:5
[INFO] [stdout]    |
[INFO] [stdout] 12 | use aptos_crypto::validatable::Validatable;
[INFO] [stdout]    |     ^^^^^^^^^^^^ use of undeclared crate or module `aptos_crypto`
[INFO] [stdout] 
[INFO] [stdout] error[E0432]: unresolved import `aptos_crypto`
[INFO] [stdout]  --> src/bls12381/mod.rs:155:5
[INFO] [stdout]   |
[INFO] [stdout] 6 | use aptos_crypto::{bls12381, Signature, SigningKey, Uniform};
[INFO] [stdout]   |     ^^^^^^^^^^^^ use of undeclared crate or module `aptos_crypto`
[INFO] [stdout] 
[INFO] [stdout] error: aborting due to 5 previous errors
[INFO] [stdout] 
[INFO] [stdout] Some errors have detailed explanations: E0432, E0433.
[INFO] [stdout] For more information about an error, try `rustc --explain E0432`.
[INFO] [stdout] Couldn't compile the test.
[INFO] [stdout] ---- src/x25519.rs - x25519 (line 12) stdout ----
[INFO] [stdout] error[E0433]: failed to resolve: use of undeclared crate or module `aptos_crypto`
[INFO] [stdout]  --> src/x25519.rs:13:5
[INFO] [stdout]   |
[INFO] [stdout] 3 | use aptos_crypto::{x25519, Uniform, test_utils::TEST_SEED};
[INFO] [stdout]   |     ^^^^^^^^^^^^ use of undeclared crate or module `aptos_crypto`
[INFO] [stdout] 
[INFO] [stdout] error[E0433]: failed to resolve: use of undeclared crate or module `aptos_crypto`
[INFO] [stdout]   --> src/x25519.rs:22:5
[INFO] [stdout]    |
[INFO] [stdout] 12 | use aptos_crypto::traits::ValidCryptoMaterialStringExt;
[INFO] [stdout]    |     ^^^^^^^^^^^^ use of undeclared crate or module `aptos_crypto`
[INFO] [stdout] 
[INFO] [stdout] error[E0432]: unresolved import `aptos_crypto`
[INFO] [stdout]  --> src/x25519.rs:13:5
[INFO] [stdout]   |
[INFO] [stdout] 3 | use aptos_crypto::{x25519, Uniform, test_utils::TEST_SEED};
[INFO] [stdout]   |     ^^^^^^^^^^^^ use of undeclared crate or module `aptos_crypto`
[INFO] [stdout] 
[INFO] [stdout] error[E0433]: failed to resolve: use of undeclared crate or module `aptos_crypto`
[INFO] [stdout]   --> src/x25519.rs:23:25
[INFO] [stdout]    |
[INFO] [stdout] 13 | fn main() -> Result<(), aptos_crypto::traits::CryptoMaterialError> {
[INFO] [stdout]    |                         ^^^^^^^^^^^^ use of undeclared crate or module `aptos_crypto`
[INFO] [stdout]    |
[INFO] [stdout] help: consider importing this module
[INFO] [stdout]    |
[INFO] [stdout] 2  + use aptos_crypto_link::traits;
[INFO] [stdout]    |
[INFO] [stdout] help: if you import `traits`, refer to it directly
[INFO] [stdout]    |
[INFO] [stdout] 13 - fn main() -> Result<(), aptos_crypto::traits::CryptoMaterialError> {
[INFO] [stdout] 13 + fn main() -> Result<(), traits::CryptoMaterialError> {
[INFO] [stdout]    |
[INFO] [stdout] 
[INFO] [stdout] error: aborting due to 4 previous errors
[INFO] [stdout] 
[INFO] [stdout] Some errors have detailed explanations: E0432, E0433.
[INFO] [stdout] For more information about an error, try `rustc --explain E0432`.
[INFO] [stdout] Couldn't compile the test.
[INFO] [stdout] ---- src/bls12381/mod.rs - bls12381 (line 118) stdout ----
[INFO] [stdout] error[E0433]: failed to resolve: use of undeclared crate or module `aptos_crypto`
[INFO] [stdout]  --> src/bls12381/mod.rs:120:5
[INFO] [stdout]   |
[INFO] [stdout] 4 | use aptos_crypto::test_utils::{KeyPair, TestAptosCrypto};
[INFO] [stdout]   |     ^^^^^^^^^^^^ use of undeclared crate or module `aptos_crypto`
[INFO] [stdout] 
[INFO] [stdout] error[E0433]: failed to resolve: use of undeclared crate or module `aptos_crypto`
[INFO] [stdout]  --> src/bls12381/mod.rs:122:5
[INFO] [stdout]   |
[INFO] [stdout] 6 | use aptos_crypto::bls12381::bls12381_keys::{PrivateKey, PublicKey};
[INFO] [stdout]   |     ^^^^^^^^^^^^ use of undeclared crate or module `aptos_crypto`
[INFO] [stdout] 
[INFO] [stdout] error[E0433]: failed to resolve: use of undeclared crate or module `aptos_crypto`
[INFO] [stdout]  --> src/bls12381/mod.rs:123:5
[INFO] [stdout]   |
[INFO] [stdout] 7 | use aptos_crypto::bls12381::ProofOfPossession;
[INFO] [stdout]   |     ^^^^^^^^^^^^ use of undeclared crate or module `aptos_crypto`
[INFO] [stdout] 
[INFO] [stdout] error[E0432]: unresolved import `aptos_crypto`
[INFO] [stdout]  --> src/bls12381/mod.rs:121:5
[INFO] [stdout]   |
[INFO] [stdout] 5 | use aptos_crypto::{bls12381, Signature, SigningKey, Uniform};
[INFO] [stdout]   |     ^^^^^^^^^^^^ use of undeclared crate or module `aptos_crypto`
[INFO] [stdout] 
[INFO] [stdout] error: aborting due to 4 previous errors
[INFO] [stdout] 
[INFO] [stdout] Some errors have detailed explanations: E0432, E0433.
[INFO] [stdout] For more information about an error, try `rustc --explain E0432`.
[INFO] [stdout] Couldn't compile the test.
[INFO] [stdout] ---- src/noise.rs - noise (line 20) stdout ----
[INFO] [stdout] error[E0433]: failed to resolve: use of undeclared crate or module `aptos_crypto`
[INFO] [stdout]  --> src/noise.rs:21:5
[INFO] [stdout]   |
[INFO] [stdout] 2 | use aptos_crypto::{noise, x25519, traits::*};
[INFO] [stdout]   |     ^^^^^^^^^^^^ use of undeclared crate or module `aptos_crypto`
[INFO] [stdout] 
[INFO] [stdout] error[E0432]: unresolved import `aptos_crypto`
[INFO] [stdout]  --> src/noise.rs:21:5
[INFO] [stdout]   |
[INFO] [stdout] 2 | use aptos_crypto::{noise, x25519, traits::*};
[INFO] [stdout]   |     ^^^^^^^^^^^^ use of undeclared crate or module `aptos_crypto`
[INFO] [stdout] 
[INFO] [stdout] error[E0433]: failed to resolve: use of undeclared crate or module `aptos_crypto`
[INFO] [stdout]  --> src/noise.rs:24:25
[INFO] [stdout]   |
[INFO] [stdout] 5 | fn main() -> Result<(), aptos_crypto::noise::NoiseError> {
[INFO] [stdout]   |                         ^^^^^^^^^^^^ use of undeclared crate or module `aptos_crypto`
[INFO] [stdout]   |
[INFO] [stdout] help: consider importing this module
[INFO] [stdout]   |
[INFO] [stdout] 2 + use aptos_crypto_link::noise;
[INFO] [stdout]   |
[INFO] [stdout] help: if you import `noise`, refer to it directly
[INFO] [stdout]   |
[INFO] [stdout] 5 - fn main() -> Result<(), aptos_crypto::noise::NoiseError> {
[INFO] [stdout] 5 + fn main() -> Result<(), noise::NoiseError> {
[INFO] [stdout]   |
[INFO] [stdout] 
[INFO] [stdout] error: aborting due to 3 previous errors
[INFO] [stdout] 
[INFO] [stdout] Some errors have detailed explanations: E0432, E0433.
[INFO] [stdout] For more information about an error, try `rustc --explain E0432`.
[INFO] [stdout] Couldn't compile the test.
[INFO] [stdout] ---- src/bls12381/mod.rs - bls12381 (line 322) stdout ----
[INFO] [stdout] error[E0433]: failed to resolve: use of undeclared crate or module `aptos_crypto`
[INFO] [stdout]  --> src/bls12381/mod.rs:324:5
[INFO] [stdout]   |
[INFO] [stdout] 4 | use aptos_crypto::test_utils::KeyPair;
[INFO] [stdout]   |     ^^^^^^^^^^^^ use of undeclared crate or module `aptos_crypto`
[INFO] [stdout] 
[INFO] [stdout] error[E0433]: failed to resolve: use of undeclared crate or module `aptos_crypto`
[INFO] [stdout]  --> src/bls12381/mod.rs:326:5
[INFO] [stdout]   |
[INFO] [stdout] 6 | use aptos_crypto::bls12381::bls12381_keys::{PrivateKey, PublicKey};
[INFO] [stdout]   |     ^^^^^^^^^^^^ use of undeclared crate or module `aptos_crypto`
[INFO] [stdout] 
[INFO] [stdout] error[E0433]: failed to resolve: use of undeclared crate or module `aptos_crypto`
[INFO] [stdout]  --> src/bls12381/mod.rs:327:5
[INFO] [stdout]   |
[INFO] [stdout] 7 | use aptos_crypto::bls12381::ProofOfPossession;
[INFO] [stdout]   |     ^^^^^^^^^^^^ use of undeclared crate or module `aptos_crypto`
[INFO] [stdout] 
[INFO] [stdout] error[E0433]: failed to resolve: use of undeclared crate or module `aptos_crypto`
[INFO] [stdout]   --> src/bls12381/mod.rs:349:10
[INFO] [stdout]    |
[INFO] [stdout] 29 | #[derive(CryptoHasher, BCSCryptoHash, Serialize, Deserialize)]
[INFO] [stdout]    |          ^^^^^^^^^^^^ use of undeclared crate or module `aptos_crypto`
[INFO] [stdout]    |
[INFO] [stdout]    = note: this error originates in the derive macro `CryptoHasher` (in Nightly builds, run with -Z macro-backtrace for more info)
[INFO] [stdout] 
[INFO] [stdout] error[E0433]: failed to resolve: use of undeclared crate or module `aptos_crypto`
[INFO] [stdout]   --> src/bls12381/mod.rs:349:24
[INFO] [stdout]    |
[INFO] [stdout] 29 | #[derive(CryptoHasher, BCSCryptoHash, Serialize, Deserialize)]
[INFO] [stdout]    |                        ^^^^^^^^^^^^^ use of undeclared crate or module `aptos_crypto`
[INFO] [stdout]    |
[INFO] [stdout]    = note: this error originates in the derive macro `BCSCryptoHash` (in Nightly builds, run with -Z macro-backtrace for more info)
[INFO] [stdout] 
[INFO] [stdout] error[E0432]: unresolved import `aptos_crypto`
[INFO] [stdout]  --> src/bls12381/mod.rs:325:5
[INFO] [stdout]   |
[INFO] [stdout] 5 | use aptos_crypto::{bls12381, Signature, SigningKey, Uniform};
[INFO] [stdout]   |     ^^^^^^^^^^^^ use of undeclared crate or module `aptos_crypto`
[INFO] [stdout] 
[INFO] [stdout] error[E0433]: failed to resolve: use of undeclared crate or module `aptos_crypto`
[INFO] [stdout]   --> src/bls12381/mod.rs:349:10
[INFO] [stdout]    |
[INFO] [stdout] 29 | #[derive(CryptoHasher, BCSCryptoHash, Serialize, Deserialize)]
[INFO] [stdout]    |          ^^^^^^^^^^^^ use of undeclared crate or module `aptos_crypto`
[INFO] [stdout]    |
[INFO] [stdout]    = note: this error originates in the derive macro `CryptoHasher` (in Nightly builds, run with -Z macro-backtrace for more info)
[INFO] [stdout] help: consider importing one of these modules
[INFO] [stdout]    |
[INFO] [stdout] 2  + use std::hash;
[INFO] [stdout]    |
[INFO] [stdout] 2  + use aptos_crypto_link::hash;
[INFO] [stdout]    |
[INFO] [stdout] 
[INFO] [stdout] error[E0433]: failed to resolve: use of undeclared crate or module `aptos_crypto`
[INFO] [stdout]   --> src/bls12381/mod.rs:349:10
[INFO] [stdout]    |
[INFO] [stdout] 29 | #[derive(CryptoHasher, BCSCryptoHash, Serialize, Deserialize)]
[INFO] [stdout]    |          ^^^^^^^^^^^^ use of undeclared crate or module `aptos_crypto`
[INFO] [stdout]    |
[INFO] [stdout]    = note: this error originates in the derive macro `CryptoHasher` (in Nightly builds, run with -Z macro-backtrace for more info)
[INFO] [stdout] help: consider importing this module
[INFO] [stdout]    |
[INFO] [stdout] 2  + use once_cell::sync;
[INFO] [stdout]    |
[INFO] [stdout] 
[INFO] [stdout] error[E0433]: failed to resolve: use of undeclared crate or module `aptos_crypto`
[INFO] [stdout]   --> src/bls12381/mod.rs:349:10
[INFO] [stdout]    |
[INFO] [stdout] 29 | #[derive(CryptoHasher, BCSCryptoHash, Serialize, Deserialize)]
[INFO] [stdout]    |          ^^^^^^^^^^^^ use of undeclared crate or module `aptos_crypto`
[INFO] [stdout]    |
[INFO] [stdout]    = note: this error originates in the derive macro `CryptoHasher` (in Nightly builds, run with -Z macro-backtrace for more info)
[INFO] [stdout] help: consider importing one of these structs
[INFO] [stdout]    |
[INFO] [stdout] 2  + use std::cell::OnceCell;
[INFO] [stdout]    |
[INFO] [stdout] 2  + use once_cell::sync::OnceCell;
[INFO] [stdout]    |
[INFO] [stdout] 2  + use once_cell::unsync::OnceCell;
[INFO] [stderr] error: doctest failed, to rerun pass `--doc`
[INFO] [stdout]    |
[INFO] [stdout] 
[INFO] [stdout] error[E0433]: failed to resolve: use of undeclared crate or module `aptos_crypto`
[INFO] [stdout]   --> src/bls12381/mod.rs:349:10
[INFO] [stdout]    |
[INFO] [stdout] 29 | #[derive(CryptoHasher, BCSCryptoHash, Serialize, Deserialize)]
[INFO] [stdout]    |          ^^^^^^^^^^^^ use of undeclared crate or module `aptos_crypto`
[INFO] [stdout]    |
[INFO] [stdout]    = note: this error originates in the derive macro `CryptoHasher` (in Nightly builds, run with -Z macro-backtrace for more info)
[INFO] [stdout] help: consider importing this crate
[INFO] [stdout]    |
[INFO] [stdout] 2  + use aptos_crypto_link::_serde_name;
[INFO] [stdout]    |
[INFO] [stdout] 
[INFO] [stdout] error[E0433]: failed to resolve: use of undeclared crate or module `aptos_crypto`
[INFO] [stdout]   --> src/bls12381/mod.rs:349:10
[INFO] [stdout]    |
[INFO] [stdout] 29 | #[derive(CryptoHasher, BCSCryptoHash, Serialize, Deserialize)]
[INFO] [stdout]    |          ^^^^^^^^^^^^ use of undeclared crate or module `aptos_crypto`
[INFO] [stdout]    |
[INFO] [stdout]    = note: this error originates in the derive macro `CryptoHasher` (in Nightly builds, run with -Z macro-backtrace for more info)
[INFO] [stdout] help: consider importing this struct
[INFO] [stdout]    |
[INFO] [stdout] 2  + use std::hash::DefaultHasher;
[INFO] [stdout]    |
[INFO] [stdout] 
[INFO] [stdout] error[E0433]: failed to resolve: use of undeclared crate or module `aptos_crypto`
[INFO] [stdout]   --> src/bls12381/mod.rs:349:10
[INFO] [stdout]    |
[INFO] [stdout] 29 | #[derive(CryptoHasher, BCSCryptoHash, Serialize, Deserialize)]
[INFO] [stdout]    |          ^^^^^^^^^^^^ use of undeclared crate or module `aptos_crypto`
[INFO] [stdout]    |
[INFO] [stdout]    = note: this error originates in the derive macro `CryptoHasher` (in Nightly builds, run with -Z macro-backtrace for more info)
[INFO] [stdout] help: consider importing one of these structs
[INFO] [stdout]    |
[INFO] [stdout] 2  + use once_cell::sync::Lazy;
[INFO] [stdout]    |
[INFO] [stdout] 2  + use once_cell::unsync::Lazy;
[INFO] [stdout]    |
[INFO] [stdout] 
[INFO] [stdout] error[E0433]: failed to resolve: use of undeclared crate or module `aptos_crypto`
[INFO] [stdout]   --> src/bls12381/mod.rs:349:10
[INFO] [stdout]    |
[INFO] [stdout] 29 | #[derive(CryptoHasher, BCSCryptoHash, Serialize, Deserialize)]
[INFO] [stdout]    |          ^^^^^^^^^^^^ use of undeclared crate or module `aptos_crypto`
[INFO] [stdout]    |
[INFO] [stdout]    = note: this error originates in the derive macro `CryptoHasher` (in Nightly builds, run with -Z macro-backtrace for more info)
[INFO] [stdout] help: consider importing this module
[INFO] [stdout]    |
[INFO] [stdout] 2  + use aptos_crypto_link::hash;
[INFO] [stdout]    |
[INFO] [stdout] 
[INFO] [stdout] error[E0433]: failed to resolve: use of undeclared crate or module `aptos_crypto`
[INFO] [stdout]   --> src/bls12381/mod.rs:349:24
[INFO] [stdout]    |
[INFO] [stdout] 29 | #[derive(CryptoHasher, BCSCryptoHash, Serialize, Deserialize)]
[INFO] [stdout]    |                        ^^^^^^^^^^^^^ use of undeclared crate or module `aptos_crypto`
[INFO] [stdout]    |
[INFO] [stdout]    = note: this error originates in the derive macro `BCSCryptoHash` (in Nightly builds, run with -Z macro-backtrace for more info)
[INFO] [stdout] help: consider importing this module
[INFO] [stdout]    |
[INFO] [stdout] 2  + use aptos_crypto_link::hash;
[INFO] [stdout]    |
[INFO] [stdout] 
[INFO] [stdout] error: aborting due to 14 previous errors
[INFO] [stdout] 
[INFO] [stdout] Some errors have detailed explanations: E0432, E0433.
[INFO] [stdout] For more information about an error, try `rustc --explain E0432`.
[INFO] [stdout] Couldn't compile the test.
[INFO] [stdout] ---- src/hash.rs - hash (line 64) stdout ----
[INFO] [stdout] error[E0433]: failed to resolve: use of undeclared crate or module `aptos_crypto`
[INFO] [stdout]  --> src/hash.rs:67:23
[INFO] [stdout]   |
[INFO] [stdout] 5 | #[derive(Deserialize, CryptoHasher)]
[INFO] [stdout]   |                       ^^^^^^^^^^^^ use of undeclared crate or module `aptos_crypto`
[INFO] [stdout]   |
[INFO] [stdout]   = note: this error originates in the derive macro `CryptoHasher` (in Nightly builds, run with -Z macro-backtrace for more info)
[INFO] [stdout] 
[INFO] [stdout] error[E0433]: failed to resolve: use of undeclared crate or module `aptos_crypto`
[INFO] [stdout]  --> src/hash.rs:67:23
[INFO] [stdout]   |
[INFO] [stdout] 5 | #[derive(Deserialize, CryptoHasher)]
[INFO] [stdout]   |                       ^^^^^^^^^^^^ use of undeclared crate or module `aptos_crypto`
[INFO] [stdout]   |
[INFO] [stdout]   = note: this error originates in the derive macro `CryptoHasher` (in Nightly builds, run with -Z macro-backtrace for more info)
[INFO] [stdout] help: consider importing one of these modules
[INFO] [stdout]   |
[INFO] [stdout] 2 + use std::hash;
[INFO] [stdout]   |
[INFO] [stdout] 2 + use aptos_crypto_link::hash;
[INFO] [stdout]   |
[INFO] [stdout] 
[INFO] [stdout] error[E0433]: failed to resolve: use of undeclared crate or module `aptos_crypto`
[INFO] [stdout]  --> src/hash.rs:67:23
[INFO] [stdout]   |
[INFO] [stdout] 5 | #[derive(Deserialize, CryptoHasher)]
[INFO] [stdout]   |                       ^^^^^^^^^^^^ use of undeclared crate or module `aptos_crypto`
[INFO] [stdout]   |
[INFO] [stdout]   = note: this error originates in the derive macro `CryptoHasher` (in Nightly builds, run with -Z macro-backtrace for more info)
[INFO] [stdout] help: consider importing this module
[INFO] [stdout]   |
[INFO] [stdout] 2 + use once_cell::sync;
[INFO] [stdout]   |
[INFO] [stdout] 
[INFO] [stdout] error[E0433]: failed to resolve: use of undeclared crate or module `aptos_crypto`
[INFO] [stdout]  --> src/hash.rs:67:23
[INFO] [stdout]   |
[INFO] [stdout] 5 | #[derive(Deserialize, CryptoHasher)]
[INFO] [stdout]   |                       ^^^^^^^^^^^^ use of undeclared crate or module `aptos_crypto`
[INFO] [stdout]   |
[INFO] [stdout]   = note: this error originates in the derive macro `CryptoHasher` (in Nightly builds, run with -Z macro-backtrace for more info)
[INFO] [stdout] help: consider importing one of these structs
[INFO] [stdout]   |
[INFO] [stdout] 2 + use std::cell::OnceCell;
[INFO] [stdout]   |
[INFO] [stdout] 2 + use once_cell::sync::OnceCell;
[INFO] [stdout]   |
[INFO] [stdout] 2 + use once_cell::unsync::OnceCell;
[INFO] [stdout]   |
[INFO] [stdout] 
[INFO] [stdout] error[E0433]: failed to resolve: use of undeclared crate or module `aptos_crypto`
[INFO] [stdout]  --> src/hash.rs:67:23
[INFO] [stdout]   |
[INFO] [stdout] 5 | #[derive(Deserialize, CryptoHasher)]
[INFO] [stdout]   |                       ^^^^^^^^^^^^ use of undeclared crate or module `aptos_crypto`
[INFO] [stdout]   |
[INFO] [stdout]   = note: this error originates in the derive macro `CryptoHasher` (in Nightly builds, run with -Z macro-backtrace for more info)
[INFO] [stdout] help: consider importing this crate
[INFO] [stdout]   |
[INFO] [stdout] 2 + use aptos_crypto_link::_serde_name;
[INFO] [stdout]   |
[INFO] [stdout] 
[INFO] [stdout] error[E0433]: failed to resolve: use of undeclared crate or module `aptos_crypto`
[INFO] [stdout]  --> src/hash.rs:67:23
[INFO] [stdout]   |
[INFO] [stdout] 5 | #[derive(Deserialize, CryptoHasher)]
[INFO] [stdout]   |                       ^^^^^^^^^^^^ use of undeclared crate or module `aptos_crypto`
[INFO] [stdout]   |
[INFO] [stdout]   = note: this error originates in the derive macro `CryptoHasher` (in Nightly builds, run with -Z macro-backtrace for more info)
[INFO] [stdout] help: consider importing this struct
[INFO] [stdout]   |
[INFO] [stdout] 2 + use std::hash::DefaultHasher;
[INFO] [stdout]   |
[INFO] [stdout] 
[INFO] [stdout] error[E0433]: failed to resolve: use of undeclared crate or module `aptos_crypto`
[INFO] [stdout]  --> src/hash.rs:67:23
[INFO] [stdout]   |
[INFO] [stdout] 5 | #[derive(Deserialize, CryptoHasher)]
[INFO] [stdout]   |                       ^^^^^^^^^^^^ use of undeclared crate or module `aptos_crypto`
[INFO] [stdout]   |
[INFO] [stdout]   = note: this error originates in the derive macro `CryptoHasher` (in Nightly builds, run with -Z macro-backtrace for more info)
[INFO] [stdout] help: consider importing one of these structs
[INFO] [stdout]   |
[INFO] [stdout] 2 + use once_cell::sync::Lazy;
[INFO] [stdout]   |
[INFO] [stdout] 2 + use once_cell::unsync::Lazy;
[INFO] [stdout]   |
[INFO] [stdout] 
[INFO] [stdout] error[E0433]: failed to resolve: use of undeclared crate or module `aptos_crypto`
[INFO] [stdout]  --> src/hash.rs:67:23
[INFO] [stdout]   |
[INFO] [stdout] 5 | #[derive(Deserialize, CryptoHasher)]
[INFO] [stdout]   |                       ^^^^^^^^^^^^ use of undeclared crate or module `aptos_crypto`
[INFO] [stdout]   |
[INFO] [stdout]   = note: this error originates in the derive macro `CryptoHasher` (in Nightly builds, run with -Z macro-backtrace for more info)
[INFO] [stdout] help: consider importing this module
[INFO] [stdout]   |
[INFO] [stdout] 2 + use aptos_crypto_link::hash;
[INFO] [stdout]   |
[INFO] [stdout] 
[INFO] [stdout] error: aborting due to 8 previous errors
[INFO] [stdout] 
[INFO] [stdout] For more information about this error, try `rustc --explain E0433`.
[INFO] [stdout] Couldn't compile the test.
[INFO] [stdout] ---- src/bls12381/mod.rs - bls12381 (line 225) stdout ----
[INFO] [stdout] error[E0433]: failed to resolve: use of undeclared crate or module `aptos_crypto`
[INFO] [stdout]  --> src/bls12381/mod.rs:227:5
[INFO] [stdout]   |
[INFO] [stdout] 4 | use aptos_crypto::test_utils::KeyPair;
[INFO] [stdout]   |     ^^^^^^^^^^^^ use of undeclared crate or module `aptos_crypto`
[INFO] [stdout] 
[INFO] [stdout] error[E0433]: failed to resolve: use of undeclared crate or module `aptos_crypto`
[INFO] [stdout]  --> src/bls12381/mod.rs:229:5
[INFO] [stdout]   |
[INFO] [stdout] 6 | use aptos_crypto::bls12381::bls12381_keys::{PrivateKey, PublicKey};
[INFO] [stdout]   |     ^^^^^^^^^^^^ use of undeclared crate or module `aptos_crypto`
[INFO] [stdout] 
[INFO] [stdout] error[E0433]: failed to resolve: use of undeclared crate or module `aptos_crypto`
[INFO] [stdout]  --> src/bls12381/mod.rs:230:5
[INFO] [stdout]   |
[INFO] [stdout] 7 | use aptos_crypto::bls12381::ProofOfPossession;
[INFO] [stdout]   |     ^^^^^^^^^^^^ use of undeclared crate or module `aptos_crypto`
[INFO] [stdout] 
[INFO] [stdout] error[E0433]: failed to resolve: use of undeclared crate or module `aptos_crypto`
[INFO] [stdout]   --> src/bls12381/mod.rs:252:10
[INFO] [stdout]    |
[INFO] [stdout] 29 | #[derive(CryptoHasher, BCSCryptoHash, Serialize, Deserialize)]
[INFO] [stdout]    |          ^^^^^^^^^^^^ use of undeclared crate or module `aptos_crypto`
[INFO] [stdout]    |
[INFO] [stdout]    = note: this error originates in the derive macro `CryptoHasher` (in Nightly builds, run with -Z macro-backtrace for more info)
[INFO] [stdout] 
[INFO] [stdout] error[E0433]: failed to resolve: use of undeclared crate or module `aptos_crypto`
[INFO] [stdout]   --> src/bls12381/mod.rs:252:24
[INFO] [stdout]    |
[INFO] [stdout] 29 | #[derive(CryptoHasher, BCSCryptoHash, Serialize, Deserialize)]
[INFO] [stdout]    |                        ^^^^^^^^^^^^^ use of undeclared crate or module `aptos_crypto`
[INFO] [stdout]    |
[INFO] [stdout]    = note: this error originates in the derive macro `BCSCryptoHash` (in Nightly builds, run with -Z macro-backtrace for more info)
[INFO] [stdout] 
[INFO] [stdout] error[E0432]: unresolved import `aptos_crypto`
[INFO] [stdout]  --> src/bls12381/mod.rs:228:5
[INFO] [stdout]   |
[INFO] [stdout] 5 | use aptos_crypto::{bls12381, Signature, SigningKey, Uniform};
[INFO] [stdout]   |     ^^^^^^^^^^^^ use of undeclared crate or module `aptos_crypto`
[INFO] [stdout] 
[INFO] [stdout] error[E0433]: failed to resolve: use of undeclared crate or module `aptos_crypto`
[INFO] [stdout]   --> src/bls12381/mod.rs:252:10
[INFO] [stdout]    |
[INFO] [stdout] 29 | #[derive(CryptoHasher, BCSCryptoHash, Serialize, Deserialize)]
[INFO] [stdout]    |          ^^^^^^^^^^^^ use of undeclared crate or module `aptos_crypto`
[INFO] [stdout]    |
[INFO] [stdout]    = note: this error originates in the derive macro `CryptoHasher` (in Nightly builds, run with -Z macro-backtrace for more info)
[INFO] [stdout] help: consider importing one of these modules
[INFO] [stdout]    |
[INFO] [stdout] 2  + use std::hash;
[INFO] [stdout]    |
[INFO] [stdout] 2  + use aptos_crypto_link::hash;
[INFO] [stdout]    |
[INFO] [stdout] 
[INFO] [stdout] error[E0433]: failed to resolve: use of undeclared crate or module `aptos_crypto`
[INFO] [stdout]   --> src/bls12381/mod.rs:252:10
[INFO] [stdout]    |
[INFO] [stdout] 29 | #[derive(CryptoHasher, BCSCryptoHash, Serialize, Deserialize)]
[INFO] [stdout]    |          ^^^^^^^^^^^^ use of undeclared crate or module `aptos_crypto`
[INFO] [stdout]    |
[INFO] [stdout]    = note: this error originates in the derive macro `CryptoHasher` (in Nightly builds, run with -Z macro-backtrace for more info)
[INFO] [stdout] help: consider importing this module
[INFO] [stdout]    |
[INFO] [stdout] 2  + use once_cell::sync;
[INFO] [stdout]    |
[INFO] [stdout] 
[INFO] [stdout] error[E0433]: failed to resolve: use of undeclared crate or module `aptos_crypto`
[INFO] [stdout]   --> src/bls12381/mod.rs:252:10
[INFO] [stdout]    |
[INFO] [stdout] 29 | #[derive(CryptoHasher, BCSCryptoHash, Serialize, Deserialize)]
[INFO] [stdout]    |          ^^^^^^^^^^^^ use of undeclared crate or module `aptos_crypto`
[INFO] [stdout]    |
[INFO] [stdout]    = note: this error originates in the derive macro `CryptoHasher` (in Nightly builds, run with -Z macro-backtrace for more info)
[INFO] [stdout] help: consider importing one of these structs
[INFO] [stdout]    |
[INFO] [stdout] 2  + use std::cell::OnceCell;
[INFO] [stdout]    |
[INFO] [stdout] 2  + use once_cell::sync::OnceCell;
[INFO] [stdout]    |
[INFO] [stdout] 2  + use once_cell::unsync::OnceCell;
[INFO] [stdout]    |
[INFO] [stdout] 
[INFO] [stdout] error[E0433]: failed to resolve: use of undeclared crate or module `aptos_crypto`
[INFO] [stdout]   --> src/bls12381/mod.rs:252:10
[INFO] [stdout]    |
[INFO] [stdout] 29 | #[derive(CryptoHasher, BCSCryptoHash, Serialize, Deserialize)]
[INFO] [stdout]    |          ^^^^^^^^^^^^ use of undeclared crate or module `aptos_crypto`
[INFO] [stdout]    |
[INFO] [stdout]    = note: this error originates in the derive macro `CryptoHasher` (in Nightly builds, run with -Z macro-backtrace for more info)
[INFO] [stdout] help: consider importing this crate
[INFO] [stdout]    |
[INFO] [stdout] 2  + use aptos_crypto_link::_serde_name;
[INFO] [stdout]    |
[INFO] [stdout] 
[INFO] [stdout] error[E0433]: failed to resolve: use of undeclared crate or module `aptos_crypto`
[INFO] [stdout]   --> src/bls12381/mod.rs:252:10
[INFO] [stdout]    |
[INFO] [stdout] 29 | #[derive(CryptoHasher, BCSCryptoHash, Serialize, Deserialize)]
[INFO] [stdout]    |          ^^^^^^^^^^^^ use of undeclared crate or module `aptos_crypto`
[INFO] [stdout]    |
[INFO] [stdout]    = note: this error originates in the derive macro `CryptoHasher` (in Nightly builds, run with -Z macro-backtrace for more info)
[INFO] [stdout] help: consider importing this struct
[INFO] [stdout]    |
[INFO] [stdout] 2  + use std::hash::DefaultHasher;
[INFO] [stdout]    |
[INFO] [stdout] 
[INFO] [stdout] error[E0433]: failed to resolve: use of undeclared crate or module `aptos_crypto`
[INFO] [stdout]   --> src/bls12381/mod.rs:252:10
[INFO] [stdout]    |
[INFO] [stdout] 29 | #[derive(CryptoHasher, BCSCryptoHash, Serialize, Deserialize)]
[INFO] [stdout]    |          ^^^^^^^^^^^^ use of undeclared crate or module `aptos_crypto`
[INFO] [stdout]    |
[INFO] [stdout]    = note: this error originates in the derive macro `CryptoHasher` (in Nightly builds, run with -Z macro-backtrace for more info)
[INFO] [stdout] help: consider importing one of these structs
[INFO] [stdout]    |
[INFO] [stdout] 2  + use once_cell::sync::Lazy;
[INFO] [stdout]    |
[INFO] [stdout] 2  + use once_cell::unsync::Lazy;
[INFO] [stdout]    |
[INFO] [stdout] 
[INFO] [stdout] error[E0433]: failed to resolve: use of undeclared crate or module `aptos_crypto`
[INFO] [stdout]   --> src/bls12381/mod.rs:252:10
[INFO] [stdout]    |
[INFO] [stdout] 29 | #[derive(CryptoHasher, BCSCryptoHash, Serialize, Deserialize)]
[INFO] [stdout]    |          ^^^^^^^^^^^^ use of undeclared crate or module `aptos_crypto`
[INFO] [stdout]    |
[INFO] [stdout]    = note: this error originates in the derive macro `CryptoHasher` (in Nightly builds, run with -Z macro-backtrace for more info)
[INFO] [stdout] help: consider importing this module
[INFO] [stdout]    |
[INFO] [stdout] 2  + use aptos_crypto_link::hash;
[INFO] [stdout]    |
[INFO] [stdout] 
[INFO] [stdout] error[E0433]: failed to resolve: use of undeclared crate or module `aptos_crypto`
[INFO] [stdout]   --> src/bls12381/mod.rs:252:24
[INFO] [stdout]    |
[INFO] [stdout] 29 | #[derive(CryptoHasher, BCSCryptoHash, Serialize, Deserialize)]
[INFO] [stdout]    |                        ^^^^^^^^^^^^^ use of undeclared crate or module `aptos_crypto`
[INFO] [stdout]    |
[INFO] [stdout]    = note: this error originates in the derive macro `BCSCryptoHash` (in Nightly builds, run with -Z macro-backtrace for more info)
[INFO] [stdout] help: consider importing this module
[INFO] [stdout]    |
[INFO] [stdout] 2  + use aptos_crypto_link::hash;
[INFO] [stdout]    |
[INFO] [stdout] 
[INFO] [stdout] error: aborting due to 14 previous errors
[INFO] [stdout] 
[INFO] [stdout] Some errors have detailed explanations: E0432, E0433.
[INFO] [stdout] For more information about an error, try `rustc --explain E0432`.
[INFO] [stdout] Couldn't compile the test.
[INFO] [stdout] ---- src/hash.rs - hash (line 40) stdout ----
[INFO] [stdout] error[E0433]: failed to resolve: use of undeclared crate or module `aptos_crypto`
[INFO] [stdout]  --> src/hash.rs:41:5
[INFO] [stdout]   |
[INFO] [stdout] 3 | use aptos_crypto::hash::CryptoHash;
[INFO] [stdout]   |     ^^^^^^^^^^^^ use of undeclared crate or module `aptos_crypto`
[INFO] [stdout] 
[INFO] [stdout] error[E0433]: failed to resolve: use of undeclared crate or module `aptos_crypto`
[INFO] [stdout]  --> src/hash.rs:44:34
[INFO] [stdout]   |
[INFO] [stdout] 6 | #[derive(Serialize, Deserialize, CryptoHasher, BCSCryptoHash)]
[INFO] [stdout]   |                                  ^^^^^^^^^^^^ use of undeclared crate or module `aptos_crypto`
[INFO] [stdout]   |
[INFO] [stdout]   = note: this error originates in the derive macro `CryptoHasher` (in Nightly builds, run with -Z macro-backtrace for more info)
[INFO] [stdout] 
[INFO] [stdout] error[E0433]: failed to resolve: use of undeclared crate or module `aptos_crypto`
[INFO] [stdout]  --> src/hash.rs:44:48
[INFO] [stdout]   |
[INFO] [stdout] 6 | #[derive(Serialize, Deserialize, CryptoHasher, BCSCryptoHash)]
[INFO] [stdout]   |                                                ^^^^^^^^^^^^^ use of undeclared crate or module `aptos_crypto`
[INFO] [stdout]   |
[INFO] [stdout]   = note: this error originates in the derive macro `BCSCryptoHash` (in Nightly builds, run with -Z macro-backtrace for more info)
[INFO] [stdout] 
[INFO] [stdout] error[E0433]: failed to resolve: use of undeclared crate or module `aptos_crypto`
[INFO] [stdout]  --> src/hash.rs:44:34
[INFO] [stdout]   |
[INFO] [stdout] 6 | #[derive(Serialize, Deserialize, CryptoHasher, BCSCryptoHash)]
[INFO] [stdout]   |                                  ^^^^^^^^^^^^ use of undeclared crate or module `aptos_crypto`
[INFO] [stdout]   |
[INFO] [stdout]   = note: this error originates in the derive macro `CryptoHasher` (in Nightly builds, run with -Z macro-backtrace for more info)
[INFO] [stdout] help: consider importing one of these modules
[INFO] [stdout]   |
[INFO] [stdout] 2 + use std::hash;
[INFO] [stdout]   |
[INFO] [stdout] 2 + use aptos_crypto_link::hash;
[INFO] [stdout]   |
[INFO] [stdout] 
[INFO] [stdout] error[E0433]: failed to resolve: use of undeclared crate or module `aptos_crypto`
[INFO] [stdout]  --> src/hash.rs:44:34
[INFO] [stdout]   |
[INFO] [stdout] 6 | #[derive(Serialize, Deserialize, CryptoHasher, BCSCryptoHash)]
[INFO] [stdout]   |                                  ^^^^^^^^^^^^ use of undeclared crate or module `aptos_crypto`
[INFO] [stdout]   |
[INFO] [stdout]   = note: this error originates in the derive macro `CryptoHasher` (in Nightly builds, run with -Z macro-backtrace for more info)
[INFO] [stdout] help: consider importing this module
[INFO] [stdout]   |
[INFO] [stdout] 2 + use once_cell::sync;
[INFO] [stdout]   |
[INFO] [stdout] 
[INFO] [stdout] error[E0433]: failed to resolve: use of undeclared crate or module `aptos_crypto`
[INFO] [stdout]  --> src/hash.rs:44:34
[INFO] [stdout]   |
[INFO] [stdout] 6 | #[derive(Serialize, Deserialize, CryptoHasher, BCSCryptoHash)]
[INFO] [stdout]   |                                  ^^^^^^^^^^^^ use of undeclared crate or module `aptos_crypto`
[INFO] [stdout]   |
[INFO] [stdout]   = note: this error originates in the derive macro `CryptoHasher` (in Nightly builds, run with -Z macro-backtrace for more info)
[INFO] [stdout] help: consider importing one of these structs
[INFO] [stdout]   |
[INFO] [stdout] 2 + use std::cell::OnceCell;
[INFO] [stdout]   |
[INFO] [stdout] 2 + use once_cell::sync::OnceCell;
[INFO] [stdout]   |
[INFO] [stdout] 2 + use once_cell::unsync::OnceCell;
[INFO] [stdout]   |
[INFO] [stdout] 
[INFO] [stdout] error[E0433]: failed to resolve: use of undeclared crate or module `aptos_crypto`
[INFO] [stdout]  --> src/hash.rs:44:34
[INFO] [stdout]   |
[INFO] [stdout] 6 | #[derive(Serialize, Deserialize, CryptoHasher, BCSCryptoHash)]
[INFO] [stdout]   |                                  ^^^^^^^^^^^^ use of undeclared crate or module `aptos_crypto`
[INFO] [stdout]   |
[INFO] [stdout]   = note: this error originates in the derive macro `CryptoHasher` (in Nightly builds, run with -Z macro-backtrace for more info)
[INFO] [stdout] help: consider importing this crate
[INFO] [stdout]   |
[INFO] [stdout] 2 + use aptos_crypto_link::_serde_name;
[INFO] [stdout]   |
[INFO] [stdout] 
[INFO] [stdout] error[E0433]: failed to resolve: use of undeclared crate or module `aptos_crypto`
[INFO] [stdout]  --> src/hash.rs:44:34
[INFO] [stdout]   |
[INFO] [stdout] 6 | #[derive(Serialize, Deserialize, CryptoHasher, BCSCryptoHash)]
[INFO] [stdout]   |                                  ^^^^^^^^^^^^ use of undeclared crate or module `aptos_crypto`
[INFO] [stdout]   |
[INFO] [stdout]   = note: this error originates in the derive macro `CryptoHasher` (in Nightly builds, run with -Z macro-backtrace for more info)
[INFO] [stdout] help: consider importing this struct
[INFO] [stdout]   |
[INFO] [stdout] 2 + use std::hash::DefaultHasher;
[INFO] [stdout]   |
[INFO] [stdout] 
[INFO] [stdout] error[E0433]: failed to resolve: use of undeclared crate or module `aptos_crypto`
[INFO] [stdout]  --> src/hash.rs:44:34
[INFO] [stdout]   |
[INFO] [stdout] 6 | #[derive(Serialize, Deserialize, CryptoHasher, BCSCryptoHash)]
[INFO] [stdout]   |                                  ^^^^^^^^^^^^ use of undeclared crate or module `aptos_crypto`
[INFO] [stdout]   |
[INFO] [stdout]   = note: this error originates in the derive macro `CryptoHasher` (in Nightly builds, run with -Z macro-backtrace for more info)
[INFO] [stdout] help: consider importing one of these structs
[INFO] [stdout]   |
[INFO] [stdout] 2 + use once_cell::sync::Lazy;
[INFO] [stdout]   |
[INFO] [stdout] 2 + use once_cell::unsync::Lazy;
[INFO] [stdout]   |
[INFO] [stdout] 
[INFO] [stdout] error[E0433]: failed to resolve: use of undeclared crate or module `aptos_crypto`
[INFO] [stdout]  --> src/hash.rs:44:34
[INFO] [stdout]   |
[INFO] [stdout] 6 | #[derive(Serialize, Deserialize, CryptoHasher, BCSCryptoHash)]
[INFO] [stdout]   |                                  ^^^^^^^^^^^^ use of undeclared crate or module `aptos_crypto`
[INFO] [stdout]   |
[INFO] [stdout]   = note: this error originates in the derive macro `CryptoHasher` (in Nightly builds, run with -Z macro-backtrace for more info)
[INFO] [stdout] help: consider importing this module
[INFO] [stdout]   |
[INFO] [stdout] 2 + use aptos_crypto_link::hash;
[INFO] [stdout]   |
[INFO] [stdout] 
[INFO] [stdout] error[E0433]: failed to resolve: use of undeclared crate or module `aptos_crypto`
[INFO] [stdout]  --> src/hash.rs:44:48
[INFO] [stdout]   |
[INFO] [stdout] 6 | #[derive(Serialize, Deserialize, CryptoHasher, BCSCryptoHash)]
[INFO] [stdout]   |                                                ^^^^^^^^^^^^^ use of undeclared crate or module `aptos_crypto`
[INFO] [stdout]   |
[INFO] [stdout]   = note: this error originates in the derive macro `BCSCryptoHash` (in Nightly builds, run with -Z macro-backtrace for more info)
[INFO] [stdout] help: consider importing this module
[INFO] [stdout]   |
[INFO] [stdout] 2 + use aptos_crypto_link::hash;
[INFO] [stdout]   |
[INFO] [stdout] 
[INFO] [stdout] error: aborting due to 11 previous errors
[INFO] [stdout] 
[INFO] [stdout] For more information about this error, try `rustc --explain E0433`.
[INFO] [stdout] Couldn't compile the test.
[INFO] [stdout] ---- src/ed25519/mod.rs - ed25519 (line 11) stdout ----
[INFO] [stdout] error[E0433]: failed to resolve: use of undeclared crate or module `aptos_crypto`
[INFO] [stdout]  --> src/ed25519/mod.rs:13:5
[INFO] [stdout]   |
[INFO] [stdout] 4 | use aptos_crypto::{
[INFO] [stdout]   |     ^^^^^^^^^^^^ use of undeclared crate or module `aptos_crypto`
[INFO] [stdout] 
[INFO] [stdout] error[E0433]: failed to resolve: use of undeclared crate or module `aptos_crypto`
[INFO] [stdout]   --> src/ed25519/mod.rs:22:34
[INFO] [stdout]    |
[INFO] [stdout] 13 | #[derive(Serialize, Deserialize, CryptoHasher, BCSCryptoHash)]
[INFO] [stdout]    |                                  ^^^^^^^^^^^^ use of undeclared crate or module `aptos_crypto`
[INFO] [stdout]    |
[INFO] [stdout]    = note: this error originates in the derive macro `CryptoHasher` (in Nightly builds, run with -Z macro-backtrace for more info)
[INFO] [stdout] 
[INFO] [stdout] error[E0433]: failed to resolve: use of undeclared crate or module `aptos_crypto`
[INFO] [stdout]   --> src/ed25519/mod.rs:22:48
[INFO] [stdout]    |
[INFO] [stdout] 13 | #[derive(Serialize, Deserialize, CryptoHasher, BCSCryptoHash)]
[INFO] [stdout]    |                                                ^^^^^^^^^^^^^ use of undeclared crate or module `aptos_crypto`
[INFO] [stdout]    |
[INFO] [stdout]    = note: this error originates in the derive macro `BCSCryptoHash` (in Nightly builds, run with -Z macro-backtrace for more info)
[INFO] [stdout] 
[INFO] [stdout] error[E0432]: unresolved imports `aptos_crypto::traits::Signature`, `aptos_crypto::traits::SigningKey`, `aptos_crypto::traits::Uniform`, `aptos_crypto::test_utils::KeyPair`
[INFO] [stdout]  --> src/ed25519/mod.rs:15:14
[INFO] [stdout]   |
[INFO] [stdout] 6 |     traits::{Signature, SigningKey, Uniform},
[INFO] [stdout]   |              ^^^^^^^^^  ^^^^^^^^^^  ^^^^^^^
[INFO] [stdout] 7 |     test_utils::KeyPair
[INFO] [stdout]   |     ^^^^^^^^^^^^^^^^^^^
[INFO] [stdout] 
[INFO] [stdout] error[E0433]: failed to resolve: use of undeclared crate or module `aptos_crypto`
[INFO] [stdout]   --> src/ed25519/mod.rs:22:34
[INFO] [stdout]    |
[INFO] [stdout] 13 | #[derive(Serialize, Deserialize, CryptoHasher, BCSCryptoHash)]
[INFO] [stdout]    |                                  ^^^^^^^^^^^^ use of undeclared crate or module `aptos_crypto`
[INFO] [stdout]    |
[INFO] [stdout]    = note: this error originates in the derive macro `CryptoHasher` (in Nightly builds, run with -Z macro-backtrace for more info)
[INFO] [stdout] help: consider importing one of these modules
[INFO] [stdout]    |
[INFO] [stdout] 2  + use std::hash;
[INFO] [stdout]    |
[INFO] [stdout] 2  + use aptos_crypto_link::hash;
[INFO] [stdout]    |
[INFO] [stdout] 
[INFO] [stdout] error[E0433]: failed to resolve: use of undeclared crate or module `aptos_crypto`
[INFO] [stdout]   --> src/ed25519/mod.rs:22:34
[INFO] [stdout]    |
[INFO] [stdout] 13 | #[derive(Serialize, Deserialize, CryptoHasher, BCSCryptoHash)]
[INFO] [stdout]    |                                  ^^^^^^^^^^^^ use of undeclared crate or module `aptos_crypto`
[INFO] [stdout]    |
[INFO] [stdout]    = note: this error originates in the derive macro `CryptoHasher` (in Nightly builds, run with -Z macro-backtrace for more info)
[INFO] [stdout] help: consider importing this module
[INFO] [stdout]    |
[INFO] [stdout] 2  + use once_cell::sync;
[INFO] [stdout]    |
[INFO] [stdout] 
[INFO] [stdout] error[E0433]: failed to resolve: use of undeclared crate or module `aptos_crypto`
[INFO] [stdout]   --> src/ed25519/mod.rs:22:34
[INFO] [stdout]    |
[INFO] [stdout] 13 | #[derive(Serialize, Deserialize, CryptoHasher, BCSCryptoHash)]
[INFO] [stdout]    |                                  ^^^^^^^^^^^^ use of undeclared crate or module `aptos_crypto`
[INFO] [stdout]    |
[INFO] [stdout]    = note: this error originates in the derive macro `CryptoHasher` (in Nightly builds, run with -Z macro-backtrace for more info)
[INFO] [stdout] help: consider importing one of these structs
[INFO] [stdout]    |
[INFO] [stdout] 2  + use std::cell::OnceCell;
[INFO] [stdout]    |
[INFO] [stdout] 2  + use once_cell::sync::OnceCell;
[INFO] [stdout]    |
[INFO] [stdout] 2  + use once_cell::unsync::OnceCell;
[INFO] [stdout]    |
[INFO] [stdout] 
[INFO] [stdout] error[E0433]: failed to resolve: use of undeclared crate or module `aptos_crypto`
[INFO] [stdout]   --> src/ed25519/mod.rs:22:34
[INFO] [stdout]    |
[INFO] [stdout] 13 | #[derive(Serialize, Deserialize, CryptoHasher, BCSCryptoHash)]
[INFO] [stdout]    |                                  ^^^^^^^^^^^^ use of undeclared crate or module `aptos_crypto`
[INFO] [stdout]    |
[INFO] [stdout]    = note: this error originates in the derive macro `CryptoHasher` (in Nightly builds, run with -Z macro-backtrace for more info)
[INFO] [stdout] help: consider importing this crate
[INFO] [stdout]    |
[INFO] [stdout] 2  + use aptos_crypto_link::_serde_name;
[INFO] [stdout]    |
[INFO] [stdout] 
[INFO] [stdout] error[E0433]: failed to resolve: use of undeclared crate or module `aptos_crypto`
[INFO] [stdout]   --> src/ed25519/mod.rs:22:34
[INFO] [stdout]    |
[INFO] [stdout] 13 | #[derive(Serialize, Deserialize, CryptoHasher, BCSCryptoHash)]
[INFO] [stdout]    |                                  ^^^^^^^^^^^^ use of undeclared crate or module `aptos_crypto`
[INFO] [stdout]    |
[INFO] [stdout]    = note: this error originates in the derive macro `CryptoHasher` (in Nightly builds, run with -Z macro-backtrace for more info)
[INFO] [stdout] help: consider importing this struct
[INFO] [stdout]    |
[INFO] [stdout] 2  + use std::hash::DefaultHasher;
[INFO] [stdout]    |
[INFO] [stdout] 
[INFO] [stdout] error[E0433]: failed to resolve: use of undeclared crate or module `aptos_crypto`
[INFO] [stdout]   --> src/ed25519/mod.rs:22:34
[INFO] [stdout]    |
[INFO] [stdout] 13 | #[derive(Serialize, Deserialize, CryptoHasher, BCSCryptoHash)]
[INFO] [stdout]    |                                  ^^^^^^^^^^^^ use of undeclared crate or module `aptos_crypto`
[INFO] [stdout]    |
[INFO] [stdout]    = note: this error originates in the derive macro `CryptoHasher` (in Nightly builds, run with -Z macro-backtrace for more info)
[INFO] [stdout] help: consider importing one of these structs
[INFO] [stdout]    |
[INFO] [stdout] 2  + use once_cell::sync::Lazy;
[INFO] [stdout]    |
[INFO] [stdout] 2  + use once_cell::unsync::Lazy;
[INFO] [stdout]    |
[INFO] [stdout] 
[INFO] [stdout] error[E0433]: failed to resolve: use of undeclared crate or module `aptos_crypto`
[INFO] [stdout]   --> src/ed25519/mod.rs:22:34
[INFO] [stdout]    |
[INFO] [stdout] 13 | #[derive(Serialize, Deserialize, CryptoHasher, BCSCryptoHash)]
[INFO] [stdout]    |                                  ^^^^^^^^^^^^ use of undeclared crate or module `aptos_crypto`
[INFO] [stdout]    |
[INFO] [stdout]    = note: this error originates in the derive macro `CryptoHasher` (in Nightly builds, run with -Z macro-backtrace for more info)
[INFO] [stdout] help: consider importing this module
[INFO] [stdout]    |
[INFO] [stdout] 2  + use aptos_crypto_link::hash;
[INFO] [stdout]    |
[INFO] [stdout] 
[INFO] [stdout] error[E0433]: failed to resolve: use of undeclared crate or module `aptos_crypto`
[INFO] [stdout]   --> src/ed25519/mod.rs:22:48
[INFO] [stdout]    |
[INFO] [stdout] 13 | #[derive(Serialize, Deserialize, CryptoHasher, BCSCryptoHash)]
[INFO] [stdout]    |                                                ^^^^^^^^^^^^^ use of undeclared crate or module `aptos_crypto`
[INFO] [stdout]    |
[INFO] [stdout]    = note: this error originates in the derive macro `BCSCryptoHash` (in Nightly builds, run with -Z macro-backtrace for more info)
[INFO] [stdout] help: consider importing this module
[INFO] [stdout]    |
[INFO] [stdout] 2  + use aptos_crypto_link::hash;
[INFO] [stdout]    |
[INFO] [stdout] 
[INFO] [stdout] error[E0412]: cannot find type `Ed25519PrivateKey` in this scope
[INFO] [stdout]   --> src/ed25519/mod.rs:27:20
[INFO] [stdout]    |
[INFO] [stdout] 18 | let kp = KeyPair::<Ed25519PrivateKey, Ed25519PublicKey>::generate(&mut rng);
[INFO] [stdout]    |                    ^^^^^^^^^^^^^^^^^ not found in this scope
[INFO] [stdout]    |
[INFO] [stdout] help: consider importing this struct
[INFO] [stdout]    |
[INFO] [stdout] 2  + use aptos_crypto_link::ed25519::Ed25519PrivateKey;
[INFO] [stdout]    |
[INFO] [stdout] 
[INFO] [stdout] error[E0412]: cannot find type `Ed25519PublicKey` in this scope
[INFO] [stdout]   --> src/ed25519/mod.rs:27:39
[INFO] [stdout]    |
[INFO] [stdout] 18 | let kp = KeyPair::<Ed25519PrivateKey, Ed25519PublicKey>::generate(&mut rng);
[INFO] [stdout]    |                                       ^^^^^^^^^^^^^^^^ not found in this scope
[INFO] [stdout]    |
[INFO] [stdout] help: consider importing this struct
[INFO] [stdout]    |
[INFO] [stdout] 2  + use aptos_crypto_link::ed25519::Ed25519PublicKey;
[INFO] [stdout]    |
[INFO] [stdout] 
[INFO] [stdout] error: aborting due to 14 previous errors
[INFO] [stdout] 
[INFO] [stdout] Some errors have detailed explanations: E0412, E0432, E0433.
[INFO] [stdout] For more information about an error, try `rustc --explain E0412`.
[INFO] [stdout] Couldn't compile the test.
[INFO] [stdout] 
[INFO] [stdout] failures:
[INFO] [stdout]     src/bls12381/mod.rs - bls12381 (line 118)
[INFO] [stdout]     src/bls12381/mod.rs - bls12381 (line 151)
[INFO] [stdout]     src/bls12381/mod.rs - bls12381 (line 225)
[INFO] [stdout]     src/bls12381/mod.rs - bls12381 (line 322)
[INFO] [stdout]     src/ed25519/mod.rs - ed25519 (line 11)
[INFO] [stdout]     src/hash.rs - hash (line 40)
[INFO] [stdout]     src/hash.rs - hash (line 64)
[INFO] [stdout]     src/hash.rs - hash (line 93)
[INFO] [stdout]     src/hash.rs - hash::TestOnlyHash (line 672)
[INFO] [stdout]     src/hkdf.rs - hkdf (line 60)
[INFO] [stdout]     src/noise.rs - noise (line 20)
[INFO] [stdout]     src/x25519.rs - x25519 (line 12)
[INFO] [stdout] 
[INFO] [stdout] test result: FAILED. 1 passed; 12 failed; 0 ignored; 0 measured; 0 filtered out; finished in 0.87s
[INFO] [stdout] 
[INFO] running `Command { std: "docker" "inspect" "1c1f8301bc9d8371e9632509d64bc6539f19365b08dc292ecbfa236205100e4a", kill_on_drop: false }`
[INFO] running `Command { std: "docker" "rm" "-f" "1c1f8301bc9d8371e9632509d64bc6539f19365b08dc292ecbfa236205100e4a", kill_on_drop: false }`
[INFO] [stdout] 1c1f8301bc9d8371e9632509d64bc6539f19365b08dc292ecbfa236205100e4a
