[INFO] fetching crate aprsproxy 0.3.5...
[INFO] testing aprsproxy-0.3.5 against 1.83.0 for beta-1.84.0-4-retry
[INFO] extracting crate aprsproxy 0.3.5 into /workspace/builds/worker-0-tc1/source
[INFO] validating manifest of crates.io crate aprsproxy 0.3.5 on toolchain 1.83.0
[INFO] running `Command { std: CARGO_HOME="/workspace/cargo-home" RUSTUP_HOME="/workspace/rustup-home" "/workspace/cargo-home/bin/cargo" "+1.83.0" "metadata" "--manifest-path" "Cargo.toml" "--no-deps", kill_on_drop: false }`
[INFO] started tweaking crates.io crate aprsproxy 0.3.5
[INFO] finished tweaking crates.io crate aprsproxy 0.3.5
[INFO] tweaked toml for crates.io crate aprsproxy 0.3.5 written to /workspace/builds/worker-0-tc1/source/Cargo.toml
[INFO] crate crates.io crate aprsproxy 0.3.5 already has a lockfile, it will not be regenerated
[INFO] running `Command { std: CARGO_HOME="/workspace/cargo-home" RUSTUP_HOME="/workspace/rustup-home" "/workspace/cargo-home/bin/cargo" "+1.83.0" "fetch" "--manifest-path" "Cargo.toml", kill_on_drop: false }`
[INFO] running `Command { std: "docker" "create" "-v" "/var/lib/crater-agent-workspace/builds/worker-0-tc1/target:/opt/rustwide/target:rw,Z" "-v" "/var/lib/crater-agent-workspace/builds/worker-0-tc1/source:/opt/rustwide/workdir:ro,Z" "-v" "/var/lib/crater-agent-workspace/cargo-home:/opt/rustwide/cargo-home:ro,Z" "-v" "/var/lib/crater-agent-workspace/rustup-home:/opt/rustwide/rustup-home:ro,Z" "-e" "SOURCE_DIR=/opt/rustwide/workdir" "-e" "CARGO_TARGET_DIR=/opt/rustwide/target" "-e" "CARGO_HOME=/opt/rustwide/cargo-home" "-e" "RUSTUP_HOME=/opt/rustwide/rustup-home" "-w" "/opt/rustwide/workdir" "-m" "1610612736" "--user" "0:0" "--network" "none" "ghcr.io/rust-lang/crates-build-env/linux@sha256:f3a9d4ad9d972b27faf3965f35b62e55ba32bbce8f20bc8fe909558a86702fde" "/opt/rustwide/cargo-home/bin/cargo" "+1.83.0" "metadata" "--no-deps" "--format-version=1", kill_on_drop: false }`
[INFO] [stdout] d35ee2c4b61aed4791a8a8ee3bcc343cff3ea763fbf60f40ef1f06737ff15cc6
[INFO] running `Command { std: "docker" "start" "-a" "d35ee2c4b61aed4791a8a8ee3bcc343cff3ea763fbf60f40ef1f06737ff15cc6", kill_on_drop: false }`
[INFO] running `Command { std: "docker" "inspect" "d35ee2c4b61aed4791a8a8ee3bcc343cff3ea763fbf60f40ef1f06737ff15cc6", kill_on_drop: false }`
[INFO] running `Command { std: "docker" "rm" "-f" "d35ee2c4b61aed4791a8a8ee3bcc343cff3ea763fbf60f40ef1f06737ff15cc6", kill_on_drop: false }`
[INFO] [stdout] d35ee2c4b61aed4791a8a8ee3bcc343cff3ea763fbf60f40ef1f06737ff15cc6
[INFO] running `Command { std: "docker" "create" "-v" "/var/lib/crater-agent-workspace/builds/worker-0-tc1/target:/opt/rustwide/target:rw,Z" "-v" "/var/lib/crater-agent-workspace/builds/worker-0-tc1/source:/opt/rustwide/workdir:ro,Z" "-v" "/var/lib/crater-agent-workspace/cargo-home:/opt/rustwide/cargo-home:ro,Z" "-v" "/var/lib/crater-agent-workspace/rustup-home:/opt/rustwide/rustup-home:ro,Z" "-e" "SOURCE_DIR=/opt/rustwide/workdir" "-e" "CARGO_TARGET_DIR=/opt/rustwide/target" "-e" "CARGO_INCREMENTAL=0" "-e" "RUST_BACKTRACE=full" "-e" "RUSTFLAGS=--cap-lints=warn" "-e" "RUSTDOCFLAGS=--cap-lints=warn" "-e" "CARGO_HOME=/opt/rustwide/cargo-home" "-e" "RUSTUP_HOME=/opt/rustwide/rustup-home" "-w" "/opt/rustwide/workdir" "-m" "1610612736" "--user" "0:0" "--network" "none" "ghcr.io/rust-lang/crates-build-env/linux@sha256:f3a9d4ad9d972b27faf3965f35b62e55ba32bbce8f20bc8fe909558a86702fde" "/opt/rustwide/cargo-home/bin/cargo" "+1.83.0" "build" "--frozen" "--message-format=json", kill_on_drop: false }`
[INFO] [stdout] fce9f233892f74ac9e5a59221c21007877be5c7e28a40fc91d1036590ed19809
[INFO] running `Command { std: "docker" "start" "-a" "fce9f233892f74ac9e5a59221c21007877be5c7e28a40fc91d1036590ed19809", kill_on_drop: false }`
[INFO] [stderr]    Compiling autocfg v1.1.0
[INFO] [stderr]    Compiling libc v0.2.131
[INFO] [stderr]    Compiling proc-macro2 v1.0.43
[INFO] [stderr]    Compiling unicode-ident v1.0.3
[INFO] [stderr]    Compiling quote v1.0.21
[INFO] [stderr]    Compiling syn v1.0.99
[INFO] [stderr]    Compiling cfg-if v1.0.0
[INFO] [stderr]    Compiling memchr v2.5.0
[INFO] [stderr]    Compiling log v0.4.17
[INFO] [stderr]    Compiling futures-core v0.3.21
[INFO] [stderr]    Compiling pin-project-lite v0.2.9
[INFO] [stderr]    Compiling futures-task v0.3.21
[INFO] [stderr]    Compiling futures-channel v0.3.21
[INFO] [stderr]    Compiling futures-sink v0.3.21
[INFO] [stderr]    Compiling bytes v1.2.1
[INFO] [stderr]    Compiling futures-util v0.3.21
[INFO] [stderr]    Compiling once_cell v1.13.0
[INFO] [stderr]    Compiling pin-utils v0.1.0
[INFO] [stderr]    Compiling futures-io v0.3.21
[INFO] [stderr]    Compiling version_check v0.9.4
[INFO] [stderr]    Compiling matches v0.1.9
[INFO] [stderr]    Compiling tinyvec_macros v0.1.0
[INFO] [stderr]    Compiling tinyvec v1.6.0
[INFO] [stderr]    Compiling itoa v1.0.3
[INFO] [stderr]    Compiling percent-encoding v2.1.0
[INFO] [stderr]    Compiling tracing-core v0.1.29
[INFO] [stderr]    Compiling slab v0.4.7
[INFO] [stderr]    Compiling tokio v1.20.1
[INFO] [stderr]    Compiling indexmap v1.9.1
[INFO] [stderr]    Compiling fnv v1.0.7
[INFO] [stderr]    Compiling form_urlencoded v1.0.1
[INFO] [stderr]    Compiling unicode-bidi v0.3.8
[INFO] [stderr]    Compiling http v0.2.8
[INFO] [stderr]    Compiling num-traits v0.2.15
[INFO] [stderr]    Compiling proc-macro-error-attr v1.0.4
[INFO] [stderr]    Compiling proc-macro-error v1.0.4
[INFO] [stderr]    Compiling lock_api v0.4.7
[INFO] [stderr]    Compiling async-trait v0.1.57
[INFO] [stderr]    Compiling tracing v0.1.36
[INFO] [stderr]    Compiling parking_lot_core v0.9.3
[INFO] [stderr]    Compiling hashbrown v0.12.3
[INFO] [stderr]    Compiling serde v1.0.143
[INFO] [stderr]    Compiling smallvec v1.9.0
[INFO] [stderr]    Compiling httparse v1.7.1
[INFO] [stderr]    Compiling ppv-lite86 v0.2.16
[INFO] [stderr]    Compiling lazy_static v1.4.0
[INFO] [stderr]    Compiling unicode-normalization v0.1.21
[INFO] [stderr]    Compiling num-integer v0.1.45
[INFO] [stderr]    Compiling heck v0.4.0
[INFO] [stderr]    Compiling socket2 v0.4.4
[INFO] [stderr]    Compiling num_cpus v1.13.1
[INFO] [stderr]    Compiling mio v0.8.4
[INFO] [stderr]    Compiling getrandom v0.2.7
[INFO] [stderr]    Compiling atty v0.2.14
[INFO] [stderr]    Compiling unicode-width v0.1.9
[INFO] [stderr]    Compiling try-lock v0.2.3
[INFO] [stderr]    Compiling ipnet v2.5.0
[INFO] [stderr]    Compiling rand_core v0.6.3
[INFO] [stderr]    Compiling encoding_rs v0.8.31
[INFO] [stderr]    Compiling scopeguard v1.1.0
[INFO] [stderr]    Compiling match_cfg v0.1.0
[INFO] [stderr]    Compiling unicode-segmentation v1.9.0
[INFO] [stderr]    Compiling hostname v0.3.1
[INFO] [stderr]    Compiling http-body v0.4.5
[INFO] [stderr]    Compiling rand_chacha v0.3.1
[INFO] [stderr]    Compiling idna v0.2.3
[INFO] [stderr]    Compiling want v0.3.0
[INFO] [stderr]    Compiling textwrap v0.11.0
[INFO] [stderr]    Compiling aho-corasick v0.7.18
[INFO] [stderr]    Compiling rand v0.8.5
[INFO] [stderr]    Compiling strsim v0.8.0
[INFO] [stderr]    Compiling heck v0.3.3
[INFO] [stderr]    Compiling ryu v1.0.11
[INFO] [stderr]    Compiling ansi_term v0.12.1
[INFO] [stderr]    Compiling linked-hash-map v0.5.6
[INFO] [stderr]    Compiling bitflags v1.3.2
[INFO] [stderr]    Compiling tower-service v0.3.2
[INFO] [stderr]    Compiling regex-syntax v0.6.27
[INFO] [stderr]    Compiling quick-error v1.2.3
[INFO] [stderr]    Compiling data-encoding v2.3.2
[INFO] [stderr]    Compiling vec_map v0.8.2
[INFO] [stderr]    Compiling httpdate v1.0.2
[INFO] [stderr]    Compiling resolv-conf v0.7.0
[INFO] [stderr]    Compiling parking_lot v0.12.1
[INFO] [stderr]    Compiling url v2.2.2
[INFO] [stderr]    Compiling lru-cache v0.1.2
[INFO] [stderr]    Compiling clap v2.34.0
[INFO] [stderr]    Compiling time v0.1.44
[INFO] [stderr]    Compiling base64 v0.13.0
[INFO] [stderr]    Compiling iana-time-zone v0.1.44
[INFO] [stderr]    Compiling termcolor v1.1.3
[INFO] [stderr]    Compiling humantime v2.1.0
[INFO] [stderr]    Compiling mime v0.3.16
[INFO] [stderr]    Compiling chrono v0.4.22
[INFO] [stderr]    Compiling regex v1.6.0
[INFO] [stderr]    Compiling env_logger v0.9.0
[INFO] [stderr]    Compiling futures-macro v0.3.21
[INFO] [stderr]    Compiling tokio-macros v1.8.0
[INFO] [stderr]    Compiling thiserror-impl v1.0.32
[INFO] [stderr]    Compiling enum-as-inner v0.4.0
[INFO] [stderr]    Compiling structopt-derive v0.4.18
[INFO] [stderr]    Compiling serde_urlencoded v0.7.1
[INFO] [stderr]    Compiling thiserror v1.0.32
[INFO] [stderr]    Compiling structopt v0.3.26
[INFO] [stderr]    Compiling futures-executor v0.3.21
[INFO] [stderr]    Compiling futures v0.3.21
[INFO] [stderr]    Compiling tokio-util v0.7.3
[INFO] [stderr]    Compiling trust-dns-proto v0.21.2
[INFO] [stderr]    Compiling h2 v0.3.13
[INFO] [stderr]    Compiling trust-dns-resolver v0.21.2
[INFO] [stderr]    Compiling hyper v0.14.20
[INFO] [stderr]    Compiling reqwest v0.11.11
[INFO] [stderr]    Compiling aprsproxy v0.3.5 (/opt/rustwide/workdir)
[INFO] [stderr]     Finished `dev` profile [unoptimized + debuginfo] target(s) in 39.13s
[INFO] running `Command { std: "docker" "inspect" "fce9f233892f74ac9e5a59221c21007877be5c7e28a40fc91d1036590ed19809", kill_on_drop: false }`
[INFO] running `Command { std: "docker" "rm" "-f" "fce9f233892f74ac9e5a59221c21007877be5c7e28a40fc91d1036590ed19809", kill_on_drop: false }`
[INFO] [stdout] fce9f233892f74ac9e5a59221c21007877be5c7e28a40fc91d1036590ed19809
[INFO] running `Command { std: "docker" "create" "-v" "/var/lib/crater-agent-workspace/builds/worker-0-tc1/target:/opt/rustwide/target:rw,Z" "-v" "/var/lib/crater-agent-workspace/builds/worker-0-tc1/source:/opt/rustwide/workdir:ro,Z" "-v" "/var/lib/crater-agent-workspace/cargo-home:/opt/rustwide/cargo-home:ro,Z" "-v" "/var/lib/crater-agent-workspace/rustup-home:/opt/rustwide/rustup-home:ro,Z" "-e" "SOURCE_DIR=/opt/rustwide/workdir" "-e" "CARGO_TARGET_DIR=/opt/rustwide/target" "-e" "CARGO_INCREMENTAL=0" "-e" "RUST_BACKTRACE=full" "-e" "RUSTFLAGS=--cap-lints=warn" "-e" "RUSTDOCFLAGS=--cap-lints=warn" "-e" "CARGO_HOME=/opt/rustwide/cargo-home" "-e" "RUSTUP_HOME=/opt/rustwide/rustup-home" "-w" "/opt/rustwide/workdir" "-m" "1610612736" "--user" "0:0" "--network" "none" "ghcr.io/rust-lang/crates-build-env/linux@sha256:f3a9d4ad9d972b27faf3965f35b62e55ba32bbce8f20bc8fe909558a86702fde" "/opt/rustwide/cargo-home/bin/cargo" "+1.83.0" "test" "--frozen" "--no-run" "--message-format=json", kill_on_drop: false }`
[INFO] [stdout] f2e1ea340bf93784d5d7ca4e063d3e850fbaffdf9e9059f5b8a16d146e543a2a
[INFO] running `Command { std: "docker" "start" "-a" "f2e1ea340bf93784d5d7ca4e063d3e850fbaffdf9e9059f5b8a16d146e543a2a", kill_on_drop: false }`
[INFO] [stderr]    Compiling cfg-if v1.0.0
[INFO] [stderr]    Compiling pin-project-lite v0.2.9
[INFO] [stderr]    Compiling once_cell v1.13.0
[INFO] [stderr]    Compiling bytes v1.2.1
[INFO] [stderr]    Compiling tokio v1.20.1
[INFO] [stderr]    Compiling futures-sink v0.3.21
[INFO] [stderr]    Compiling libc v0.2.131
[INFO] [stderr]    Compiling memchr v2.5.0
[INFO] [stderr]    Compiling futures-core v0.3.21
[INFO] [stderr]    Compiling slab v0.4.7
[INFO] [stderr]    Compiling futures-io v0.3.21
[INFO] [stderr]    Compiling pin-utils v0.1.0
[INFO] [stderr]    Compiling futures-task v0.3.21
[INFO] [stderr]    Compiling matches v0.1.9
[INFO] [stderr]    Compiling tinyvec_macros v0.1.0
[INFO] [stderr]    Compiling itoa v1.0.3
[INFO] [stderr]    Compiling log v0.4.17
[INFO] [stderr]    Compiling percent-encoding v2.1.0
[INFO] [stderr]    Compiling fnv v1.0.7
[INFO] [stderr]    Compiling tinyvec v1.6.0
[INFO] [stderr]    Compiling unicode-bidi v0.3.8
[INFO] [stderr]    Compiling smallvec v1.9.0
[INFO] [stderr]    Compiling tracing-core v0.1.29
[INFO] [stderr]    Compiling lazy_static v1.4.0
[INFO] [stderr]    Compiling futures-channel v0.3.21
[INFO] [stderr]    Compiling ppv-lite86 v0.2.16
[INFO] [stderr]    Compiling form_urlencoded v1.0.1
[INFO] [stderr]    Compiling hashbrown v0.12.3
[INFO] [stderr]    Compiling match_cfg v0.1.0
[INFO] [stderr]    Compiling unicode-width v0.1.9
[INFO] [stderr]    Compiling try-lock v0.2.3
[INFO] [stderr]    Compiling ipnet v2.5.0
[INFO] [stderr]    Compiling scopeguard v1.1.0
[INFO] [stderr]    Compiling num_cpus v1.13.1
[INFO] [stderr]    Compiling mio v0.8.4
[INFO] [stderr]    Compiling socket2 v0.4.4
[INFO] [stderr]    Compiling getrandom v0.2.7
[INFO] [stderr]    Compiling atty v0.2.14
[INFO] [stderr]    Compiling parking_lot_core v0.9.3
[INFO] [stderr]    Compiling lock_api v0.4.7
[INFO] [stderr]    Compiling hostname v0.3.1
[INFO] [stderr]    Compiling rand_core v0.6.3
[INFO] [stderr]    Compiling textwrap v0.11.0
[INFO] [stderr]    Compiling want v0.3.0
[INFO] [stderr]    Compiling http v0.2.8
[INFO] [stderr]    Compiling thiserror v1.0.32
[INFO] [stderr]    Compiling futures-util v0.3.21
[INFO] [stderr]    Compiling tracing v0.1.36
[INFO] [stderr]    Compiling indexmap v1.9.1
[INFO] [stderr]    Compiling rand_chacha v0.3.1
[INFO] [stderr]    Compiling aho-corasick v0.7.18
[INFO] [stderr]    Compiling num-traits v0.2.15
[INFO] [stderr]    Compiling httparse v1.7.1
[INFO] [stderr]    Compiling serde v1.0.143
[INFO] [stderr]    Compiling vec_map v0.8.2
[INFO] [stderr]    Compiling rand v0.8.5
[INFO] [stderr]    Compiling unicode-normalization v0.1.21
[INFO] [stderr]    Compiling tower-service v0.3.2
[INFO] [stderr]    Compiling ryu v1.0.11
[INFO] [stderr]    Compiling data-encoding v2.3.2
[INFO] [stderr]    Compiling httpdate v1.0.2
[INFO] [stderr]    Compiling quick-error v1.2.3
[INFO] [stderr]    Compiling bitflags v1.3.2
[INFO] [stderr]    Compiling ansi_term v0.12.1
[INFO] [stderr]    Compiling http-body v0.4.5
[INFO] [stderr]    Compiling strsim v0.8.0
[INFO] [stderr]    Compiling linked-hash-map v0.5.6
[INFO] [stderr]    Compiling regex-syntax v0.6.27
[INFO] [stderr]    Compiling clap v2.34.0
[INFO] [stderr]    Compiling resolv-conf v0.7.0
[INFO] [stderr]    Compiling encoding_rs v0.8.31
[INFO] [stderr]    Compiling parking_lot v0.12.1
[INFO] [stderr]    Compiling idna v0.2.3
[INFO] [stderr]    Compiling lru-cache v0.1.2
[INFO] [stderr]    Compiling time v0.1.44
[INFO] [stderr]    Compiling async-stream-impl v0.3.3
[INFO] [stderr]    Compiling num-integer v0.1.45
[INFO] [stderr]    Compiling humantime v2.1.0
[INFO] [stderr]    Compiling mime v0.3.16
[INFO] [stderr]    Compiling url v2.2.2
[INFO] [stderr]    Compiling regex v1.6.0
[INFO] [stderr]    Compiling termcolor v1.1.3
[INFO] [stderr]    Compiling iana-time-zone v0.1.44
[INFO] [stderr]    Compiling base64 v0.13.0
[INFO] [stderr]    Compiling chrono v0.4.22
[INFO] [stderr]    Compiling async-stream v0.3.3
[INFO] [stderr]    Compiling env_logger v0.9.0
[INFO] [stderr]    Compiling serde_urlencoded v0.7.1
[INFO] [stderr]    Compiling structopt v0.3.26
[INFO] [stderr]    Compiling futures-executor v0.3.21
[INFO] [stderr]    Compiling futures v0.3.21
[INFO] [stderr]    Compiling tokio-util v0.7.3
[INFO] [stderr]    Compiling trust-dns-proto v0.21.2
[INFO] [stderr]    Compiling tokio-stream v0.1.9
[INFO] [stderr]    Compiling tokio-test v0.4.2
[INFO] [stderr]    Compiling h2 v0.3.13
[INFO] [stderr]    Compiling trust-dns-resolver v0.21.2
[INFO] [stderr]    Compiling hyper v0.14.20
[INFO] [stderr]    Compiling reqwest v0.11.11
[INFO] [stderr]    Compiling aprsproxy v0.3.5 (/opt/rustwide/workdir)
[INFO] [stderr]     Finished `test` profile [unoptimized + debuginfo] target(s) in 25.25s
[INFO] running `Command { std: "docker" "inspect" "f2e1ea340bf93784d5d7ca4e063d3e850fbaffdf9e9059f5b8a16d146e543a2a", kill_on_drop: false }`
[INFO] running `Command { std: "docker" "rm" "-f" "f2e1ea340bf93784d5d7ca4e063d3e850fbaffdf9e9059f5b8a16d146e543a2a", kill_on_drop: false }`
[INFO] [stdout] f2e1ea340bf93784d5d7ca4e063d3e850fbaffdf9e9059f5b8a16d146e543a2a
[INFO] running `Command { std: "docker" "create" "-v" "/var/lib/crater-agent-workspace/builds/worker-0-tc1/target:/opt/rustwide/target:rw,Z" "-v" "/var/lib/crater-agent-workspace/builds/worker-0-tc1/source:/opt/rustwide/workdir:ro,Z" "-v" "/var/lib/crater-agent-workspace/cargo-home:/opt/rustwide/cargo-home:ro,Z" "-v" "/var/lib/crater-agent-workspace/rustup-home:/opt/rustwide/rustup-home:ro,Z" "-e" "SOURCE_DIR=/opt/rustwide/workdir" "-e" "CARGO_TARGET_DIR=/opt/rustwide/target" "-e" "CARGO_INCREMENTAL=0" "-e" "RUST_BACKTRACE=full" "-e" "RUSTFLAGS=--cap-lints=warn" "-e" "RUSTDOCFLAGS=--cap-lints=warn" "-e" "CARGO_HOME=/opt/rustwide/cargo-home" "-e" "RUSTUP_HOME=/opt/rustwide/rustup-home" "-w" "/opt/rustwide/workdir" "-m" "1610612736" "--user" "0:0" "--network" "none" "ghcr.io/rust-lang/crates-build-env/linux@sha256:f3a9d4ad9d972b27faf3965f35b62e55ba32bbce8f20bc8fe909558a86702fde" "/opt/rustwide/cargo-home/bin/cargo" "+1.83.0" "test" "--frozen", kill_on_drop: false }`
[INFO] [stdout] 8c2a93274d620f2ea105d3f84ba15de08b8663d0d96b6d2d74c9b9833e1a4e17
[INFO] running `Command { std: "docker" "start" "-a" "8c2a93274d620f2ea105d3f84ba15de08b8663d0d96b6d2d74c9b9833e1a4e17", kill_on_drop: false }`
[INFO] [stderr]     Finished `test` profile [unoptimized + debuginfo] target(s) in 0.15s
[INFO] [stderr]      Running unittests src/lib.rs (/opt/rustwide/target/debug/deps/aprsproxy-56c3303f459ec869)
[INFO] [stdout] 
[INFO] [stdout] running 0 tests
[INFO] [stdout] 
[INFO] [stdout] test result: ok. 0 passed; 0 failed; 0 ignored; 0 measured; 0 filtered out; finished in 0.00s
[INFO] [stdout] 
[INFO] [stderr]      Running unittests src/main.rs (/opt/rustwide/target/debug/deps/aprsproxy-03ff3ff8bc990771)
[INFO] [stdout] 
[INFO] [stdout] running 2 tests
[INFO] [stdout] test passcode::test_passcode ... ok
[INFO] [stdout] test forwarder::tests::test_post ... FAILED
[INFO] [stdout] 
[INFO] [stdout] failures:
[INFO] [stdout] 
[INFO] [stdout] ---- forwarder::tests::test_post stdout ----
[INFO] [stdout] thread 'forwarder::tests::test_post' panicked at src/forwarder.rs:62:18:
[INFO] [stdout] called `Result::unwrap()` on an `Err` value: reqwest::Error { kind: Request, url: Url { scheme: "http", cannot_be_a_base: false, username: "", password: None, host: Some(Domain("china.aprs2.net")), port: Some(8080), path: "/", query: None, fragment: None }, source: hyper::Error(Connect, ConnectError("dns error", Custom { kind: Uncategorized, error: "failed to lookup address information: Temporary failure in name resolution" })) }
[INFO] [stdout] stack backtrace:
[INFO] [stdout]    0:     0x596ed9354f2a - std::backtrace_rs::backtrace::libunwind::trace::h5a5b8284f2d0c266
[INFO] [stdout]                                at /rustc/90b35a6239c3d8bdabc530a6a0816f7ff89a0aaf/library/std/src/../../backtrace/src/backtrace/libunwind.rs:116:5
[INFO] [stdout]    1:     0x596ed9354f2a - std::backtrace_rs::backtrace::trace_unsynchronized::h76d4f1c9b0b875e3
[INFO] [stdout]                                at /rustc/90b35a6239c3d8bdabc530a6a0816f7ff89a0aaf/library/std/src/../../backtrace/src/backtrace/mod.rs:66:5
[INFO] [stdout]    2:     0x596ed9354f2a - std::sys::backtrace::_print_fmt::hc4546b8364a537c6
[INFO] [stdout]                                at /rustc/90b35a6239c3d8bdabc530a6a0816f7ff89a0aaf/library/std/src/sys/backtrace.rs:66:9
[INFO] [stdout]    3:     0x596ed9354f2a - <std::sys::backtrace::BacktraceLock::print::DisplayBacktrace as core::fmt::Display>::fmt::h5b6bd5631a6d1f6b
[INFO] [stdout]                                at /rustc/90b35a6239c3d8bdabc530a6a0816f7ff89a0aaf/library/std/src/sys/backtrace.rs:39:26
[INFO] [stdout]    4:     0x596ed937cd23 - core::fmt::rt::Argument::fmt::h270f6602a2b96f62
[INFO] [stdout]                                at /rustc/90b35a6239c3d8bdabc530a6a0816f7ff89a0aaf/library/core/src/fmt/rt.rs:177:76
[INFO] [stdout]    5:     0x596ed937cd23 - core::fmt::write::h7550c97b06c86515
[INFO] [stdout]                                at /rustc/90b35a6239c3d8bdabc530a6a0816f7ff89a0aaf/library/core/src/fmt/mod.rs:1186:21
[INFO] [stdout]    6:     0x596ed93515f3 - std::io::Write::write_fmt::h509ff860e5956e5e
[INFO] [stdout]                                at /rustc/90b35a6239c3d8bdabc530a6a0816f7ff89a0aaf/library/std/src/io/mod.rs:1839:15
[INFO] [stdout]    7:     0x596ed9354d72 - std::sys::backtrace::BacktraceLock::print::h2395ccd2c84ba3aa
[INFO] [stdout]                                at /rustc/90b35a6239c3d8bdabc530a6a0816f7ff89a0aaf/library/std/src/sys/backtrace.rs:42:9
[INFO] [stdout]    8:     0x596ed935638a - std::panicking::default_hook::{{closure}}::he19d4c7230e07961
[INFO] [stdout]                                at /rustc/90b35a6239c3d8bdabc530a6a0816f7ff89a0aaf/library/std/src/panicking.rs:268:22
[INFO] [stdout]    9:     0x596ed9356194 - std::panicking::default_hook::hf614597d3c67bbdb
[INFO] [stdout]                                at /rustc/90b35a6239c3d8bdabc530a6a0816f7ff89a0aaf/library/std/src/panicking.rs:292:9
[INFO] [stdout]   10:     0x596ed8f75989 - <alloc::boxed::Box<F,A> as core::ops::function::Fn<Args>>::call::h39b51ce4599c23d1
[INFO] [stdout]                                at /rustc/90b35a6239c3d8bdabc530a6a0816f7ff89a0aaf/library/alloc/src/boxed.rs:2468:9
[INFO] [stdout]   11:     0x596ed8f75989 - test::test_main::{{closure}}::he977ae839a582784
[INFO] [stdout]                                at /rustc/90b35a6239c3d8bdabc530a6a0816f7ff89a0aaf/library/test/src/lib.rs:133:21
[INFO] [stdout]   12:     0x596ed9356a28 - <alloc::boxed::Box<F,A> as core::ops::function::Fn<Args>>::call::h9455091b6b06f9fb
[INFO] [stdout]                                at /rustc/90b35a6239c3d8bdabc530a6a0816f7ff89a0aaf/library/alloc/src/boxed.rs:2468:9
[INFO] [stdout]   13:     0x596ed9356a28 - std::panicking::rust_panic_with_hook::h8942133a8b252070
[INFO] [stdout]                                at /rustc/90b35a6239c3d8bdabc530a6a0816f7ff89a0aaf/library/std/src/panicking.rs:809:13
[INFO] [stdout]   14:     0x596ed93567ea - std::panicking::begin_panic_handler::{{closure}}::hb5f5963570096b29
[INFO] [stdout]                                at /rustc/90b35a6239c3d8bdabc530a6a0816f7ff89a0aaf/library/std/src/panicking.rs:674:13
[INFO] [stdout]   15:     0x596ed9355409 - std::sys::backtrace::__rust_end_short_backtrace::h6208cedc1922feda
[INFO] [stdout]                                at /rustc/90b35a6239c3d8bdabc530a6a0816f7ff89a0aaf/library/std/src/sys/backtrace.rs:170:18
[INFO] [stdout]   16:     0x596ed935647c - rust_begin_unwind
[INFO] [stdout]                                at /rustc/90b35a6239c3d8bdabc530a6a0816f7ff89a0aaf/library/std/src/panicking.rs:665:5
[INFO] [stdout]   17:     0x596ed8f301f0 - core::panicking::panic_fmt::h0c3082644d1bf418
[INFO] [stdout]                                at /rustc/90b35a6239c3d8bdabc530a6a0816f7ff89a0aaf/library/core/src/panicking.rs:74:14
[INFO] [stdout]   18:     0x596ed8f30676 - core::result::unwrap_failed::hd20b4aa073bda1e2
[INFO] [stdout]                                at /rustc/90b35a6239c3d8bdabc530a6a0816f7ff89a0aaf/library/core/src/result.rs:1700:5
[INFO] [stdout]   19:     0x596ed8f3d3d8 - core::result::Result<T,E>::unwrap::h072397a14c49feb2
[INFO] [stdout]                                at /rustc/90b35a6239c3d8bdabc530a6a0816f7ff89a0aaf/library/core/src/result.rs:1104:23
[INFO] [stdout]   20:     0x596ed8f3d3d8 - aprsproxy::forwarder::tests::test_post::hc0195b5e99db93df
[INFO] [stdout]                                at /opt/rustwide/workdir/src/forwarder.rs:61:13
[INFO] [stdout]   21:     0x596ed8f3d127 - aprsproxy::forwarder::tests::test_post::{{closure}}::h0e082ddc10540d58
[INFO] [stdout]                                at /opt/rustwide/workdir/src/forwarder.rs:51:19
[INFO] [stdout]   22:     0x596ed8f31926 - core::ops::function::FnOnce::call_once::hd030caf75493aa2d
[INFO] [stdout]                                at /rustc/90b35a6239c3d8bdabc530a6a0816f7ff89a0aaf/library/core/src/ops/function.rs:250:5
[INFO] [stdout]   23:     0x596ed8f7a34b - core::ops::function::FnOnce::call_once::h109cf8051a59b34e
[INFO] [stdout]                                at /rustc/90b35a6239c3d8bdabc530a6a0816f7ff89a0aaf/library/core/src/ops/function.rs:250:5
[INFO] [stdout]   24:     0x596ed8f7a34b - test::__rust_begin_short_backtrace::hf4fff89d377446ba
[INFO] [stdout]                                at /rustc/90b35a6239c3d8bdabc530a6a0816f7ff89a0aaf/library/test/src/lib.rs:621:18
[INFO] [stdout]   25:     0x596ed8f79b87 - test::run_test_in_process::{{closure}}::h0e39181dd7ee5a43
[INFO] [stdout]                                at /rustc/90b35a6239c3d8bdabc530a6a0816f7ff89a0aaf/library/test/src/lib.rs:644:60
[INFO] [stdout]   26:     0x596ed8f79b87 - <core::panic::unwind_safe::AssertUnwindSafe<F> as core::ops::function::FnOnce<()>>::call_once::hc5a66a30f0bdfd1f
[INFO] [stdout]                                at /rustc/90b35a6239c3d8bdabc530a6a0816f7ff89a0aaf/library/core/src/panic/unwind_safe.rs:272:9
[INFO] [stdout]   27:     0x596ed8f79b87 - std::panicking::try::do_call::h873b7cf639554a5e
[INFO] [stdout]                                at /rustc/90b35a6239c3d8bdabc530a6a0816f7ff89a0aaf/library/std/src/panicking.rs:557:40
[INFO] [stdout]   28:     0x596ed8f79b87 - std::panicking::try::hdb19862fad9c8bd1
[INFO] [stdout]                                at /rustc/90b35a6239c3d8bdabc530a6a0816f7ff89a0aaf/library/std/src/panicking.rs:520:19
[INFO] [stdout]   29:     0x596ed8f79b87 - std::panic::catch_unwind::h281fe732d236d260
[INFO] [stdout]                                at /rustc/90b35a6239c3d8bdabc530a6a0816f7ff89a0aaf/library/std/src/panic.rs:358:14
[INFO] [stdout]   30:     0x596ed8f79b87 - test::run_test_in_process::h949b6df8457ed338
[INFO] [stdout]                                at /rustc/90b35a6239c3d8bdabc530a6a0816f7ff89a0aaf/library/test/src/lib.rs:644:27
[INFO] [stdout]   31:     0x596ed8f79b87 - test::run_test::{{closure}}::h52c556a6d4740e10
[INFO] [stdout]                                at /rustc/90b35a6239c3d8bdabc530a6a0816f7ff89a0aaf/library/test/src/lib.rs:565:43
[INFO] [stdout]   32:     0x596ed8f3ee64 - test::run_test::{{closure}}::h4237f6381c45ccb9
[INFO] [stdout]                                at /rustc/90b35a6239c3d8bdabc530a6a0816f7ff89a0aaf/library/test/src/lib.rs:595:41
[INFO] [stdout]   33:     0x596ed8f3ee64 - std::sys::backtrace::__rust_begin_short_backtrace::h505c97a579eca628
[INFO] [stdout]                                at /rustc/90b35a6239c3d8bdabc530a6a0816f7ff89a0aaf/library/std/src/sys/backtrace.rs:154:18
[INFO] [stdout]   34:     0x596ed8f4252e - std::thread::Builder::spawn_unchecked_::{{closure}}::{{closure}}::h9e86b2e2bc107ea3
[INFO] [stdout]                                at /rustc/90b35a6239c3d8bdabc530a6a0816f7ff89a0aaf/library/std/src/thread/mod.rs:538:17
[INFO] [stdout]   35:     0x596ed8f4252e - <core::panic::unwind_safe::AssertUnwindSafe<F> as core::ops::function::FnOnce<()>>::call_once::h8b06ddb275ff4a25
[INFO] [stdout]                                at /rustc/90b35a6239c3d8bdabc530a6a0816f7ff89a0aaf/library/core/src/panic/unwind_safe.rs:272:9
[INFO] [stdout]   36:     0x596ed8f4252e - std::panicking::try::do_call::hb26ecd7cd9a9355d
[INFO] [stdout]                                at /rustc/90b35a6239c3d8bdabc530a6a0816f7ff89a0aaf/library/std/src/panicking.rs:557:40
[INFO] [stdout]   37:     0x596ed8f4252e - std::panicking::try::h8ddeca9d705f9069
[INFO] [stdout]                                at /rustc/90b35a6239c3d8bdabc530a6a0816f7ff89a0aaf/library/std/src/panicking.rs:520:19
[INFO] [stdout]   38:     0x596ed8f4252e - std::panic::catch_unwind::h49e1c33078844c46
[INFO] [stdout]                                at /rustc/90b35a6239c3d8bdabc530a6a0816f7ff89a0aaf/library/std/src/panic.rs:358:14
[INFO] [stdout]   39:     0x596ed8f4252e - std::thread::Builder::spawn_unchecked_::{{closure}}::h6073db6ff56ad35d
[INFO] [stdout]                                at /rustc/90b35a6239c3d8bdabc530a6a0816f7ff89a0aaf/library/std/src/thread/mod.rs:537:30
[INFO] [stdout]   40:     0x596ed8f4252e - core::ops::function::FnOnce::call_once{{vtable.shim}}::h2c5a5f3779c774f1
[INFO] [stdout]                                at /rustc/90b35a6239c3d8bdabc530a6a0816f7ff89a0aaf/library/core/src/ops/function.rs:250:5
[INFO] [stdout]   41:     0x596ed935a8db - <alloc::boxed::Box<F,A> as core::ops::function::FnOnce<Args>>::call_once::hf75717d9f28faebf
[INFO] [stdout]                                at /rustc/90b35a6239c3d8bdabc530a6a0816f7ff89a0aaf/library/alloc/src/boxed.rs:2454:9
[INFO] [stdout]   42:     0x596ed935a8db - <alloc::boxed::Box<F,A> as core::ops::function::FnOnce<Args>>::call_once::h7bd883a5f3c5f3c1
[INFO] [stdout]                                at /rustc/90b35a6239c3d8bdabc530a6a0816f7ff89a0aaf/library/alloc/src/boxed.rs:2454:9
[INFO] [stdout]   43:     0x596ed935a8db - std::sys::pal::unix::thread::Thread::new::thread_start::hcc78f3943333fa94
[INFO] [stdout]                                at /rustc/90b35a6239c3d8bdabc530a6a0816f7ff89a0aaf/library/std/src/sys/pal/unix/thread.rs:105:17
[INFO] [stdout]   44:     0x755eb8eb4ac3 - <unknown>
[INFO] [stdout]   45:     0x755eb8f45a04 - clone
[INFO] [stdout]   46:                0x0 - <unknown>
[INFO] [stdout] 
[INFO] [stdout] 
[INFO] [stdout] failures:
[INFO] [stdout]     forwarder::tests::test_post
[INFO] [stdout] 
[INFO] [stdout] test result: FAILED. 1 passed; 1 failed; 0 ignored; 0 measured; 0 filtered out; finished in 0.08s
[INFO] [stdout] 
[INFO] [stderr] error: test failed, to rerun pass `--bin aprsproxy`
[INFO] running `Command { std: "docker" "inspect" "8c2a93274d620f2ea105d3f84ba15de08b8663d0d96b6d2d74c9b9833e1a4e17", kill_on_drop: false }`
[INFO] running `Command { std: "docker" "rm" "-f" "8c2a93274d620f2ea105d3f84ba15de08b8663d0d96b6d2d74c9b9833e1a4e17", kill_on_drop: false }`
[INFO] [stdout] 8c2a93274d620f2ea105d3f84ba15de08b8663d0d96b6d2d74c9b9833e1a4e17
