[INFO] fetching crate appit 0.4.0...
[INFO] testing appit-0.4.0 against beta-2024-12-08 for beta-1.84.0-4-retry
[INFO] extracting crate appit 0.4.0 into /workspace/builds/worker-4-tc2/source
[INFO] validating manifest of crates.io crate appit 0.4.0 on toolchain beta-2024-12-08
[INFO] running `Command { std: CARGO_HOME="/workspace/cargo-home" RUSTUP_HOME="/workspace/rustup-home" "/workspace/cargo-home/bin/cargo" "+beta-2024-12-08" "metadata" "--manifest-path" "Cargo.toml" "--no-deps", kill_on_drop: false }`
[INFO] started tweaking crates.io crate appit 0.4.0
[INFO] finished tweaking crates.io crate appit 0.4.0
[INFO] tweaked toml for crates.io crate appit 0.4.0 written to /workspace/builds/worker-4-tc2/source/Cargo.toml
[INFO] running `Command { std: CARGO_HOME="/workspace/cargo-home" RUSTUP_HOME="/workspace/rustup-home" "/workspace/cargo-home/bin/cargo" "+beta-2024-12-08" "generate-lockfile" "--manifest-path" "Cargo.toml", kill_on_drop: false }`
[INFO] [stderr]     Updating crates.io index
[INFO] [stderr]      Locking 177 packages to latest compatible versions
[INFO] running `Command { std: CARGO_HOME="/workspace/cargo-home" RUSTUP_HOME="/workspace/rustup-home" "/workspace/cargo-home/bin/cargo" "+beta-2024-12-08" "fetch" "--manifest-path" "Cargo.toml", kill_on_drop: false }`
[INFO] running `Command { std: "docker" "create" "-v" "/var/lib/crater-agent-workspace/builds/worker-4-tc2/target:/opt/rustwide/target:rw,Z" "-v" "/var/lib/crater-agent-workspace/builds/worker-4-tc2/source:/opt/rustwide/workdir:ro,Z" "-v" "/var/lib/crater-agent-workspace/cargo-home:/opt/rustwide/cargo-home:ro,Z" "-v" "/var/lib/crater-agent-workspace/rustup-home:/opt/rustwide/rustup-home:ro,Z" "-e" "SOURCE_DIR=/opt/rustwide/workdir" "-e" "CARGO_TARGET_DIR=/opt/rustwide/target" "-e" "CARGO_HOME=/opt/rustwide/cargo-home" "-e" "RUSTUP_HOME=/opt/rustwide/rustup-home" "-w" "/opt/rustwide/workdir" "-m" "1610612736" "--user" "0:0" "--network" "none" "ghcr.io/rust-lang/crates-build-env/linux@sha256:f3a9d4ad9d972b27faf3965f35b62e55ba32bbce8f20bc8fe909558a86702fde" "/opt/rustwide/cargo-home/bin/cargo" "+beta-2024-12-08" "metadata" "--no-deps" "--format-version=1", kill_on_drop: false }`
[INFO] [stdout] 9ab01a44fbfa7931915ed1e230bb0c8a8e831971b632b53fcace9508d03faaee
[INFO] running `Command { std: "docker" "start" "-a" "9ab01a44fbfa7931915ed1e230bb0c8a8e831971b632b53fcace9508d03faaee", kill_on_drop: false }`
[INFO] running `Command { std: "docker" "inspect" "9ab01a44fbfa7931915ed1e230bb0c8a8e831971b632b53fcace9508d03faaee", kill_on_drop: false }`
[INFO] running `Command { std: "docker" "rm" "-f" "9ab01a44fbfa7931915ed1e230bb0c8a8e831971b632b53fcace9508d03faaee", kill_on_drop: false }`
[INFO] [stdout] 9ab01a44fbfa7931915ed1e230bb0c8a8e831971b632b53fcace9508d03faaee
[INFO] running `Command { std: "docker" "create" "-v" "/var/lib/crater-agent-workspace/builds/worker-4-tc2/target:/opt/rustwide/target:rw,Z" "-v" "/var/lib/crater-agent-workspace/builds/worker-4-tc2/source:/opt/rustwide/workdir:ro,Z" "-v" "/var/lib/crater-agent-workspace/cargo-home:/opt/rustwide/cargo-home:ro,Z" "-v" "/var/lib/crater-agent-workspace/rustup-home:/opt/rustwide/rustup-home:ro,Z" "-e" "SOURCE_DIR=/opt/rustwide/workdir" "-e" "CARGO_TARGET_DIR=/opt/rustwide/target" "-e" "CARGO_INCREMENTAL=0" "-e" "RUST_BACKTRACE=full" "-e" "RUSTFLAGS=--cap-lints=warn" "-e" "RUSTDOCFLAGS=--cap-lints=warn" "-e" "CARGO_HOME=/opt/rustwide/cargo-home" "-e" "RUSTUP_HOME=/opt/rustwide/rustup-home" "-w" "/opt/rustwide/workdir" "-m" "1610612736" "--user" "0:0" "--network" "none" "ghcr.io/rust-lang/crates-build-env/linux@sha256:f3a9d4ad9d972b27faf3965f35b62e55ba32bbce8f20bc8fe909558a86702fde" "/opt/rustwide/cargo-home/bin/cargo" "+beta-2024-12-08" "build" "--frozen" "--message-format=json", kill_on_drop: false }`
[INFO] [stdout] cc1f48bae3efd8549bde0408e9fe257790fbac6d83763ce5aaf132e07a5a3b11
[INFO] running `Command { std: "docker" "start" "-a" "cc1f48bae3efd8549bde0408e9fe257790fbac6d83763ce5aaf132e07a5a3b11", kill_on_drop: false }`
[INFO] [stderr]    Compiling pkg-config v0.3.31
[INFO] [stderr]    Compiling bitflags v2.6.0
[INFO] [stderr]    Compiling rustix v0.38.42
[INFO] [stderr]    Compiling libloading v0.8.6
[INFO] [stderr]    Compiling log v0.4.22
[INFO] [stderr]    Compiling linux-raw-sys v0.4.14
[INFO] [stderr]    Compiling shlex v1.3.0
[INFO] [stderr]    Compiling smallvec v1.13.2
[INFO] [stderr]    Compiling scoped-tls v1.0.1
[INFO] [stderr]    Compiling memchr v2.7.4
[INFO] [stderr]    Compiling wayland-client v0.31.7
[INFO] [stderr]    Compiling tracing-core v0.1.33
[INFO] [stderr]    Compiling cursor-icon v1.1.0
[INFO] [stderr]    Compiling arrayref v0.3.9
[INFO] [stderr]    Compiling bytemuck v1.20.0
[INFO] [stderr]    Compiling smithay-client-toolkit v0.19.2
[INFO] [stderr]    Compiling ttf-parser v0.25.1
[INFO] [stderr]    Compiling xcursor v0.3.8
[INFO] [stderr]    Compiling strict-num v0.1.1
[INFO] [stderr]    Compiling cc v1.2.4
[INFO] [stderr]    Compiling dlib v0.5.2
[INFO] [stderr]    Compiling xkeysym v0.2.1
[INFO] [stderr]    Compiling ahash v0.8.11
[INFO] [stderr]    Compiling tiny-skia-path v0.11.4
[INFO] [stderr]    Compiling memmap2 v0.9.5
[INFO] [stderr]    Compiling ab_glyph_rasterizer v0.1.8
[INFO] [stderr]    Compiling arrayvec v0.7.6
[INFO] [stderr]    Compiling winit v0.30.5
[INFO] [stderr]    Compiling getrandom v0.2.15
[INFO] [stderr]    Compiling as-raw-xcb-connection v1.0.1
[INFO] [stderr]    Compiling x11rb-protocol v0.13.1
[INFO] [stderr]    Compiling dpi v0.1.1
[INFO] [stderr]    Compiling smol_str v0.2.2
[INFO] [stderr]    Compiling tracing v0.1.41
[INFO] [stderr]    Compiling wayland-sys v0.31.5
[INFO] [stderr]    Compiling x11-dl v2.21.0
[INFO] [stderr]    Compiling quick-xml v0.36.2
[INFO] [stderr]    Compiling xkbcommon-dl v0.4.2
[INFO] [stderr]    Compiling tiny-skia v0.11.4
[INFO] [stderr]    Compiling wayland-scanner v0.31.5
[INFO] [stderr]    Compiling wayland-backend v0.3.7
[INFO] [stderr]    Compiling owned_ttf_parser v0.25.0
[INFO] [stderr]    Compiling ab_glyph v0.2.29
[INFO] [stderr]    Compiling polling v3.7.4
[INFO] [stderr]    Compiling calloop v0.13.0
[INFO] [stderr]    Compiling wayland-csd-frame v0.3.0
[INFO] [stderr]    Compiling wayland-protocols v0.32.5
[INFO] [stderr]    Compiling calloop-wayland-source v0.3.0
[INFO] [stderr]    Compiling wayland-cursor v0.31.7
[INFO] [stderr]    Compiling x11rb v0.13.1
[INFO] [stderr]    Compiling wayland-protocols-wlr v0.3.5
[INFO] [stderr]    Compiling wayland-protocols-plasma v0.3.5
[INFO] [stderr]    Compiling sctk-adwaita v0.10.1
[INFO] [stderr]    Compiling appit v0.4.0 (/opt/rustwide/workdir)
[INFO] [stderr]     Finished `dev` profile [unoptimized + debuginfo] target(s) in 47.69s
[INFO] running `Command { std: "docker" "inspect" "cc1f48bae3efd8549bde0408e9fe257790fbac6d83763ce5aaf132e07a5a3b11", kill_on_drop: false }`
[INFO] running `Command { std: "docker" "rm" "-f" "cc1f48bae3efd8549bde0408e9fe257790fbac6d83763ce5aaf132e07a5a3b11", kill_on_drop: false }`
[INFO] [stdout] cc1f48bae3efd8549bde0408e9fe257790fbac6d83763ce5aaf132e07a5a3b11
[INFO] running `Command { std: "docker" "create" "-v" "/var/lib/crater-agent-workspace/builds/worker-4-tc2/target:/opt/rustwide/target:rw,Z" "-v" "/var/lib/crater-agent-workspace/builds/worker-4-tc2/source:/opt/rustwide/workdir:ro,Z" "-v" "/var/lib/crater-agent-workspace/cargo-home:/opt/rustwide/cargo-home:ro,Z" "-v" "/var/lib/crater-agent-workspace/rustup-home:/opt/rustwide/rustup-home:ro,Z" "-e" "SOURCE_DIR=/opt/rustwide/workdir" "-e" "CARGO_TARGET_DIR=/opt/rustwide/target" "-e" "CARGO_INCREMENTAL=0" "-e" "RUST_BACKTRACE=full" "-e" "RUSTFLAGS=--cap-lints=warn" "-e" "RUSTDOCFLAGS=--cap-lints=warn" "-e" "CARGO_HOME=/opt/rustwide/cargo-home" "-e" "RUSTUP_HOME=/opt/rustwide/rustup-home" "-w" "/opt/rustwide/workdir" "-m" "1610612736" "--user" "0:0" "--network" "none" "ghcr.io/rust-lang/crates-build-env/linux@sha256:f3a9d4ad9d972b27faf3965f35b62e55ba32bbce8f20bc8fe909558a86702fde" "/opt/rustwide/cargo-home/bin/cargo" "+beta-2024-12-08" "test" "--frozen" "--no-run" "--message-format=json", kill_on_drop: false }`
[INFO] [stdout] 7c6d7fa16e5d88be073494e299d12c0fce8744f9dfb5f4f896bf501d963d7136
[INFO] running `Command { std: "docker" "start" "-a" "7c6d7fa16e5d88be073494e299d12c0fce8744f9dfb5f4f896bf501d963d7136", kill_on_drop: false }`
[INFO] [stderr]    Compiling appit v0.4.0 (/opt/rustwide/workdir)
[INFO] [stderr]     Finished `test` profile [unoptimized + debuginfo] target(s) in 0.95s
[INFO] running `Command { std: "docker" "inspect" "7c6d7fa16e5d88be073494e299d12c0fce8744f9dfb5f4f896bf501d963d7136", kill_on_drop: false }`
[INFO] running `Command { std: "docker" "rm" "-f" "7c6d7fa16e5d88be073494e299d12c0fce8744f9dfb5f4f896bf501d963d7136", kill_on_drop: false }`
[INFO] [stdout] 7c6d7fa16e5d88be073494e299d12c0fce8744f9dfb5f4f896bf501d963d7136
[INFO] running `Command { std: "docker" "create" "-v" "/var/lib/crater-agent-workspace/builds/worker-4-tc2/target:/opt/rustwide/target:rw,Z" "-v" "/var/lib/crater-agent-workspace/builds/worker-4-tc2/source:/opt/rustwide/workdir:ro,Z" "-v" "/var/lib/crater-agent-workspace/cargo-home:/opt/rustwide/cargo-home:ro,Z" "-v" "/var/lib/crater-agent-workspace/rustup-home:/opt/rustwide/rustup-home:ro,Z" "-e" "SOURCE_DIR=/opt/rustwide/workdir" "-e" "CARGO_TARGET_DIR=/opt/rustwide/target" "-e" "CARGO_INCREMENTAL=0" "-e" "RUST_BACKTRACE=full" "-e" "RUSTFLAGS=--cap-lints=warn" "-e" "RUSTDOCFLAGS=--cap-lints=warn" "-e" "CARGO_HOME=/opt/rustwide/cargo-home" "-e" "RUSTUP_HOME=/opt/rustwide/rustup-home" "-w" "/opt/rustwide/workdir" "-m" "1610612736" "--user" "0:0" "--network" "none" "ghcr.io/rust-lang/crates-build-env/linux@sha256:f3a9d4ad9d972b27faf3965f35b62e55ba32bbce8f20bc8fe909558a86702fde" "/opt/rustwide/cargo-home/bin/cargo" "+beta-2024-12-08" "test" "--frozen", kill_on_drop: false }`
[INFO] [stdout] b626b450e782b6e251e13d67fd1d3c333896212629b9bfd6de08fc5472878fb3
[INFO] running `Command { std: "docker" "start" "-a" "b626b450e782b6e251e13d67fd1d3c333896212629b9bfd6de08fc5472878fb3", kill_on_drop: false }`
[INFO] [stderr]     Finished `test` profile [unoptimized + debuginfo] target(s) in 0.13s
[INFO] [stderr]      Running unittests src/lib.rs (/opt/rustwide/target/debug/deps/appit-239742c90787cd25)
[INFO] [stderr]    Doc-tests appit
[INFO] [stdout] 
[INFO] [stdout] running 0 tests
[INFO] [stdout] 
[INFO] [stdout] test result: ok. 0 passed; 0 failed; 0 ignored; 0 measured; 0 filtered out; finished in 0.00s
[INFO] [stdout] 
[INFO] [stdout] 
[INFO] [stdout] running 1 test
[INFO] [stdout] test src/lib.rs - (line 18) - compile ... FAILED
[INFO] [stdout] 
[INFO] [stdout] failures:
[INFO] [stdout] 
[INFO] [stdout] ---- src/lib.rs - (line 18) stdout ----
[INFO] [stdout] error[E0107]: missing generics for trait `WindowBehavior`
[INFO] [stdout]    --> src/lib.rs:24:6
[INFO] [stdout]     |
[INFO] [stdout] 8   | impl WindowBehavior for MyWindow {
[INFO] [stdout]     |      ^^^^^^^^^^^^^^ expected 1 generic argument
[INFO] [stdout]     |
[INFO] [stdout] note: trait defined here, with 1 generic parameter: `AppMessage`
[INFO] [stdout]    --> /opt/rustwide/workdir/src/window.rs:865:11
[INFO] [stdout]     |
[INFO] [stdout] 865 | pub trait WindowBehavior<AppMessage>: Sized + 'static
[INFO] [stdout]     |           ^^^^^^^^^^^^^^ ----------
[INFO] [stdout] help: add missing generic argument
[INFO] [stdout]     |
[INFO] [stdout] 8   | impl WindowBehavior<AppMessage> for MyWindow {
[INFO] [stdout]     |                    ++++++++++++
[INFO] [stdout] 
[INFO] [stdout] error[E0107]: missing generics for struct `RunningWindow`
[INFO] [stdout]    --> src/lib.rs:27:40
[INFO] [stdout]     |
[INFO] [stdout] 11  |     fn initialize(_window: &mut appit::RunningWindow, _context: Self::Context) -> Self {
[INFO] [stdout]     |                                        ^^^^^^^^^^^^^ expected 1 generic argument
[INFO] [stdout]     |
[INFO] [stdout] note: struct defined here, with 1 generic parameter: `AppMessage`
[INFO] [stdout]    --> /opt/rustwide/workdir/src/window.rs:289:12
[INFO] [stdout]     |
[INFO] [stdout] 289 | pub struct RunningWindow<AppMessage>
[INFO] [stdout]     |            ^^^^^^^^^^^^^ ----------
[INFO] [stdout] help: add missing generic argument
[INFO] [stdout]     |
[INFO] [stdout] 11  |     fn initialize(_window: &mut appit::RunningWindow<AppMessage>, _context: Self::Context) -> Self {
[INFO] [stdout]     |                                                     ++++++++++++
[INFO] [stdout] 
[INFO] [stdout] error[E0107]: missing generics for struct `RunningWindow`
[INFO] [stdout]    --> src/lib.rs:31:46
[INFO] [stdout]     |
[INFO] [stdout] 15  |     fn redraw(&mut self, window: &mut appit::RunningWindow) {
[INFO] [stdout]     |                                              ^^^^^^^^^^^^^ expected 1 generic argument
[INFO] [stdout]     |
[INFO] [stdout] note: struct defined here, with 1 generic parameter: `AppMessage`
[INFO] [stdout]    --> /opt/rustwide/workdir/src/window.rs:289:12
[INFO] [stdout]     |
[INFO] [stdout] 289 | pub struct RunningWindow<AppMessage>
[INFO] [stdout]     |            ^^^^^^^^^^^^^ ----------
[INFO] [stdout] help: add missing generic argument
[INFO] [stdout]     |
[INFO] [stdout] 15  |     fn redraw(&mut self, window: &mut appit::RunningWindow<AppMessage>) {
[INFO] [stdout]     |                                                           ++++++++++++
[INFO] [stdout] 
[INFO] [stdout] error[E0599]: no function or associated item named `run` found for struct `MyWindow` in the current scope
[INFO] [stdout]   --> src/lib.rs:37:15
[INFO] [stdout]    |
[INFO] [stdout] 6  | struct MyWindow;
[INFO] [stdout]    | --------------- function or associated item `run` not found for this struct
[INFO] [stdout] ...
[INFO] [stdout] 21 |     MyWindow::run()
[INFO] [stdout]    |               ^^^ function or associated item not found in `MyWindow`
[INFO] [stdout]    |
[INFO] [stdout]    = help: items from traits can only be used if the trait is implemented and in scope
[INFO] [stdout]    = note: the following trait defines an item `run`, perhaps you need to implement it:
[INFO] [stdout]            candidate #1: `Run`
[INFO] [stdout] 
[INFO] [stdout] error: aborting due to 4 previous errors
[INFO] [stdout] 
[INFO] [stdout] Some errors have detailed explanations: E0107, E0599.
[INFO] [stdout] For more information about an error, try `rustc --explain E0107`.
[INFO] [stdout] Couldn't compile the test.
[INFO] [stdout] 
[INFO] [stdout] failures:
[INFO] [stdout]     src/lib.rs - (line 18)
[INFO] [stdout] 
[INFO] [stdout] test result: FAILED. 0 passed; 1 failed; 0 ignored; 0 measured; 0 filtered out; finished in 0.15s
[INFO] [stdout] 
[INFO] [stderr] error: doctest failed, to rerun pass `--doc`
[INFO] running `Command { std: "docker" "inspect" "b626b450e782b6e251e13d67fd1d3c333896212629b9bfd6de08fc5472878fb3", kill_on_drop: false }`
[INFO] running `Command { std: "docker" "rm" "-f" "b626b450e782b6e251e13d67fd1d3c333896212629b9bfd6de08fc5472878fb3", kill_on_drop: false }`
[INFO] [stdout] b626b450e782b6e251e13d67fd1d3c333896212629b9bfd6de08fc5472878fb3
