[INFO] fetching crate aporia 0.1.1...
[INFO] testing aporia-0.1.1 against 1.83.0 for beta-1.84.0-4-retry
[INFO] extracting crate aporia 0.1.1 into /workspace/builds/worker-4-tc1/source
[INFO] validating manifest of crates.io crate aporia 0.1.1 on toolchain 1.83.0
[INFO] running `Command { std: CARGO_HOME="/workspace/cargo-home" RUSTUP_HOME="/workspace/rustup-home" "/workspace/cargo-home/bin/cargo" "+1.83.0" "metadata" "--manifest-path" "Cargo.toml" "--no-deps", kill_on_drop: false }`
[INFO] started tweaking crates.io crate aporia 0.1.1
[INFO] removed 0 missing examples
[INFO] finished tweaking crates.io crate aporia 0.1.1
[INFO] tweaked toml for crates.io crate aporia 0.1.1 written to /workspace/builds/worker-4-tc1/source/Cargo.toml
[INFO] crate crates.io crate aporia 0.1.1 already has a lockfile, it will not be regenerated
[INFO] running `Command { std: CARGO_HOME="/workspace/cargo-home" RUSTUP_HOME="/workspace/rustup-home" "/workspace/cargo-home/bin/cargo" "+1.83.0" "fetch" "--manifest-path" "Cargo.toml", kill_on_drop: false }`
[INFO] running `Command { std: "docker" "create" "-v" "/var/lib/crater-agent-workspace/builds/worker-4-tc1/target:/opt/rustwide/target:rw,Z" "-v" "/var/lib/crater-agent-workspace/builds/worker-4-tc1/source:/opt/rustwide/workdir:ro,Z" "-v" "/var/lib/crater-agent-workspace/cargo-home:/opt/rustwide/cargo-home:ro,Z" "-v" "/var/lib/crater-agent-workspace/rustup-home:/opt/rustwide/rustup-home:ro,Z" "-e" "SOURCE_DIR=/opt/rustwide/workdir" "-e" "CARGO_TARGET_DIR=/opt/rustwide/target" "-e" "CARGO_HOME=/opt/rustwide/cargo-home" "-e" "RUSTUP_HOME=/opt/rustwide/rustup-home" "-w" "/opt/rustwide/workdir" "-m" "1610612736" "--user" "0:0" "--network" "none" "ghcr.io/rust-lang/crates-build-env/linux@sha256:f3a9d4ad9d972b27faf3965f35b62e55ba32bbce8f20bc8fe909558a86702fde" "/opt/rustwide/cargo-home/bin/cargo" "+1.83.0" "metadata" "--no-deps" "--format-version=1", kill_on_drop: false }`
[INFO] [stdout] 3ecccd767289c7e99fefb09ae5a7e72e24e3ad7b0b53ceb5b66ff0bb8f031c00
[INFO] running `Command { std: "docker" "start" "-a" "3ecccd767289c7e99fefb09ae5a7e72e24e3ad7b0b53ceb5b66ff0bb8f031c00", kill_on_drop: false }`
[INFO] running `Command { std: "docker" "inspect" "3ecccd767289c7e99fefb09ae5a7e72e24e3ad7b0b53ceb5b66ff0bb8f031c00", kill_on_drop: false }`
[INFO] running `Command { std: "docker" "rm" "-f" "3ecccd767289c7e99fefb09ae5a7e72e24e3ad7b0b53ceb5b66ff0bb8f031c00", kill_on_drop: false }`
[INFO] [stdout] 3ecccd767289c7e99fefb09ae5a7e72e24e3ad7b0b53ceb5b66ff0bb8f031c00
[INFO] running `Command { std: "docker" "create" "-v" "/var/lib/crater-agent-workspace/builds/worker-4-tc1/target:/opt/rustwide/target:rw,Z" "-v" "/var/lib/crater-agent-workspace/builds/worker-4-tc1/source:/opt/rustwide/workdir:ro,Z" "-v" "/var/lib/crater-agent-workspace/cargo-home:/opt/rustwide/cargo-home:ro,Z" "-v" "/var/lib/crater-agent-workspace/rustup-home:/opt/rustwide/rustup-home:ro,Z" "-e" "SOURCE_DIR=/opt/rustwide/workdir" "-e" "CARGO_TARGET_DIR=/opt/rustwide/target" "-e" "CARGO_INCREMENTAL=0" "-e" "RUST_BACKTRACE=full" "-e" "RUSTFLAGS=--cap-lints=warn" "-e" "RUSTDOCFLAGS=--cap-lints=warn" "-e" "CARGO_HOME=/opt/rustwide/cargo-home" "-e" "RUSTUP_HOME=/opt/rustwide/rustup-home" "-w" "/opt/rustwide/workdir" "-m" "1610612736" "--user" "0:0" "--network" "none" "ghcr.io/rust-lang/crates-build-env/linux@sha256:f3a9d4ad9d972b27faf3965f35b62e55ba32bbce8f20bc8fe909558a86702fde" "/opt/rustwide/cargo-home/bin/cargo" "+1.83.0" "build" "--frozen" "--message-format=json", kill_on_drop: false }`
[INFO] [stdout] 57c7df0424243675672ca5ef757beee16d72c6e1488ff0cc38daff02798696e2
[INFO] running `Command { std: "docker" "start" "-a" "57c7df0424243675672ca5ef757beee16d72c6e1488ff0cc38daff02798696e2", kill_on_drop: false }`
[INFO] [stderr]    Compiling aporia v0.1.1 (/opt/rustwide/workdir)
[INFO] [stderr]     Finished `dev` profile [unoptimized + debuginfo] target(s) in 0.25s
[INFO] running `Command { std: "docker" "inspect" "57c7df0424243675672ca5ef757beee16d72c6e1488ff0cc38daff02798696e2", kill_on_drop: false }`
[INFO] running `Command { std: "docker" "rm" "-f" "57c7df0424243675672ca5ef757beee16d72c6e1488ff0cc38daff02798696e2", kill_on_drop: false }`
[INFO] [stdout] 57c7df0424243675672ca5ef757beee16d72c6e1488ff0cc38daff02798696e2
[INFO] running `Command { std: "docker" "create" "-v" "/var/lib/crater-agent-workspace/builds/worker-4-tc1/target:/opt/rustwide/target:rw,Z" "-v" "/var/lib/crater-agent-workspace/builds/worker-4-tc1/source:/opt/rustwide/workdir:ro,Z" "-v" "/var/lib/crater-agent-workspace/cargo-home:/opt/rustwide/cargo-home:ro,Z" "-v" "/var/lib/crater-agent-workspace/rustup-home:/opt/rustwide/rustup-home:ro,Z" "-e" "SOURCE_DIR=/opt/rustwide/workdir" "-e" "CARGO_TARGET_DIR=/opt/rustwide/target" "-e" "CARGO_INCREMENTAL=0" "-e" "RUST_BACKTRACE=full" "-e" "RUSTFLAGS=--cap-lints=warn" "-e" "RUSTDOCFLAGS=--cap-lints=warn" "-e" "CARGO_HOME=/opt/rustwide/cargo-home" "-e" "RUSTUP_HOME=/opt/rustwide/rustup-home" "-w" "/opt/rustwide/workdir" "-m" "1610612736" "--user" "0:0" "--network" "none" "ghcr.io/rust-lang/crates-build-env/linux@sha256:f3a9d4ad9d972b27faf3965f35b62e55ba32bbce8f20bc8fe909558a86702fde" "/opt/rustwide/cargo-home/bin/cargo" "+1.83.0" "test" "--frozen" "--no-run" "--message-format=json", kill_on_drop: false }`
[INFO] [stdout] 0f9db10b2b29f76e1c64a21a8f42ea64b0b3f4f7e9a7329c6f4c60eb603bfcd0
[INFO] running `Command { std: "docker" "start" "-a" "0f9db10b2b29f76e1c64a21a8f42ea64b0b3f4f7e9a7329c6f4c60eb603bfcd0", kill_on_drop: false }`
[INFO] [stderr]    Compiling aporia v0.1.1 (/opt/rustwide/workdir)
[INFO] [stderr]     Finished `test` profile [unoptimized + debuginfo] target(s) in 0.94s
[INFO] running `Command { std: "docker" "inspect" "0f9db10b2b29f76e1c64a21a8f42ea64b0b3f4f7e9a7329c6f4c60eb603bfcd0", kill_on_drop: false }`
[INFO] running `Command { std: "docker" "rm" "-f" "0f9db10b2b29f76e1c64a21a8f42ea64b0b3f4f7e9a7329c6f4c60eb603bfcd0", kill_on_drop: false }`
[INFO] [stdout] 0f9db10b2b29f76e1c64a21a8f42ea64b0b3f4f7e9a7329c6f4c60eb603bfcd0
[INFO] running `Command { std: "docker" "create" "-v" "/var/lib/crater-agent-workspace/builds/worker-4-tc1/target:/opt/rustwide/target:rw,Z" "-v" "/var/lib/crater-agent-workspace/builds/worker-4-tc1/source:/opt/rustwide/workdir:ro,Z" "-v" "/var/lib/crater-agent-workspace/cargo-home:/opt/rustwide/cargo-home:ro,Z" "-v" "/var/lib/crater-agent-workspace/rustup-home:/opt/rustwide/rustup-home:ro,Z" "-e" "SOURCE_DIR=/opt/rustwide/workdir" "-e" "CARGO_TARGET_DIR=/opt/rustwide/target" "-e" "CARGO_INCREMENTAL=0" "-e" "RUST_BACKTRACE=full" "-e" "RUSTFLAGS=--cap-lints=warn" "-e" "RUSTDOCFLAGS=--cap-lints=warn" "-e" "CARGO_HOME=/opt/rustwide/cargo-home" "-e" "RUSTUP_HOME=/opt/rustwide/rustup-home" "-w" "/opt/rustwide/workdir" "-m" "1610612736" "--user" "0:0" "--network" "none" "ghcr.io/rust-lang/crates-build-env/linux@sha256:f3a9d4ad9d972b27faf3965f35b62e55ba32bbce8f20bc8fe909558a86702fde" "/opt/rustwide/cargo-home/bin/cargo" "+1.83.0" "test" "--frozen", kill_on_drop: false }`
[INFO] [stdout] 86f89f265804cd0571055d4e0e12dd04b2966b2b6e015877a616cdca0df1afc3
[INFO] running `Command { std: "docker" "start" "-a" "86f89f265804cd0571055d4e0e12dd04b2966b2b6e015877a616cdca0df1afc3", kill_on_drop: false }`
[INFO] [stderr]     Finished `test` profile [unoptimized + debuginfo] target(s) in 0.02s
[INFO] [stderr]      Running unittests src/lib.rs (/opt/rustwide/target/debug/deps/aporia-1ace84deef6a3d2d)
[INFO] [stdout] 
[INFO] [stdout] running 1 test
[INFO] [stdout] test tests::basic_random_generation ... ok
[INFO] [stdout] 
[INFO] [stderr]    Doc-tests aporia
[INFO] [stdout] test result: ok. 1 passed; 0 failed; 0 ignored; 0 measured; 0 filtered out; finished in 0.00s
[INFO] [stdout] 
[INFO] [stdout] 
[INFO] [stdout] running 11 tests
[INFO] [stdout] test src/backend/lcg.rs - backend::lcg (line 15) ... FAILED
[INFO] [stdout] test src/backend/mod.rs - backend::RandomBackend (line 74) ... FAILED
[INFO] [stdout] test src/backend/xorshift.rs - backend::xorshift (line 15) ... FAILED
[INFO] [stdout] test src/backend/splitmix64.rs - backend::splitmix64 (line 15) ... FAILED
[INFO] [stdout] test src/backend/mt19937_64.rs - backend::mt19937_64 (line 16) ... FAILED
[INFO] [stdout] test src/backend/pcg.rs - backend::pcg (line 15) ... FAILED
[INFO] [stdout] test src/backend/xoshiro256starstar.rs - backend::xoshiro256starstar (line 15) ... FAILED
[INFO] [stdout] test src/backend/mod.rs - backend (line 31) ... FAILED
[INFO] [stdout] test src/lib.rs - (line 16) ... FAILED
[INFO] [stdout] test src/lib.rs - (line 41) ... FAILED
[INFO] [stdout] test src/rng.rs - rng::Rng (line 17) ... FAILED
[INFO] [stdout] 
[INFO] [stdout] failures:
[INFO] [stdout] 
[INFO] [stdout] ---- src/backend/lcg.rs - backend::lcg (line 15) stdout ----
[INFO] [stdout] error[E0433]: failed to resolve: use of undeclared crate or module `alea`
[INFO] [stdout]  --> src/backend/lcg.rs:16:5
[INFO] [stdout]   |
[INFO] [stdout] 3 | use alea::{Rng, backend::LCG};
[INFO] [stdout]   |     ^^^^ use of undeclared crate or module `alea`
[INFO] [stdout] 
[INFO] [stdout] error[E0432]: unresolved import `alea`
[INFO] [stdout]  --> src/backend/lcg.rs:16:5
[INFO] [stdout]   |
[INFO] [stdout] 3 | use alea::{Rng, backend::LCG};
[INFO] [stdout]   |     ^^^^ use of undeclared crate or module `alea`
[INFO] [stdout] 
[INFO] [stdout] error: aborting due to 2 previous errors
[INFO] [stdout] 
[INFO] [stdout] Some errors have detailed explanations: E0432, E0433.
[INFO] [stdout] For more information about an error, try `rustc --explain E0432`.
[INFO] [stdout] Couldn't compile the test.
[INFO] [stdout] ---- src/backend/mod.rs - backend::RandomBackend (line 74) stdout ----
[INFO] [stdout] error[E0432]: unresolved import `alea`
[INFO] [stdout]  --> src/backend/mod.rs:75:5
[INFO] [stdout]   |
[INFO] [stdout] 3 | use alea::RandomBackend;
[INFO] [stdout]   |     ^^^^ use of undeclared crate or module `alea`
[INFO] [stdout] 
[INFO] [stdout] error: aborting due to 1 previous error
[INFO] [stdout] 
[INFO] [stdout] For more information about this error, try `rustc --explain E0432`.
[INFO] [stdout] Couldn't compile the test.
[INFO] [stdout] ---- src/backend/xorshift.rs - backend::xorshift (line 15) stdout ----
[INFO] [stdout] error[E0433]: failed to resolve: use of undeclared crate or module `alea`
[INFO] [stdout]  --> src/backend/xorshift.rs:16:5
[INFO] [stdout]   |
[INFO] [stdout] 3 | use alea::{Rng, backend::XorShift};
[INFO] [stdout]   |     ^^^^ use of undeclared crate or module `alea`
[INFO] [stdout] 
[INFO] [stdout] error[E0432]: unresolved import `alea`
[INFO] [stdout]  --> src/backend/xorshift.rs:16:5
[INFO] [stdout]   |
[INFO] [stdout] 3 | use alea::{Rng, backend::XorShift};
[INFO] [stdout]   |     ^^^^ use of undeclared crate or module `alea`
[INFO] [stdout] 
[INFO] [stdout] error: aborting due to 2 previous errors
[INFO] [stdout] 
[INFO] [stdout] Some errors have detailed explanations: E0432, E0433.
[INFO] [stdout] For more information about an error, try `rustc --explain E0432`.
[INFO] [stdout] Couldn't compile the test.
[INFO] [stdout] ---- src/backend/splitmix64.rs - backend::splitmix64 (line 15) stdout ----
[INFO] [stdout] error[E0433]: failed to resolve: use of undeclared crate or module `alea`
[INFO] [stdout]  --> src/backend/splitmix64.rs:16:5
[INFO] [stdout]   |
[INFO] [stdout] 3 | use alea::{Rng, backend::SplitMix64};
[INFO] [stdout]   |     ^^^^ use of undeclared crate or module `alea`
[INFO] [stdout] 
[INFO] [stdout] error[E0432]: unresolved import `alea`
[INFO] [stdout]  --> src/backend/splitmix64.rs:16:5
[INFO] [stdout]   |
[INFO] [stdout] 3 | use alea::{Rng, backend::SplitMix64};
[INFO] [stdout]   |     ^^^^ use of undeclared crate or module `alea`
[INFO] [stdout] 
[INFO] [stdout] error: aborting due to 2 previous errors
[INFO] [stdout] 
[INFO] [stdout] Some errors have detailed explanations: E0432, E0433.
[INFO] [stdout] For more information about an error, try `rustc --explain E0432`.
[INFO] [stdout] Couldn't compile the test.
[INFO] [stdout] ---- src/backend/mt19937_64.rs - backend::mt19937_64 (line 16) stdout ----
[INFO] [stdout] error[E0433]: failed to resolve: use of undeclared crate or module `alea`
[INFO] [stdout]  --> src/backend/mt19937_64.rs:17:5
[INFO] [stdout]   |
[INFO] [stdout] 3 | use alea::{Rng, backend::MT19937_64};
[INFO] [stdout]   |     ^^^^ use of undeclared crate or module `alea`
[INFO] [stdout] 
[INFO] [stdout] error[E0432]: unresolved import `alea`
[INFO] [stdout]  --> src/backend/mt19937_64.rs:17:5
[INFO] [stdout]   |
[INFO] [stdout] 3 | use alea::{Rng, backend::MT19937_64};
[INFO] [stdout]   |     ^^^^ use of undeclared crate or module `alea`
[INFO] [stdout] 
[INFO] [stdout] error: aborting due to 2 previous errors
[INFO] [stdout] 
[INFO] [stdout] Some errors have detailed explanations: E0432, E0433.
[INFO] [stdout] For more information about an error, try `rustc --explain E0432`.
[INFO] [stdout] Couldn't compile the test.
[INFO] [stdout] ---- src/backend/pcg.rs - backend::pcg (line 15) stdout ----
[INFO] [stdout] error[E0433]: failed to resolve: use of undeclared crate or module `alea`
[INFO] [stdout]  --> src/backend/pcg.rs:16:5
[INFO] [stdout]   |
[INFO] [stdout] 3 | use alea::{Rng, backend::PCG};
[INFO] [stdout]   |     ^^^^ use of undeclared crate or module `alea`
[INFO] [stdout] 
[INFO] [stdout] error[E0432]: unresolved import `alea`
[INFO] [stdout]  --> src/backend/pcg.rs:16:5
[INFO] [stdout]   |
[INFO] [stdout] 3 | use alea::{Rng, backend::PCG};
[INFO] [stdout]   |     ^^^^ use of undeclared crate or module `alea`
[INFO] [stdout] 
[INFO] [stdout] error: aborting due to 2 previous errors
[INFO] [stdout] 
[INFO] [stdout] Some errors have detailed explanations: E0432, E0433.
[INFO] [stdout] For more information about an error, try `rustc --explain E0432`.
[INFO] [stdout] Couldn't compile the test.
[INFO] [stdout] ---- src/backend/xoshiro256starstar.rs - backend::xoshiro256starstar (line 15) stdout ----
[INFO] [stdout] error[E0433]: failed to resolve: use of undeclared crate or module `alea`
[INFO] [stdout]  --> src/backend/xoshiro256starstar.rs:16:5
[INFO] [stdout]   |
[INFO] [stdout] 3 | use alea::{Rng, backend::Xoshiro256StarStar};
[INFO] [stdout]   |     ^^^^ use of undeclared crate or module `alea`
[INFO] [stdout] 
[INFO] [stdout] error[E0432]: unresolved import `alea`
[INFO] [stdout]  --> src/backend/xoshiro256starstar.rs:16:5
[INFO] [stdout]   |
[INFO] [stdout] 3 | use alea::{Rng, backend::Xoshiro256StarStar};
[INFO] [stdout]   |     ^^^^ use of undeclared crate or module `alea`
[INFO] [stdout] 
[INFO] [stdout] error: aborting due to 2 previous errors
[INFO] [stdout] 
[INFO] [stdout] Some errors have detailed explanations: E0432, E0433.
[INFO] [stdout] For more information about an error, try `rustc --explain E0432`.
[INFO] [stdout] Couldn't compile the test.
[INFO] [stdout] ---- src/backend/mod.rs - backend (line 31) stdout ----
[INFO] [stdout] error[E0433]: failed to resolve: use of undeclared crate or module `alea`
[INFO] [stdout]  --> src/backend/mod.rs:32:5
[INFO] [stdout]   |
[INFO] [stdout] 3 | use alea::{Rng, backend::XorShift};
[INFO] [stdout]   |     ^^^^ use of undeclared crate or module `alea`
[INFO] [stdout] 
[INFO] [stdout] error[E0432]: unresolved import `alea`
[INFO] [stdout]  --> src/backend/mod.rs:32:5
[INFO] [stdout]   |
[INFO] [stdout] 3 | use alea::{Rng, backend::XorShift};
[INFO] [stdout]   |     ^^^^ use of undeclared crate or module `alea`
[INFO] [stdout] 
[INFO] [stdout] error: aborting due to 2 previous errors
[INFO] [stdout] 
[INFO] [stdout] Some errors have detailed explanations: E0432, E0433.
[INFO] [stdout] For more information about an error, try `rustc --explain E0432`.
[INFO] [stdout] Couldn't compile the test.
[INFO] [stdout] ---- src/lib.rs - (line 16) stdout ----
[INFO] [stdout] error[E0433]: failed to resolve: use of undeclared crate or module `alea`
[INFO] [stdout]  --> src/lib.rs:17:5
[INFO] [stdout]   |
[INFO] [stdout] 3 | use alea::{Rng, backend::XorShift};
[INFO] [stdout]   |     ^^^^ use of undeclared crate or module `alea`
[INFO] [stdout] 
[INFO] [stdout] error[E0432]: unresolved import `alea`
[INFO] [stdout]  --> src/lib.rs:17:5
[INFO] [stdout]   |
[INFO] [stdout] 3 | use alea::{Rng, backend::XorShift};
[INFO] [stdout]   |     ^^^^ use of undeclared crate or module `alea`
[INFO] [stdout] 
[INFO] [stdout] error: aborting due to 2 previous errors
[INFO] [stdout] 
[INFO] [stdout] Some errors have detailed explanations: E0432, E0433.
[INFO] [stdout] For more information about an error, try `rustc --explain E0432`.
[INFO] [stdout] Couldn't compile the test.
[INFO] [stdout] ---- src/lib.rs - (line 41) stdout ----
[INFO] [stdout] error[E0432]: unresolved import `alea`
[INFO] [stdout]  --> src/lib.rs:42:5
[INFO] [stdout]   |
[INFO] [stdout] 3 | use alea::RandomBackend;
[INFO] [stdout]   |     ^^^^ use of undeclared crate or module `alea`
[INFO] [stdout] 
[INFO] [stdout] error: aborting due to 1 previous error
[INFO] [stdout] 
[INFO] [stdout] For more information about this error, try `rustc --explain E0432`.
[INFO] [stdout] Couldn't compile the test.
[INFO] [stdout] ---- src/rng.rs - rng::Rng (line 17) stdout ----
[INFO] [stdout] error[E0433]: failed to resolve: use of undeclared crate or module `alea`
[INFO] [stdout]  --> src/rng.rs:18:5
[INFO] [stdout]   |
[INFO] [stdout] 3 | use alea::{Rng, backend::XorShift};
[INFO] [stdout]   |     ^^^^ use of undeclared crate or module `alea`
[INFO] [stdout] 
[INFO] [stdout] error[E0432]: unresolved import `alea`
[INFO] [stdout]  --> src/rng.rs:18:5
[INFO] [stdout]   |
[INFO] [stdout] 3 | use alea::{Rng, backend::XorShift};
[INFO] [stdout]   |     ^^^^ use of undeclared crate or module `alea`
[INFO] [stdout] 
[INFO] [stdout] error: aborting due to 2 previous errors
[INFO] [stdout] 
[INFO] [stdout] Some errors have detailed explanations: E0432, E0433.
[INFO] [stdout] For more information about an error, try `rustc --explain E0432`.
[INFO] [stdout] Couldn't compile the test.
[INFO] [stdout] 
[INFO] [stdout] failures:
[INFO] [stdout]     src/backend/lcg.rs - backend::lcg (line 15)
[INFO] [stdout]     src/backend/mod.rs - backend (line 31)
[INFO] [stdout]     src/backend/mod.rs - backend::RandomBackend (line 74)
[INFO] [stdout]     src/backend/mt19937_64.rs - backend::mt19937_64 (line 16)
[INFO] [stdout]     src/backend/pcg.rs - backend::pcg (line 15)
[INFO] [stdout]     src/backend/splitmix64.rs - backend::splitmix64 (line 15)
[INFO] [stdout]     src/backend/xorshift.rs - backend::xorshift (line 15)
[INFO] [stdout]     src/backend/xoshiro256starstar.rs - backend::xoshiro256starstar (line 15)
[INFO] [stdout]     src/lib.rs - (line 16)
[INFO] [stdout]     src/lib.rs - (line 41)
[INFO] [stdout]     src/rng.rs - rng::Rng (line 17)
[INFO] [stdout] 
[INFO] [stdout] test result: FAILED. 0 passed; 11 failed; 0 ignored; 0 measured; 0 filtered out; finished in 0.41s
[INFO] [stdout] 
[INFO] [stderr] error: doctest failed, to rerun pass `--doc`
[INFO] running `Command { std: "docker" "inspect" "86f89f265804cd0571055d4e0e12dd04b2966b2b6e015877a616cdca0df1afc3", kill_on_drop: false }`
[INFO] running `Command { std: "docker" "rm" "-f" "86f89f265804cd0571055d4e0e12dd04b2966b2b6e015877a616cdca0df1afc3", kill_on_drop: false }`
[INFO] [stdout] 86f89f265804cd0571055d4e0e12dd04b2966b2b6e015877a616cdca0df1afc3
