[INFO] fetching crate apollo-federation 1.59.0-rc.0...
[INFO] testing apollo-federation-1.59.0-rc.0 against beta-2024-12-08 for beta-1.84.0-4-retry
[INFO] extracting crate apollo-federation 1.59.0-rc.0 into /workspace/builds/worker-2-tc2/source
[INFO] validating manifest of crates.io crate apollo-federation 1.59.0-rc.0 on toolchain beta-2024-12-08
[INFO] running `Command { std: CARGO_HOME="/workspace/cargo-home" RUSTUP_HOME="/workspace/rustup-home" "/workspace/cargo-home/bin/cargo" "+beta-2024-12-08" "metadata" "--manifest-path" "Cargo.toml" "--no-deps", kill_on_drop: false }`
[INFO] removed /workspace/builds/worker-2-tc2/source/.cargo/config.toml
[INFO] started tweaking crates.io crate apollo-federation 1.59.0-rc.0
[INFO] removed 0 missing tests
[INFO] finished tweaking crates.io crate apollo-federation 1.59.0-rc.0
[INFO] tweaked toml for crates.io crate apollo-federation 1.59.0-rc.0 written to /workspace/builds/worker-2-tc2/source/Cargo.toml
[INFO] crate crates.io crate apollo-federation 1.59.0-rc.0 already has a lockfile, it will not be regenerated
[INFO] running `Command { std: CARGO_HOME="/workspace/cargo-home" RUSTUP_HOME="/workspace/rustup-home" "/workspace/cargo-home/bin/cargo" "+beta-2024-12-08" "fetch" "--manifest-path" "Cargo.toml", kill_on_drop: false }`
[INFO] running `Command { std: "docker" "create" "-v" "/var/lib/crater-agent-workspace/builds/worker-2-tc2/target:/opt/rustwide/target:rw,Z" "-v" "/var/lib/crater-agent-workspace/builds/worker-2-tc2/source:/opt/rustwide/workdir:ro,Z" "-v" "/var/lib/crater-agent-workspace/cargo-home:/opt/rustwide/cargo-home:ro,Z" "-v" "/var/lib/crater-agent-workspace/rustup-home:/opt/rustwide/rustup-home:ro,Z" "-e" "SOURCE_DIR=/opt/rustwide/workdir" "-e" "CARGO_TARGET_DIR=/opt/rustwide/target" "-e" "CARGO_HOME=/opt/rustwide/cargo-home" "-e" "RUSTUP_HOME=/opt/rustwide/rustup-home" "-w" "/opt/rustwide/workdir" "-m" "1610612736" "--user" "0:0" "--network" "none" "ghcr.io/rust-lang/crates-build-env/linux@sha256:f3a9d4ad9d972b27faf3965f35b62e55ba32bbce8f20bc8fe909558a86702fde" "/opt/rustwide/cargo-home/bin/cargo" "+beta-2024-12-08" "metadata" "--no-deps" "--format-version=1", kill_on_drop: false }`
[INFO] [stdout] ae2fbe63031074e406b956d9f7e18b19ae82370bab562de69f8f8637e6bc24ba
[INFO] running `Command { std: "docker" "start" "-a" "ae2fbe63031074e406b956d9f7e18b19ae82370bab562de69f8f8637e6bc24ba", kill_on_drop: false }`
[INFO] running `Command { std: "docker" "inspect" "ae2fbe63031074e406b956d9f7e18b19ae82370bab562de69f8f8637e6bc24ba", kill_on_drop: false }`
[INFO] running `Command { std: "docker" "rm" "-f" "ae2fbe63031074e406b956d9f7e18b19ae82370bab562de69f8f8637e6bc24ba", kill_on_drop: false }`
[INFO] [stdout] ae2fbe63031074e406b956d9f7e18b19ae82370bab562de69f8f8637e6bc24ba
[INFO] running `Command { std: "docker" "create" "-v" "/var/lib/crater-agent-workspace/builds/worker-2-tc2/target:/opt/rustwide/target:rw,Z" "-v" "/var/lib/crater-agent-workspace/builds/worker-2-tc2/source:/opt/rustwide/workdir:ro,Z" "-v" "/var/lib/crater-agent-workspace/cargo-home:/opt/rustwide/cargo-home:ro,Z" "-v" "/var/lib/crater-agent-workspace/rustup-home:/opt/rustwide/rustup-home:ro,Z" "-e" "SOURCE_DIR=/opt/rustwide/workdir" "-e" "CARGO_TARGET_DIR=/opt/rustwide/target" "-e" "CARGO_INCREMENTAL=0" "-e" "RUST_BACKTRACE=full" "-e" "RUSTFLAGS=--cap-lints=warn" "-e" "RUSTDOCFLAGS=--cap-lints=warn" "-e" "CARGO_HOME=/opt/rustwide/cargo-home" "-e" "RUSTUP_HOME=/opt/rustwide/rustup-home" "-w" "/opt/rustwide/workdir" "-m" "1610612736" "--user" "0:0" "--network" "none" "ghcr.io/rust-lang/crates-build-env/linux@sha256:f3a9d4ad9d972b27faf3965f35b62e55ba32bbce8f20bc8fe909558a86702fde" "/opt/rustwide/cargo-home/bin/cargo" "+beta-2024-12-08" "build" "--frozen" "--message-format=json", kill_on_drop: false }`
[INFO] [stdout] 1321d27bad241971c8f85f399534ce922986a959f22df3246e04139ebfcf400c
[INFO] running `Command { std: "docker" "start" "-a" "1321d27bad241971c8f85f399534ce922986a959f22df3246e04139ebfcf400c", kill_on_drop: false }`
[INFO] [stderr]    Compiling proc-macro2 v1.0.92
[INFO] [stderr]    Compiling unicode-ident v1.0.12
[INFO] [stderr]    Compiling stable_deref_trait v1.2.0
[INFO] [stderr]    Compiling memchr v2.7.4
[INFO] [stderr]    Compiling libc v0.2.167
[INFO] [stderr]    Compiling thiserror v1.0.63
[INFO] [stderr]    Compiling serde v1.0.215
[INFO] [stderr]    Compiling once_cell v1.19.0
[INFO] [stderr]    Compiling litemap v0.7.4
[INFO] [stderr]    Compiling writeable v0.5.5
[INFO] [stderr]    Compiling ucd-trie v0.1.6
[INFO] [stderr]    Compiling hashbrown v0.14.5
[INFO] [stderr]    Compiling autocfg v1.3.0
[INFO] [stderr]    Compiling icu_locid_transform_data v1.5.0
[INFO] [stderr]    Compiling icu_properties_data v1.5.0
[INFO] [stderr]    Compiling equivalent v1.0.1
[INFO] [stderr]    Compiling regex-syntax v0.8.5
[INFO] [stderr]    Compiling quote v1.0.36
[INFO] [stderr]    Compiling aho-corasick v1.1.3
[INFO] [stderr]    Compiling syn v2.0.90
[INFO] [stderr]    Compiling version_check v0.9.4
[INFO] [stderr]    Compiling memoffset v0.9.1
[INFO] [stderr]    Compiling serde_json v1.0.120
[INFO] [stderr]    Compiling smallvec v1.13.2
[INFO] [stderr]    Compiling utf8_iter v1.0.4
[INFO] [stderr]    Compiling write16 v1.0.0
[INFO] [stderr]    Compiling ahash v0.8.11
[INFO] [stderr]    Compiling itoa v1.0.11
[INFO] [stderr]    Compiling cfg-if v1.0.0
[INFO] [stderr]    Compiling utf16_iter v1.0.5
[INFO] [stderr]    Compiling ryu v1.0.18
[INFO] [stderr]    Compiling icu_normalizer_data v1.5.0
[INFO] [stderr]    Compiling bitflags v1.3.2
[INFO] [stderr]    Compiling countme v3.0.1
[INFO] [stderr]    Compiling rustversion v1.0.17
[INFO] [stderr]    Compiling text-size v1.1.1
[INFO] [stderr]    Compiling rustc-hash v1.1.0
[INFO] [stderr]    Compiling getrandom v0.2.15
[INFO] [stderr]    Compiling is-terminal v0.4.12
[INFO] [stderr]    Compiling concolor-query v0.3.3
[INFO] [stderr]    Compiling zerocopy v0.7.35
[INFO] [stderr]    Compiling concolor v0.1.1
[INFO] [stderr]    Compiling rowan v0.15.15
[INFO] [stderr]    Compiling bytes v1.6.1
[INFO] [stderr]    Compiling unicode-width v0.1.13
[INFO] [stderr]    Compiling powerfmt v0.2.0
[INFO] [stderr]    Compiling yansi v1.0.1
[INFO] [stderr]    Compiling percent-encoding v2.3.1
[INFO] [stderr]    Compiling form_urlencoded v1.2.1
[INFO] [stderr]    Compiling deranged v0.3.11
[INFO] [stderr]    Compiling ariadne v0.4.1
[INFO] [stderr]    Compiling regex-automata v0.4.8
[INFO] [stderr]    Compiling tracing-core v0.1.32
[INFO] [stderr]    Compiling num-conv v0.1.0
[INFO] [stderr]    Compiling allocator-api2 v0.2.18
[INFO] [stderr]    Compiling heck v0.5.0
[INFO] [stderr]    Compiling foldhash v0.1.3
[INFO] [stderr]    Compiling fixedbitset v0.4.2
[INFO] [stderr]    Compiling minimal-lexical v0.2.1
[INFO] [stderr]    Compiling either v1.13.0
[INFO] [stderr]    Compiling convert_case v0.4.0
[INFO] [stderr]    Compiling time-core v0.1.2
[INFO] [stderr]    Compiling num_threads v0.1.7
[INFO] [stderr]    Compiling typed-arena v2.0.2
[INFO] [stderr]    Compiling pin-project-lite v0.2.14
[INFO] [stderr]    Compiling itertools v0.13.0
[INFO] [stderr]    Compiling time v0.3.36
[INFO] [stderr]    Compiling nom v7.1.3
[INFO] [stderr]    Compiling hashbrown v0.15.2
[INFO] [stderr]    Compiling lazy_static v1.5.0
[INFO] [stderr]    Compiling strum v0.26.3
[INFO] [stderr]    Compiling synstructure v0.13.1
[INFO] [stderr]    Compiling regex v1.11.1
[INFO] [stderr]    Compiling zerofrom-derive v0.1.5
[INFO] [stderr]    Compiling yoke-derive v0.7.5
[INFO] [stderr]    Compiling zerovec-derive v0.10.3
[INFO] [stderr]    Compiling displaydoc v0.2.5
[INFO] [stderr]    Compiling serde_derive v1.0.215
[INFO] [stderr]    Compiling thiserror-impl v1.0.63
[INFO] [stderr]    Compiling icu_provider_macros v1.5.0
[INFO] [stderr]    Compiling tracing-attributes v0.1.27
[INFO] [stderr]    Compiling strum_macros v0.26.4
[INFO] [stderr]    Compiling derive_more v0.99.18
[INFO] [stderr]    Compiling zerofrom v0.1.5
[INFO] [stderr]    Compiling yoke v0.7.5
[INFO] [stderr]    Compiling zerovec v0.10.4
[INFO] [stderr]    Compiling pest v2.7.11
[INFO] [stderr]    Compiling apollo-parser v0.8.3
[INFO] [stderr]    Compiling tracing v0.1.40
[INFO] [stderr]    Compiling tinystr v0.7.6
[INFO] [stderr]    Compiling icu_collections v1.5.0
[INFO] [stderr]    Compiling icu_locid v1.5.0
[INFO] [stderr]    Compiling pest_meta v2.7.11
[INFO] [stderr]    Compiling icu_provider v1.5.0
[INFO] [stderr]    Compiling icu_locid_transform v1.5.0
[INFO] [stderr]    Compiling pest_generator v2.7.11
[INFO] [stderr]    Compiling icu_properties v1.5.1
[INFO] [stderr]    Compiling pest_derive v2.7.11
[INFO] [stderr]    Compiling indexmap v2.2.6
[INFO] [stderr]    Compiling triomphe v0.1.13
[INFO] [stderr]    Compiling multimap v0.10.0
[INFO] [stderr]    Compiling petgraph v0.6.5
[INFO] [stderr]    Compiling jsonpath-rust v0.3.5
[INFO] [stderr]    Compiling icu_normalizer v1.5.0
[INFO] [stderr]    Compiling idna_adapter v1.2.0
[INFO] [stderr]    Compiling idna v1.0.3
[INFO] [stderr]    Compiling serde_json_bytes v0.2.4
[INFO] [stderr]    Compiling url v2.5.4
[INFO] [stderr]    Compiling apollo-compiler v1.0.0-beta.24
[INFO] [stderr]    Compiling apollo-federation v1.59.0-rc.0 (/opt/rustwide/workdir)
[INFO] [stdout] warning: elided lifetime has a name
[INFO] [stdout]    --> src/query_graph/graph_path.rs:944:50
[INFO] [stdout]     |
[INFO] [stdout] 944 |     fn get_field_mut<'a>(&'a mut self) -> Option<&mut Field>
[INFO] [stdout]     |                      --                          ^ this elided lifetime gets resolved as `'a`
[INFO] [stdout]     |                      |
[INFO] [stdout]     |                      lifetime `'a` declared here
[INFO] [stdout]     |
[INFO] [stdout]     = note: `#[warn(elided_named_lifetimes)]` on by default
[INFO] [stdout] 
[INFO] [stdout] 
[INFO] [stdout] warning: unnecessary qualification
[INFO] [stdout]    --> src/query_plan/fetch_dependency_graph.rs:114:44
[INFO] [stdout]     |
[INFO] [stdout] 114 |             .flat_map(|(defer_ref, nodes)| std::iter::repeat(defer_ref).zip(nodes.iter().copied()))
[INFO] [stdout]     |                                            ^^^^^^^^^^^^^^^^^
[INFO] [stdout]     |
[INFO] [stdout] note: the lint level is defined here
[INFO] [stdout]    --> src/lib.rs:21:5
[INFO] [stdout]     |
[INFO] [stdout] 21  |     unused_qualifications,
[INFO] [stdout]     |     ^^^^^^^^^^^^^^^^^^^^^
[INFO] [stdout] help: remove the unnecessary path segments
[INFO] [stdout]     |
[INFO] [stdout] 114 -             .flat_map(|(defer_ref, nodes)| std::iter::repeat(defer_ref).zip(nodes.iter().copied()))
[INFO] [stdout] 114 +             .flat_map(|(defer_ref, nodes)| iter::repeat(defer_ref).zip(nodes.iter().copied()))
[INFO] [stdout]     |
[INFO] [stdout] 
[INFO] [stdout] 
[INFO] [stdout] warning: unnecessary qualification
[INFO] [stdout]    --> src/query_plan/fetch_dependency_graph.rs:123:13
[INFO] [stdout]     |
[INFO] [stdout] 123 |             std::iter::repeat_with(move || defer_ref.clone()).zip(nodes)
[INFO] [stdout]     |             ^^^^^^^^^^^^^^^^^^^^^^
[INFO] [stdout]     |
[INFO] [stdout] help: remove the unnecessary path segments
[INFO] [stdout]     |
[INFO] [stdout] 123 -             std::iter::repeat_with(move || defer_ref.clone()).zip(nodes)
[INFO] [stdout] 123 +             iter::repeat_with(move || defer_ref.clone()).zip(nodes)
[INFO] [stdout]     |
[INFO] [stdout] 
[INFO] [stdout] 
[INFO] [stdout] warning: unnecessary qualification
[INFO] [stdout]    --> src/query_plan/fetch_dependency_graph.rs:673:25
[INFO] [stdout]     |
[INFO] [stdout] 673 |                         schema::Type::Named(_) | schema::Type::NonNullNamed(_) => break,
[INFO] [stdout]     |                         ^^^^^^^^^^^^^^^^^^^
[INFO] [stdout]     |
[INFO] [stdout] help: remove the unnecessary path segments
[INFO] [stdout]     |
[INFO] [stdout] 673 -                         schema::Type::Named(_) | schema::Type::NonNullNamed(_) => break,
[INFO] [stdout] 673 +                         Type::Named(_) | schema::Type::NonNullNamed(_) => break,
[INFO] [stdout]     |
[INFO] [stdout] 
[INFO] [stdout] 
[INFO] [stdout] warning: unnecessary qualification
[INFO] [stdout]    --> src/query_plan/fetch_dependency_graph.rs:673:50
[INFO] [stdout]     |
[INFO] [stdout] 673 |                         schema::Type::Named(_) | schema::Type::NonNullNamed(_) => break,
[INFO] [stdout]     |                                                  ^^^^^^^^^^^^^^^^^^^^^^^^^^
[INFO] [stdout]     |
[INFO] [stdout] help: remove the unnecessary path segments
[INFO] [stdout]     |
[INFO] [stdout] 673 -                         schema::Type::Named(_) | schema::Type::NonNullNamed(_) => break,
[INFO] [stdout] 673 +                         schema::Type::Named(_) | Type::NonNullNamed(_) => break,
[INFO] [stdout]     |
[INFO] [stdout] 
[INFO] [stdout] 
[INFO] [stdout] warning: unnecessary qualification
[INFO] [stdout]    --> src/query_plan/fetch_dependency_graph.rs:674:25
[INFO] [stdout]     |
[INFO] [stdout] 674 |                         schema::Type::List(inner) | schema::Type::NonNullList(inner) => {
[INFO] [stdout]     |                         ^^^^^^^^^^^^^^^^^^
[INFO] [stdout]     |
[INFO] [stdout] help: remove the unnecessary path segments
[INFO] [stdout]     |
[INFO] [stdout] 674 -                         schema::Type::List(inner) | schema::Type::NonNullList(inner) => {
[INFO] [stdout] 674 +                         Type::List(inner) | schema::Type::NonNullList(inner) => {
[INFO] [stdout]     |
[INFO] [stdout] 
[INFO] [stdout] 
[INFO] [stdout] warning: unnecessary qualification
[INFO] [stdout]    --> src/query_plan/fetch_dependency_graph.rs:674:53
[INFO] [stdout]     |
[INFO] [stdout] 674 |                         schema::Type::List(inner) | schema::Type::NonNullList(inner) => {
[INFO] [stdout]     |                                                     ^^^^^^^^^^^^^^^^^^^^^^^^^
[INFO] [stdout]     |
[INFO] [stdout] help: remove the unnecessary path segments
[INFO] [stdout]     |
[INFO] [stdout] 674 -                         schema::Type::List(inner) | schema::Type::NonNullList(inner) => {
[INFO] [stdout] 674 +                         schema::Type::List(inner) | Type::NonNullList(inner) => {
[INFO] [stdout]     |
[INFO] [stdout] 
[INFO] [stdout] 
[INFO] [stdout] warning: unnecessary qualification
[INFO] [stdout]     --> src/query_plan/fetch_dependency_graph.rs:1810:43
[INFO] [stdout]      |
[INFO] [stdout] 1810 |                 processor.reduce_sequence(std::iter::once(processed).chain(main_sequence));
[INFO] [stdout]      |                                           ^^^^^^^^^^^^^^^
[INFO] [stdout]      |
[INFO] [stdout] help: remove the unnecessary path segments
[INFO] [stdout]      |
[INFO] [stdout] 1810 -                 processor.reduce_sequence(std::iter::once(processed).chain(main_sequence));
[INFO] [stdout] 1810 +                 processor.reduce_sequence(iter::once(processed).chain(main_sequence));
[INFO] [stdout]      |
[INFO] [stdout] 
[INFO] [stdout] 
[INFO] [stdout] warning: unnecessary qualification
[INFO] [stdout]     --> src/query_plan/fetch_dependency_graph.rs:3038:9
[INFO] [stdout]      |
[INFO] [stdout] 3038 |         crate::schema::position::TypeDefinitionPosition::Object(o) => o,
[INFO] [stdout]      |         ^^^^^^^^^^^^^^^^^^^^^^^^^^^^^^^^^^^^^^^^^^^^^^^^^^^^^^^
[INFO] [stdout]      |
[INFO] [stdout] help: remove the unnecessary path segments
[INFO] [stdout]      |
[INFO] [stdout] 3038 -         crate::schema::position::TypeDefinitionPosition::Object(o) => o,
[INFO] [stdout] 3038 +         TypeDefinitionPosition::Object(o) => o,
[INFO] [stdout]      |
[INFO] [stdout] 
[INFO] [stdout] 
[INFO] [stdout] warning: field `minimum_federation_version` is never read
[INFO] [stdout]   --> src/link/context_spec_definition.rs:28:5
[INFO] [stdout]    |
[INFO] [stdout] 26 | pub(crate) struct ContextSpecDefinition {
[INFO] [stdout]    |                   --------------------- field in this struct
[INFO] [stdout] 27 |     url: Url,
[INFO] [stdout] 28 |     minimum_federation_version: Option<Version>,
[INFO] [stdout]    |     ^^^^^^^^^^^^^^^^^^^^^^^^^^
[INFO] [stdout]    |
[INFO] [stdout]    = note: `ContextSpecDefinition` has a derived impl for the trait `Clone`, but this is intentionally ignored during dead code analysis
[INFO] [stdout] note: the lint level is defined here
[INFO] [stdout]   --> src/lib.rs:22:5
[INFO] [stdout]    |
[INFO] [stdout] 22 |     dead_code,
[INFO] [stdout]    |     ^^^^^^^^^
[INFO] [stdout] 
[INFO] [stdout] 
[INFO] [stdout] warning: field `minimum_federation_version` is never read
[INFO] [stdout]   --> src/link/cost_spec_definition.rs:40:5
[INFO] [stdout]    |
[INFO] [stdout] 38 | pub struct CostSpecDefinition {
[INFO] [stdout]    |            ------------------ field in this struct
[INFO] [stdout] 39 |     url: Url,
[INFO] [stdout] 40 |     minimum_federation_version: Option<Version>,
[INFO] [stdout]    |     ^^^^^^^^^^^^^^^^^^^^^^^^^^
[INFO] [stdout]    |
[INFO] [stdout]    = note: `CostSpecDefinition` has a derived impl for the trait `Clone`, but this is intentionally ignored during dead code analysis
[INFO] [stdout] 
[INFO] [stdout] 
[INFO] [stdout] warning: field `minimum_federation_version` is never read
[INFO] [stdout]   --> src/link/inaccessible_spec_definition.rs:42:5
[INFO] [stdout]    |
[INFO] [stdout] 40 | pub(crate) struct InaccessibleSpecDefinition {
[INFO] [stdout]    |                   -------------------------- field in this struct
[INFO] [stdout] 41 |     url: Url,
[INFO] [stdout] 42 |     minimum_federation_version: Option<Version>,
[INFO] [stdout]    |     ^^^^^^^^^^^^^^^^^^^^^^^^^^
[INFO] [stdout] 
[INFO] [stdout] 
[INFO] [stdout] warning: field `minimum_federation_version` is never read
[INFO] [stdout]    --> src/link/join_spec_definition.rs:170:5
[INFO] [stdout]     |
[INFO] [stdout] 168 | pub(crate) struct JoinSpecDefinition {
[INFO] [stdout]     |                   ------------------ field in this struct
[INFO] [stdout] 169 |     url: Url,
[INFO] [stdout] 170 |     minimum_federation_version: Option<Version>,
[INFO] [stdout]     |     ^^^^^^^^^^^^^^^^^^^^^^^^^^
[INFO] [stdout]     |
[INFO] [stdout]     = note: `JoinSpecDefinition` has a derived impl for the trait `Clone`, but this is intentionally ignored during dead code analysis
[INFO] [stdout] 
[INFO] [stdout] 
[INFO] [stdout] warning: field `minimum_federation_version` is never read
[INFO] [stdout]   --> src/link/link_spec_definition.rs:11:5
[INFO] [stdout]    |
[INFO] [stdout] 9  | pub(crate) struct LinkSpecDefinition {
[INFO] [stdout]    |                   ------------------ field in this struct
[INFO] [stdout] 10 |     url: Url,
[INFO] [stdout] 11 |     minimum_federation_version: Option<Version>,
[INFO] [stdout]    |     ^^^^^^^^^^^^^^^^^^^^^^^^^^
[INFO] [stdout] 
[INFO] [stdout] 
[INFO] [stdout] warning: methods `minimum_federation_version` and `is_spec_directive_name` are never used
[INFO] [stdout]   --> src/link/spec_definition.rs:20:8
[INFO] [stdout]    |
[INFO] [stdout] 18 | pub(crate) trait SpecDefinition {
[INFO] [stdout]    |                  -------------- methods in this trait
[INFO] [stdout] 19 |     fn url(&self) -> &Url;
[INFO] [stdout] 20 |     fn minimum_federation_version(&self) -> Option<&Version>;
[INFO] [stdout]    |        ^^^^^^^^^^^^^^^^^^^^^^^^^^
[INFO] [stdout] ...
[INFO] [stdout] 30 |     fn is_spec_directive_name(
[INFO] [stdout]    |        ^^^^^^^^^^^^^^^^^^^^^^
[INFO] [stdout] 
[INFO] [stdout] 
[INFO] [stdout] warning: field `0` is never read
[INFO] [stdout]    --> src/operation/optimize.rs:117:18
[INFO] [stdout]     |
[INFO] [stdout] 117 |     SelectionSet(SelectionSet),
[INFO] [stdout]     |     ------------ ^^^^^^^^^^^^
[INFO] [stdout]     |     |
[INFO] [stdout]     |     field in this variant
[INFO] [stdout]     |
[INFO] [stdout] help: consider changing the field to be of unit type to suppress this warning while preserving the field numbering, or remove the field
[INFO] [stdout]     |
[INFO] [stdout] 117 |     SelectionSet(()),
[INFO] [stdout]     |                  ~~
[INFO] [stdout] 
[INFO] [stdout] 
[INFO] [stdout] warning: field `0` is never read
[INFO] [stdout]    --> src/operation/optimize.rs:118:14
[INFO] [stdout]     |
[INFO] [stdout] 118 |     Fragment(Node<Fragment>),
[INFO] [stdout]     |     -------- ^^^^^^^^^^^^^^
[INFO] [stdout]     |     |
[INFO] [stdout]     |     field in this variant
[INFO] [stdout]     |
[INFO] [stdout] help: consider changing the field to be of unit type to suppress this warning while preserving the field numbering, or remove the field
[INFO] [stdout]     |
[INFO] [stdout] 118 |     Fragment(()),
[INFO] [stdout]     |              ~~
[INFO] [stdout] 
[INFO] [stdout] 
[INFO] [stdout] warning: field `0` is never read
[INFO] [stdout]    --> src/query_graph/graph_path.rs:927:16
[INFO] [stdout]     |
[INFO] [stdout] 927 |     Transition(&'a mut QueryGraphEdgeTransition),
[INFO] [stdout]     |     ---------- ^^^^^^^^^^^^^^^^^^^^^^^^^^^^^^^^
[INFO] [stdout]     |     |
[INFO] [stdout]     |     field in this variant
[INFO] [stdout]     |
[INFO] [stdout] help: consider changing the field to be of unit type to suppress this warning while preserving the field numbering, or remove the field
[INFO] [stdout]     |
[INFO] [stdout] 927 |     Transition(()),
[INFO] [stdout]     |                ~~
[INFO] [stdout] 
[INFO] [stdout] 
[INFO] [stdout] warning: trait `FallibleExtend` is never used
[INFO] [stdout]  --> src/utils/fallible_iterator.rs:9:18
[INFO] [stdout]   |
[INFO] [stdout] 9 | pub(crate) trait FallibleExtend<A>: Extend<A> {
[INFO] [stdout]   |                  ^^^^^^^^^^^^^^
[INFO] [stdout] 
[INFO] [stdout] 
[INFO] [stdout] warning: methods `ok_and_all`, `and_then_all`, `and_then_any`, `or_else`, `and_then_for_each`, and `and_then_fold` are never used
[INFO] [stdout]    --> src/utils/fallible_iterator.rs:196:8
[INFO] [stdout]     |
[INFO] [stdout] 73  | pub(crate) trait FallibleIterator: Sized + Itertools {
[INFO] [stdout]     |                  ---------------- methods in this trait
[INFO] [stdout] ...
[INFO] [stdout] 196 |     fn ok_and_all<T, E, F>(&mut self, predicate: F) -> Result<bool, E>
[INFO] [stdout]     |        ^^^^^^^^^^
[INFO] [stdout] ...
[INFO] [stdout] 237 |     fn and_then_all<T, E, F>(&mut self, mut predicate: F) -> Result<bool, E>
[INFO] [stdout]     |        ^^^^^^^^^^^^
[INFO] [stdout] ...
[INFO] [stdout] 351 |     fn and_then_any<T, E, F>(&mut self, mut predicate: F) -> Result<bool, E>
[INFO] [stdout]     |        ^^^^^^^^^^^^
[INFO] [stdout] ...
[INFO] [stdout] 378 |     fn or_else<T, E, EE, F>(self, map: F) -> OrElse<Self, F>
[INFO] [stdout]     |        ^^^^^^^
[INFO] [stdout] ...
[INFO] [stdout] 388 |     fn and_then_for_each<F, T, E>(self, inner: F) -> Result<(), E>
[INFO] [stdout]     |        ^^^^^^^^^^^^^^^^^
[INFO] [stdout] ...
[INFO] [stdout] 420 |     fn and_then_fold<F, O, T, E>(&mut self, mut init: O, mut mapper: F) -> Result<O, E>
[INFO] [stdout]     |        ^^^^^^^^^^^^^
[INFO] [stdout] 
[INFO] [stdout] 
[INFO] [stdout] warning: struct `OrElse` is never constructed
[INFO] [stdout]    --> src/utils/fallible_iterator.rs:504:19
[INFO] [stdout]     |
[INFO] [stdout] 504 | pub(crate) struct OrElse<I, F> {
[INFO] [stdout]     |                   ^^^^^^
[INFO] [stdout] 
[INFO] [stdout] 
[INFO] [stderr]     Finished `dev` profile [unoptimized + debuginfo] target(s) in 1m 37s
[INFO] running `Command { std: "docker" "inspect" "1321d27bad241971c8f85f399534ce922986a959f22df3246e04139ebfcf400c", kill_on_drop: false }`
[INFO] running `Command { std: "docker" "rm" "-f" "1321d27bad241971c8f85f399534ce922986a959f22df3246e04139ebfcf400c", kill_on_drop: false }`
[INFO] [stdout] 1321d27bad241971c8f85f399534ce922986a959f22df3246e04139ebfcf400c
[INFO] running `Command { std: "docker" "create" "-v" "/var/lib/crater-agent-workspace/builds/worker-2-tc2/target:/opt/rustwide/target:rw,Z" "-v" "/var/lib/crater-agent-workspace/builds/worker-2-tc2/source:/opt/rustwide/workdir:ro,Z" "-v" "/var/lib/crater-agent-workspace/cargo-home:/opt/rustwide/cargo-home:ro,Z" "-v" "/var/lib/crater-agent-workspace/rustup-home:/opt/rustwide/rustup-home:ro,Z" "-e" "SOURCE_DIR=/opt/rustwide/workdir" "-e" "CARGO_TARGET_DIR=/opt/rustwide/target" "-e" "CARGO_INCREMENTAL=0" "-e" "RUST_BACKTRACE=full" "-e" "RUSTFLAGS=--cap-lints=warn" "-e" "RUSTDOCFLAGS=--cap-lints=warn" "-e" "CARGO_HOME=/opt/rustwide/cargo-home" "-e" "RUSTUP_HOME=/opt/rustwide/rustup-home" "-w" "/opt/rustwide/workdir" "-m" "1610612736" "--user" "0:0" "--network" "none" "ghcr.io/rust-lang/crates-build-env/linux@sha256:f3a9d4ad9d972b27faf3965f35b62e55ba32bbce8f20bc8fe909558a86702fde" "/opt/rustwide/cargo-home/bin/cargo" "+beta-2024-12-08" "test" "--frozen" "--no-run" "--message-format=json", kill_on_drop: false }`
[INFO] [stdout] 65a8789de7663f385fb0c64da6a48313af4a7f808767a520e5e0f60b468d3fad
[INFO] running `Command { std: "docker" "start" "-a" "65a8789de7663f385fb0c64da6a48313af4a7f808767a520e5e0f60b468d3fad", kill_on_drop: false }`
[INFO] [stderr]    Compiling typenum v1.17.0
[INFO] [stderr]    Compiling generic-array v0.14.7
[INFO] [stderr]    Compiling rustix v0.38.34
[INFO] [stderr]    Compiling linux-raw-sys v0.4.14
[INFO] [stderr]    Compiling bitflags v2.6.0
[INFO] [stderr]    Compiling console v0.15.8
[INFO] [stderr]    Compiling similar v2.5.0
[INFO] [stderr]    Compiling cpufeatures v0.2.12
[INFO] [stderr]    Compiling linked-hash-map v0.5.6
[INFO] [stderr]    Compiling fastrand v2.1.0
[INFO] [stderr]    Compiling hex v0.4.3
[INFO] [stdout] warning: elided lifetime has a name
[INFO] [stdout]    --> src/query_graph/graph_path.rs:944:50
[INFO] [stdout]     |
[INFO] [stdout] 944 |     fn get_field_mut<'a>(&'a mut self) -> Option<&mut Field>
[INFO] [stdout]     |                      --                          ^ this elided lifetime gets resolved as `'a`
[INFO] [stdout]     |                      |
[INFO] [stdout]     |                      lifetime `'a` declared here
[INFO] [stdout]     |
[INFO] [stdout]     = note: `#[warn(elided_named_lifetimes)]` on by default
[INFO] [stdout] 
[INFO] [stdout] 
[INFO] [stdout] warning: unnecessary qualification
[INFO] [stdout]    --> src/query_plan/fetch_dependency_graph.rs:114:44
[INFO] [stdout]     |
[INFO] [stdout] 114 |             .flat_map(|(defer_ref, nodes)| std::iter::repeat(defer_ref).zip(nodes.iter().copied()))
[INFO] [stdout]     |                                            ^^^^^^^^^^^^^^^^^
[INFO] [stdout]     |
[INFO] [stdout] note: the lint level is defined here
[INFO] [stdout]    --> src/lib.rs:21:5
[INFO] [stdout]     |
[INFO] [stdout] 21  |     unused_qualifications,
[INFO] [stdout]     |     ^^^^^^^^^^^^^^^^^^^^^
[INFO] [stdout] help: remove the unnecessary path segments
[INFO] [stdout]     |
[INFO] [stdout] 114 -             .flat_map(|(defer_ref, nodes)| std::iter::repeat(defer_ref).zip(nodes.iter().copied()))
[INFO] [stdout] 114 +             .flat_map(|(defer_ref, nodes)| iter::repeat(defer_ref).zip(nodes.iter().copied()))
[INFO] [stdout]     |
[INFO] [stdout] 
[INFO] [stdout] 
[INFO] [stdout] warning: unnecessary qualification
[INFO] [stdout]    --> src/query_plan/fetch_dependency_graph.rs:123:13
[INFO] [stdout]     |
[INFO] [stdout] 123 |             std::iter::repeat_with(move || defer_ref.clone()).zip(nodes)
[INFO] [stdout]     |             ^^^^^^^^^^^^^^^^^^^^^^
[INFO] [stdout]     |
[INFO] [stdout] help: remove the unnecessary path segments
[INFO] [stdout]     |
[INFO] [stdout] 123 -             std::iter::repeat_with(move || defer_ref.clone()).zip(nodes)
[INFO] [stdout] 123 +             iter::repeat_with(move || defer_ref.clone()).zip(nodes)
[INFO] [stdout]     |
[INFO] [stdout] 
[INFO] [stdout] 
[INFO] [stdout] warning: unnecessary qualification
[INFO] [stdout]    --> src/query_plan/fetch_dependency_graph.rs:673:25
[INFO] [stdout]     |
[INFO] [stdout] 673 |                         schema::Type::Named(_) | schema::Type::NonNullNamed(_) => break,
[INFO] [stdout]     |                         ^^^^^^^^^^^^^^^^^^^
[INFO] [stdout]     |
[INFO] [stdout] help: remove the unnecessary path segments
[INFO] [stdout]     |
[INFO] [stdout] 673 -                         schema::Type::Named(_) | schema::Type::NonNullNamed(_) => break,
[INFO] [stdout] 673 +                         Type::Named(_) | schema::Type::NonNullNamed(_) => break,
[INFO] [stdout]     |
[INFO] [stdout] 
[INFO] [stdout] 
[INFO] [stdout] warning: unnecessary qualification
[INFO] [stdout]    --> src/query_plan/fetch_dependency_graph.rs:673:50
[INFO] [stdout]     |
[INFO] [stdout] 673 |                         schema::Type::Named(_) | schema::Type::NonNullNamed(_) => break,
[INFO] [stdout]     |                                                  ^^^^^^^^^^^^^^^^^^^^^^^^^^
[INFO] [stdout]     |
[INFO] [stdout] help: remove the unnecessary path segments
[INFO] [stdout]     |
[INFO] [stdout] 673 -                         schema::Type::Named(_) | schema::Type::NonNullNamed(_) => break,
[INFO] [stdout] 673 +                         schema::Type::Named(_) | Type::NonNullNamed(_) => break,
[INFO] [stdout]     |
[INFO] [stdout] 
[INFO] [stdout] 
[INFO] [stdout] warning: unnecessary qualification
[INFO] [stdout]    --> src/query_plan/fetch_dependency_graph.rs:674:25
[INFO] [stdout]     |
[INFO] [stdout] 674 |                         schema::Type::List(inner) | schema::Type::NonNullList(inner) => {
[INFO] [stdout]     |                         ^^^^^^^^^^^^^^^^^^
[INFO] [stdout]     |
[INFO] [stdout] help: remove the unnecessary path segments
[INFO] [stdout]     |
[INFO] [stdout] 674 -                         schema::Type::List(inner) | schema::Type::NonNullList(inner) => {
[INFO] [stdout] 674 +                         Type::List(inner) | schema::Type::NonNullList(inner) => {
[INFO] [stdout]     |
[INFO] [stdout] 
[INFO] [stdout] 
[INFO] [stdout] warning: unnecessary qualification
[INFO] [stdout]    --> src/query_plan/fetch_dependency_graph.rs:674:53
[INFO] [stdout]     |
[INFO] [stdout] 674 |                         schema::Type::List(inner) | schema::Type::NonNullList(inner) => {
[INFO] [stdout]     |                                                     ^^^^^^^^^^^^^^^^^^^^^^^^^
[INFO] [stdout]     |
[INFO] [stdout] help: remove the unnecessary path segments
[INFO] [stdout]     |
[INFO] [stdout] 674 -                         schema::Type::List(inner) | schema::Type::NonNullList(inner) => {
[INFO] [stdout] 674 +                         schema::Type::List(inner) | Type::NonNullList(inner) => {
[INFO] [stdout]     |
[INFO] [stdout] 
[INFO] [stdout] 
[INFO] [stdout] warning: unnecessary qualification
[INFO] [stdout]     --> src/query_plan/fetch_dependency_graph.rs:1810:43
[INFO] [stdout]      |
[INFO] [stdout] 1810 |                 processor.reduce_sequence(std::iter::once(processed).chain(main_sequence));
[INFO] [stdout]      |                                           ^^^^^^^^^^^^^^^
[INFO] [stdout]      |
[INFO] [stdout] help: remove the unnecessary path segments
[INFO] [stdout]      |
[INFO] [stdout] 1810 -                 processor.reduce_sequence(std::iter::once(processed).chain(main_sequence));
[INFO] [stdout] 1810 +                 processor.reduce_sequence(iter::once(processed).chain(main_sequence));
[INFO] [stdout]      |
[INFO] [stdout] 
[INFO] [stdout] 
[INFO] [stdout] warning: unnecessary qualification
[INFO] [stdout]     --> src/query_plan/fetch_dependency_graph.rs:3038:9
[INFO] [stdout]      |
[INFO] [stdout] 3038 |         crate::schema::position::TypeDefinitionPosition::Object(o) => o,
[INFO] [stdout]      |         ^^^^^^^^^^^^^^^^^^^^^^^^^^^^^^^^^^^^^^^^^^^^^^^^^^^^^^^
[INFO] [stdout]      |
[INFO] [stdout] help: remove the unnecessary path segments
[INFO] [stdout]      |
[INFO] [stdout] 3038 -         crate::schema::position::TypeDefinitionPosition::Object(o) => o,
[INFO] [stdout] 3038 +         TypeDefinitionPosition::Object(o) => o,
[INFO] [stdout]      |
[INFO] [stdout] 
[INFO] [stdout] 
[INFO] [stdout] warning: field `minimum_federation_version` is never read
[INFO] [stdout]   --> src/link/context_spec_definition.rs:28:5
[INFO] [stdout]    |
[INFO] [stdout] 26 | pub(crate) struct ContextSpecDefinition {
[INFO] [stdout]    |                   --------------------- field in this struct
[INFO] [stdout] 27 |     url: Url,
[INFO] [stdout] 28 |     minimum_federation_version: Option<Version>,
[INFO] [stdout]    |     ^^^^^^^^^^^^^^^^^^^^^^^^^^
[INFO] [stdout]    |
[INFO] [stdout]    = note: `ContextSpecDefinition` has a derived impl for the trait `Clone`, but this is intentionally ignored during dead code analysis
[INFO] [stdout] note: the lint level is defined here
[INFO] [stdout]   --> src/lib.rs:22:5
[INFO] [stdout]    |
[INFO] [stdout] 22 |     dead_code,
[INFO] [stdout]    |     ^^^^^^^^^
[INFO] [stdout] 
[INFO] [stdout] 
[INFO] [stdout] warning: field `minimum_federation_version` is never read
[INFO] [stdout]   --> src/link/cost_spec_definition.rs:40:5
[INFO] [stdout]    |
[INFO] [stdout] 38 | pub struct CostSpecDefinition {
[INFO] [stdout]    |            ------------------ field in this struct
[INFO] [stdout] 39 |     url: Url,
[INFO] [stdout] 40 |     minimum_federation_version: Option<Version>,
[INFO] [stdout]    |     ^^^^^^^^^^^^^^^^^^^^^^^^^^
[INFO] [stdout]    |
[INFO] [stdout]    = note: `CostSpecDefinition` has a derived impl for the trait `Clone`, but this is intentionally ignored during dead code analysis
[INFO] [stdout] 
[INFO] [stdout] 
[INFO] [stdout] warning: field `minimum_federation_version` is never read
[INFO] [stdout]   --> src/link/inaccessible_spec_definition.rs:42:5
[INFO] [stdout]    |
[INFO] [stdout] 40 | pub(crate) struct InaccessibleSpecDefinition {
[INFO] [stdout]    |                   -------------------------- field in this struct
[INFO] [stdout] 41 |     url: Url,
[INFO] [stdout] 42 |     minimum_federation_version: Option<Version>,
[INFO] [stdout]    |     ^^^^^^^^^^^^^^^^^^^^^^^^^^
[INFO] [stdout] 
[INFO] [stdout] 
[INFO] [stdout] warning: field `minimum_federation_version` is never read
[INFO] [stdout]    --> src/link/join_spec_definition.rs:170:5
[INFO] [stdout]     |
[INFO] [stdout] 168 | pub(crate) struct JoinSpecDefinition {
[INFO] [stdout]     |                   ------------------ field in this struct
[INFO] [stdout] 169 |     url: Url,
[INFO] [stdout] 170 |     minimum_federation_version: Option<Version>,
[INFO] [stdout]     |     ^^^^^^^^^^^^^^^^^^^^^^^^^^
[INFO] [stdout]     |
[INFO] [stdout]     = note: `JoinSpecDefinition` has a derived impl for the trait `Clone`, but this is intentionally ignored during dead code analysis
[INFO] [stdout] 
[INFO] [stdout] 
[INFO] [stdout] warning: field `minimum_federation_version` is never read
[INFO] [stdout]   --> src/link/link_spec_definition.rs:11:5
[INFO] [stdout]    |
[INFO] [stdout] 9  | pub(crate) struct LinkSpecDefinition {
[INFO] [stdout]    |                   ------------------ field in this struct
[INFO] [stdout] 10 |     url: Url,
[INFO] [stdout] 11 |     minimum_federation_version: Option<Version>,
[INFO] [stdout]    |     ^^^^^^^^^^^^^^^^^^^^^^^^^^
[INFO] [stdout] 
[INFO] [stdout] 
[INFO] [stdout] warning: methods `minimum_federation_version` and `is_spec_directive_name` are never used
[INFO] [stdout]   --> src/link/spec_definition.rs:20:8
[INFO] [stdout]    |
[INFO] [stdout] 18 | pub(crate) trait SpecDefinition {
[INFO] [stdout]    |                  -------------- methods in this trait
[INFO] [stdout] 19 |     fn url(&self) -> &Url;
[INFO] [stdout] 20 |     fn minimum_federation_version(&self) -> Option<&Version>;
[INFO] [stdout]    |        ^^^^^^^^^^^^^^^^^^^^^^^^^^
[INFO] [stdout] ...
[INFO] [stdout] 30 |     fn is_spec_directive_name(
[INFO] [stdout]    |        ^^^^^^^^^^^^^^^^^^^^^^
[INFO] [stdout] 
[INFO] [stdout] 
[INFO] [stdout] warning: field `0` is never read
[INFO] [stdout]    --> src/operation/optimize.rs:117:18
[INFO] [stdout]     |
[INFO] [stdout] 117 |     SelectionSet(SelectionSet),
[INFO] [stdout]     |     ------------ ^^^^^^^^^^^^
[INFO] [stdout]     |     |
[INFO] [stdout]     |     field in this variant
[INFO] [stdout]     |
[INFO] [stdout] help: consider changing the field to be of unit type to suppress this warning while preserving the field numbering, or remove the field
[INFO] [stdout]     |
[INFO] [stdout] 117 |     SelectionSet(()),
[INFO] [stdout]     |                  ~~
[INFO] [stdout] 
[INFO] [stdout] 
[INFO] [stdout] warning: field `0` is never read
[INFO] [stdout]    --> src/operation/optimize.rs:118:14
[INFO] [stdout]     |
[INFO] [stdout] 118 |     Fragment(Node<Fragment>),
[INFO] [stdout]     |     -------- ^^^^^^^^^^^^^^
[INFO] [stdout]     |     |
[INFO] [stdout]     |     field in this variant
[INFO] [stdout]     |
[INFO] [stdout] help: consider changing the field to be of unit type to suppress this warning while preserving the field numbering, or remove the field
[INFO] [stdout]     |
[INFO] [stdout] 118 |     Fragment(()),
[INFO] [stdout]     |              ~~
[INFO] [stdout] 
[INFO] [stdout] 
[INFO] [stdout] warning: field `0` is never read
[INFO] [stdout]    --> src/query_graph/graph_path.rs:927:16
[INFO] [stdout]     |
[INFO] [stdout] 927 |     Transition(&'a mut QueryGraphEdgeTransition),
[INFO] [stdout]     |     ---------- ^^^^^^^^^^^^^^^^^^^^^^^^^^^^^^^^
[INFO] [stdout]     |     |
[INFO] [stdout]     |     field in this variant
[INFO] [stdout]     |
[INFO] [stdout] help: consider changing the field to be of unit type to suppress this warning while preserving the field numbering, or remove the field
[INFO] [stdout]     |
[INFO] [stdout] 927 |     Transition(()),
[INFO] [stdout]     |                ~~
[INFO] [stdout] 
[INFO] [stdout] 
[INFO] [stdout] warning: trait `FallibleExtend` is never used
[INFO] [stdout]  --> src/utils/fallible_iterator.rs:9:18
[INFO] [stdout]   |
[INFO] [stdout] 9 | pub(crate) trait FallibleExtend<A>: Extend<A> {
[INFO] [stdout]   |                  ^^^^^^^^^^^^^^
[INFO] [stdout] 
[INFO] [stdout] 
[INFO] [stdout] warning: methods `ok_and_all`, `and_then_all`, `and_then_any`, `or_else`, `and_then_for_each`, and `and_then_fold` are never used
[INFO] [stdout]    --> src/utils/fallible_iterator.rs:196:8
[INFO] [stdout]     |
[INFO] [stdout] 73  | pub(crate) trait FallibleIterator: Sized + Itertools {
[INFO] [stdout]     |                  ---------------- methods in this trait
[INFO] [stdout] ...
[INFO] [stdout] 196 |     fn ok_and_all<T, E, F>(&mut self, predicate: F) -> Result<bool, E>
[INFO] [stdout]     |        ^^^^^^^^^^
[INFO] [stdout] ...
[INFO] [stdout] 237 |     fn and_then_all<T, E, F>(&mut self, mut predicate: F) -> Result<bool, E>
[INFO] [stdout]     |        ^^^^^^^^^^^^
[INFO] [stdout] ...
[INFO] [stdout] 351 |     fn and_then_any<T, E, F>(&mut self, mut predicate: F) -> Result<bool, E>
[INFO] [stdout]     |        ^^^^^^^^^^^^
[INFO] [stdout] ...
[INFO] [stdout] 378 |     fn or_else<T, E, EE, F>(self, map: F) -> OrElse<Self, F>
[INFO] [stdout]     |        ^^^^^^^
[INFO] [stdout] ...
[INFO] [stdout] 388 |     fn and_then_for_each<F, T, E>(self, inner: F) -> Result<(), E>
[INFO] [stdout]     |        ^^^^^^^^^^^^^^^^^
[INFO] [stdout] ...
[INFO] [stdout] 420 |     fn and_then_fold<F, O, T, E>(&mut self, mut init: O, mut mapper: F) -> Result<O, E>
[INFO] [stdout]     |        ^^^^^^^^^^^^^
[INFO] [stdout] 
[INFO] [stdout] 
[INFO] [stdout] warning: struct `OrElse` is never constructed
[INFO] [stdout]    --> src/utils/fallible_iterator.rs:504:19
[INFO] [stdout]     |
[INFO] [stdout] 504 | pub(crate) struct OrElse<I, F> {
[INFO] [stdout]     |                   ^^^^^^
[INFO] [stdout] 
[INFO] [stdout] 
[INFO] [stderr]    Compiling insta v1.39.0
[INFO] [stderr]    Compiling block-buffer v0.10.4
[INFO] [stderr]    Compiling crypto-common v0.1.6
[INFO] [stderr]    Compiling digest v0.10.7
[INFO] [stderr]    Compiling sha1 v0.10.6
[INFO] [stderr]    Compiling tempfile v3.10.1
[INFO] [stderr]    Compiling apollo-federation v1.59.0-rc.0 (/opt/rustwide/workdir)
[INFO] [stdout] warning: unnecessary qualification
[INFO] [stdout]    --> src/operation/simplify.rs:555:13
[INFO] [stdout]     |
[INFO] [stdout] 555 |             apollo_compiler::executable::SelectionSet::try_from(&expanded_and_flattened).unwrap();
[INFO] [stdout]     |             ^^^^^^^^^^^^^^^^^^^^^^^^^^^^^^^^^^^^^^^^^^^^^^^^^^^
[INFO] [stdout]     |
[INFO] [stdout] note: the lint level is defined here
[INFO] [stdout]    --> src/lib.rs:21:5
[INFO] [stdout]     |
[INFO] [stdout] 21  |     unused_qualifications,
[INFO] [stdout]     |     ^^^^^^^^^^^^^^^^^^^^^
[INFO] [stdout] help: remove the unnecessary path segments
[INFO] [stdout]     |
[INFO] [stdout] 555 -             apollo_compiler::executable::SelectionSet::try_from(&expanded_and_flattened).unwrap();
[INFO] [stdout] 555 +             executable::SelectionSet::try_from(&expanded_and_flattened).unwrap();
[INFO] [stdout]     |
[INFO] [stdout] 
[INFO] [stdout] 
[INFO] [stdout] warning: unnecessary qualification
[INFO] [stdout]   --> src/operation/tests/mod.rs:54:15
[INFO] [stdout]    |
[INFO] [stdout] 54 |     let doc = apollo_compiler::ExecutableDocument::parse_and_validate(
[INFO] [stdout]    |               ^^^^^^^^^^^^^^^^^^^^^^^^^^^^^^^^^^^^^^^^^^^^^^^^^^^^^^^
[INFO] [stdout]    |
[INFO] [stdout] help: remove the unnecessary path segments
[INFO] [stdout]    |
[INFO] [stdout] 54 -     let doc = apollo_compiler::ExecutableDocument::parse_and_validate(
[INFO] [stdout] 54 +     let doc = ExecutableDocument::parse_and_validate(
[INFO] [stdout]    |
[INFO] [stdout] 
[INFO] [stdout] 
[INFO] [stdout] warning: unnecessary qualification
[INFO] [stdout]     --> src/operation/tests/mod.rs:1058:18
[INFO] [stdout]      |
[INFO] [stdout] 1058 |     let schema = apollo_compiler::Schema::parse_and_validate(
[INFO] [stdout]      |                  ^^^^^^^^^^^^^^^^^^^^^^^^^^^^^^^^^^^^^^^^^^^
[INFO] [stdout]      |
[INFO] [stdout] help: remove the unnecessary path segments
[INFO] [stdout]      |
[INFO] [stdout] 1058 -     let schema = apollo_compiler::Schema::parse_and_validate(
[INFO] [stdout] 1058 +     let schema = Schema::parse_and_validate(
[INFO] [stdout]      |
[INFO] [stdout] 
[INFO] [stdout] 
[INFO] [stdout] warning: unnecessary qualification
[INFO] [stdout]     --> src/operation/tests/mod.rs:1393:9
[INFO] [stdout]      |
[INFO] [stdout] 1393 |         apollo_compiler::Schema::parse_and_validate(ADD_AT_PATH_TEST_SCHEMA, "schema.graphql")
[INFO] [stdout]      |         ^^^^^^^^^^^^^^^^^^^^^^^^^^^^^^^^^^^^^^^^^^^
[INFO] [stdout]      |
[INFO] [stdout] help: remove the unnecessary path segments
[INFO] [stdout]      |
[INFO] [stdout] 1393 -         apollo_compiler::Schema::parse_and_validate(ADD_AT_PATH_TEST_SCHEMA, "schema.graphql")
[INFO] [stdout] 1393 +         Schema::parse_and_validate(ADD_AT_PATH_TEST_SCHEMA, "schema.graphql")
[INFO] [stdout]      |
[INFO] [stdout] 
[INFO] [stdout] 
[INFO] [stdout] warning: unnecessary qualification
[INFO] [stdout]     --> src/operation/tests/mod.rs:1422:9
[INFO] [stdout]      |
[INFO] [stdout] 1422 |         apollo_compiler::Schema::parse_and_validate(ADD_AT_PATH_TEST_SCHEMA, "schema.graphql")
[INFO] [stdout]      |         ^^^^^^^^^^^^^^^^^^^^^^^^^^^^^^^^^^^^^^^^^^^
[INFO] [stdout]      |
[INFO] [stdout] help: remove the unnecessary path segments
[INFO] [stdout]      |
[INFO] [stdout] 1422 -         apollo_compiler::Schema::parse_and_validate(ADD_AT_PATH_TEST_SCHEMA, "schema.graphql")
[INFO] [stdout] 1422 +         Schema::parse_and_validate(ADD_AT_PATH_TEST_SCHEMA, "schema.graphql")
[INFO] [stdout]      |
[INFO] [stdout] 
[INFO] [stdout] 
[INFO] [stdout] warning: unnecessary qualification
[INFO] [stdout]     --> src/operation/tests/mod.rs:1472:9
[INFO] [stdout]      |
[INFO] [stdout] 1472 |         apollo_compiler::Schema::parse_and_validate(ADD_AT_PATH_TEST_SCHEMA, "schema.graphql")
[INFO] [stdout]      |         ^^^^^^^^^^^^^^^^^^^^^^^^^^^^^^^^^^^^^^^^^^^
[INFO] [stdout]      |
[INFO] [stdout] help: remove the unnecessary path segments
[INFO] [stdout]      |
[INFO] [stdout] 1472 -         apollo_compiler::Schema::parse_and_validate(ADD_AT_PATH_TEST_SCHEMA, "schema.graphql")
[INFO] [stdout] 1472 +         Schema::parse_and_validate(ADD_AT_PATH_TEST_SCHEMA, "schema.graphql")
[INFO] [stdout]      |
[INFO] [stdout] 
[INFO] [stdout] 
[INFO] [stdout] warning: elided lifetime has a name
[INFO] [stdout]    --> src/query_graph/graph_path.rs:944:50
[INFO] [stdout]     |
[INFO] [stdout] 944 |     fn get_field_mut<'a>(&'a mut self) -> Option<&mut Field>
[INFO] [stdout]     |                      --                          ^ this elided lifetime gets resolved as `'a`
[INFO] [stdout]     |                      |
[INFO] [stdout]     |                      lifetime `'a` declared here
[INFO] [stdout]     |
[INFO] [stdout]     = note: `#[warn(elided_named_lifetimes)]` on by default
[INFO] [stdout] 
[INFO] [stdout] 
[INFO] [stdout] warning: unnecessary qualification
[INFO] [stdout]    --> src/query_plan/fetch_dependency_graph.rs:114:44
[INFO] [stdout]     |
[INFO] [stdout] 114 |             .flat_map(|(defer_ref, nodes)| std::iter::repeat(defer_ref).zip(nodes.iter().copied()))
[INFO] [stdout]     |                                            ^^^^^^^^^^^^^^^^^
[INFO] [stdout]     |
[INFO] [stdout] help: remove the unnecessary path segments
[INFO] [stdout]     |
[INFO] [stdout] 114 -             .flat_map(|(defer_ref, nodes)| std::iter::repeat(defer_ref).zip(nodes.iter().copied()))
[INFO] [stdout] 114 +             .flat_map(|(defer_ref, nodes)| iter::repeat(defer_ref).zip(nodes.iter().copied()))
[INFO] [stdout]     |
[INFO] [stdout] 
[INFO] [stdout] 
[INFO] [stdout] warning: unnecessary qualification
[INFO] [stdout]    --> src/query_plan/fetch_dependency_graph.rs:123:13
[INFO] [stdout]     |
[INFO] [stdout] 123 |             std::iter::repeat_with(move || defer_ref.clone()).zip(nodes)
[INFO] [stdout]     |             ^^^^^^^^^^^^^^^^^^^^^^
[INFO] [stdout]     |
[INFO] [stdout] help: remove the unnecessary path segments
[INFO] [stdout]     |
[INFO] [stdout] 123 -             std::iter::repeat_with(move || defer_ref.clone()).zip(nodes)
[INFO] [stdout] 123 +             iter::repeat_with(move || defer_ref.clone()).zip(nodes)
[INFO] [stdout]     |
[INFO] [stdout] 
[INFO] [stdout] 
[INFO] [stdout] warning: unnecessary qualification
[INFO] [stdout]    --> src/query_plan/fetch_dependency_graph.rs:673:25
[INFO] [stdout]     |
[INFO] [stdout] 673 |                         schema::Type::Named(_) | schema::Type::NonNullNamed(_) => break,
[INFO] [stdout]     |                         ^^^^^^^^^^^^^^^^^^^
[INFO] [stdout]     |
[INFO] [stdout] help: remove the unnecessary path segments
[INFO] [stdout]     |
[INFO] [stdout] 673 -                         schema::Type::Named(_) | schema::Type::NonNullNamed(_) => break,
[INFO] [stdout] 673 +                         Type::Named(_) | schema::Type::NonNullNamed(_) => break,
[INFO] [stdout]     |
[INFO] [stdout] 
[INFO] [stdout] 
[INFO] [stdout] warning: unnecessary qualification
[INFO] [stdout]    --> src/query_plan/fetch_dependency_graph.rs:673:50
[INFO] [stdout]     |
[INFO] [stdout] 673 |                         schema::Type::Named(_) | schema::Type::NonNullNamed(_) => break,
[INFO] [stdout]     |                                                  ^^^^^^^^^^^^^^^^^^^^^^^^^^
[INFO] [stdout]     |
[INFO] [stdout] help: remove the unnecessary path segments
[INFO] [stdout]     |
[INFO] [stdout] 673 -                         schema::Type::Named(_) | schema::Type::NonNullNamed(_) => break,
[INFO] [stdout] 673 +                         schema::Type::Named(_) | Type::NonNullNamed(_) => break,
[INFO] [stdout]     |
[INFO] [stdout] 
[INFO] [stdout] 
[INFO] [stdout] warning: unnecessary qualification
[INFO] [stdout]    --> src/query_plan/fetch_dependency_graph.rs:674:25
[INFO] [stdout]     |
[INFO] [stdout] 674 |                         schema::Type::List(inner) | schema::Type::NonNullList(inner) => {
[INFO] [stdout]     |                         ^^^^^^^^^^^^^^^^^^
[INFO] [stdout]     |
[INFO] [stdout] help: remove the unnecessary path segments
[INFO] [stdout]     |
[INFO] [stdout] 674 -                         schema::Type::List(inner) | schema::Type::NonNullList(inner) => {
[INFO] [stdout] 674 +                         Type::List(inner) | schema::Type::NonNullList(inner) => {
[INFO] [stdout]     |
[INFO] [stdout] 
[INFO] [stdout] 
[INFO] [stdout] warning: unnecessary qualification
[INFO] [stdout]    --> src/query_plan/fetch_dependency_graph.rs:674:53
[INFO] [stdout]     |
[INFO] [stdout] 674 |                         schema::Type::List(inner) | schema::Type::NonNullList(inner) => {
[INFO] [stdout]     |                                                     ^^^^^^^^^^^^^^^^^^^^^^^^^
[INFO] [stdout]     |
[INFO] [stdout] help: remove the unnecessary path segments
[INFO] [stdout]     |
[INFO] [stdout] 674 -                         schema::Type::List(inner) | schema::Type::NonNullList(inner) => {
[INFO] [stdout] 674 +                         schema::Type::List(inner) | Type::NonNullList(inner) => {
[INFO] [stdout]     |
[INFO] [stdout] 
[INFO] [stdout] 
[INFO] [stdout] warning: unnecessary qualification
[INFO] [stdout]     --> src/query_plan/fetch_dependency_graph.rs:1810:43
[INFO] [stdout]      |
[INFO] [stdout] 1810 |                 processor.reduce_sequence(std::iter::once(processed).chain(main_sequence));
[INFO] [stdout]      |                                           ^^^^^^^^^^^^^^^
[INFO] [stdout]      |
[INFO] [stdout] help: remove the unnecessary path segments
[INFO] [stdout]      |
[INFO] [stdout] 1810 -                 processor.reduce_sequence(std::iter::once(processed).chain(main_sequence));
[INFO] [stdout] 1810 +                 processor.reduce_sequence(iter::once(processed).chain(main_sequence));
[INFO] [stdout]      |
[INFO] [stdout] 
[INFO] [stdout] 
[INFO] [stdout] warning: unnecessary qualification
[INFO] [stdout]     --> src/query_plan/fetch_dependency_graph.rs:3038:9
[INFO] [stdout]      |
[INFO] [stdout] 3038 |         crate::schema::position::TypeDefinitionPosition::Object(o) => o,
[INFO] [stdout]      |         ^^^^^^^^^^^^^^^^^^^^^^^^^^^^^^^^^^^^^^^^^^^^^^^^^^^^^^^
[INFO] [stdout]      |
[INFO] [stdout] help: remove the unnecessary path segments
[INFO] [stdout]      |
[INFO] [stdout] 3038 -         crate::schema::position::TypeDefinitionPosition::Object(o) => o,
[INFO] [stdout] 3038 +         TypeDefinitionPosition::Object(o) => o,
[INFO] [stdout]      |
[INFO] [stdout] 
[INFO] [stdout] 
[INFO] [stdout] warning: field `minimum_federation_version` is never read
[INFO] [stdout]   --> src/link/context_spec_definition.rs:28:5
[INFO] [stdout]    |
[INFO] [stdout] 26 | pub(crate) struct ContextSpecDefinition {
[INFO] [stdout]    |                   --------------------- field in this struct
[INFO] [stdout] 27 |     url: Url,
[INFO] [stdout] 28 |     minimum_federation_version: Option<Version>,
[INFO] [stdout]    |     ^^^^^^^^^^^^^^^^^^^^^^^^^^
[INFO] [stdout]    |
[INFO] [stdout]    = note: `ContextSpecDefinition` has a derived impl for the trait `Clone`, but this is intentionally ignored during dead code analysis
[INFO] [stdout] note: the lint level is defined here
[INFO] [stdout]   --> src/lib.rs:22:5
[INFO] [stdout]    |
[INFO] [stdout] 22 |     dead_code,
[INFO] [stdout]    |     ^^^^^^^^^
[INFO] [stdout] 
[INFO] [stdout] 
[INFO] [stdout] warning: field `minimum_federation_version` is never read
[INFO] [stdout]   --> src/link/cost_spec_definition.rs:40:5
[INFO] [stdout]    |
[INFO] [stdout] 38 | pub struct CostSpecDefinition {
[INFO] [stdout]    |            ------------------ field in this struct
[INFO] [stdout] 39 |     url: Url,
[INFO] [stdout] 40 |     minimum_federation_version: Option<Version>,
[INFO] [stdout]    |     ^^^^^^^^^^^^^^^^^^^^^^^^^^
[INFO] [stdout]    |
[INFO] [stdout]    = note: `CostSpecDefinition` has a derived impl for the trait `Clone`, but this is intentionally ignored during dead code analysis
[INFO] [stdout] 
[INFO] [stdout] 
[INFO] [stdout] warning: field `minimum_federation_version` is never read
[INFO] [stdout]   --> src/link/inaccessible_spec_definition.rs:42:5
[INFO] [stdout]    |
[INFO] [stdout] 40 | pub(crate) struct InaccessibleSpecDefinition {
[INFO] [stdout]    |                   -------------------------- field in this struct
[INFO] [stdout] 41 |     url: Url,
[INFO] [stdout] 42 |     minimum_federation_version: Option<Version>,
[INFO] [stdout]    |     ^^^^^^^^^^^^^^^^^^^^^^^^^^
[INFO] [stdout] 
[INFO] [stdout] 
[INFO] [stdout] warning: field `minimum_federation_version` is never read
[INFO] [stdout]    --> src/link/join_spec_definition.rs:170:5
[INFO] [stdout]     |
[INFO] [stdout] 168 | pub(crate) struct JoinSpecDefinition {
[INFO] [stdout]     |                   ------------------ field in this struct
[INFO] [stdout] 169 |     url: Url,
[INFO] [stdout] 170 |     minimum_federation_version: Option<Version>,
[INFO] [stdout]     |     ^^^^^^^^^^^^^^^^^^^^^^^^^^
[INFO] [stdout]     |
[INFO] [stdout]     = note: `JoinSpecDefinition` has a derived impl for the trait `Clone`, but this is intentionally ignored during dead code analysis
[INFO] [stdout] 
[INFO] [stdout] 
[INFO] [stdout] warning: field `minimum_federation_version` is never read
[INFO] [stdout]   --> src/link/link_spec_definition.rs:11:5
[INFO] [stdout]    |
[INFO] [stdout] 9  | pub(crate) struct LinkSpecDefinition {
[INFO] [stdout]    |                   ------------------ field in this struct
[INFO] [stdout] 10 |     url: Url,
[INFO] [stdout] 11 |     minimum_federation_version: Option<Version>,
[INFO] [stdout]    |     ^^^^^^^^^^^^^^^^^^^^^^^^^^
[INFO] [stdout] 
[INFO] [stdout] 
[INFO] [stdout] warning: methods `minimum_federation_version` and `is_spec_directive_name` are never used
[INFO] [stdout]   --> src/link/spec_definition.rs:20:8
[INFO] [stdout]    |
[INFO] [stdout] 18 | pub(crate) trait SpecDefinition {
[INFO] [stdout]    |                  -------------- methods in this trait
[INFO] [stdout] 19 |     fn url(&self) -> &Url;
[INFO] [stdout] 20 |     fn minimum_federation_version(&self) -> Option<&Version>;
[INFO] [stdout]    |        ^^^^^^^^^^^^^^^^^^^^^^^^^^
[INFO] [stdout] ...
[INFO] [stdout] 30 |     fn is_spec_directive_name(
[INFO] [stdout]    |        ^^^^^^^^^^^^^^^^^^^^^^
[INFO] [stdout] 
[INFO] [stdout] 
[INFO] [stdout] warning: field `0` is never read
[INFO] [stdout]    --> src/operation/optimize.rs:117:18
[INFO] [stdout]     |
[INFO] [stdout] 117 |     SelectionSet(SelectionSet),
[INFO] [stdout]     |     ------------ ^^^^^^^^^^^^
[INFO] [stdout]     |     |
[INFO] [stdout]     |     field in this variant
[INFO] [stdout]     |
[INFO] [stdout] help: consider changing the field to be of unit type to suppress this warning while preserving the field numbering, or remove the field
[INFO] [stdout]     |
[INFO] [stdout] 117 |     SelectionSet(()),
[INFO] [stdout]     |                  ~~
[INFO] [stdout] 
[INFO] [stdout] 
[INFO] [stdout] warning: field `0` is never read
[INFO] [stdout]    --> src/operation/optimize.rs:118:14
[INFO] [stdout]     |
[INFO] [stdout] 118 |     Fragment(Node<Fragment>),
[INFO] [stdout]     |     -------- ^^^^^^^^^^^^^^
[INFO] [stdout]     |     |
[INFO] [stdout]     |     field in this variant
[INFO] [stdout]     |
[INFO] [stdout] help: consider changing the field to be of unit type to suppress this warning while preserving the field numbering, or remove the field
[INFO] [stdout]     |
[INFO] [stdout] 118 |     Fragment(()),
[INFO] [stdout]     |              ~~
[INFO] [stdout] 
[INFO] [stdout] 
[INFO] [stdout] warning: field `0` is never read
[INFO] [stdout]    --> src/query_graph/graph_path.rs:927:16
[INFO] [stdout]     |
[INFO] [stdout] 927 |     Transition(&'a mut QueryGraphEdgeTransition),
[INFO] [stdout]     |     ---------- ^^^^^^^^^^^^^^^^^^^^^^^^^^^^^^^^
[INFO] [stdout]     |     |
[INFO] [stdout]     |     field in this variant
[INFO] [stdout]     |
[INFO] [stdout] help: consider changing the field to be of unit type to suppress this warning while preserving the field numbering, or remove the field
[INFO] [stdout]     |
[INFO] [stdout] 927 |     Transition(()),
[INFO] [stdout]     |                ~~
[INFO] [stdout] 
[INFO] [stdout] 
[INFO] [stdout] warning: trait `FallibleExtend` is never used
[INFO] [stdout]  --> src/utils/fallible_iterator.rs:9:18
[INFO] [stdout]   |
[INFO] [stdout] 9 | pub(crate) trait FallibleExtend<A>: Extend<A> {
[INFO] [stdout]   |                  ^^^^^^^^^^^^^^
[INFO] [stdout] 
[INFO] [stdout] 
[INFO] [stdout] warning: methods `or_else`, `and_then_for_each`, and `and_then_fold` are never used
[INFO] [stdout]    --> src/utils/fallible_iterator.rs:378:8
[INFO] [stdout]     |
[INFO] [stdout] 73  | pub(crate) trait FallibleIterator: Sized + Itertools {
[INFO] [stdout]     |                  ---------------- methods in this trait
[INFO] [stdout] ...
[INFO] [stdout] 378 |     fn or_else<T, E, EE, F>(self, map: F) -> OrElse<Self, F>
[INFO] [stdout]     |        ^^^^^^^
[INFO] [stdout] ...
[INFO] [stdout] 388 |     fn and_then_for_each<F, T, E>(self, inner: F) -> Result<(), E>
[INFO] [stdout]     |        ^^^^^^^^^^^^^^^^^
[INFO] [stdout] ...
[INFO] [stdout] 420 |     fn and_then_fold<F, O, T, E>(&mut self, mut init: O, mut mapper: F) -> Result<O, E>
[INFO] [stdout]     |        ^^^^^^^^^^^^^
[INFO] [stdout] 
[INFO] [stdout] 
[INFO] [stdout] warning: struct `OrElse` is never constructed
[INFO] [stdout]    --> src/utils/fallible_iterator.rs:504:19
[INFO] [stdout]     |
[INFO] [stdout] 504 | pub(crate) struct OrElse<I, F> {
[INFO] [stdout]     |                   ^^^^^^
[INFO] [stdout] 
[INFO] [stdout] 
[INFO] [stderr]     Finished `test` profile [unoptimized + debuginfo] target(s) in 46.22s
[INFO] running `Command { std: "docker" "inspect" "65a8789de7663f385fb0c64da6a48313af4a7f808767a520e5e0f60b468d3fad", kill_on_drop: false }`
[INFO] running `Command { std: "docker" "rm" "-f" "65a8789de7663f385fb0c64da6a48313af4a7f808767a520e5e0f60b468d3fad", kill_on_drop: false }`
[INFO] [stdout] 65a8789de7663f385fb0c64da6a48313af4a7f808767a520e5e0f60b468d3fad
[INFO] running `Command { std: "docker" "create" "-v" "/var/lib/crater-agent-workspace/builds/worker-2-tc2/target:/opt/rustwide/target:rw,Z" "-v" "/var/lib/crater-agent-workspace/builds/worker-2-tc2/source:/opt/rustwide/workdir:ro,Z" "-v" "/var/lib/crater-agent-workspace/cargo-home:/opt/rustwide/cargo-home:ro,Z" "-v" "/var/lib/crater-agent-workspace/rustup-home:/opt/rustwide/rustup-home:ro,Z" "-e" "SOURCE_DIR=/opt/rustwide/workdir" "-e" "CARGO_TARGET_DIR=/opt/rustwide/target" "-e" "CARGO_INCREMENTAL=0" "-e" "RUST_BACKTRACE=full" "-e" "RUSTFLAGS=--cap-lints=warn" "-e" "RUSTDOCFLAGS=--cap-lints=warn" "-e" "CARGO_HOME=/opt/rustwide/cargo-home" "-e" "RUSTUP_HOME=/opt/rustwide/rustup-home" "-w" "/opt/rustwide/workdir" "-m" "1610612736" "--user" "0:0" "--network" "none" "ghcr.io/rust-lang/crates-build-env/linux@sha256:f3a9d4ad9d972b27faf3965f35b62e55ba32bbce8f20bc8fe909558a86702fde" "/opt/rustwide/cargo-home/bin/cargo" "+beta-2024-12-08" "test" "--frozen", kill_on_drop: false }`
[INFO] [stdout] 54044aac2d8adbee114395ea149783077fc73ec8a01af08f80e4509260617089
[INFO] running `Command { std: "docker" "start" "-a" "54044aac2d8adbee114395ea149783077fc73ec8a01af08f80e4509260617089", kill_on_drop: false }`
[INFO] [stderr] warning: elided lifetime has a name
[INFO] [stderr]    --> src/query_graph/graph_path.rs:944:50
[INFO] [stderr]     |
[INFO] [stderr] 944 |     fn get_field_mut<'a>(&'a mut self) -> Option<&mut Field>
[INFO] [stderr]     |                      --                          ^ this elided lifetime gets resolved as `'a`
[INFO] [stderr]     |                      |
[INFO] [stderr]     |                      lifetime `'a` declared here
[INFO] [stderr]     |
[INFO] [stderr]     = note: `#[warn(elided_named_lifetimes)]` on by default
[INFO] [stderr] 
[INFO] [stderr] warning: unnecessary qualification
[INFO] [stderr]    --> src/query_plan/fetch_dependency_graph.rs:114:44
[INFO] [stderr]     |
[INFO] [stderr] 114 |             .flat_map(|(defer_ref, nodes)| std::iter::repeat(defer_ref).zip(nodes.iter().copied()))
[INFO] [stderr]     |                                            ^^^^^^^^^^^^^^^^^
[INFO] [stderr]     |
[INFO] [stderr] note: the lint level is defined here
[INFO] [stderr]    --> src/lib.rs:21:5
[INFO] [stderr]     |
[INFO] [stderr] 21  |     unused_qualifications,
[INFO] [stderr]     |     ^^^^^^^^^^^^^^^^^^^^^
[INFO] [stderr] help: remove the unnecessary path segments
[INFO] [stderr]     |
[INFO] [stderr] 114 -             .flat_map(|(defer_ref, nodes)| std::iter::repeat(defer_ref).zip(nodes.iter().copied()))
[INFO] [stderr] 114 +             .flat_map(|(defer_ref, nodes)| iter::repeat(defer_ref).zip(nodes.iter().copied()))
[INFO] [stderr]     |
[INFO] [stderr] 
[INFO] [stderr] warning: unnecessary qualification
[INFO] [stderr]    --> src/query_plan/fetch_dependency_graph.rs:123:13
[INFO] [stderr]     |
[INFO] [stderr] 123 |             std::iter::repeat_with(move || defer_ref.clone()).zip(nodes)
[INFO] [stderr]     |             ^^^^^^^^^^^^^^^^^^^^^^
[INFO] [stderr]     |
[INFO] [stderr] help: remove the unnecessary path segments
[INFO] [stderr]     |
[INFO] [stderr] 123 -             std::iter::repeat_with(move || defer_ref.clone()).zip(nodes)
[INFO] [stderr] 123 +             iter::repeat_with(move || defer_ref.clone()).zip(nodes)
[INFO] [stderr]     |
[INFO] [stderr] 
[INFO] [stderr] warning: unnecessary qualification
[INFO] [stderr]    --> src/query_plan/fetch_dependency_graph.rs:673:25
[INFO] [stderr]     |
[INFO] [stderr] 673 |                         schema::Type::Named(_) | schema::Type::NonNullNamed(_) => break,
[INFO] [stderr]     |                         ^^^^^^^^^^^^^^^^^^^
[INFO] [stderr]     |
[INFO] [stderr] help: remove the unnecessary path segments
[INFO] [stderr]     |
[INFO] [stderr] 673 -                         schema::Type::Named(_) | schema::Type::NonNullNamed(_) => break,
[INFO] [stderr] 673 +                         Type::Named(_) | schema::Type::NonNullNamed(_) => break,
[INFO] [stderr]     |
[INFO] [stderr] 
[INFO] [stderr] warning: unnecessary qualification
[INFO] [stderr]    --> src/query_plan/fetch_dependency_graph.rs:673:50
[INFO] [stderr]     |
[INFO] [stderr] 673 |                         schema::Type::Named(_) | schema::Type::NonNullNamed(_) => break,
[INFO] [stderr]     |                                                  ^^^^^^^^^^^^^^^^^^^^^^^^^^
[INFO] [stderr]     |
[INFO] [stderr] help: remove the unnecessary path segments
[INFO] [stderr]     |
[INFO] [stderr] 673 -                         schema::Type::Named(_) | schema::Type::NonNullNamed(_) => break,
[INFO] [stderr] 673 +                         schema::Type::Named(_) | Type::NonNullNamed(_) => break,
[INFO] [stderr]     |
[INFO] [stderr] 
[INFO] [stderr] warning: unnecessary qualification
[INFO] [stderr]    --> src/query_plan/fetch_dependency_graph.rs:674:25
[INFO] [stderr]     |
[INFO] [stderr] 674 |                         schema::Type::List(inner) | schema::Type::NonNullList(inner) => {
[INFO] [stderr]     |                         ^^^^^^^^^^^^^^^^^^
[INFO] [stderr]     |
[INFO] [stderr] help: remove the unnecessary path segments
[INFO] [stderr]     |
[INFO] [stderr] 674 -                         schema::Type::List(inner) | schema::Type::NonNullList(inner) => {
[INFO] [stderr] 674 +                         Type::List(inner) | schema::Type::NonNullList(inner) => {
[INFO] [stderr]     |
[INFO] [stderr] 
[INFO] [stderr] warning: unnecessary qualification
[INFO] [stderr]    --> src/query_plan/fetch_dependency_graph.rs:674:53
[INFO] [stderr]     |
[INFO] [stderr] 674 |                         schema::Type::List(inner) | schema::Type::NonNullList(inner) => {
[INFO] [stderr]     |                                                     ^^^^^^^^^^^^^^^^^^^^^^^^^
[INFO] [stderr]     |
[INFO] [stderr] help: remove the unnecessary path segments
[INFO] [stderr]     |
[INFO] [stderr] 674 -                         schema::Type::List(inner) | schema::Type::NonNullList(inner) => {
[INFO] [stderr] 674 +                         schema::Type::List(inner) | Type::NonNullList(inner) => {
[INFO] [stderr]     |
[INFO] [stderr] 
[INFO] [stderr] warning: unnecessary qualification
[INFO] [stderr]     --> src/query_plan/fetch_dependency_graph.rs:1810:43
[INFO] [stderr]      |
[INFO] [stderr] 1810 |                 processor.reduce_sequence(std::iter::once(processed).chain(main_sequence));
[INFO] [stderr]      |                                           ^^^^^^^^^^^^^^^
[INFO] [stderr]      |
[INFO] [stderr] help: remove the unnecessary path segments
[INFO] [stderr]      |
[INFO] [stderr] 1810 -                 processor.reduce_sequence(std::iter::once(processed).chain(main_sequence));
[INFO] [stderr] 1810 +                 processor.reduce_sequence(iter::once(processed).chain(main_sequence));
[INFO] [stderr]      |
[INFO] [stderr] 
[INFO] [stderr] warning: unnecessary qualification
[INFO] [stderr]     --> src/query_plan/fetch_dependency_graph.rs:3038:9
[INFO] [stderr]      |
[INFO] [stderr] 3038 |         crate::schema::position::TypeDefinitionPosition::Object(o) => o,
[INFO] [stderr]      |         ^^^^^^^^^^^^^^^^^^^^^^^^^^^^^^^^^^^^^^^^^^^^^^^^^^^^^^^
[INFO] [stderr]      |
[INFO] [stderr] help: remove the unnecessary path segments
[INFO] [stderr]      |
[INFO] [stderr] 3038 -         crate::schema::position::TypeDefinitionPosition::Object(o) => o,
[INFO] [stderr] 3038 +         TypeDefinitionPosition::Object(o) => o,
[INFO] [stderr]      |
[INFO] [stderr] 
[INFO] [stderr] warning: field `minimum_federation_version` is never read
[INFO] [stderr]   --> src/link/context_spec_definition.rs:28:5
[INFO] [stderr]    |
[INFO] [stderr] 26 | pub(crate) struct ContextSpecDefinition {
[INFO] [stderr]    |                   --------------------- field in this struct
[INFO] [stderr] 27 |     url: Url,
[INFO] [stderr] 28 |     minimum_federation_version: Option<Version>,
[INFO] [stderr]    |     ^^^^^^^^^^^^^^^^^^^^^^^^^^
[INFO] [stderr]    |
[INFO] [stderr]    = note: `ContextSpecDefinition` has a derived impl for the trait `Clone`, but this is intentionally ignored during dead code analysis
[INFO] [stderr] note: the lint level is defined here
[INFO] [stderr]   --> src/lib.rs:22:5
[INFO] [stderr]    |
[INFO] [stderr] 22 |     dead_code,
[INFO] [stderr]    |     ^^^^^^^^^
[INFO] [stderr] 
[INFO] [stderr] warning: field `minimum_federation_version` is never read
[INFO] [stderr]   --> src/link/cost_spec_definition.rs:40:5
[INFO] [stderr]    |
[INFO] [stderr] 38 | pub struct CostSpecDefinition {
[INFO] [stderr]    |            ------------------ field in this struct
[INFO] [stderr] 39 |     url: Url,
[INFO] [stderr] 40 |     minimum_federation_version: Option<Version>,
[INFO] [stderr]    |     ^^^^^^^^^^^^^^^^^^^^^^^^^^
[INFO] [stderr]    |
[INFO] [stderr]    = note: `CostSpecDefinition` has a derived impl for the trait `Clone`, but this is intentionally ignored during dead code analysis
[INFO] [stderr] 
[INFO] [stderr] warning: field `minimum_federation_version` is never read
[INFO] [stderr]   --> src/link/inaccessible_spec_definition.rs:42:5
[INFO] [stderr]    |
[INFO] [stderr] 40 | pub(crate) struct InaccessibleSpecDefinition {
[INFO] [stderr]    |                   -------------------------- field in this struct
[INFO] [stderr] 41 |     url: Url,
[INFO] [stderr] 42 |     minimum_federation_version: Option<Version>,
[INFO] [stderr]    |     ^^^^^^^^^^^^^^^^^^^^^^^^^^
[INFO] [stderr] 
[INFO] [stderr] warning: field `minimum_federation_version` is never read
[INFO] [stderr]    --> src/link/join_spec_definition.rs:170:5
[INFO] [stderr]     |
[INFO] [stderr] 168 | pub(crate) struct JoinSpecDefinition {
[INFO] [stderr]     |                   ------------------ field in this struct
[INFO] [stderr] 169 |     url: Url,
[INFO] [stderr] 170 |     minimum_federation_version: Option<Version>,
[INFO] [stderr]     |     ^^^^^^^^^^^^^^^^^^^^^^^^^^
[INFO] [stderr]     |
[INFO] [stderr]     = note: `JoinSpecDefinition` has a derived impl for the trait `Clone`, but this is intentionally ignored during dead code analysis
[INFO] [stderr] 
[INFO] [stderr] warning: field `minimum_federation_version` is never read
[INFO] [stderr]   --> src/link/link_spec_definition.rs:11:5
[INFO] [stderr]    |
[INFO] [stderr] 9  | pub(crate) struct LinkSpecDefinition {
[INFO] [stderr]    |                   ------------------ field in this struct
[INFO] [stderr] 10 |     url: Url,
[INFO] [stderr] 11 |     minimum_federation_version: Option<Version>,
[INFO] [stderr]    |     ^^^^^^^^^^^^^^^^^^^^^^^^^^
[INFO] [stderr] 
[INFO] [stderr] warning: methods `minimum_federation_version` and `is_spec_directive_name` are never used
[INFO] [stderr]   --> src/link/spec_definition.rs:20:8
[INFO] [stderr]    |
[INFO] [stderr] 18 | pub(crate) trait SpecDefinition {
[INFO] [stderr]    |                  -------------- methods in this trait
[INFO] [stderr] 19 |     fn url(&self) -> &Url;
[INFO] [stderr] 20 |     fn minimum_federation_version(&self) -> Option<&Version>;
[INFO] [stderr]    |        ^^^^^^^^^^^^^^^^^^^^^^^^^^
[INFO] [stderr] ...
[INFO] [stderr] 30 |     fn is_spec_directive_name(
[INFO] [stderr]    |        ^^^^^^^^^^^^^^^^^^^^^^
[INFO] [stderr] 
[INFO] [stderr] warning: field `0` is never read
[INFO] [stderr]    --> src/operation/optimize.rs:117:18
[INFO] [stderr]     |
[INFO] [stderr] 117 |     SelectionSet(SelectionSet),
[INFO] [stderr]     |     ------------ ^^^^^^^^^^^^
[INFO] [stderr]     |     |
[INFO] [stderr]     |     field in this variant
[INFO] [stderr]     |
[INFO] [stderr] help: consider changing the field to be of unit type to suppress this warning while preserving the field numbering, or remove the field
[INFO] [stderr]     |
[INFO] [stderr] 117 |     SelectionSet(()),
[INFO] [stderr]     |                  ~~
[INFO] [stderr] 
[INFO] [stderr] warning: field `0` is never read
[INFO] [stderr]    --> src/operation/optimize.rs:118:14
[INFO] [stderr]     |
[INFO] [stderr] 118 |     Fragment(Node<Fragment>),
[INFO] [stderr]     |     -------- ^^^^^^^^^^^^^^
[INFO] [stderr]     |     |
[INFO] [stderr]     |     field in this variant
[INFO] [stderr]     |
[INFO] [stderr] help: consider changing the field to be of unit type to suppress this warning while preserving the field numbering, or remove the field
[INFO] [stderr]     |
[INFO] [stderr] 118 |     Fragment(()),
[INFO] [stderr]     |              ~~
[INFO] [stderr] 
[INFO] [stderr] warning: field `0` is never read
[INFO] [stderr]    --> src/query_graph/graph_path.rs:927:16
[INFO] [stderr]     |
[INFO] [stderr] 927 |     Transition(&'a mut QueryGraphEdgeTransition),
[INFO] [stderr]     |     ---------- ^^^^^^^^^^^^^^^^^^^^^^^^^^^^^^^^
[INFO] [stderr]     |     |
[INFO] [stderr]     |     field in this variant
[INFO] [stderr]     |
[INFO] [stderr] help: consider changing the field to be of unit type to suppress this warning while preserving the field numbering, or remove the field
[INFO] [stderr]     |
[INFO] [stderr] 927 |     Transition(()),
[INFO] [stderr]     |                ~~
[INFO] [stderr] 
[INFO] [stderr] warning: trait `FallibleExtend` is never used
[INFO] [stderr]  --> src/utils/fallible_iterator.rs:9:18
[INFO] [stderr]   |
[INFO] [stderr] 9 | pub(crate) trait FallibleExtend<A>: Extend<A> {
[INFO] [stderr]   |                  ^^^^^^^^^^^^^^
[INFO] [stderr] 
[INFO] [stderr] warning: methods `ok_and_all`, `and_then_all`, `and_then_any`, `or_else`, `and_then_for_each`, and `and_then_fold` are never used
[INFO] [stderr]    --> src/utils/fallible_iterator.rs:196:8
[INFO] [stderr]     |
[INFO] [stderr] 73  | pub(crate) trait FallibleIterator: Sized + Itertools {
[INFO] [stderr]     |                  ---------------- methods in this trait
[INFO] [stderr] ...
[INFO] [stderr] 196 |     fn ok_and_all<T, E, F>(&mut self, predicate: F) -> Result<bool, E>
[INFO] [stderr]     |        ^^^^^^^^^^
[INFO] [stderr] ...
[INFO] [stderr] 237 |     fn and_then_all<T, E, F>(&mut self, mut predicate: F) -> Result<bool, E>
[INFO] [stderr]     |        ^^^^^^^^^^^^
[INFO] [stderr] ...
[INFO] [stderr] 351 |     fn and_then_any<T, E, F>(&mut self, mut predicate: F) -> Result<bool, E>
[INFO] [stderr]     |        ^^^^^^^^^^^^
[INFO] [stderr] ...
[INFO] [stderr] 378 |     fn or_else<T, E, EE, F>(self, map: F) -> OrElse<Self, F>
[INFO] [stderr]     |        ^^^^^^^
[INFO] [stderr] ...
[INFO] [stderr] 388 |     fn and_then_for_each<F, T, E>(self, inner: F) -> Result<(), E>
[INFO] [stderr]     |        ^^^^^^^^^^^^^^^^^
[INFO] [stderr] ...
[INFO] [stderr] 420 |     fn and_then_fold<F, O, T, E>(&mut self, mut init: O, mut mapper: F) -> Result<O, E>
[INFO] [stderr]     |        ^^^^^^^^^^^^^
[INFO] [stderr] 
[INFO] [stderr] warning: struct `OrElse` is never constructed
[INFO] [stderr]    --> src/utils/fallible_iterator.rs:504:19
[INFO] [stderr]     |
[INFO] [stderr] 504 | pub(crate) struct OrElse<I, F> {
[INFO] [stderr]     |                   ^^^^^^
[INFO] [stderr] 
[INFO] [stderr] warning: `apollo-federation` (lib) generated 21 warnings (run `cargo fix --lib -p apollo-federation` to apply 8 suggestions)
[INFO] [stderr] warning: unnecessary qualification
[INFO] [stderr]    --> src/operation/simplify.rs:555:13
[INFO] [stderr]     |
[INFO] [stderr] 555 |             apollo_compiler::executable::SelectionSet::try_from(&expanded_and_flattened).unwrap();
[INFO] [stderr]     |             ^^^^^^^^^^^^^^^^^^^^^^^^^^^^^^^^^^^^^^^^^^^^^^^^^^^
[INFO] [stderr]     |
[INFO] [stderr] note: the lint level is defined here
[INFO] [stderr]    --> src/lib.rs:21:5
[INFO] [stderr]     |
[INFO] [stderr] 21  |     unused_qualifications,
[INFO] [stderr]     |     ^^^^^^^^^^^^^^^^^^^^^
[INFO] [stderr] help: remove the unnecessary path segments
[INFO] [stderr]     |
[INFO] [stderr] 555 -             apollo_compiler::executable::SelectionSet::try_from(&expanded_and_flattened).unwrap();
[INFO] [stderr] 555 +             executable::SelectionSet::try_from(&expanded_and_flattened).unwrap();
[INFO] [stderr]     |
[INFO] [stderr] 
[INFO] [stderr] warning: unnecessary qualification
[INFO] [stderr]   --> src/operation/tests/mod.rs:54:15
[INFO] [stderr]    |
[INFO] [stderr] 54 |     let doc = apollo_compiler::ExecutableDocument::parse_and_validate(
[INFO] [stderr]    |               ^^^^^^^^^^^^^^^^^^^^^^^^^^^^^^^^^^^^^^^^^^^^^^^^^^^^^^^
[INFO] [stderr]    |
[INFO] [stderr] help: remove the unnecessary path segments
[INFO] [stderr]    |
[INFO] [stderr] 54 -     let doc = apollo_compiler::ExecutableDocument::parse_and_validate(
[INFO] [stderr] 54 +     let doc = ExecutableDocument::parse_and_validate(
[INFO] [stderr]    |
[INFO] [stderr] 
[INFO] [stderr] warning: unnecessary qualification
[INFO] [stderr]     --> src/operation/tests/mod.rs:1058:18
[INFO] [stderr]      |
[INFO] [stderr] 1058 |     let schema = apollo_compiler::Schema::parse_and_validate(
[INFO] [stderr]      |                  ^^^^^^^^^^^^^^^^^^^^^^^^^^^^^^^^^^^^^^^^^^^
[INFO] [stderr]      |
[INFO] [stderr] help: remove the unnecessary path segments
[INFO] [stderr]      |
[INFO] [stderr] 1058 -     let schema = apollo_compiler::Schema::parse_and_validate(
[INFO] [stderr] 1058 +     let schema = Schema::parse_and_validate(
[INFO] [stderr]      |
[INFO] [stderr] 
[INFO] [stderr] warning: unnecessary qualification
[INFO] [stderr]     --> src/operation/tests/mod.rs:1393:9
[INFO] [stderr]      |
[INFO] [stderr] 1393 |         apollo_compiler::Schema::parse_and_validate(ADD_AT_PATH_TEST_SCHEMA, "schema.graphql")
[INFO] [stderr]      |         ^^^^^^^^^^^^^^^^^^^^^^^^^^^^^^^^^^^^^^^^^^^
[INFO] [stderr]      |
[INFO] [stderr] help: remove the unnecessary path segments
[INFO] [stderr]      |
[INFO] [stderr] 1393 -         apollo_compiler::Schema::parse_and_validate(ADD_AT_PATH_TEST_SCHEMA, "schema.graphql")
[INFO] [stderr] 1393 +         Schema::parse_and_validate(ADD_AT_PATH_TEST_SCHEMA, "schema.graphql")
[INFO] [stderr]      |
[INFO] [stderr] 
[INFO] [stderr] warning: unnecessary qualification
[INFO] [stderr]     --> src/operation/tests/mod.rs:1422:9
[INFO] [stderr]      |
[INFO] [stderr] 1422 |         apollo_compiler::Schema::parse_and_validate(ADD_AT_PATH_TEST_SCHEMA, "schema.graphql")
[INFO] [stderr]      |         ^^^^^^^^^^^^^^^^^^^^^^^^^^^^^^^^^^^^^^^^^^^
[INFO] [stderr]      |
[INFO] [stderr] help: remove the unnecessary path segments
[INFO] [stderr]      |
[INFO] [stderr] 1422 -         apollo_compiler::Schema::parse_and_validate(ADD_AT_PATH_TEST_SCHEMA, "schema.graphql")
[INFO] [stderr] 1422 +         Schema::parse_and_validate(ADD_AT_PATH_TEST_SCHEMA, "schema.graphql")
[INFO] [stderr]      |
[INFO] [stderr] 
[INFO] [stderr] warning: unnecessary qualification
[INFO] [stderr]     --> src/operation/tests/mod.rs:1472:9
[INFO] [stderr]      |
[INFO] [stderr] 1472 |         apollo_compiler::Schema::parse_and_validate(ADD_AT_PATH_TEST_SCHEMA, "schema.graphql")
[INFO] [stderr]      |         ^^^^^^^^^^^^^^^^^^^^^^^^^^^^^^^^^^^^^^^^^^^
[INFO] [stderr]      |
[INFO] [stderr] help: remove the unnecessary path segments
[INFO] [stderr]      |
[INFO] [stderr] 1472 -         apollo_compiler::Schema::parse_and_validate(ADD_AT_PATH_TEST_SCHEMA, "schema.graphql")
[INFO] [stderr] 1472 +         Schema::parse_and_validate(ADD_AT_PATH_TEST_SCHEMA, "schema.graphql")
[INFO] [stderr]      |
[INFO] [stderr] 
[INFO] [stderr] warning: unnecessary qualification
[INFO] [stderr]    --> src/query_plan/fetch_dependency_graph.rs:114:44
[INFO] [stderr]     |
[INFO] [stderr] 114 |             .flat_map(|(defer_ref, nodes)| std::iter::repeat(defer_ref).zip(nodes.iter().copied()))
[INFO] [stderr]     |                                            ^^^^^^^^^^^^^^^^^
[INFO] [stderr]     |
[INFO] [stderr] help: remove the unnecessary path segments
[INFO] [stderr]     |
[INFO] [stderr] 114 -             .flat_map(|(defer_ref, nodes)| std::iter::repeat(defer_ref).zip(nodes.iter().copied()))
[INFO] [stderr] 114 +             .flat_map(|(defer_ref, nodes)| iter::repeat(defer_ref).zip(nodes.iter().copied()))
[INFO] [stderr]     |
[INFO] [stderr] 
[INFO] [stderr] warning: methods `or_else`, `and_then_for_each`, and `and_then_fold` are never used
[INFO] [stderr]    --> src/utils/fallible_iterator.rs:378:8
[INFO] [stderr]     |
[INFO] [stderr] 73  | pub(crate) trait FallibleIterator: Sized + Itertools {
[INFO] [stderr]     |                  ---------------- methods in this trait
[INFO] [stderr] ...
[INFO] [stderr] 378 |     fn or_else<T, E, EE, F>(self, map: F) -> OrElse<Self, F>
[INFO] [stderr]     |        ^^^^^^^
[INFO] [stderr] ...
[INFO] [stderr] 388 |     fn and_then_for_each<F, T, E>(self, inner: F) -> Result<(), E>
[INFO] [stderr]     |        ^^^^^^^^^^^^^^^^^
[INFO] [stderr] ...
[INFO] [stderr] 420 |     fn and_then_fold<F, O, T, E>(&mut self, mut init: O, mut mapper: F) -> Result<O, E>
[INFO] [stderr]     |        ^^^^^^^^^^^^^
[INFO] [stderr] 
[INFO] [stderr] warning: `apollo-federation` (lib test) generated 27 warnings (19 duplicates) (run `cargo fix --lib -p apollo-federation --tests` to apply 7 suggestions)
[INFO] [stderr]     Finished `test` profile [unoptimized + debuginfo] target(s) in 0.14s
[INFO] [stderr]      Running unittests src/lib.rs (/opt/rustwide/target/debug/deps/apollo_federation-4428e9e49399b138)
[INFO] [stdout] 
[INFO] [stdout] running 109 tests
[INFO] [stdout] test link::database::tests::computes_link_metadata ... ok
[INFO] [stdout] test link::database::tests::explicit_root_directive_import ... ok
[INFO] [stdout] test link::database::tests::renamed_link_directive ... ok
[INFO] [stdout] test link::database::tests::url_syntax ... ok
[INFO] [stdout] test link::spec::tests::invalid_versions_strings_return_menaingful_errors ... ok
[INFO] [stdout] test link::spec::tests::valid_urls_can_be_parsed ... ok
[INFO] [stdout] test link::database::tests::renamed_core_directive ... ok
[INFO] [stdout] test link::spec::tests::valid_versions_can_be_parsed ... ok
[INFO] [stdout] test link::spec::tests::versions_compares_correctly ... ok
[INFO] [stdout] test compat::tests::coerces_in_fragment_definitions ... ok
[INFO] [stdout] test link::database::tests::link_import::errors_on_malformed_values ... ok
[INFO] [stdout] test compat::tests::coerces_list_values ... ok
[INFO] [stdout] test link::database::tests::link_import::errors_on_mismatch_between_name_and_alias ... ok
[INFO] [stdout] test compat::tests::coerces_enum_values ... ok
[INFO] [stdout] test merge::tests::test_inaccessible ... ok
[INFO] [stdout] test link::database::tests::link_import::errors_on_importing_unknown_elements_for_known_features ... ok
[INFO] [stdout] test merge::tests::test_basic ... ok
[INFO] [stdout] test operation::directive_list::tests::consistent_hash ... ok
[INFO] [stdout] test operation::optimize::tests::generated_fragment_names ... ok
[INFO] [stdout] test operation::directive_list::tests::order_independent_equality ... ok
[INFO] [stdout] test operation::tests::add_at_path_collapses_unnecessary_fragments ... ok
[INFO] [stdout] test operation::simplify::tests::does_not_duplicate_fragments_regression_router782 ... ok
[INFO] [stdout] test operation::optimize::tests::test_empty_branch_removal::removes_simple_empty_branches ... ok
[INFO] [stdout] test operation::optimize::tests::test_empty_branch_removal::removes_cascading_empty_branches ... ok
[INFO] [stdout] test operation::tests::add_at_path_merge_subselections ... ok
[INFO] [stdout] test operation::tests::can_remove_introspection_selections ... ok
[INFO] [stdout] test operation::tests::converting_operation_types ... ok
[INFO] [stdout] test operation::tests::add_at_path_merge_scalar_fields ... ok
[INFO] [stdout] test operation::tests::defer::without_defer_fragment_references ... ok
[INFO] [stdout] test operation::optimize::tests::test_empty_branch_removal::operation_not_modified_if_no_empty_branches ... ok
[INFO] [stdout] test operation::tests::defer::without_defer_named_fragment ... ok
[INFO] [stdout] test operation::tests::defer::without_defer_merges_fragment ... ok
[INFO] [stdout] test operation::tests::directive_propagation ... ok
[INFO] [stdout] test operation::tests::do_not_merge_when_fields_have_different_directives ... ok
[INFO] [stdout] test operation::tests::do_not_merge_fields_with_defer_directive ... ok
[INFO] [stdout] test operation::tests::defer::without_defer_simple ... ok
[INFO] [stdout] test operation::tests::do_not_merge_when_only_one_field_specifies_directive ... ok
[INFO] [stdout] test operation::tests::do_not_merge_when_fragments_have_different_directives ... ok
[INFO] [stdout] test operation::tests::do_not_merge_fragments_with_defer_directive ... ok
[INFO] [stdout] test operation::tests::do_not_merge_when_only_one_fragment_specifies_directive ... ok
[INFO] [stdout] test operation::tests::expands_and_deduplicates_fragments ... ok
[INFO] [stdout] test operation::tests::expands_named_fragments ... ok
[INFO] [stdout] test operation::contains::tests::selection_set_contains_missing_typename ... ok
[INFO] [stdout] test operation::tests::handles_fragment_matching_at_the_top_level_of_another_fragment ... ok
[INFO] [stdout] test operation::tests::keeps_typename_if_no_other_selection ... ok
[INFO] [stdout] test operation::tests::handles_fragments_used_in_context_where_they_get_trimmed ... ok
[INFO] [stdout] test operation::tests::lazy_map_tests::test_lazy_map2 ... ok
[INFO] [stdout] test operation::tests::lazy_map_tests::test_lazy_map ... ok
[INFO] [stdout] test operation::tests::keeps_typename_for_interface_object ... ok
[INFO] [stdout] test operation::tests::handles_fragments_on_union_in_context_with_limited_intersection ... ok
[INFO] [stdout] test operation::tests::merge_same_fields_without_directives ... ok
[INFO] [stdout] test operation::tests::make_selection_tests::test_make_selection_order ... ok
[INFO] [stdout] test operation::tests::merge_nested_field_selections ... ok
[INFO] [stdout] test operation::tests::merge_nested_fragments ... ok
[INFO] [stdout] test operation::tests::merge_same_fields_with_same_directive_but_different_arg_order ... ok
[INFO] [stdout] test operation::tests::merge_same_fragment_without_directives ... ok
[INFO] [stdout] test operation::tests::merge_same_fragments_with_same_directives ... ok
[INFO] [stdout] test operation::tests::removes_sibling_typename ... ok
[INFO] [stdout] test operation::tests::merge_same_fields_with_same_directive ... ok
[INFO] [stdout] test operation::tests::reuse_fragments_with_directive_on_typename ... ok
[INFO] [stdout] test operation::tests::merge_same_fragments_with_same_directive_but_different_arg_order ... ok
[INFO] [stdout] test operation::tests::off_by_1_error ... ok
[INFO] [stdout] test merge::tests::test_steel_thread ... ok
[INFO] [stdout] test operation::tests::test_expand_all_fragments1 ... ok
[INFO] [stdout] test operation::tests::reuse_fragments_with_non_intersecting_types ... ok
[INFO] [stdout] test query_graph::build_query_graph::tests::test_parse_context ... ok
[INFO] [stdout] test operation::tests::used_variables ... ok
[INFO] [stdout] test query_graph::graph_path::tests::path_display ... ok
[INFO] [stdout] test query_graph::build_query_graph::tests::building_query_graphs_from_schema_handles_object_types ... ok
[INFO] [stdout] test query_graph::path_tree::tests::path_tree_display ... ok
[INFO] [stdout] test query_graph::condition_resolver::tests::test_condition_resolver_cache ... ok
[INFO] [stdout] test query_plan::generate::tests::bail_early_for_more_costly_elements ... ok
[INFO] [stdout] test query_plan::generate::tests::handles_branches_of_various_sizes ... ok
[INFO] [stdout] test query_plan::generate::tests::pick_elements_at_same_index_first ... ok
[INFO] [stdout] test operation::tests::reuse_fragments_with_same_directive_in_the_fragment_selection ... ok
[INFO] [stdout] test query_plan::fetch_dependency_graph::tests::type_condition_fetching_enabled ... ok
[INFO] [stdout] test query_plan::fetch_dependency_graph::tests::type_condition_fetching_disabled ... ok
[INFO] [stdout] test query_plan::query_planner::tests::drop_operation_root_level_typename ... ok
[INFO] [stdout] test query_plan::conditions::tests::merge_conditions ... ok
[INFO] [stdout] test query_plan::query_planning_traversal::test_prune_and_reorder_first_branch ... ok
[INFO] [stdout] test schema::field_set::tests::test_aliases_in_field_set ... ok
[INFO] [stdout] test schema::position::tests::remove_interface_recursive ... ok
[INFO] [stdout] test schema::position::tests::remove_type_recursive ... ok
[INFO] [stdout] test operation::contains::tests::selection_set_contains ... ok
[INFO] [stdout] test schema::field_set::tests::test_aliases_in_field_set_via_build_federated_query_graph ... ok
[INFO] [stdout] test query_plan::conditions::tests::update_conditions ... ok
[INFO] [stdout] test subgraph::spec::tests::handle_unsupported_federation_version ... ok
[INFO] [stdout] test query_plan::query_planner::tests::plan_simple_query_for_single_subgraph ... ok
[INFO] [stdout] test query_plan::query_planner::tests::test_optimize_no_fragments_generated ... ok
[INFO] [stdout] test subgraph::tests::can_inspect_a_type_key ... ok
[INFO] [stdout] test supergraph::tests::handles_unions_types_having_no_members_in_a_subgraph_correctly ... ok
[INFO] [stdout] test supergraph::tests::handles_types_having_no_fields_referenced_by_other_unions_in_a_subgraph_correctly ... ok
[INFO] [stdout] test query_plan::query_planner::tests::plan_simple_root_field_query_for_multiple_subgraphs ... ok
[INFO] [stdout] test supergraph::tests::handles_types_having_no_fields_referenced_by_other_interfaces_in_a_subgraph_correctly ... ok
[INFO] [stdout] test utils::fallible_iterator::tests::test_and_then_all ... ok
[INFO] [stdout] test utils::fallible_iterator::tests::test_and_then_any ... ok
[INFO] [stdout] test utils::fallible_iterator::tests::test_and_then_filter ... ok
[INFO] [stdout] test utils::fallible_iterator::tests::test_fallible_all ... ok
[INFO] [stdout] test utils::fallible_iterator::tests::test_fallible_any ... ok
[INFO] [stdout] test supergraph::tests::preserves_default_values_of_input_object_fields ... ok
[INFO] [stdout] test utils::fallible_iterator::tests::test_ok_and_all ... ok
[INFO] [stdout] test supergraph::tests::test_join_directives ... ok
[INFO] [stdout] test query_plan::query_planner::tests::plan_simple_query_for_multiple_subgraphs ... ok
[INFO] [stdout] test supergraph::tests::types_that_are_empty_because_of_overridden_fields_are_erased ... ok
[INFO] [stdout] test utils::fallible_iterator::tests::test_ok_and_any ... ok
[INFO] [stdout] test utils::fallible_iterator::tests::test_fallible_filter ... ok
[INFO] [stdout] test schema::type_and_directive_specification::tests::must_be_not_be_repeatable_if_it_has_a_merge_strategy - should panic ... ok
[INFO] [stdout] test schema::type_and_directive_specification::tests::must_have_a_merge_strategy_on_all_arguments_if_any - should panic ... ok
[INFO] [stdout] test schema::type_and_directive_specification::tests::must_have_supergraph_link_if_composed - should panic ... ok
[INFO] [stdout] 
[INFO] [stdout] test result: ok. 109 passed; 0 failed; 0 ignored; 0 measured; 0 filtered out; finished in 0.69s
[INFO] [stdout] 
[INFO] [stderr]      Running tests/main.rs (/opt/rustwide/target/debug/deps/main-b639c19278356110)
[INFO] [stdout] 
[INFO] [stdout] running 239 tests
[INFO] [stdout] test api_schema::inaccessible_directive_on_schema_elements ... ok
[INFO] [stdout] test api_schema::inaccessible_enum_value_as_string ... ok
[INFO] [stdout] test api_schema::inaccessible_directive_arguments_with_accessible_references ... ok
[INFO] [stdout] test api_schema::inaccessible_complex_default_values ... ok
[INFO] [stdout] test api_schema::inaccessible_enum_values_with_accessible_references ... ok
[INFO] [stdout] test api_schema::inaccessible_input_object_with_accessible_references ... ok
[INFO] [stdout] test api_schema::inaccessible_input_object_fields_with_accessible_references ... ok
[INFO] [stdout] test api_schema::inaccessible_enum_with_accessible_references ... ok
[INFO] [stdout] test api_schema::inaccessible_interface_field_with_accessible_references ... ok
[INFO] [stdout] test api_schema::inaccessible_object_field_arguments_with_accessible_references ... ok
[INFO] [stdout] test api_schema::inaccessible_on_builtins ... ok
[INFO] [stdout] test api_schema::inaccessible_union_with_accessible_references ... ok
[INFO] [stdout] test api_schema::inaccessible_scalar_with_accessible_references ... ok
[INFO] [stdout] test api_schema::inaccessible_interface_with_accessible_references ... ok
[INFO] [stdout] test api_schema::inaccessible_interface_field_arguments_with_accessible_references ... ok
[INFO] [stdout] test api_schema::include_supergraph_directives ... ok
[INFO] [stdout] test api_schema::matches_graphql_js_directive_applications ... ok
[INFO] [stdout] test api_schema::matches_graphql_js_default_value_propagation ... ok
[INFO] [stdout] test api_schema::inaccessible_on_imported_elements ... ok
[INFO] [stdout] test api_schema::inaccessible_types_with_accessible_references ... ok
[INFO] [stdout] test api_schema::inaccessible_object_field_with_accessible_references ... ok
[INFO] [stdout] test api_schema::remove_referencing_directive_argument ... ok
[INFO] [stdout] test api_schema::propagates_default_input_values ... ok
[INFO] [stdout] test api_schema::removes_inaccessible_enum_values ... ok
[INFO] [stdout] test api_schema::removes_inaccessible_directive_arguments ... ok
[INFO] [stdout] test api_schema::removes_inaccessible_interface_fields ... ok
[INFO] [stdout] test api_schema::removes_inaccessible_interface_types ... ok
[INFO] [stdout] test api_schema::removes_inaccessible_input_object_types ... ok
[INFO] [stdout] test api_schema::removes_inaccessible_interface_field_arguments ... ok
[INFO] [stdout] test api_schema::removes_inaccessible_object_fields ... ok
[INFO] [stdout] test api_schema::removes_inaccessible_input_object_fields ... ok
[INFO] [stdout] test api_schema::removes_inaccessible_enum_types ... ok
[INFO] [stdout] test api_schema::removes_inaccessible_object_types ... ok
[INFO] [stdout] test api_schema::removes_inaccessible_object_field_arguments ... ok
[INFO] [stdout] test api_schema::supports_core_directive_supergraph ... ok
[INFO] [stdout] test api_schema::removes_inaccessible_union_types ... ok
[INFO] [stdout] test composition_tests::compose_removes_federation_directives ... ok
[INFO] [stdout] test composition_tests::can_compose_supergraph ... ok
[INFO] [stdout] test api_schema::removes_inaccessible_scalar_types ... ok
[INFO] [stdout] test composition_tests::can_compose_with_descriptions ... ok
[INFO] [stdout] test composition_tests::can_compose_types_from_different_subgraphs ... ok
[INFO] [stdout] test extract_subgraphs::does_not_extract_renamed_demand_control_directive_name_conflicts ... ok
[INFO] [stdout] test extract_subgraphs::erase_empty_types_due_to_overridden_fields ... ok
[INFO] [stdout] test extract_subgraphs::extracts_demand_control_directives ... ok
[INFO] [stdout] test extract_subgraphs::preserve_default_values_of_input_fields ... ok
[INFO] [stdout] test extract_subgraphs::does_not_extract_demand_control_directive_name_conflicts ... ok
[INFO] [stdout] test query_plan::build_query_plan_tests::condition_order_router799 ... ok
[INFO] [stdout] test extract_subgraphs::extracts_renamed_demand_control_directives ... ok
[INFO] [stdout] test extract_subgraphs::can_extract_subgraph ... ok
[INFO] [stdout] test extract_subgraphs::extracts_set_context_directives ... ok
[INFO] [stdout] test query_plan::build_query_plan_tests::context::set_context_one_subgraph ... ok
[INFO] [stdout] test query_plan::build_query_plan_tests::context::set_context_test_before_key_resolution_transition ... ok
[INFO] [stdout] test query_plan::build_query_plan_tests::context::set_context_test_accesses_a_different_top_level_query ... ok
[INFO] [stdout] test query_plan::build_query_plan_tests::context::set_context_test_impacts_on_query_planning ... ok
[INFO] [stdout] test query_plan::build_query_plan_tests::context::set_context_required_field_is_several_levels_deep_going_back_and_forth_between_subgraphs ... ok
[INFO] [stdout] test query_plan::build_query_plan_tests::context::set_context_test_fetched_as_a_list ... ok
[INFO] [stdout] test query_plan::build_query_plan_tests::context::set_context_test_variable_is_a_list ... ok
[INFO] [stdout] test query_plan::build_query_plan_tests::context::set_context_test_efficiently_merge_fetch_groups ... ok
[INFO] [stdout] test query_plan::build_query_plan_tests::avoids_unnecessary_fetches ... ok
[INFO] [stdout] test query_plan::build_query_plan_tests::debug_max_evaluated_plans_configuration::cannot_be_set_to_0_or_a_negative_number ... ok
[INFO] [stdout] test query_plan::build_query_plan_tests::context::set_context_test_variable_is_already_in_a_different_fetch_group ... ok
[INFO] [stdout] test query_plan::build_query_plan_tests::context::set_context_test_variable_is_from_same_subgraph ... ok
[INFO] [stdout] test query_plan::build_query_plan_tests::context::set_context_test_variable_is_from_different_subgraph ... ok
[INFO] [stdout] test query_plan::build_query_plan_tests::debug_max_evaluated_plans_configuration::avoid_considering_indirect_paths_from_the_root_when_a_more_direct_one_exists ... ok
[INFO] [stdout] test query_plan::build_query_plan_tests::debug_max_evaluated_plans_configuration::can_be_set_to_an_arbitrary_number ... ok
[INFO] [stdout] test query_plan::build_query_plan_tests::context::set_context_test_with_type_conditions_for_union ... ok
[INFO] [stdout] test query_plan::build_query_plan_tests::debug_max_evaluated_plans_configuration::allows_setting_down_to_1 ... ok
[INFO] [stdout] test query_plan::build_query_plan_tests::debug_max_evaluated_plans_configuration::correctly_generate_plan_built_from_some_non_individually_optimal_branch_options ... ok
[INFO] [stdout] test query_plan::build_query_plan_tests::defer::defer_test_can_request_typename_in_fragment ... ok
[INFO] [stdout] test query_plan::build_query_plan_tests::debug_max_evaluated_plans_configuration::does_not_error_on_some_complex_fetch_group_dependencies ... ok
[INFO] [stdout] test query_plan::build_query_plan_tests::defer::defer_test_defer_everything_within_entity ... ok
[INFO] [stdout] test query_plan::build_query_plan_tests::debug_max_evaluated_plans_configuration::does_not_evaluate_plans_relying_on_a_key_field_to_fetch_that_same_field ... ok
[INFO] [stdout] test query_plan::build_query_plan_tests::debug_max_evaluated_plans_configuration::works_when_unset ... ok
[INFO] [stdout] test query_plan::build_query_plan_tests::defer::defer_test_defer_on_enity_but_with_unuseful_key ... ok
[INFO] [stdout] test query_plan::build_query_plan_tests::defer::defer_test_defer_multiple_fields_in_different_subgraphs ... ok
[INFO] [stdout] test query_plan::build_query_plan_tests::debug_max_evaluated_plans_configuration::multiplication_overflow_in_reduce_options_if_needed ... ok
[INFO] [stdout] test query_plan::build_query_plan_tests::defer::defer_test_defer_on_everything_queried ... ok
[INFO] [stdout] test query_plan::build_query_plan_tests::defer::defer_test_defer_on_mutation_on_different_subgraphs ... ok
[INFO] [stdout] test query_plan::build_query_plan_tests::defer::defer_test_defer_on_mutation_in_same_subgraph ... ok
[INFO] [stdout] test query_plan::build_query_plan_tests::defer::defer_test_defer_only_the_key_of_an_entity ... ok
[INFO] [stdout] test query_plan::build_query_plan_tests::defer::defer_test_defer_on_query_root_type ... ok
[INFO] [stdout] test query_plan::build_query_plan_tests::defer::defer_test_defer_on_value_types ... ok
[INFO] [stdout] test query_plan::build_query_plan_tests::defer::defer_test_defer_resuming_in_the_same_subgraph ... ok
[INFO] [stdout] test query_plan::build_query_plan_tests::defer::defer_test_defer_with_condition_on_single_subgraph ... ok
[INFO] [stdout] test query_plan::build_query_plan_tests::defer::defer_test_direct_nesting_on_entity ... ok
[INFO] [stdout] test query_plan::build_query_plan_tests::defer::defer_test_direct_nesting_on_value_type ... ok
[INFO] [stdout] test query_plan::build_query_plan_tests::defer::defer_test_defer_on_multi_dependency_deferred_section ... ok
[INFO] [stdout] test query_plan::build_query_plan_tests::defer::defer_test_defer_with_conditions_and_labels ... ok
[INFO] [stdout] test query_plan::build_query_plan_tests::defer::defer_test_handles_simple_defer_without_defer_enabled ... ok
[INFO] [stdout] test query_plan::build_query_plan_tests::defer::defer_test_handles_simple_defer_with_defer_enabled ... ok
[INFO] [stdout] test query_plan::build_query_plan_tests::defer::defer_test_fragments_expand_into_same_field_regardless_of_defer ... ok
[INFO] [stdout] test query_plan::build_query_plan_tests::defer::defer_test_do_not_merge_query_branches_with_defer ... ok
[INFO] [stdout] test query_plan::build_query_plan_tests::defer::defer_test_interface_has_different_definitions_between_subgraphs ... ok
[INFO] [stdout] test query_plan::build_query_plan_tests::defer::defer_test_defer_with_mutliple_conditions_and_labels ... ok
[INFO] [stdout] test query_plan::build_query_plan_tests::defer::defer_test_named_fragments_simple ... ok
[INFO] [stdout] test query_plan::build_query_plan_tests::defer::defer_test_non_router_based_defer_case_one ... ok
[INFO] [stdout] test query_plan::build_query_plan_tests::defer::defer_test_multiple_non_nested_defer_plus_label_handling ... ok
[INFO] [stdout] test query_plan::build_query_plan_tests::defer::defer_test_normalizes_if_false ... ok
[INFO] [stdout] test query_plan::build_query_plan_tests::defer::defer_test_non_router_based_defer_case_two ... ok
[INFO] [stdout] test query_plan::build_query_plan_tests::defer::defer_test_nested_defer_on_entities ... ok
[INFO] [stdout] test query_plan::build_query_plan_tests::defer::defer_test_non_router_based_defer_case_three ... ok
[INFO] [stdout] test query_plan::build_query_plan_tests::defer::defer_test_provides_are_ignored_for_deferred_fields ... ok
[INFO] [stdout] test query_plan::build_query_plan_tests::defer::defer_test_normalizes_if_true ... ok
[INFO] [stdout] test query_plan::build_query_plan_tests::defer_gets_stripped_out ... ok
[INFO] [stdout] test query_plan::build_query_plan_tests::defer::defer_test_the_path_in_defer_includes_traversed_fragments ... ok
[INFO] [stdout] test query_plan::build_query_plan_tests::defer::defer_test_requirements_of_deferred_fields_are_deferred ... ok
[INFO] [stdout] test query_plan::build_query_plan_tests::fetch_operation_names::correctly_handle_case_where_there_is_too_many_plans_to_consider ... ok
[INFO] [stdout] test query_plan::build_query_plan_tests::fetch_operation_names::handle_very_non_graph_subgraph_name ... ok
[INFO] [stdout] test query_plan::build_query_plan_tests::field_merging_with_skip_and_include::merging_skip_and_include_directives_multiple_applications_differing_order ... ok
[INFO] [stdout] test query_plan::build_query_plan_tests::field_covariance_and_type_explosion ... ok
[INFO] [stdout] test query_plan::build_query_plan_tests::fetch_operation_names::handle_subgraph_with_hypen_in_the_name ... ok
[INFO] [stdout] test query_plan::build_query_plan_tests::fetch_operation_names::ensures_sanitization_applies_repeatedly ... ok
[INFO] [stdout] test query_plan::build_query_plan_tests::entities::inefficient_entity_fetches_to_same_subgraph ... ok
[INFO] [stdout] test query_plan::build_query_plan_tests::field_merging_with_skip_and_include::fields_are_not_overwritten_when_directives_are_removed ... ok
[INFO] [stdout] test query_plan::build_query_plan_tests::field_merging_with_skip_and_include::merging_skip_and_include_directives_multiple_applications_differing_quantity ... ok
[INFO] [stdout] test query_plan::build_query_plan_tests::field_merging_with_skip_and_include::merging_skip_and_include_directives_without_fragment ... ok
[INFO] [stdout] test query_plan::build_query_plan_tests::field_merging_with_skip_and_include::merging_skip_and_include_directives_multiple_applications_identical ... ok
[INFO] [stdout] test query_plan::build_query_plan_tests::field_merging_with_skip_and_include::merging_skip_and_include_directives_with_fragment ... ok
[INFO] [stdout] test query_plan::build_query_plan_tests::fragment_autogeneration::fragments_that_share_a_hash_but_are_not_identical_generate_their_own_fragment_definitions ... ok
[INFO] [stdout] test query_plan::build_query_plan_tests::fragment_autogeneration::it_handles_nested_fragment_generation ... ok
[INFO] [stdout] test query_plan::build_query_plan_tests::fragment_autogeneration::it_handles_fragments_with_one_non_leaf_field ... ok
[INFO] [stdout] test query_plan::build_query_plan_tests::fragment_autogeneration::it_identifies_and_reuses_equivalent_fragments_that_arent_identical ... ok
[INFO] [stdout] test query_plan::build_query_plan_tests::fragment_autogeneration::it_respects_generate_query_fragments_option ... ok
[INFO] [stdout] test query_plan::build_query_plan_tests::fragment_autogeneration::another_mix_of_fragments_indirection_and_unions ... ok
[INFO] [stdout] test query_plan::build_query_plan_tests::fragment_autogeneration::it_migrates_skip_include ... ok
[INFO] [stdout] test query_plan::build_query_plan_tests::fragment_autogeneration::same_as_js_router798 ... ok
[INFO] [stdout] test query_plan::build_query_plan_tests::fragment_autogeneration::it_handles_nested_fragment_generation_from_operation_with_fragments ... ok
[INFO] [stdout] test query_plan::build_query_plan_tests::handles_fragments_with_directive_conditions::fragment_with_intersecting_parent_type_and_directive_condition ... ok
[INFO] [stdout] test query_plan::build_query_plan_tests::handles_non_intersecting_fragment_conditions ... ok
[INFO] [stdout] test query_plan::build_query_plan_tests::fragment_autogeneration::works_with_key_chains ... ok
[INFO] [stdout] test query_plan::build_query_plan_tests::handles_operations_with_directives::subgraph_query_retains_the_query_variables_used_in_the_directives_applied_to_the_query ... ok
[INFO] [stdout] test query_plan::build_query_plan_tests::handles_fragments_with_directive_conditions::nested_fragment_with_intersecting_parent_type_and_directive_condition ... ok
[INFO] [stdout] test query_plan::build_query_plan_tests::handles_operations_with_directives::test_if_directives_on_mutations_are_passed_down_to_subgraph_queries ... ok
[INFO] [stdout] test query_plan::build_query_plan_tests::handles_operations_with_directives::test_if_directives_at_the_operation_level_are_passed_down_to_subgraph_queries ... ok
[INFO] [stdout] test query_plan::build_query_plan_tests::interface_object::can_use_a_key_on_an_interface_object_from_an_interface_object_type ... ok
[INFO] [stdout] test query_plan::build_query_plan_tests::handles_operations_with_directives::test_if_directives_with_arguments_applied_on_queries_are_ok ... ok
[INFO] [stdout] test query_plan::build_query_plan_tests::interface_object::can_use_a_key_on_an_interface_object_type ... ok
[INFO] [stdout] test query_plan::build_query_plan_tests::handles_multiple_conditions_on_abstract_types ... ok
[INFO] [stdout] test query_plan::build_query_plan_tests::interface_object::can_use_a_key_on_an_interface_object_type_even_for_a_concrete_implementation ... ok
[INFO] [stdout] test query_plan::build_query_plan_tests::interface_object::does_not_rely_on_an_interface_object_directly_for_typename ... ok
[INFO] [stdout] test query_plan::build_query_plan_tests::interface_object::handles_query_of_an_interface_field_for_a_specific_implementation_when_query_starts_with_interface_object ... ok
[INFO] [stdout] test query_plan::build_query_plan_tests::interface_object::does_not_rely_on_an_interface_object_directly_if_a_specific_implementation_is_requested ... ok
[INFO] [stdout] test query_plan::build_query_plan_tests::interface_object::it_avoids_buffering_interface_object_results_that_may_have_to_be_filtered_with_lists ... ok
[INFO] [stdout] test query_plan::build_query_plan_tests::interface_object::only_uses_an_interface_object_if_it_can ... ok
[INFO] [stdout] test query_plan::build_query_plan_tests::interface_object::it_handles_interface_object_in_nested_entity ... ok
[INFO] [stdout] test query_plan::build_query_plan_tests::interface_object::it_handles_requires_on_concrete_type_of_field_provided_by_interface_object ... ok
[INFO] [stdout] test query_plan::build_query_plan_tests::interface_object::it_handles_interface_object_input_rewrites_when_cloning_dependency_graph ... ok
[INFO] [stdout] test query_plan::build_query_plan_tests::interface_object::test_type_conditioned_fetching_with_interface_object_does_not_crash ... ok
[INFO] [stdout] test query_plan::build_query_plan_tests::interface_type_explosion::handles_non_matching_value_types_under_interface_field ... ok
[INFO] [stdout] test query_plan::build_query_plan_tests::interface_type_explosion::skip_type_explosion_early_if_unnecessary ... ok
[INFO] [stdout] test query_plan::build_query_plan_tests::introspection_typename_handling::it_preservers_aliased_typename ... ok
[INFO] [stdout] test query_plan::build_query_plan_tests::it_executes_mutation_operations_in_sequence ... ok
[INFO] [stdout] test query_plan::build_query_plan_tests::introspection_typename_handling::add_back_sibling_typename_to_interface_object ... ok
[INFO] [stdout] test query_plan::build_query_plan_tests::introspection_typename_handling::it_preserves_typename_with_directives ... ok
[INFO] [stdout] test query_plan::build_query_plan_tests::introspection_typename_handling::test_indirect_branch_merging_with_typename_sibling ... ok
[INFO] [stdout] test query_plan::build_query_plan_tests::introspection_typename_handling::it_does_not_needlessly_consider_options_for_typename ... ok
[INFO] [stdout] test query_plan::build_query_plan_tests::interface_object::test_interface_object_advance_with_non_collecting_and_type_preserving_transitions_ordering ... ok
[INFO] [stdout] test query_plan::build_query_plan_tests::merged_abstract_types_handling::does_not_error_out_handling_fragments_when_interface_subtyping_is_involved ... ok
[INFO] [stdout] test query_plan::build_query_plan_tests::merged_abstract_types_handling::handles_types_with_no_common_supertype_at_the_same_merge_at ... ok
[INFO] [stdout] test query_plan::build_query_plan_tests::merged_abstract_types_handling::handles_spread_unions_correctly ... ok
[INFO] [stdout] test query_plan::build_query_plan_tests::merged_abstract_types_handling::interface_interface_interaction_but_no_need_to_type_explode ... ok
[INFO] [stdout] test query_plan::build_query_plan_tests::key_where_at_external_is_not_at_top_level_of_selection_of_requires ... ok
[INFO] [stdout] test query_plan::build_query_plan_tests::merged_abstract_types_handling::handles_case_of_key_chains_in_parallel_requires ... ok
[INFO] [stdout] test query_plan::build_query_plan_tests::merged_abstract_types_handling::interface_interface_interaction ... ok
[INFO] [stdout] test query_plan::build_query_plan_tests::merged_abstract_types_handling::interface_union_interaction ... ok
[INFO] [stdout] test query_plan::build_query_plan_tests::merged_abstract_types_handling::interface_union_interaction_but_no_need_to_type_explode ... ok
[INFO] [stdout] test query_plan::build_query_plan_tests::merged_abstract_types_handling::union_interface_interaction_but_no_need_to_type_explode ... ok
[INFO] [stdout] test query_plan::build_query_plan_tests::merged_abstract_types_handling::union_union_interaction ... ok
[INFO] [stdout] test query_plan::build_query_plan_tests::merged_abstract_types_handling::union_interface_interaction ... ok
[INFO] [stdout] test query_plan::build_query_plan_tests::named_fragments_expansion::handles_mix_of_fragments_indirection_and_unions ... ok
[INFO] [stdout] test query_plan::build_query_plan_tests::named_fragments_expansion::handles_fragments_with_interface_field_subtyping ... ok
[INFO] [stdout] test query_plan::build_query_plan_tests::mutations::non_adjacent_mutations_do_not_get_merged ... ok
[INFO] [stdout] test query_plan::build_query_plan_tests::mutations::adjacent_mutations_get_merged ... ok
[INFO] [stdout] test query_plan::build_query_plan_tests::merged_abstract_types_handling::union_union_interaction_but_no_need_to_type_explode ... ok
[INFO] [stdout] test query_plan::build_query_plan_tests::named_fragments_expansion::it_preserves_directives ... ok
[INFO] [stdout] test query_plan::build_query_plan_tests::named_fragments_expansion::it_preserves_directives_when_fragment_is_reused ... ok
[INFO] [stdout] test query_plan::build_query_plan_tests::named_fragments_expansion::it_expands_nested_fragments ... ok
[INFO] [stdout] test query_plan::build_query_plan_tests::named_fragments_expansion::it_preserves_directives_on_collapsed_fragments ... ok
[INFO] [stdout] test query_plan::build_query_plan_tests::overrides::it_does_not_override_unset_labels_on_nested_entity_fields ... ok
[INFO] [stdout] test query_plan::build_query_plan_tests::overrides::it_does_not_override_unset_labels_on_entity_fields ... ok
[INFO] [stdout] test query_plan::build_query_plan_tests::overrides::it_does_not_override_unset_labels_on_root_fields ... ok
[INFO] [stdout] test query_plan::build_query_plan_tests::overrides::it_handles_progressive_override_on_entity_fields ... ok
[INFO] [stdout] test query_plan::build_query_plan_tests::overrides::it_handles_progressive_override_on_root_fields ... ok
[INFO] [stdout] test query_plan::build_query_plan_tests::overrides::shareable::it_overrides_to_s2_when_label_is_provided ... ok
[INFO] [stdout] test query_plan::build_query_plan_tests::overrides::it_handles_progressive_override_on_nested_entity_fields ... ok
[INFO] [stdout] test query_plan::build_query_plan_tests::overrides::shareable::it_overrides_f1_to_s3_when_label_is_provided ... ok
[INFO] [stdout] test query_plan::build_query_plan_tests::overrides::shareable::it_resolves_in_s1_when_label_is_not_provided ... ok
[INFO] [stdout] test query_plan::build_query_plan_tests::overrides::shareable::it_resolves_f1_in_s1_when_label_is_not_provided ... ok
[INFO] [stdout] test query_plan::build_query_plan_tests::pick_keys_that_minimize_fetches ... ok
[INFO] [stdout] test query_plan::build_query_plan_tests::provides::it_works_on_interfaces ... ok
[INFO] [stdout] test query_plan::build_query_plan_tests::provides::it_allow_providing_fields_for_only_some_subtype ... ok
[INFO] [stdout] test query_plan::build_query_plan_tests::provides::it_works_on_unions ... ok
[INFO] [stdout] test query_plan::build_query_plan_tests::redundant_typename_for_inline_fragments_without_type_condition ... ok
[INFO] [stdout] test query_plan::build_query_plan_tests::provides::it_works_with_nested_provides ... ok
[INFO] [stdout] test query_plan::build_query_plan_tests::rebase_non_intersecting_without_dropping_inline_fragment_due_to_directive ... ok
[INFO] [stdout] test query_plan::build_query_plan_tests::provides::it_works_with_type_condition_even_for_types_only_reachable_by_the_at_provides ... ok
[INFO] [stdout] test query_plan::build_query_plan_tests::provides::test_provides_edge_ordering ... ok
[INFO] [stdout] test query_plan::build_query_plan_tests::requires::handles_simple_requires ... ok
[INFO] [stdout] test query_plan::build_query_plan_tests::requires::include_skip::it_handles_an_at_requires_triggered_conditionally ... ok
[INFO] [stdout] test query_plan::build_query_plan_tests::requires::handles_requires_from_supergraph ... ok
[INFO] [stdout] test query_plan::build_query_plan_tests::requires::include_skip::it_handles_a_simple_at_requires_triggered_within_a_conditional ... ok
[INFO] [stdout] test query_plan::build_query_plan_tests::requires::include_skip::unnecessary_include_is_stripped_from_fragments ... ok
[INFO] [stdout] test query_plan::build_query_plan_tests::requires::handles_multiple_requires_involving_different_nestedness ... ok
[INFO] [stdout] test query_plan::build_query_plan_tests::requires::it_can_require_at_inaccessible_fields ... ok
[INFO] [stdout] test query_plan::build_query_plan_tests::requires::include_skip::selections_are_not_overwritten_after_removing_directives ... ok
[INFO] [stdout] test query_plan::build_query_plan_tests::requires::include_skip::it_handles_an_at_requires_where_multiple_conditional_are_involved ... ok
[INFO] [stdout] test query_plan::build_query_plan_tests::requires::it_handles_multiple_requires_within_the_same_entity_fetch ... ok
[INFO] [stdout] test query_plan::build_query_plan_tests::requires::it_handes_diamond_shape_depedencies ... ok
[INFO] [stdout] test query_plan::build_query_plan_tests::requires::it_require_of_multiple_field_when_one_is_also_a_key_to_reach_another ... ok
[INFO] [stdout] test query_plan::build_query_plan_tests::subscriptions::basic_subscription_query_plan ... ok
[INFO] [stdout] test query_plan::build_query_plan_tests::shareable_root_fields::can_use_same_root_operation_from_multiple_subgraphs_in_parallel ... ok
[INFO] [stdout] test query_plan::build_query_plan_tests::requires::it_handles_require_chain_not_ending_in_original_group ... ok
[INFO] [stdout] test query_plan::build_query_plan_tests::subscriptions::basic_subscription_with_single_subgraph ... ok
[INFO] [stdout] test query_plan::build_query_plan_tests::requires::it_handles_simple_require_chain ... ok
[INFO] [stdout] test query_plan::operation_validations_tests::conflict_between_fragments_at_different_levels ... ok
[INFO] [stdout] test query_plan::operation_validations_tests::conflict_between_reused_fragment_and_another_trimmed_fragment ... ok
[INFO] [stdout] test query_plan::operation_validations_tests::conflict_between_selection_and_reused_fragment ... ok
[INFO] [stdout] test query_plan::build_query_plan_tests::shareable_root_fields::handles_root_operation_shareable_in_many_subgraphs ... ok
[INFO] [stdout] test query_plan::operation_validations_tests::conflict_between_selection_and_reused_fragment_at_different_level ... ok
[INFO] [stdout] test query_plan::operation_validations_tests::conflict_between_trimmed_parts_of_two_fragments ... ok
[INFO] [stdout] test query_plan::operation_validations_tests::conflict_between_two_sibling_branches ... ok
[INFO] [stdout] test query_plan::operation_validations_tests::conflict_when_inline_fragment_should_be_normalized ... ok
[INFO] [stdout] test query_plan::operation_validations_tests::reject_defer_on_mutation ... ok
[INFO] [stdout] test query_plan::operation_validations_tests::reject_defer_on_subscription ... ok
[INFO] [stdout] test query_plan::operation_validations_tests::reject_stream_on_mutation ... ok
[INFO] [stdout] test query_plan::operation_validations_tests::reject_stream_on_subscription ... ok
[INFO] [stdout] test subgraph::parse_expand_tests::can_parse_and_expand ... ok
[INFO] [stdout] test subgraph::parse_expand_tests::can_parse_and_expand_preserves_user_definitions ... ok
[INFO] [stdout] test query_plan::operation_validations_tests::conflict_due_to_trimmed_selections_of_nested_fragments ... ok
[INFO] [stdout] test subgraph::parse_expand_tests::can_parse_and_expand_will_fail_when_importing_same_spec_twice ... ok
[INFO] [stdout] test subgraph::parse_expand_tests::can_parse_and_expand_with_renames ... ok
[INFO] [stdout] test query_plan::build_query_plan_tests::subscriptions::trying_to_use_defer_with_a_subcription_results_in_an_error ... ok
[INFO] [stdout] test subgraph::parse_expand_tests::can_parse_and_expand_with_namespace ... ok
[INFO] [stdout] test subgraph::parse_expand_tests::can_parse_and_expand_works_with_fed_v1 ... ok
[INFO] [stdout] test query_plan::build_query_plan_tests::requires::it_handles_complex_require_chain ... ok
[INFO] [stdout] test query_plan::build_query_plan_tests::test_merging_fetches_reset_cached_costs ... ok
[INFO] [stdout] test query_plan::build_query_plan_tests::requires::it_handles_multiple_requires_with_multiple_fetches ... ok
[INFO] [stdout] test query_plan::build_query_plan_tests::requires::it_handles_longer_require_chain ... ok
[INFO] [stdout] test query_plan::build_query_plan_tests::test_merging_fetches_do_not_create_cycle_in_fetch_dependency_graph ... ok
[INFO] [stdout] 
[INFO] [stdout] test result: ok. 239 passed; 0 failed; 0 ignored; 0 measured; 0 filtered out; finished in 4.82s
[INFO] [stdout] 
[INFO] [stderr]    Doc-tests apollo_federation
[INFO] [stdout] 
[INFO] [stdout] running 16 tests
[INFO] [stdout] test src/error/mod.rs - error::ensure (line 62) - compile ... ok
[INFO] [stdout] test src/utils/fallible_iterator.rs - utils::fallible_iterator::FallibleIterator::and_then_all (line 213) ... ignored
[INFO] [stdout] test src/utils/fallible_iterator.rs - utils::fallible_iterator::FallibleIterator::and_then_any (line 327) ... ignored
[INFO] [stdout] test src/utils/fallible_iterator.rs - utils::fallible_iterator::FallibleIterator::and_then_filter (line 114) ... ignored
[INFO] [stdout] test src/utils/fallible_iterator.rs - utils::fallible_iterator::FallibleIterator::fallible_all (line 146) ... ignored
[INFO] [stdout] test src/utils/fallible_iterator.rs - utils::fallible_iterator::FallibleIterator::fallible_any (line 260) ... ignored
[INFO] [stdout] test src/utils/fallible_iterator.rs - utils::fallible_iterator::FallibleIterator::fallible_filter (line 80) ... ignored
[INFO] [stdout] test src/utils/fallible_iterator.rs - utils::fallible_iterator::FallibleIterator::ok_and_all (line 185) ... ignored
[INFO] [stdout] test src/utils/fallible_iterator.rs - utils::fallible_iterator::FallibleIterator::ok_and_any (line 299) ... ignored
[INFO] [stdout] test src/link/spec.rs - link::spec::Identity::fmt (line 45) ... FAILED
[INFO] [stdout] test src/link/spec.rs - link::spec::Version::satisfies_range (line 171) ... FAILED
[INFO] [stdout] test src/link/spec.rs - link::spec::Version::fmt (line 120) ... FAILED
[INFO] [stdout] test src/error/mod.rs - error::internal_error (line 17) ... ok
[INFO] [stdout] test src/link/spec.rs - link::spec::Url::fmt (line 196) ... ok
[INFO] [stdout] test src/error/mod.rs - error::bail (line 36) ... ok
[INFO] [stdout] test src/link/spec.rs - link::spec::Version::satisfies (line 149) ... ok
[INFO] [stdout] 
[INFO] [stdout] failures:
[INFO] [stdout] 
[INFO] [stdout] ---- src/link/spec.rs - link::spec::Identity::fmt (line 45) stdout ----
[INFO] [stdout] error: linking with `cc` failed: exit status: 1
[INFO] [stdout]   |
[INFO] [stdout]   = note: LC_ALL="C" PATH="/opt/rustwide/rustup-home/toolchains/beta-2024-12-08-x86_64-unknown-linux-gnu/lib/rustlib/x86_64-unknown-linux-gnu/bin:/opt/rustwide/cargo-home/bin:/usr/local/sbin:/usr/local/bin:/usr/sbin:/usr/bin:/sbin:/bin" VSLANG="1033" "cc" "-m64" "/tmp/rustc5S3kA5/symbols.o" "/tmp/rustdoctestDs223y/rust_out.rust_out.9242fac72db2cd11-cgu.0.rcgu.o" "/tmp/rustdoctestDs223y/rust_out.2hl2tb9xdtge7mguxzn2q1kvi.rcgu.o" "-Wl,--as-needed" "-Wl,-Bstatic" "/opt/rustwide/target/debug/deps/libapollo_federation-65aaa1d2cd93a764.rlib" "/opt/rustwide/target/debug/deps/liburl-346417af51ea04df.rlib" "/opt/rustwide/target/debug/deps/libidna-8a3c232e2e2dc5a7.rlib" "/opt/rustwide/target/debug/deps/libidna_adapter-df37780a4ee3f0a9.rlib" "/opt/rustwide/target/debug/deps/libicu_normalizer-8773ba866c573635.rlib" "/opt/rustwide/target/debug/deps/libicu_normalizer_data-d3c2725a089a2467.rlib" "/opt/rustwide/target/debug/deps/libwrite16-d15e33f2b3b5e6d8.rlib" "/opt/rustwide/target/debug/deps/libutf8_iter-d5e8daeaacfd8f95.rlib" "/opt/rustwide/target/debug/deps/libutf16_iter-9749a04129eccc81.rlib" "/opt/rustwide/target/debug/deps/libsmallvec-53fd8ee9edcafbcd.rlib" "/opt/rustwide/target/debug/deps/libicu_properties-5eacf20b5eda772b.rlib" "/opt/rustwide/target/debug/deps/libicu_properties_data-8db115c81033ba3a.rlib" "/opt/rustwide/target/debug/deps/libicu_locid_transform-c2d4dac6f435714f.rlib" "/opt/rustwide/target/debug/deps/libicu_locid_transform_data-b75aeb662448ba61.rlib" "/opt/rustwide/target/debug/deps/libicu_collections-bef4be25bbbed7a0.rlib" "/opt/rustwide/target/debug/deps/libicu_provider-996fed017ef8e72f.rlib" "/opt/rustwide/target/debug/deps/libicu_locid-c2143c008b0744c6.rlib" "/opt/rustwide/target/debug/deps/liblitemap-f4f1c45b9b1b6474.rlib" "/opt/rustwide/target/debug/deps/libtinystr-c86c2222f0672b6d.rlib" "/opt/rustwide/target/debug/deps/libzerovec-93e295b282d5359c.rlib" "/opt/rustwide/target/debug/deps/libwriteable-d425da3f2cf37998.rlib" "/opt/rustwide/target/debug/deps/libyoke-25ba8e3ac8db4f1d.rlib" "/opt/rustwide/target/debug/deps/libzerofrom-d6588b4a6e34c33d.rlib" "/opt/rustwide/target/debug/deps/libform_urlencoded-225480349c93ac62.rlib" "/opt/rustwide/target/debug/deps/libpercent_encoding-0e0b8bd7b8462710.rlib" "/opt/rustwide/target/debug/deps/libtime-0b0e221db4d9ffd1.rlib" "/opt/rustwide/target/debug/deps/libnum_threads-3ec4c6a90389312d.rlib" "/opt/rustwide/target/debug/deps/libtime_core-f368596cca30f67d.rlib" "/opt/rustwide/target/debug/deps/libnum_conv-a312b8300ce88506.rlib" "/opt/rustwide/target/debug/deps/libderanged-7c3aacebfed7a85e.rlib" "/opt/rustwide/target/debug/deps/libpowerfmt-a584063b8a4e44a4.rlib" "/opt/rustwide/target/debug/deps/libmultimap-d6254b23554ab24a.rlib" "/opt/rustwide/target/debug/deps/libtracing-2ae3d9f8e806da61.rlib" "/opt/rustwide/target/debug/deps/libpin_project_lite-92287217d9698c36.rlib" "/opt/rustwide/target/debug/deps/libtracing_core-494c8f77b83eb5be.rlib" "/opt/rustwide/target/debug/deps/libstrum-bb5d02a617643483.rlib" "/opt/rustwide/target/debug/deps/libpetgraph-8910a5a4f3815a23.rlib" "/opt/rustwide/target/debug/deps/libfixedbitset-1e18bec89b8fbe9c.rlib" "/opt/rustwide/target/debug/deps/libhashbrown-d505e1a9144b7804.rlib" "/opt/rustwide/target/debug/deps/libfoldhash-c731f100a25fc960.rlib" "/opt/rustwide/target/debug/deps/liballocator_api2-a8da521af1b95b07.rlib" "/opt/rustwide/target/debug/deps/libitertools-a7302f02179615ca.rlib" "/opt/rustwide/target/debug/deps/libeither-5adc936c7a206324.rlib" "/opt/rustwide/target/debug/deps/liblazy_static-34736fcc74b41a53.rlib" "/opt/rustwide/target/debug/deps/libapollo_compiler-6b15e92a85f1b49c.rlib" "/opt/rustwide/target/debug/deps/libtyped_arena-eeaaf69153df7969.rlib" "/opt/rustwide/target/debug/deps/libtriomphe-518cc88e69bba7e3.rlib" "/opt/rustwide/target/debug/deps/libstable_deref_trait-8e22d1dc883a4bb5.rlib" "/opt/rustwide/target/debug/deps/libserde_json_bytes-bfd5cefa567512d6.rlib" "/opt/rustwide/target/debug/deps/libjsonpath_rust-cecf58293ecd5f0b.rlib" "/opt/rustwide/target/debug/deps/libregex-b60545a5ed38b15f.rlib" "/opt/rustwide/target/debug/deps/libregex_automata-63419e02aaea0168.rlib" "/opt/rustwide/target/debug/deps/libaho_corasick-b7cbf506a5c4f18e.rlib" "/opt/rustwide/target/debug/deps/libregex_syntax-68a2118807cc42f7.rlib" "/opt/rustwide/target/debug/deps/libpest-88ade31d98140a2f.rlib" "/opt/rustwide/target/debug/deps/libucd_trie-fc737faee2d3eaad.rlib" "/opt/rustwide/target/debug/deps/libserde_json-cba1c204cd2ad445.rlib" "/opt/rustwide/target/debug/deps/libitoa-307f5b8ccbe1a9f3.rlib" "/opt/rustwide/target/debug/deps/libryu-6e02dac7c3b6be75.rlib" "/opt/rustwide/target/debug/deps/libahash-0ff36e9a33978a9c.rlib" "/opt/rustwide/target/debug/deps/libgetrandom-a6a0bb9e7d3bd01c.rlib" "/opt/rustwide/target/debug/deps/libonce_cell-334d739f4e3a4961.rlib" "/opt/rustwide/target/debug/deps/libcfg_if-a3e7e701fcd1f47b.rlib" "/opt/rustwide/target/debug/deps/libzerocopy-7d07cba449ed1a54.rlib" "/opt/rustwide/target/debug/deps/libbytes-9261720af9b82e94.rlib" "/opt/rustwide/target/debug/deps/libariadne-d1c554fed77a0e9e.rlib" "/opt/rustwide/target/debug/deps/libconcolor-4c65a8b25c28a5f1.rlib" "/opt/rustwide/target/debug/deps/libconcolor_query-f7b18569072cd122.rlib" "/opt/rustwide/target/debug/deps/libbitflags-85e13ed1e0c6d910.rlib" "/opt/rustwide/target/debug/deps/libis_terminal-6ab4934a9404099b.rlib" "/opt/rustwide/target/debug/deps/liblibc-d9f21d9d66b0b081.rlib" "/opt/rustwide/target/debug/deps/libunicode_width-2ded2d1a4887f4a8.rlib" "/opt/rustwide/target/debug/deps/libyansi-1cf9caad7e86a973.rlib" "/opt/rustwide/target/debug/deps/libindexmap-6f3873b68e005ea7.rlib" "/opt/rustwide/target/debug/deps/libequivalent-e4dc2e1acc32de2c.rlib" "/opt/rustwide/target/debug/deps/libserde-bd5ffdcc8d9d8a97.rlib" "/opt/rustwide/target/debug/deps/libapollo_parser-14dadc49fda40310.rlib" "/opt/rustwide/target/debug/deps/libmemchr-412d53cbfea52259.rlib" "/opt/rustwide/target/debug/deps/libthiserror-cb69c128e3eb134f.rlib" "/opt/rustwide/target/debug/deps/librowan-971c9a76acf11a9c.rlib" "/opt/rustwide/target/debug/deps/libmemoffset-0c7980052a200035.rlib" "/opt/rustwide/target/debug/deps/libtext_size-d41bc37349ec3957.rlib" "/opt/rustwide/target/debug/deps/librustc_hash-c6f5474e70a2e7fd.rlib" "/opt/rustwide/target/debug/deps/libhashbrown-795f72573d717b8c.rlib" "/opt/rustwide/target/debug/deps/libcountme-4513e81dedfcabaf.rlib" "/opt/rustwide/rustup-home/toolchains/beta-2024-12-08-x86_64-unknown-linux-gnu/lib/rustlib/x86_64-unknown-linux-gnu/lib/libstd-02dc84f49135b6b8.rlib" "/opt/rustwide/rustup-home/toolchains/beta-2024-12-08-x86_64-unknown-linux-gnu/lib/rustlib/x86_64-unknown-linux-gnu/lib/libpanic_unwind-a8f45b397fae3f81.rlib" "/opt/rustwide/rustup-home/toolchains/beta-2024-12-08-x86_64-unknown-linux-gnu/lib/rustlib/x86_64-unknown-linux-gnu/lib/libobject-089607133c180609.rlib" "/opt/rustwide/rustup-home/toolchains/beta-2024-12-08-x86_64-unknown-linux-gnu/lib/rustlib/x86_64-unknown-linux-gnu/lib/libmemchr-fc89f091bcd86cbb.rlib" "/opt/rustwide/rustup-home/toolchains/beta-2024-12-08-x86_64-unknown-linux-gnu/lib/rustlib/x86_64-unknown-linux-gnu/lib/libaddr2line-5a60949f01c7340c.rlib" "/opt/rustwide/rustup-home/toolchains/beta-2024-12-08-x86_64-unknown-linux-gnu/lib/rustlib/x86_64-unknown-linux-gnu/lib/libgimli-d29e6a55ca253c8c.rlib" "/opt/rustwide/rustup-home/toolchains/beta-2024-12-08-x86_64-unknown-linux-gnu/lib/rustlib/x86_64-unknown-linux-gnu/lib/librustc_demangle-273c078d5f65de7a.rlib" "/opt/rustwide/rustup-home/toolchains/beta-2024-12-08-x86_64-unknown-linux-gnu/lib/rustlib/x86_64-unknown-linux-gnu/lib/libstd_detect-413c950ffbdd4454.rlib" "/opt/rustwide/rustup-home/toolchains/beta-2024-12-08-x86_64-unknown-linux-gnu/lib/rustlib/x86_64-unknown-linux-gnu/lib/libhashbrown-1853c0976a1d88a6.rlib" "/opt/rustwide/rustup-home/toolchains/beta-2024-12-08-x86_64-unknown-linux-gnu/lib/rustlib/x86_64-unknown-linux-gnu/lib/librustc_std_workspace_alloc-ccb3384ddacb0f9e.rlib" "/opt/rustwide/rustup-home/toolchains/beta-2024-12-08-x86_64-unknown-linux-gnu/lib/rustlib/x86_64-unknown-linux-gnu/lib/libminiz_oxide-0b901dfb0ca849e0.rlib" "/opt/rustwide/rustup-home/toolchains/beta-2024-12-08-x86_64-unknown-linux-gnu/lib/rustlib/x86_64-unknown-linux-gnu/lib/libadler-eebeb8d7c64543ad.rlib" "/opt/rustwide/rustup-home/toolchains/beta-2024-12-08-x86_64-unknown-linux-gnu/lib/rustlib/x86_64-unknown-linux-gnu/lib/libunwind-4723ef81d6079867.rlib" "/opt/rustwide/rustup-home/toolchains/beta-2024-12-08-x86_64-unknown-linux-gnu/lib/rustlib/x86_64-unknown-linux-gnu/lib/libcfg_if-54442f8b422f5a54.rlib" "/opt/rustwide/rustup-home/toolchains/beta-2024-12-08-x86_64-unknown-linux-gnu/lib/rustlib/x86_64-unknown-linux-gnu/lib/liblibc-e0bbe034b5282553.rlib" "/opt/rustwide/rustup-home/toolchains/beta-2024-12-08-x86_64-unknown-linux-gnu/lib/rustlib/x86_64-unknown-linux-gnu/lib/liballoc-d0febb68c1c37b90.rlib" "/opt/rustwide/rustup-home/toolchains/beta-2024-12-08-x86_64-unknown-linux-gnu/lib/rustlib/x86_64-unknown-linux-gnu/lib/librustc_std_workspace_core-4cf833632aafa84c.rlib" "/opt/rustwide/rustup-home/toolchains/beta-2024-12-08-x86_64-unknown-linux-gnu/lib/rustlib/x86_64-unknown-linux-gnu/lib/libcore-65c2c6d2d6ae570b.rlib" "/opt/rustwide/rustup-home/toolchains/beta-2024-12-08-x86_64-unknown-linux-gnu/lib/rustlib/x86_64-unknown-linux-gnu/lib/libcompiler_builtins-97929cee0dcfe424.rlib" "-Wl,-Bdynamic" "-lgcc_s" "-lutil" "-lrt" "-lpthread" "-lm" "-ldl" "-lc" "-Wl,--eh-frame-hdr" "-Wl,-z,noexecstack" "-L" "/opt/rustwide/rustup-home/toolchains/beta-2024-12-08-x86_64-unknown-linux-gnu/lib/rustlib/x86_64-unknown-linux-gnu/lib" "-o" "/tmp/rustdoctestDs223y/rust_out" "-Wl,--gc-sections" "-pie" "-Wl,-z,relro,-z,now" "-nodefaultlibs"
[INFO] [stdout]   = note: collect2: fatal error: ld terminated with signal 9 [Killed]
[INFO] [stdout]           compilation terminated.
[INFO] [stdout]           
[INFO] [stdout] 
[INFO] [stdout] error: aborting due to 1 previous error
[INFO] [stdout] 
[INFO] [stdout] Couldn't compile the test.
[INFO] [stdout] ---- src/link/spec.rs - link::spec::Version::satisfies_range (line 171) stdout ----
[INFO] [stdout] error: linking with `cc` failed: exit status: 1
[INFO] [stdout]   |
[INFO] [stdout]   = note: LC_ALL="C" PATH="/opt/rustwide/rustup-home/toolchains/beta-2024-12-08-x86_64-unknown-linux-gnu/lib/rustlib/x86_64-unknown-linux-gnu/bin:/opt/rustwide/cargo-home/bin:/usr/local/sbin:/usr/local/bin:/usr/sbin:/usr/bin:/sbin:/bin" VSLANG="1033" "cc" "-m64" "/tmp/rustcrWLJyX/symbols.o" "/tmp/rustdoctestHNZvJ4/rust_out.rust_out.9242fac72db2cd11-cgu.0.rcgu.o" "/tmp/rustdoctestHNZvJ4/rust_out.2hl2tb9xdtge7mguxzn2q1kvi.rcgu.o" "-Wl,--as-needed" "-Wl,-Bstatic" "/opt/rustwide/target/debug/deps/libapollo_federation-65aaa1d2cd93a764.rlib" "/opt/rustwide/target/debug/deps/liburl-346417af51ea04df.rlib" "/opt/rustwide/target/debug/deps/libidna-8a3c232e2e2dc5a7.rlib" "/opt/rustwide/target/debug/deps/libidna_adapter-df37780a4ee3f0a9.rlib" "/opt/rustwide/target/debug/deps/libicu_normalizer-8773ba866c573635.rlib" "/opt/rustwide/target/debug/deps/libicu_normalizer_data-d3c2725a089a2467.rlib" "/opt/rustwide/target/debug/deps/libwrite16-d15e33f2b3b5e6d8.rlib" "/opt/rustwide/target/debug/deps/libutf8_iter-d5e8daeaacfd8f95.rlib" "/opt/rustwide/target/debug/deps/libutf16_iter-9749a04129eccc81.rlib" "/opt/rustwide/target/debug/deps/libsmallvec-53fd8ee9edcafbcd.rlib" "/opt/rustwide/target/debug/deps/libicu_properties-5eacf20b5eda772b.rlib" "/opt/rustwide/target/debug/deps/libicu_properties_data-8db115c81033ba3a.rlib" "/opt/rustwide/target/debug/deps/libicu_locid_transform-c2d4dac6f435714f.rlib" "/opt/rustwide/target/debug/deps/libicu_locid_transform_data-b75aeb662448ba61.rlib" "/opt/rustwide/target/debug/deps/libicu_collections-bef4be25bbbed7a0.rlib" "/opt/rustwide/target/debug/deps/libicu_provider-996fed017ef8e72f.rlib" "/opt/rustwide/target/debug/deps/libicu_locid-c2143c008b0744c6.rlib" "/opt/rustwide/target/debug/deps/liblitemap-f4f1c45b9b1b6474.rlib" "/opt/rustwide/target/debug/deps/libtinystr-c86c2222f0672b6d.rlib" "/opt/rustwide/target/debug/deps/libzerovec-93e295b282d5359c.rlib" "/opt/rustwide/target/debug/deps/libwriteable-d425da3f2cf37998.rlib" "/opt/rustwide/target/debug/deps/libyoke-25ba8e3ac8db4f1d.rlib" "/opt/rustwide/target/debug/deps/libzerofrom-d6588b4a6e34c33d.rlib" "/opt/rustwide/target/debug/deps/libform_urlencoded-225480349c93ac62.rlib" "/opt/rustwide/target/debug/deps/libpercent_encoding-0e0b8bd7b8462710.rlib" "/opt/rustwide/target/debug/deps/libtime-0b0e221db4d9ffd1.rlib" "/opt/rustwide/target/debug/deps/libnum_threads-3ec4c6a90389312d.rlib" "/opt/rustwide/target/debug/deps/libtime_core-f368596cca30f67d.rlib" "/opt/rustwide/target/debug/deps/libnum_conv-a312b8300ce88506.rlib" "/opt/rustwide/target/debug/deps/libderanged-7c3aacebfed7a85e.rlib" "/opt/rustwide/target/debug/deps/libpowerfmt-a584063b8a4e44a4.rlib" "/opt/rustwide/target/debug/deps/libmultimap-d6254b23554ab24a.rlib" "/opt/rustwide/target/debug/deps/libtracing-2ae3d9f8e806da61.rlib" "/opt/rustwide/target/debug/deps/libpin_project_lite-92287217d9698c36.rlib" "/opt/rustwide/target/debug/deps/libtracing_core-494c8f77b83eb5be.rlib" "/opt/rustwide/target/debug/deps/libstrum-bb5d02a617643483.rlib" "/opt/rustwide/target/debug/deps/libpetgraph-8910a5a4f3815a23.rlib" "/opt/rustwide/target/debug/deps/libfixedbitset-1e18bec89b8fbe9c.rlib" "/opt/rustwide/target/debug/deps/libhashbrown-d505e1a9144b7804.rlib" "/opt/rustwide/target/debug/deps/libfoldhash-c731f100a25fc960.rlib" "/opt/rustwide/target/debug/deps/liballocator_api2-a8da521af1b95b07.rlib" "/opt/rustwide/target/debug/deps/libitertools-a7302f02179615ca.rlib" "/opt/rustwide/target/debug/deps/libeither-5adc936c7a206324.rlib" "/opt/rustwide/target/debug/deps/liblazy_static-34736fcc74b41a53.rlib" "/opt/rustwide/target/debug/deps/libapollo_compiler-6b15e92a85f1b49c.rlib" "/opt/rustwide/target/debug/deps/libtyped_arena-eeaaf69153df7969.rlib" "/opt/rustwide/target/debug/deps/libtriomphe-518cc88e69bba7e3.rlib" "/opt/rustwide/target/debug/deps/libstable_deref_trait-8e22d1dc883a4bb5.rlib" "/opt/rustwide/target/debug/deps/libserde_json_bytes-bfd5cefa567512d6.rlib" "/opt/rustwide/target/debug/deps/libjsonpath_rust-cecf58293ecd5f0b.rlib" "/opt/rustwide/target/debug/deps/libregex-b60545a5ed38b15f.rlib" "/opt/rustwide/target/debug/deps/libregex_automata-63419e02aaea0168.rlib" "/opt/rustwide/target/debug/deps/libaho_corasick-b7cbf506a5c4f18e.rlib" "/opt/rustwide/target/debug/deps/libregex_syntax-68a2118807cc42f7.rlib" "/opt/rustwide/target/debug/deps/libpest-88ade31d98140a2f.rlib" "/opt/rustwide/target/debug/deps/libucd_trie-fc737faee2d3eaad.rlib" "/opt/rustwide/target/debug/deps/libserde_json-cba1c204cd2ad445.rlib" "/opt/rustwide/target/debug/deps/libitoa-307f5b8ccbe1a9f3.rlib" "/opt/rustwide/target/debug/deps/libryu-6e02dac7c3b6be75.rlib" "/opt/rustwide/target/debug/deps/libahash-0ff36e9a33978a9c.rlib" "/opt/rustwide/target/debug/deps/libgetrandom-a6a0bb9e7d3bd01c.rlib" "/opt/rustwide/target/debug/deps/libonce_cell-334d739f4e3a4961.rlib" "/opt/rustwide/target/debug/deps/libcfg_if-a3e7e701fcd1f47b.rlib" "/opt/rustwide/target/debug/deps/libzerocopy-7d07cba449ed1a54.rlib" "/opt/rustwide/target/debug/deps/libbytes-9261720af9b82e94.rlib" "/opt/rustwide/target/debug/deps/libariadne-d1c554fed77a0e9e.rlib" "/opt/rustwide/target/debug/deps/libconcolor-4c65a8b25c28a5f1.rlib" "/opt/rustwide/target/debug/deps/libconcolor_query-f7b18569072cd122.rlib" "/opt/rustwide/target/debug/deps/libbitflags-85e13ed1e0c6d910.rlib" "/opt/rustwide/target/debug/deps/libis_terminal-6ab4934a9404099b.rlib" "/opt/rustwide/target/debug/deps/liblibc-d9f21d9d66b0b081.rlib" "/opt/rustwide/target/debug/deps/libunicode_width-2ded2d1a4887f4a8.rlib" "/opt/rustwide/target/debug/deps/libyansi-1cf9caad7e86a973.rlib" "/opt/rustwide/target/debug/deps/libindexmap-6f3873b68e005ea7.rlib" "/opt/rustwide/target/debug/deps/libequivalent-e4dc2e1acc32de2c.rlib" "/opt/rustwide/target/debug/deps/libserde-bd5ffdcc8d9d8a97.rlib" "/opt/rustwide/target/debug/deps/libapollo_parser-14dadc49fda40310.rlib" "/opt/rustwide/target/debug/deps/libmemchr-412d53cbfea52259.rlib" "/opt/rustwide/target/debug/deps/libthiserror-cb69c128e3eb134f.rlib" "/opt/rustwide/target/debug/deps/librowan-971c9a76acf11a9c.rlib" "/opt/rustwide/target/debug/deps/libmemoffset-0c7980052a200035.rlib" "/opt/rustwide/target/debug/deps/libtext_size-d41bc37349ec3957.rlib" "/opt/rustwide/target/debug/deps/librustc_hash-c6f5474e70a2e7fd.rlib" "/opt/rustwide/target/debug/deps/libhashbrown-795f72573d717b8c.rlib" "/opt/rustwide/target/debug/deps/libcountme-4513e81dedfcabaf.rlib" "/opt/rustwide/rustup-home/toolchains/beta-2024-12-08-x86_64-unknown-linux-gnu/lib/rustlib/x86_64-unknown-linux-gnu/lib/libstd-02dc84f49135b6b8.rlib" "/opt/rustwide/rustup-home/toolchains/beta-2024-12-08-x86_64-unknown-linux-gnu/lib/rustlib/x86_64-unknown-linux-gnu/lib/libpanic_unwind-a8f45b397fae3f81.rlib" "/opt/rustwide/rustup-home/toolchains/beta-2024-12-08-x86_64-unknown-linux-gnu/lib/rustlib/x86_64-unknown-linux-gnu/lib/libobject-089607133c180609.rlib" "/opt/rustwide/rustup-home/toolchains/beta-2024-12-08-x86_64-unknown-linux-gnu/lib/rustlib/x86_64-unknown-linux-gnu/lib/libmemchr-fc89f091bcd86cbb.rlib" "/opt/rustwide/rustup-home/toolchains/beta-2024-12-08-x86_64-unknown-linux-gnu/lib/rustlib/x86_64-unknown-linux-gnu/lib/libaddr2line-5a60949f01c7340c.rlib" "/opt/rustwide/rustup-home/toolchains/beta-2024-12-08-x86_64-unknown-linux-gnu/lib/rustlib/x86_64-unknown-linux-gnu/lib/libgimli-d29e6a55ca253c8c.rlib" "/opt/rustwide/rustup-home/toolchains/beta-2024-12-08-x86_64-unknown-linux-gnu/lib/rustlib/x86_64-unknown-linux-gnu/lib/librustc_demangle-273c078d5f65de7a.rlib" "/opt/rustwide/rustup-home/toolchains/beta-2024-12-08-x86_64-unknown-linux-gnu/lib/rustlib/x86_64-unknown-linux-gnu/lib/libstd_detect-413c950ffbdd4454.rlib" "/opt/rustwide/rustup-home/toolchains/beta-2024-12-08-x86_64-unknown-linux-gnu/lib/rustlib/x86_64-unknown-linux-gnu/lib/libhashbrown-1853c0976a1d88a6.rlib" "/opt/rustwide/rustup-home/toolchains/beta-2024-12-08-x86_64-unknown-linux-gnu/lib/rustlib/x86_64-unknown-linux-gnu/lib/librustc_std_workspace_alloc-ccb3384ddacb0f9e.rlib" "/opt/rustwide/rustup-home/toolchains/beta-2024-12-08-x86_64-unknown-linux-gnu/lib/rustlib/x86_64-unknown-linux-gnu/lib/libminiz_oxide-0b901dfb0ca849e0.rlib" "/opt/rustwide/rustup-home/toolchains/beta-2024-12-08-x86_64-unknown-linux-gnu/lib/rustlib/x86_64-unknown-linux-gnu/lib/libadler-eebeb8d7c64543ad.rlib" "/opt/rustwide/rustup-home/toolchains/beta-2024-12-08-x86_64-unknown-linux-gnu/lib/rustlib/x86_64-unknown-linux-gnu/lib/libunwind-4723ef81d6079867.rlib" "/opt/rustwide/rustup-home/toolchains/beta-2024-12-08-x86_64-unknown-linux-gnu/lib/rustlib/x86_64-unknown-linux-gnu/lib/libcfg_if-54442f8b422f5a54.rlib" "/opt/rustwide/rustup-home/toolchains/beta-2024-12-08-x86_64-unknown-linux-gnu/lib/rustlib/x86_64-unknown-linux-gnu/lib/liblibc-e0bbe034b5282553.rlib" "/opt/rustwide/rustup-home/toolchains/beta-2024-12-08-x86_64-unknown-linux-gnu/lib/rustlib/x86_64-unknown-linux-gnu/lib/liballoc-d0febb68c1c37b90.rlib" "/opt/rustwide/rustup-home/toolchains/beta-2024-12-08-x86_64-unknown-linux-gnu/lib/rustlib/x86_64-unknown-linux-gnu/lib/librustc_std_workspace_core-4cf833632aafa84c.rlib" "/opt/rustwide/rustup-home/toolchains/beta-2024-12-08-x86_64-unknown-linux-gnu/lib/rustlib/x86_64-unknown-linux-gnu/lib/libcore-65c2c6d2d6ae570b.rlib" "/opt/rustwide/rustup-home/toolchains/beta-2024-12-08-x86_64-unknown-linux-gnu/lib/rustlib/x86_64-unknown-linux-gnu/lib/libcompiler_builtins-97929cee0dcfe424.rlib" "-Wl,-Bdynamic" "-lgcc_s" "-lutil" "-lrt" "-lpthread" "-lm" "-ldl" "-lc" "-Wl,--eh-frame-hdr" "-Wl,-z,noexecstack" "-L" "/opt/rustwide/rustup-home/toolchains/beta-2024-12-08-x86_64-unknown-linux-gnu/lib/rustlib/x86_64-unknown-linux-gnu/lib" "-o" "/tmp/rustdoctestHNZvJ4/rust_out" "-Wl,--gc-sections" "-pie" "-Wl,-z,relro,-z,now" "-nodefaultlibs"
[INFO] [stdout]   = note: collect2: fatal error: ld terminated with signal 9 [Killed]
[INFO] [stdout]           compilation terminated.
[INFO] [stdout]           
[INFO] [stdout] 
[INFO] [stdout] error: aborting due to 1 previous error
[INFO] [stdout] 
[INFO] [stdout] Couldn't compile the test.
[INFO] [stdout] ---- src/link/spec.rs - link::spec::Version::fmt (line 120) stdout ----
[INFO] [stdout] error: linking with `cc` failed: exit status: 1
[INFO] [stdout]   |
[INFO] [stdout]   = note: LC_ALL="C" PATH="/opt/rustwide/rustup-home/toolchains/beta-2024-12-08-x86_64-unknown-linux-gnu/lib/rustlib/x86_64-unknown-linux-gnu/bin:/opt/rustwide/cargo-home/bin:/usr/local/sbin:/usr/local/bin:/usr/sbin:/usr/bin:/sbin:/bin" VSLANG="1033" "cc" "-m64" "/tmp/rustcY53EpK/symbols.o" "/tmp/rustdoctestLcE8j4/rust_out.rust_out.9242fac72db2cd11-cgu.0.rcgu.o" "/tmp/rustdoctestLcE8j4/rust_out.2hl2tb9xdtge7mguxzn2q1kvi.rcgu.o" "-Wl,--as-needed" "-Wl,-Bstatic" "/opt/rustwide/target/debug/deps/libapollo_federation-65aaa1d2cd93a764.rlib" "/opt/rustwide/target/debug/deps/liburl-346417af51ea04df.rlib" "/opt/rustwide/target/debug/deps/libidna-8a3c232e2e2dc5a7.rlib" "/opt/rustwide/target/debug/deps/libidna_adapter-df37780a4ee3f0a9.rlib" "/opt/rustwide/target/debug/deps/libicu_normalizer-8773ba866c573635.rlib" "/opt/rustwide/target/debug/deps/libicu_normalizer_data-d3c2725a089a2467.rlib" "/opt/rustwide/target/debug/deps/libwrite16-d15e33f2b3b5e6d8.rlib" "/opt/rustwide/target/debug/deps/libutf8_iter-d5e8daeaacfd8f95.rlib" "/opt/rustwide/target/debug/deps/libutf16_iter-9749a04129eccc81.rlib" "/opt/rustwide/target/debug/deps/libsmallvec-53fd8ee9edcafbcd.rlib" "/opt/rustwide/target/debug/deps/libicu_properties-5eacf20b5eda772b.rlib" "/opt/rustwide/target/debug/deps/libicu_properties_data-8db115c81033ba3a.rlib" "/opt/rustwide/target/debug/deps/libicu_locid_transform-c2d4dac6f435714f.rlib" "/opt/rustwide/target/debug/deps/libicu_locid_transform_data-b75aeb662448ba61.rlib" "/opt/rustwide/target/debug/deps/libicu_collections-bef4be25bbbed7a0.rlib" "/opt/rustwide/target/debug/deps/libicu_provider-996fed017ef8e72f.rlib" "/opt/rustwide/target/debug/deps/libicu_locid-c2143c008b0744c6.rlib" "/opt/rustwide/target/debug/deps/liblitemap-f4f1c45b9b1b6474.rlib" "/opt/rustwide/target/debug/deps/libtinystr-c86c2222f0672b6d.rlib" "/opt/rustwide/target/debug/deps/libzerovec-93e295b282d5359c.rlib" "/opt/rustwide/target/debug/deps/libwriteable-d425da3f2cf37998.rlib" "/opt/rustwide/target/debug/deps/libyoke-25ba8e3ac8db4f1d.rlib" "/opt/rustwide/target/debug/deps/libzerofrom-d6588b4a6e34c33d.rlib" "/opt/rustwide/target/debug/deps/libform_urlencoded-225480349c93ac62.rlib" "/opt/rustwide/target/debug/deps/libpercent_encoding-0e0b8bd7b8462710.rlib" "/opt/rustwide/target/debug/deps/libtime-0b0e221db4d9ffd1.rlib" "/opt/rustwide/target/debug/deps/libnum_threads-3ec4c6a90389312d.rlib" "/opt/rustwide/target/debug/deps/libtime_core-f368596cca30f67d.rlib" "/opt/rustwide/target/debug/deps/libnum_conv-a312b8300ce88506.rlib" "/opt/rustwide/target/debug/deps/libderanged-7c3aacebfed7a85e.rlib" "/opt/rustwide/target/debug/deps/libpowerfmt-a584063b8a4e44a4.rlib" "/opt/rustwide/target/debug/deps/libmultimap-d6254b23554ab24a.rlib" "/opt/rustwide/target/debug/deps/libtracing-2ae3d9f8e806da61.rlib" "/opt/rustwide/target/debug/deps/libpin_project_lite-92287217d9698c36.rlib" "/opt/rustwide/target/debug/deps/libtracing_core-494c8f77b83eb5be.rlib" "/opt/rustwide/target/debug/deps/libstrum-bb5d02a617643483.rlib" "/opt/rustwide/target/debug/deps/libpetgraph-8910a5a4f3815a23.rlib" "/opt/rustwide/target/debug/deps/libfixedbitset-1e18bec89b8fbe9c.rlib" "/opt/rustwide/target/debug/deps/libhashbrown-d505e1a9144b7804.rlib" "/opt/rustwide/target/debug/deps/libfoldhash-c731f100a25fc960.rlib" "/opt/rustwide/target/debug/deps/liballocator_api2-a8da521af1b95b07.rlib" "/opt/rustwide/target/debug/deps/libitertools-a7302f02179615ca.rlib" "/opt/rustwide/target/debug/deps/libeither-5adc936c7a206324.rlib" "/opt/rustwide/target/debug/deps/liblazy_static-34736fcc74b41a53.rlib" "/opt/rustwide/target/debug/deps/libapollo_compiler-6b15e92a85f1b49c.rlib" "/opt/rustwide/target/debug/deps/libtyped_arena-eeaaf69153df7969.rlib" "/opt/rustwide/target/debug/deps/libtriomphe-518cc88e69bba7e3.rlib" "/opt/rustwide/target/debug/deps/libstable_deref_trait-8e22d1dc883a4bb5.rlib" "/opt/rustwide/target/debug/deps/libserde_json_bytes-bfd5cefa567512d6.rlib" "/opt/rustwide/target/debug/deps/libjsonpath_rust-cecf58293ecd5f0b.rlib" "/opt/rustwide/target/debug/deps/libregex-b60545a5ed38b15f.rlib" "/opt/rustwide/target/debug/deps/libregex_automata-63419e02aaea0168.rlib" "/opt/rustwide/target/debug/deps/libaho_corasick-b7cbf506a5c4f18e.rlib" "/opt/rustwide/target/debug/deps/libregex_syntax-68a2118807cc42f7.rlib" "/opt/rustwide/target/debug/deps/libpest-88ade31d98140a2f.rlib" "/opt/rustwide/target/debug/deps/libucd_trie-fc737faee2d3eaad.rlib" "/opt/rustwide/target/debug/deps/libserde_json-cba1c204cd2ad445.rlib" "/opt/rustwide/target/debug/deps/libitoa-307f5b8ccbe1a9f3.rlib" "/opt/rustwide/target/debug/deps/libryu-6e02dac7c3b6be75.rlib" "/opt/rustwide/target/debug/deps/libahash-0ff36e9a33978a9c.rlib" "/opt/rustwide/target/debug/deps/libgetrandom-a6a0bb9e7d3bd01c.rlib" "/opt/rustwide/target/debug/deps/libonce_cell-334d739f4e3a4961.rlib" "/opt/rustwide/target/debug/deps/libcfg_if-a3e7e701fcd1f47b.rlib" "/opt/rustwide/target/debug/deps/libzerocopy-7d07cba449ed1a54.rlib" "/opt/rustwide/target/debug/deps/libbytes-9261720af9b82e94.rlib" "/opt/rustwide/target/debug/deps/libariadne-d1c554fed77a0e9e.rlib" "/opt/rustwide/target/debug/deps/libconcolor-4c65a8b25c28a5f1.rlib" "/opt/rustwide/target/debug/deps/libconcolor_query-f7b18569072cd122.rlib" "/opt/rustwide/target/debug/deps/libbitflags-85e13ed1e0c6d910.rlib" "/opt/rustwide/target/debug/deps/libis_terminal-6ab4934a9404099b.rlib" "/opt/rustwide/target/debug/deps/liblibc-d9f21d9d66b0b081.rlib" "/opt/rustwide/target/debug/deps/libunicode_width-2ded2d1a4887f4a8.rlib" "/opt/rustwide/target/debug/deps/libyansi-1cf9caad7e86a973.rlib" "/opt/rustwide/target/debug/deps/libindexmap-6f3873b68e005ea7.rlib" "/opt/rustwide/target/debug/deps/libequivalent-e4dc2e1acc32de2c.rlib" "/opt/rustwide/target/debug/deps/libserde-bd5ffdcc8d9d8a97.rlib" "/opt/rustwide/target/debug/deps/libapollo_parser-14dadc49fda40310.rlib" "/opt/rustwide/target/debug/deps/libmemchr-412d53cbfea52259.rlib" "/opt/rustwide/target/debug/deps/libthiserror-cb69c128e3eb134f.rlib" "/opt/rustwide/target/debug/deps/librowan-971c9a76acf11a9c.rlib" "/opt/rustwide/target/debug/deps/libmemoffset-0c7980052a200035.rlib" "/opt/rustwide/target/debug/deps/libtext_size-d41bc37349ec3957.rlib" "/opt/rustwide/target/debug/deps/librustc_hash-c6f5474e70a2e7fd.rlib" "/opt/rustwide/target/debug/deps/libhashbrown-795f72573d717b8c.rlib" "/opt/rustwide/target/debug/deps/libcountme-4513e81dedfcabaf.rlib" "/opt/rustwide/rustup-home/toolchains/beta-2024-12-08-x86_64-unknown-linux-gnu/lib/rustlib/x86_64-unknown-linux-gnu/lib/libstd-02dc84f49135b6b8.rlib" "/opt/rustwide/rustup-home/toolchains/beta-2024-12-08-x86_64-unknown-linux-gnu/lib/rustlib/x86_64-unknown-linux-gnu/lib/libpanic_unwind-a8f45b397fae3f81.rlib" "/opt/rustwide/rustup-home/toolchains/beta-2024-12-08-x86_64-unknown-linux-gnu/lib/rustlib/x86_64-unknown-linux-gnu/lib/libobject-089607133c180609.rlib" "/opt/rustwide/rustup-home/toolchains/beta-2024-12-08-x86_64-unknown-linux-gnu/lib/rustlib/x86_64-unknown-linux-gnu/lib/libmemchr-fc89f091bcd86cbb.rlib" "/opt/rustwide/rustup-home/toolchains/beta-2024-12-08-x86_64-unknown-linux-gnu/lib/rustlib/x86_64-unknown-linux-gnu/lib/libaddr2line-5a60949f01c7340c.rlib" "/opt/rustwide/rustup-home/toolchains/beta-2024-12-08-x86_64-unknown-linux-gnu/lib/rustlib/x86_64-unknown-linux-gnu/lib/libgimli-d29e6a55ca253c8c.rlib" "/opt/rustwide/rustup-home/toolchains/beta-2024-12-08-x86_64-unknown-linux-gnu/lib/rustlib/x86_64-unknown-linux-gnu/lib/librustc_demangle-273c078d5f65de7a.rlib" "/opt/rustwide/rustup-home/toolchains/beta-2024-12-08-x86_64-unknown-linux-gnu/lib/rustlib/x86_64-unknown-linux-gnu/lib/libstd_detect-413c950ffbdd4454.rlib" "/opt/rustwide/rustup-home/toolchains/beta-2024-12-08-x86_64-unknown-linux-gnu/lib/rustlib/x86_64-unknown-linux-gnu/lib/libhashbrown-1853c0976a1d88a6.rlib" "/opt/rustwide/rustup-home/toolchains/beta-2024-12-08-x86_64-unknown-linux-gnu/lib/rustlib/x86_64-unknown-linux-gnu/lib/librustc_std_workspace_alloc-ccb3384ddacb0f9e.rlib" "/opt/rustwide/rustup-home/toolchains/beta-2024-12-08-x86_64-unknown-linux-gnu/lib/rustlib/x86_64-unknown-linux-gnu/lib/libminiz_oxide-0b901dfb0ca849e0.rlib" "/opt/rustwide/rustup-home/toolchains/beta-2024-12-08-x86_64-unknown-linux-gnu/lib/rustlib/x86_64-unknown-linux-gnu/lib/libadler-eebeb8d7c64543ad.rlib" "/opt/rustwide/rustup-home/toolchains/beta-2024-12-08-x86_64-unknown-linux-gnu/lib/rustlib/x86_64-unknown-linux-gnu/lib/libunwind-4723ef81d6079867.rlib" "/opt/rustwide/rustup-home/toolchains/beta-2024-12-08-x86_64-unknown-linux-gnu/lib/rustlib/x86_64-unknown-linux-gnu/lib/libcfg_if-54442f8b422f5a54.rlib" "/opt/rustwide/rustup-home/toolchains/beta-2024-12-08-x86_64-unknown-linux-gnu/lib/rustlib/x86_64-unknown-linux-gnu/lib/liblibc-e0bbe034b5282553.rlib" "/opt/rustwide/rustup-home/toolchains/beta-2024-12-08-x86_64-unknown-linux-gnu/lib/rustlib/x86_64-unknown-linux-gnu/lib/liballoc-d0febb68c1c37b90.rlib" "/opt/rustwide/rustup-home/toolchains/beta-2024-12-08-x86_64-unknown-linux-gnu/lib/rustlib/x86_64-unknown-linux-gnu/lib/librustc_std_workspace_core-4cf833632aafa84c.rlib" "/opt/rustwide/rustup-home/toolchains/beta-2024-12-08-x86_64-unknown-linux-gnu/lib/rustlib/x86_64-unknown-linux-gnu/lib/libcore-65c2c6d2d6ae570b.rlib" "/opt/rustwide/rustup-home/toolchains/beta-2024-12-08-x86_64-unknown-linux-gnu/lib/rustlib/x86_64-unknown-linux-gnu/lib/libcompiler_builtins-97929cee0dcfe424.rlib" "-Wl,-Bdynamic" "-lgcc_s" "-lutil" "-lrt" "-lpthread" "-lm" "-ldl" "-lc" "-Wl,--eh-frame-hdr" "-Wl,-z,noexecstack" "-L" "/opt/rustwide/rustup-home/toolchains/beta-2024-12-08-x86_64-unknown-linux-gnu/lib/rustlib/x86_64-unknown-linux-gnu/lib" "-o" "/tmp/rustdoctestLcE8j4/rust_out" "-Wl,--gc-sections" "-pie" "-Wl,-z,relro,-z,now" "-nodefaultlibs"
[INFO] [stdout]   = note: collect2: fatal error: ld terminated with signal 9 [Killed]
[INFO] [stdout]           compilation terminated.
[INFO] [stdout]           
[INFO] [stdout] 
[INFO] [stdout] error: aborting due to 1 previous error
[INFO] [stdout] 
[INFO] [stdout] Couldn't compile the test.
[INFO] [stdout] 
[INFO] [stdout] failures:
[INFO] [stdout]     src/link/spec.rs - link::spec::Identity::fmt (line 45)
[INFO] [stdout]     src/link/spec.rs - link::spec::Version::fmt (line 120)
[INFO] [stdout]     src/link/spec.rs - link::spec::Version::satisfies_range (line 171)
[INFO] [stdout] 
[INFO] [stdout] test result: FAILED. 5 passed; 3 failed; 8 ignored; 0 measured; 0 filtered out; finished in 13.19s
[INFO] [stdout] 
[INFO] [stderr] error: doctest failed, to rerun pass `--doc`
[INFO] running `Command { std: "docker" "inspect" "54044aac2d8adbee114395ea149783077fc73ec8a01af08f80e4509260617089", kill_on_drop: false }`
[INFO] running `Command { std: "docker" "rm" "-f" "54044aac2d8adbee114395ea149783077fc73ec8a01af08f80e4509260617089", kill_on_drop: false }`
[INFO] [stdout] 54044aac2d8adbee114395ea149783077fc73ec8a01af08f80e4509260617089
