[INFO] fetching crate apiarchivesouvertesrust 0.1.0...
[INFO] testing apiarchivesouvertesrust-0.1.0 against 1.83.0 for beta-1.84.0-4-retry
[INFO] extracting crate apiarchivesouvertesrust 0.1.0 into /workspace/builds/worker-6-tc1/source
[INFO] validating manifest of crates.io crate apiarchivesouvertesrust 0.1.0 on toolchain 1.83.0
[INFO] running `Command { std: CARGO_HOME="/workspace/cargo-home" RUSTUP_HOME="/workspace/rustup-home" "/workspace/cargo-home/bin/cargo" "+1.83.0" "metadata" "--manifest-path" "Cargo.toml" "--no-deps", kill_on_drop: false }`
[INFO] started tweaking crates.io crate apiarchivesouvertesrust 0.1.0
[INFO] finished tweaking crates.io crate apiarchivesouvertesrust 0.1.0
[INFO] tweaked toml for crates.io crate apiarchivesouvertesrust 0.1.0 written to /workspace/builds/worker-6-tc1/source/Cargo.toml
[INFO] running `Command { std: CARGO_HOME="/workspace/cargo-home" RUSTUP_HOME="/workspace/rustup-home" "/workspace/cargo-home/bin/cargo" "+1.83.0" "generate-lockfile" "--manifest-path" "Cargo.toml", kill_on_drop: false }`
[INFO] [stderr]     Updating crates.io index
[INFO] [stderr]      Locking 149 packages to latest compatible versions
[INFO] [stderr]       Adding reqwest v0.11.27 (available: v0.12.9)
[INFO] running `Command { std: CARGO_HOME="/workspace/cargo-home" RUSTUP_HOME="/workspace/rustup-home" "/workspace/cargo-home/bin/cargo" "+1.83.0" "fetch" "--manifest-path" "Cargo.toml", kill_on_drop: false }`
[INFO] running `Command { std: "docker" "create" "-v" "/var/lib/crater-agent-workspace/builds/worker-6-tc1/target:/opt/rustwide/target:rw,Z" "-v" "/var/lib/crater-agent-workspace/builds/worker-6-tc1/source:/opt/rustwide/workdir:ro,Z" "-v" "/var/lib/crater-agent-workspace/cargo-home:/opt/rustwide/cargo-home:ro,Z" "-v" "/var/lib/crater-agent-workspace/rustup-home:/opt/rustwide/rustup-home:ro,Z" "-e" "SOURCE_DIR=/opt/rustwide/workdir" "-e" "CARGO_TARGET_DIR=/opt/rustwide/target" "-e" "CARGO_HOME=/opt/rustwide/cargo-home" "-e" "RUSTUP_HOME=/opt/rustwide/rustup-home" "-w" "/opt/rustwide/workdir" "-m" "1610612736" "--user" "0:0" "--network" "none" "ghcr.io/rust-lang/crates-build-env/linux@sha256:f3a9d4ad9d972b27faf3965f35b62e55ba32bbce8f20bc8fe909558a86702fde" "/opt/rustwide/cargo-home/bin/cargo" "+1.83.0" "metadata" "--no-deps" "--format-version=1", kill_on_drop: false }`
[INFO] [stdout] a76de89e5c5d4fd91358f66726d38dfd8fef438c8a7bde5f328eaf2e44fb4ccc
[INFO] running `Command { std: "docker" "start" "-a" "a76de89e5c5d4fd91358f66726d38dfd8fef438c8a7bde5f328eaf2e44fb4ccc", kill_on_drop: false }`
[INFO] running `Command { std: "docker" "inspect" "a76de89e5c5d4fd91358f66726d38dfd8fef438c8a7bde5f328eaf2e44fb4ccc", kill_on_drop: false }`
[INFO] running `Command { std: "docker" "rm" "-f" "a76de89e5c5d4fd91358f66726d38dfd8fef438c8a7bde5f328eaf2e44fb4ccc", kill_on_drop: false }`
[INFO] [stdout] a76de89e5c5d4fd91358f66726d38dfd8fef438c8a7bde5f328eaf2e44fb4ccc
[INFO] running `Command { std: "docker" "create" "-v" "/var/lib/crater-agent-workspace/builds/worker-6-tc1/target:/opt/rustwide/target:rw,Z" "-v" "/var/lib/crater-agent-workspace/builds/worker-6-tc1/source:/opt/rustwide/workdir:ro,Z" "-v" "/var/lib/crater-agent-workspace/cargo-home:/opt/rustwide/cargo-home:ro,Z" "-v" "/var/lib/crater-agent-workspace/rustup-home:/opt/rustwide/rustup-home:ro,Z" "-e" "SOURCE_DIR=/opt/rustwide/workdir" "-e" "CARGO_TARGET_DIR=/opt/rustwide/target" "-e" "CARGO_INCREMENTAL=0" "-e" "RUST_BACKTRACE=full" "-e" "RUSTFLAGS=--cap-lints=warn" "-e" "RUSTDOCFLAGS=--cap-lints=warn" "-e" "CARGO_HOME=/opt/rustwide/cargo-home" "-e" "RUSTUP_HOME=/opt/rustwide/rustup-home" "-w" "/opt/rustwide/workdir" "-m" "1610612736" "--user" "0:0" "--network" "none" "ghcr.io/rust-lang/crates-build-env/linux@sha256:f3a9d4ad9d972b27faf3965f35b62e55ba32bbce8f20bc8fe909558a86702fde" "/opt/rustwide/cargo-home/bin/cargo" "+1.83.0" "build" "--frozen" "--message-format=json", kill_on_drop: false }`
[INFO] [stdout] 6963b4747fd5d0f2fb3ecfeef8bdfe3ac3583af2c9fcdff07e0137f229bf35ad
[INFO] running `Command { std: "docker" "start" "-a" "6963b4747fd5d0f2fb3ecfeef8bdfe3ac3583af2c9fcdff07e0137f229bf35ad", kill_on_drop: false }`
[INFO] [stderr]    Compiling proc-macro2 v1.0.92
[INFO] [stderr]    Compiling unicode-ident v1.0.14
[INFO] [stderr]    Compiling libc v0.2.168
[INFO] [stderr]    Compiling stable_deref_trait v1.2.0
[INFO] [stderr]    Compiling shlex v1.3.0
[INFO] [stderr]    Compiling pkg-config v0.3.31
[INFO] [stderr]    Compiling pin-project-lite v0.2.15
[INFO] [stderr]    Compiling vcpkg v0.2.15
[INFO] [stderr]    Compiling bytes v1.9.0
[INFO] [stderr]    Compiling once_cell v1.20.2
[INFO] [stderr]    Compiling litemap v0.7.4
[INFO] [stderr]    Compiling writeable v0.5.5
[INFO] [stderr]    Compiling itoa v1.0.14
[INFO] [stderr]    Compiling autocfg v1.4.0
[INFO] [stderr]    Compiling futures-core v0.3.31
[INFO] [stderr]    Compiling icu_locid_transform_data v1.5.0
[INFO] [stderr]    Compiling openssl v0.10.68
[INFO] [stderr]    Compiling icu_properties_data v1.5.0
[INFO] [stderr]    Compiling memchr v2.7.4
[INFO] [stderr]    Compiling foreign-types-shared v0.1.1
[INFO] [stderr]    Compiling native-tls v0.2.12
[INFO] [stderr]    Compiling foreign-types v0.3.2
[INFO] [stderr]    Compiling futures-task v0.3.31
[INFO] [stderr]    Compiling write16 v1.0.0
[INFO] [stderr]    Compiling hashbrown v0.15.2
[INFO] [stderr]    Compiling futures-sink v0.3.31
[INFO] [stderr]    Compiling cc v1.2.4
[INFO] [stderr]    Compiling serde v1.0.216
[INFO] [stderr]    Compiling icu_normalizer_data v1.5.0
[INFO] [stderr]    Compiling futures-io v0.3.31
[INFO] [stderr]    Compiling tracing-core v0.1.33
[INFO] [stderr]    Compiling utf8_iter v1.0.4
[INFO] [stderr]    Compiling smallvec v1.13.2
[INFO] [stderr]    Compiling httparse v1.9.5
[INFO] [stderr]    Compiling bitflags v2.6.0
[INFO] [stderr]    Compiling utf16_iter v1.0.5
[INFO] [stderr]    Compiling try-lock v0.2.5
[INFO] [stderr]    Compiling log v0.4.22
[INFO] [stderr]    Compiling openssl-probe v0.1.5
[INFO] [stderr]    Compiling want v0.3.1
[INFO] [stderr]    Compiling futures-channel v0.3.31
[INFO] [stderr]    Compiling tower-service v0.3.3
[INFO] [stderr]    Compiling indexmap v2.7.0
[INFO] [stderr]    Compiling slab v0.4.9
[INFO] [stderr]    Compiling ryu v1.0.18
[INFO] [stderr]    Compiling httpdate v1.0.3
[INFO] [stderr]    Compiling serde_json v1.0.133
[INFO] [stderr]    Compiling quote v1.0.37
[INFO] [stderr]    Compiling rustls-pemfile v1.0.4
[INFO] [stderr]    Compiling http v0.2.12
[INFO] [stderr]    Compiling tracing v0.1.41
[INFO] [stderr]    Compiling encoding_rs v0.8.35
[INFO] [stderr]    Compiling sync_wrapper v0.1.2
[INFO] [stderr]    Compiling ipnet v2.10.1
[INFO] [stderr]    Compiling mime v0.3.17
[INFO] [stderr]    Compiling syn v2.0.90
[INFO] [stderr]    Compiling json v0.12.4
[INFO] [stderr]    Compiling futures-util v0.3.31
[INFO] [stderr]    Compiling socket2 v0.5.8
[INFO] [stderr]    Compiling mio v1.0.3
[INFO] [stderr]    Compiling openssl-sys v0.9.104
[INFO] [stderr]    Compiling http-body v0.4.6
[INFO] [stderr]    Compiling tokio v1.42.0
[INFO] [stderr]    Compiling synstructure v0.13.1
[INFO] [stderr]    Compiling zerofrom-derive v0.1.5
[INFO] [stderr]    Compiling yoke-derive v0.7.5
[INFO] [stderr]    Compiling zerovec-derive v0.10.3
[INFO] [stderr]    Compiling displaydoc v0.2.5
[INFO] [stderr]    Compiling icu_provider_macros v1.5.0
[INFO] [stderr]    Compiling openssl-macros v0.1.1
[INFO] [stderr]    Compiling serde_derive v1.0.216
[INFO] [stderr]    Compiling tokio-util v0.7.13
[INFO] [stderr]    Compiling zerofrom v0.1.5
[INFO] [stderr]    Compiling yoke v0.7.5
[INFO] [stderr]    Compiling h2 v0.3.26
[INFO] [stderr]    Compiling zerovec v0.10.4
[INFO] [stderr]    Compiling tinystr v0.7.6
[INFO] [stderr]    Compiling icu_collections v1.5.0
[INFO] [stderr]    Compiling icu_locid v1.5.0
[INFO] [stderr]    Compiling icu_provider v1.5.0
[INFO] [stderr]    Compiling icu_locid_transform v1.5.0
[INFO] [stderr]    Compiling tokio-native-tls v0.3.1
[INFO] [stderr]    Compiling icu_properties v1.5.1
[INFO] [stderr]    Compiling hyper v0.14.31
[INFO] [stderr]    Compiling icu_normalizer v1.5.0
[INFO] [stderr]    Compiling serde_urlencoded v0.7.1
[INFO] [stderr]    Compiling idna_adapter v1.2.0
[INFO] [stderr]    Compiling idna v1.0.3
[INFO] [stderr]    Compiling hyper-tls v0.5.0
[INFO] [stderr]    Compiling url v2.5.4
[INFO] [stderr]    Compiling reqwest v0.11.27
[INFO] [stderr]    Compiling apiarchivesouvertesrust v0.1.0 (/opt/rustwide/workdir)
[INFO] [stdout] warning: structure field `numFound` should have a snake case name
[INFO] [stdout]  --> src/haldocs.rs:7:5
[INFO] [stdout]   |
[INFO] [stdout] 7 |     numFound: i64,
[INFO] [stdout]   |     ^^^^^^^^ help: convert the identifier to snake case: `num_found`
[INFO] [stdout]   |
[INFO] [stdout]   = note: `#[warn(non_snake_case)]` on by default
[INFO] [stdout] 
[INFO] [stdout] 
[INFO] [stdout] warning: method `numFound` should have a snake case name
[INFO] [stdout]   --> src/haldocs.rs:24:12
[INFO] [stdout]    |
[INFO] [stdout] 24 |     pub fn numFound(&self) -> i64 {
[INFO] [stdout]    |            ^^^^^^^^ help: convert the identifier to snake case: `num_found`
[INFO] [stdout] 
[INFO] [stdout] 
[INFO] [stderr]     Finished `dev` profile [unoptimized + debuginfo] target(s) in 40.08s
[INFO] running `Command { std: "docker" "inspect" "6963b4747fd5d0f2fb3ecfeef8bdfe3ac3583af2c9fcdff07e0137f229bf35ad", kill_on_drop: false }`
[INFO] running `Command { std: "docker" "rm" "-f" "6963b4747fd5d0f2fb3ecfeef8bdfe3ac3583af2c9fcdff07e0137f229bf35ad", kill_on_drop: false }`
[INFO] [stdout] 6963b4747fd5d0f2fb3ecfeef8bdfe3ac3583af2c9fcdff07e0137f229bf35ad
[INFO] running `Command { std: "docker" "create" "-v" "/var/lib/crater-agent-workspace/builds/worker-6-tc1/target:/opt/rustwide/target:rw,Z" "-v" "/var/lib/crater-agent-workspace/builds/worker-6-tc1/source:/opt/rustwide/workdir:ro,Z" "-v" "/var/lib/crater-agent-workspace/cargo-home:/opt/rustwide/cargo-home:ro,Z" "-v" "/var/lib/crater-agent-workspace/rustup-home:/opt/rustwide/rustup-home:ro,Z" "-e" "SOURCE_DIR=/opt/rustwide/workdir" "-e" "CARGO_TARGET_DIR=/opt/rustwide/target" "-e" "CARGO_INCREMENTAL=0" "-e" "RUST_BACKTRACE=full" "-e" "RUSTFLAGS=--cap-lints=warn" "-e" "RUSTDOCFLAGS=--cap-lints=warn" "-e" "CARGO_HOME=/opt/rustwide/cargo-home" "-e" "RUSTUP_HOME=/opt/rustwide/rustup-home" "-w" "/opt/rustwide/workdir" "-m" "1610612736" "--user" "0:0" "--network" "none" "ghcr.io/rust-lang/crates-build-env/linux@sha256:f3a9d4ad9d972b27faf3965f35b62e55ba32bbce8f20bc8fe909558a86702fde" "/opt/rustwide/cargo-home/bin/cargo" "+1.83.0" "test" "--frozen" "--no-run" "--message-format=json", kill_on_drop: false }`
[INFO] [stdout] 85643438b3f681d694367ce9942e25f1663b8166a1ba13bda3e60bbc395170fa
[INFO] running `Command { std: "docker" "start" "-a" "85643438b3f681d694367ce9942e25f1663b8166a1ba13bda3e60bbc395170fa", kill_on_drop: false }`
[INFO] [stderr]    Compiling apiarchivesouvertesrust v0.1.0 (/opt/rustwide/workdir)
[INFO] [stdout] warning: structure field `numFound` should have a snake case name
[INFO] [stdout]  --> src/haldocs.rs:7:5
[INFO] [stdout]   |
[INFO] [stdout] 7 |     numFound: i64,
[INFO] [stdout]   |     ^^^^^^^^ help: convert the identifier to snake case: `num_found`
[INFO] [stdout]   |
[INFO] [stdout]   = note: `#[warn(non_snake_case)]` on by default
[INFO] [stdout] 
[INFO] [stdout] 
[INFO] [stdout] warning: method `numFound` should have a snake case name
[INFO] [stdout]   --> src/haldocs.rs:24:12
[INFO] [stdout]    |
[INFO] [stdout] 24 |     pub fn numFound(&self) -> i64 {
[INFO] [stdout]    |            ^^^^^^^^ help: convert the identifier to snake case: `num_found`
[INFO] [stdout] 
[INFO] [stdout] 
[INFO] [stdout] warning: structure field `numFound` should have a snake case name
[INFO] [stdout]  --> src/haldocs.rs:7:5
[INFO] [stdout]   |
[INFO] [stdout] 7 |     numFound: i64,
[INFO] [stdout]   |     ^^^^^^^^ help: convert the identifier to snake case: `num_found`
[INFO] [stdout]   |
[INFO] [stdout]   = note: `#[warn(non_snake_case)]` on by default
[INFO] [stdout] 
[INFO] [stdout] 
[INFO] [stdout] warning: method `numFound` should have a snake case name
[INFO] [stdout]   --> src/haldocs.rs:24:12
[INFO] [stdout]    |
[INFO] [stdout] 24 |     pub fn numFound(&self) -> i64 {
[INFO] [stdout]    |            ^^^^^^^^ help: convert the identifier to snake case: `num_found`
[INFO] [stdout] 
[INFO] [stdout] 
[INFO] [stderr]     Finished `test` profile [unoptimized + debuginfo] target(s) in 3.07s
[INFO] running `Command { std: "docker" "inspect" "85643438b3f681d694367ce9942e25f1663b8166a1ba13bda3e60bbc395170fa", kill_on_drop: false }`
[INFO] running `Command { std: "docker" "rm" "-f" "85643438b3f681d694367ce9942e25f1663b8166a1ba13bda3e60bbc395170fa", kill_on_drop: false }`
[INFO] [stdout] 85643438b3f681d694367ce9942e25f1663b8166a1ba13bda3e60bbc395170fa
[INFO] running `Command { std: "docker" "create" "-v" "/var/lib/crater-agent-workspace/builds/worker-6-tc1/target:/opt/rustwide/target:rw,Z" "-v" "/var/lib/crater-agent-workspace/builds/worker-6-tc1/source:/opt/rustwide/workdir:ro,Z" "-v" "/var/lib/crater-agent-workspace/cargo-home:/opt/rustwide/cargo-home:ro,Z" "-v" "/var/lib/crater-agent-workspace/rustup-home:/opt/rustwide/rustup-home:ro,Z" "-e" "SOURCE_DIR=/opt/rustwide/workdir" "-e" "CARGO_TARGET_DIR=/opt/rustwide/target" "-e" "CARGO_INCREMENTAL=0" "-e" "RUST_BACKTRACE=full" "-e" "RUSTFLAGS=--cap-lints=warn" "-e" "RUSTDOCFLAGS=--cap-lints=warn" "-e" "CARGO_HOME=/opt/rustwide/cargo-home" "-e" "RUSTUP_HOME=/opt/rustwide/rustup-home" "-w" "/opt/rustwide/workdir" "-m" "1610612736" "--user" "0:0" "--network" "none" "ghcr.io/rust-lang/crates-build-env/linux@sha256:f3a9d4ad9d972b27faf3965f35b62e55ba32bbce8f20bc8fe909558a86702fde" "/opt/rustwide/cargo-home/bin/cargo" "+1.83.0" "test" "--frozen", kill_on_drop: false }`
[INFO] [stdout] a1031ebcf380348074b1df87042ff43c1f8dc8a05200477b3b664b8914a97581
[INFO] running `Command { std: "docker" "start" "-a" "a1031ebcf380348074b1df87042ff43c1f8dc8a05200477b3b664b8914a97581", kill_on_drop: false }`
[INFO] [stderr] warning: structure field `numFound` should have a snake case name
[INFO] [stderr]  --> src/haldocs.rs:7:5
[INFO] [stderr]   |
[INFO] [stderr] 7 |     numFound: i64,
[INFO] [stderr]   |     ^^^^^^^^ help: convert the identifier to snake case: `num_found`
[INFO] [stderr]   |
[INFO] [stderr]   = note: `#[warn(non_snake_case)]` on by default
[INFO] [stderr] 
[INFO] [stderr] warning: method `numFound` should have a snake case name
[INFO] [stderr]   --> src/haldocs.rs:24:12
[INFO] [stderr]    |
[INFO] [stderr] 24 |     pub fn numFound(&self) -> i64 {
[INFO] [stderr]    |            ^^^^^^^^ help: convert the identifier to snake case: `num_found`
[INFO] [stderr] 
[INFO] [stderr] warning: `apiarchivesouvertesrust` (lib) generated 2 warnings
[INFO] [stderr] warning: `apiarchivesouvertesrust` (lib test) generated 2 warnings (2 duplicates)
[INFO] [stderr]     Finished `test` profile [unoptimized + debuginfo] target(s) in 0.18s
[INFO] [stderr]      Running unittests src/lib.rs (/opt/rustwide/target/debug/deps/apiarchivesouvertesrust-db6a35aaf26583d4)
[INFO] [stdout] 
[INFO] [stdout] running 0 tests
[INFO] [stdout] 
[INFO] [stdout] test result: ok. 0 passed; 0 failed; 0 ignored; 0 measured; 0 filtered out; finished in 0.00s
[INFO] [stderr]      Running tests/unit_test.rs (/opt/rustwide/target/debug/deps/unit_test-eb75a409e74ec677)
[INFO] [stdout] 
[INFO] [stdout] 
[INFO] [stdout] running 1 test
[INFO] [stdout] test test_basic_search ... FAILED
[INFO] [stdout] 
[INFO] [stdout] failures:
[INFO] [stdout] 
[INFO] [stdout] ---- test_basic_search stdout ----
[INFO] [stdout] HALClient::new()
[INFO] [stdout] http://api.archives-ouvertes.fr/search/?q='programmation'&wt=json
[INFO] [stdout] thread 'test_basic_search' panicked at src/client.rs:32:28:
[INFO] [stdout] error sending request for url (http://api.archives-ouvertes.fr/search/?q=%27programmation%27&wt=json): error trying to connect: dns error: failed to lookup address information: Temporary failure in name resolution
[INFO] [stdout] stack backtrace:
[INFO] [stdout]    0:     0x63a1e0c0a3fa - std::backtrace_rs::backtrace::libunwind::trace::h5a5b8284f2d0c266
[INFO] [stdout]                                at /rustc/90b35a6239c3d8bdabc530a6a0816f7ff89a0aaf/library/std/src/../../backtrace/src/backtrace/libunwind.rs:116:5
[INFO] [stdout]    1:     0x63a1e0c0a3fa - std::backtrace_rs::backtrace::trace_unsynchronized::h76d4f1c9b0b875e3
[INFO] [stdout]                                at /rustc/90b35a6239c3d8bdabc530a6a0816f7ff89a0aaf/library/std/src/../../backtrace/src/backtrace/mod.rs:66:5
[INFO] [stdout]    2:     0x63a1e0c0a3fa - std::sys::backtrace::_print_fmt::hc4546b8364a537c6
[INFO] [stdout]                                at /rustc/90b35a6239c3d8bdabc530a6a0816f7ff89a0aaf/library/std/src/sys/backtrace.rs:66:9
[INFO] [stdout]    3:     0x63a1e0c0a3fa - <std::sys::backtrace::BacktraceLock::print::DisplayBacktrace as core::fmt::Display>::fmt::h5b6bd5631a6d1f6b
[INFO] [stdout]                                at /rustc/90b35a6239c3d8bdabc530a6a0816f7ff89a0aaf/library/std/src/sys/backtrace.rs:39:26
[INFO] [stdout]    4:     0x63a1e0c32653 - core::fmt::rt::Argument::fmt::h270f6602a2b96f62
[INFO] [stdout]                                at /rustc/90b35a6239c3d8bdabc530a6a0816f7ff89a0aaf/library/core/src/fmt/rt.rs:177:76
[INFO] [stdout]    5:     0x63a1e0c32653 - core::fmt::write::h7550c97b06c86515
[INFO] [stdout]                                at /rustc/90b35a6239c3d8bdabc530a6a0816f7ff89a0aaf/library/core/src/fmt/mod.rs:1186:21
[INFO] [stdout]    6:     0x63a1e0c06ae3 - std::io::Write::write_fmt::h509ff860e5956e5e
[INFO] [stdout]                                at /rustc/90b35a6239c3d8bdabc530a6a0816f7ff89a0aaf/library/std/src/io/mod.rs:1839:15
[INFO] [stdout]    7:     0x63a1e0c0a242 - std::sys::backtrace::BacktraceLock::print::h2395ccd2c84ba3aa
[INFO] [stdout]                                at /rustc/90b35a6239c3d8bdabc530a6a0816f7ff89a0aaf/library/std/src/sys/backtrace.rs:42:9
[INFO] [stdout]    8:     0x63a1e0c0b85a - std::panicking::default_hook::{{closure}}::he19d4c7230e07961
[INFO] [stdout]                                at /rustc/90b35a6239c3d8bdabc530a6a0816f7ff89a0aaf/library/std/src/panicking.rs:268:22
[INFO] [stdout]    9:     0x63a1e0c0b664 - std::panicking::default_hook::hf614597d3c67bbdb
[INFO] [stdout]                                at /rustc/90b35a6239c3d8bdabc530a6a0816f7ff89a0aaf/library/std/src/panicking.rs:292:9
[INFO] [stdout]   10:     0x63a1e07c5ce9 - <alloc::boxed::Box<F,A> as core::ops::function::Fn<Args>>::call::h39b51ce4599c23d1
[INFO] [stdout]                                at /rustc/90b35a6239c3d8bdabc530a6a0816f7ff89a0aaf/library/alloc/src/boxed.rs:2468:9
[INFO] [stdout]   11:     0x63a1e07c5ce9 - test::test_main::{{closure}}::he977ae839a582784
[INFO] [stdout]                                at /rustc/90b35a6239c3d8bdabc530a6a0816f7ff89a0aaf/library/test/src/lib.rs:133:21
[INFO] [stdout]   12:     0x63a1e0c0bef8 - <alloc::boxed::Box<F,A> as core::ops::function::Fn<Args>>::call::h9455091b6b06f9fb
[INFO] [stdout]                                at /rustc/90b35a6239c3d8bdabc530a6a0816f7ff89a0aaf/library/alloc/src/boxed.rs:2468:9
[INFO] [stdout]   13:     0x63a1e0c0bef8 - std::panicking::rust_panic_with_hook::h8942133a8b252070
[INFO] [stdout]                                at /rustc/90b35a6239c3d8bdabc530a6a0816f7ff89a0aaf/library/std/src/panicking.rs:809:13
[INFO] [stdout]   14:     0x63a1e0c0bcba - std::panicking::begin_panic_handler::{{closure}}::hb5f5963570096b29
[INFO] [stdout]                                at /rustc/90b35a6239c3d8bdabc530a6a0816f7ff89a0aaf/library/std/src/panicking.rs:674:13
[INFO] [stdout]   15:     0x63a1e0c0a8d9 - std::sys::backtrace::__rust_end_short_backtrace::h6208cedc1922feda
[INFO] [stdout]                                at /rustc/90b35a6239c3d8bdabc530a6a0816f7ff89a0aaf/library/std/src/sys/backtrace.rs:170:18
[INFO] [stdout]   16:     0x63a1e0c0b94c - rust_begin_unwind
[INFO] [stdout]                                at /rustc/90b35a6239c3d8bdabc530a6a0816f7ff89a0aaf/library/std/src/panicking.rs:665:5
[INFO] [stdout]   17:     0x63a1e078c2a0 - core::panicking::panic_fmt::h0c3082644d1bf418
[INFO] [stdout]                                at /rustc/90b35a6239c3d8bdabc530a6a0816f7ff89a0aaf/library/core/src/panicking.rs:74:14
[INFO] [stdout]   18:     0x63a1e07d1a63 - core::panicking::panic_display::h0e1b09196838b515
[INFO] [stdout]                                at /rustc/90b35a6239c3d8bdabc530a6a0816f7ff89a0aaf/library/core/src/panicking.rs:264:5
[INFO] [stdout]   19:     0x63a1e07d41ae - apiarchivesouvertesrust::client::HALClient::basic_search::panic_cold_display::h346985f4dbf304ff
[INFO] [stdout]                                at /rustc/90b35a6239c3d8bdabc530a6a0816f7ff89a0aaf/library/core/src/panic.rs:100:13
[INFO] [stdout]   20:     0x63a1e07d3e60 - apiarchivesouvertesrust::client::HALClient::basic_search::h6d578fe031c7af92
[INFO] [stdout]                                at /opt/rustwide/workdir/src/client.rs:32:28
[INFO] [stdout]   21:     0x63a1e078d579 - unit_test::test_basic_search::haf99421dce6d6c38
[INFO] [stdout]                                at /opt/rustwide/workdir/tests/unit_test.rs:10:19
[INFO] [stdout]   22:     0x63a1e078d527 - unit_test::test_basic_search::{{closure}}::h741d85332e5e1843
[INFO] [stdout]                                at /opt/rustwide/workdir/tests/unit_test.rs:7:23
[INFO] [stdout]   23:     0x63a1e078cf16 - core::ops::function::FnOnce::call_once::h6d856d629a85f1e3
[INFO] [stdout]                                at /rustc/90b35a6239c3d8bdabc530a6a0816f7ff89a0aaf/library/core/src/ops/function.rs:250:5
[INFO] [stdout]   24:     0x63a1e07ca6ab - core::ops::function::FnOnce::call_once::h109cf8051a59b34e
[INFO] [stdout]                                at /rustc/90b35a6239c3d8bdabc530a6a0816f7ff89a0aaf/library/core/src/ops/function.rs:250:5
[INFO] [stdout]   25:     0x63a1e07ca6ab - test::__rust_begin_short_backtrace::hf4fff89d377446ba
[INFO] [stdout]                                at /rustc/90b35a6239c3d8bdabc530a6a0816f7ff89a0aaf/library/test/src/lib.rs:621:18
[INFO] [stdout]   26:     0x63a1e07c9ee7 - test::run_test_in_process::{{closure}}::h0e39181dd7ee5a43
[INFO] [stdout]                                at /rustc/90b35a6239c3d8bdabc530a6a0816f7ff89a0aaf/library/test/src/lib.rs:644:60
[INFO] [stdout]   27:     0x63a1e07c9ee7 - <core::panic::unwind_safe::AssertUnwindSafe<F> as core::ops::function::FnOnce<()>>::call_once::hc5a66a30f0bdfd1f
[INFO] [stdout]                                at /rustc/90b35a6239c3d8bdabc530a6a0816f7ff89a0aaf/library/core/src/panic/unwind_safe.rs:272:9
[INFO] [stdout]   28:     0x63a1e07c9ee7 - std::panicking::try::do_call::h873b7cf639554a5e
[INFO] [stdout]                                at /rustc/90b35a6239c3d8bdabc530a6a0816f7ff89a0aaf/library/std/src/panicking.rs:557:40
[INFO] [stdout]   29:     0x63a1e07c9ee7 - std::panicking::try::hdb19862fad9c8bd1
[INFO] [stdout]                                at /rustc/90b35a6239c3d8bdabc530a6a0816f7ff89a0aaf/library/std/src/panicking.rs:520:19
[INFO] [stdout]   30:     0x63a1e07c9ee7 - std::panic::catch_unwind::h281fe732d236d260
[INFO] [stdout]                                at /rustc/90b35a6239c3d8bdabc530a6a0816f7ff89a0aaf/library/std/src/panic.rs:358:14
[INFO] [stdout]   31:     0x63a1e07c9ee7 - test::run_test_in_process::h949b6df8457ed338
[INFO] [stdout]                                at /rustc/90b35a6239c3d8bdabc530a6a0816f7ff89a0aaf/library/test/src/lib.rs:644:27
[INFO] [stdout]   32:     0x63a1e07c9ee7 - test::run_test::{{closure}}::h52c556a6d4740e10
[INFO] [stdout]                                at /rustc/90b35a6239c3d8bdabc530a6a0816f7ff89a0aaf/library/test/src/lib.rs:565:43
[INFO] [stdout]   33:     0x63a1e078f1c4 - test::run_test::{{closure}}::h4237f6381c45ccb9
[INFO] [stdout]                                at /rustc/90b35a6239c3d8bdabc530a6a0816f7ff89a0aaf/library/test/src/lib.rs:595:41
[INFO] [stdout]   34:     0x63a1e078f1c4 - std::sys::backtrace::__rust_begin_short_backtrace::h505c97a579eca628
[INFO] [stdout]                                at /rustc/90b35a6239c3d8bdabc530a6a0816f7ff89a0aaf/library/std/src/sys/backtrace.rs:154:18
[INFO] [stdout]   35:     0x63a1e079288e - std::thread::Builder::spawn_unchecked_::{{closure}}::{{closure}}::h9e86b2e2bc107ea3
[INFO] [stdout]                                at /rustc/90b35a6239c3d8bdabc530a6a0816f7ff89a0aaf/library/std/src/thread/mod.rs:538:17
[INFO] [stdout]   36:     0x63a1e079288e - <core::panic::unwind_safe::AssertUnwindSafe<F> as core::ops::function::FnOnce<()>>::call_once::h8b06ddb275ff4a25
[INFO] [stdout]                                at /rustc/90b35a6239c3d8bdabc530a6a0816f7ff89a0aaf/library/core/src/panic/unwind_safe.rs:272:9
[INFO] [stdout]   37:     0x63a1e079288e - std::panicking::try::do_call::hb26ecd7cd9a9355d
[INFO] [stdout]                                at /rustc/90b35a6239c3d8bdabc530a6a0816f7ff89a0aaf/library/std/src/panicking.rs:557:40
[INFO] [stdout]   38:     0x63a1e079288e - std::panicking::try::h8ddeca9d705f9069
[INFO] [stdout]                                at /rustc/90b35a6239c3d8bdabc530a6a0816f7ff89a0aaf/library/std/src/panicking.rs:520:19
[INFO] [stdout]   39:     0x63a1e079288e - std::panic::catch_unwind::h49e1c33078844c46
[INFO] [stdout]                                at /rustc/90b35a6239c3d8bdabc530a6a0816f7ff89a0aaf/library/std/src/panic.rs:358:14
[INFO] [stdout]   40:     0x63a1e079288e - std::thread::Builder::spawn_unchecked_::{{closure}}::h6073db6ff56ad35d
[INFO] [stdout]                                at /rustc/90b35a6239c3d8bdabc530a6a0816f7ff89a0aaf/library/std/src/thread/mod.rs:537:30
[INFO] [stdout]   41:     0x63a1e079288e - core::ops::function::FnOnce::call_once{{vtable.shim}}::h2c5a5f3779c774f1
[INFO] [stdout]                                at /rustc/90b35a6239c3d8bdabc530a6a0816f7ff89a0aaf/library/core/src/ops/function.rs:250:5
[INFO] [stdout]   42:     0x63a1e0c1008b - <alloc::boxed::Box<F,A> as core::ops::function::FnOnce<Args>>::call_once::hf75717d9f28faebf
[INFO] [stdout]                                at /rustc/90b35a6239c3d8bdabc530a6a0816f7ff89a0aaf/library/alloc/src/boxed.rs:2454:9
[INFO] [stdout]   43:     0x63a1e0c1008b - <alloc::boxed::Box<F,A> as core::ops::function::FnOnce<Args>>::call_once::h7bd883a5f3c5f3c1
[INFO] [stdout]                                at /rustc/90b35a6239c3d8bdabc530a6a0816f7ff89a0aaf/library/alloc/src/boxed.rs:2454:9
[INFO] [stdout]   44:     0x63a1e0c1008b - std::sys::pal::unix::thread::Thread::new::thread_start::hcc78f3943333fa94
[INFO] [stdout]                                at /rustc/90b35a6239c3d8bdabc530a6a0816f7ff89a0aaf/library/std/src/sys/pal/unix/thread.rs:105:17
[INFO] [stdout]   45:     0x74fdfd100ac3 - <unknown>
[INFO] [stdout]   46:     0x74fdfd191a04 - clone
[INFO] [stdout]   47:                0x0 - <unknown>
[INFO] [stdout] 
[INFO] [stdout] 
[INFO] [stdout] failures:
[INFO] [stdout]     test_basic_search
[INFO] [stdout] 
[INFO] [stdout] test result: FAILED. 0 passed; 1 failed; 0 ignored; 0 measured; 0 filtered out; finished in 0.15s
[INFO] [stdout] 
[INFO] [stderr] error: test failed, to rerun pass `--test unit_test`
[INFO] running `Command { std: "docker" "inspect" "a1031ebcf380348074b1df87042ff43c1f8dc8a05200477b3b664b8914a97581", kill_on_drop: false }`
[INFO] running `Command { std: "docker" "rm" "-f" "a1031ebcf380348074b1df87042ff43c1f8dc8a05200477b3b664b8914a97581", kill_on_drop: false }`
[INFO] [stdout] a1031ebcf380348074b1df87042ff43c1f8dc8a05200477b3b664b8914a97581
