[INFO] fetching crate api-resp 0.1.3...
[INFO] testing api-resp-0.1.3 against 1.83.0 for beta-1.84.0-4-retry
[INFO] extracting crate api-resp 0.1.3 into /workspace/builds/worker-0-tc1/source
[INFO] validating manifest of crates.io crate api-resp 0.1.3 on toolchain 1.83.0
[INFO] running `Command { std: CARGO_HOME="/workspace/cargo-home" RUSTUP_HOME="/workspace/rustup-home" "/workspace/cargo-home/bin/cargo" "+1.83.0" "metadata" "--manifest-path" "Cargo.toml" "--no-deps", kill_on_drop: false }`
[INFO] started tweaking crates.io crate api-resp 0.1.3
[INFO] finished tweaking crates.io crate api-resp 0.1.3
[INFO] tweaked toml for crates.io crate api-resp 0.1.3 written to /workspace/builds/worker-0-tc1/source/Cargo.toml
[INFO] running `Command { std: CARGO_HOME="/workspace/cargo-home" RUSTUP_HOME="/workspace/rustup-home" "/workspace/cargo-home/bin/cargo" "+1.83.0" "generate-lockfile" "--manifest-path" "Cargo.toml", kill_on_drop: false }`
[INFO] [stderr]     Updating crates.io index
[INFO] [stderr]      Locking 11 packages to latest compatible versions
[INFO] running `Command { std: CARGO_HOME="/workspace/cargo-home" RUSTUP_HOME="/workspace/rustup-home" "/workspace/cargo-home/bin/cargo" "+1.83.0" "fetch" "--manifest-path" "Cargo.toml", kill_on_drop: false }`
[INFO] running `Command { std: "docker" "create" "-v" "/var/lib/crater-agent-workspace/builds/worker-0-tc1/target:/opt/rustwide/target:rw,Z" "-v" "/var/lib/crater-agent-workspace/builds/worker-0-tc1/source:/opt/rustwide/workdir:ro,Z" "-v" "/var/lib/crater-agent-workspace/cargo-home:/opt/rustwide/cargo-home:ro,Z" "-v" "/var/lib/crater-agent-workspace/rustup-home:/opt/rustwide/rustup-home:ro,Z" "-e" "SOURCE_DIR=/opt/rustwide/workdir" "-e" "CARGO_TARGET_DIR=/opt/rustwide/target" "-e" "CARGO_HOME=/opt/rustwide/cargo-home" "-e" "RUSTUP_HOME=/opt/rustwide/rustup-home" "-w" "/opt/rustwide/workdir" "-m" "1610612736" "--user" "0:0" "--network" "none" "ghcr.io/rust-lang/crates-build-env/linux@sha256:f3a9d4ad9d972b27faf3965f35b62e55ba32bbce8f20bc8fe909558a86702fde" "/opt/rustwide/cargo-home/bin/cargo" "+1.83.0" "metadata" "--no-deps" "--format-version=1", kill_on_drop: false }`
[INFO] [stdout] ea12a263e3437c7bc03545bdde55d32c82007f06f11976f4c080496f6cb4c7b6
[INFO] running `Command { std: "docker" "start" "-a" "ea12a263e3437c7bc03545bdde55d32c82007f06f11976f4c080496f6cb4c7b6", kill_on_drop: false }`
[INFO] running `Command { std: "docker" "inspect" "ea12a263e3437c7bc03545bdde55d32c82007f06f11976f4c080496f6cb4c7b6", kill_on_drop: false }`
[INFO] running `Command { std: "docker" "rm" "-f" "ea12a263e3437c7bc03545bdde55d32c82007f06f11976f4c080496f6cb4c7b6", kill_on_drop: false }`
[INFO] [stdout] ea12a263e3437c7bc03545bdde55d32c82007f06f11976f4c080496f6cb4c7b6
[INFO] running `Command { std: "docker" "create" "-v" "/var/lib/crater-agent-workspace/builds/worker-0-tc1/target:/opt/rustwide/target:rw,Z" "-v" "/var/lib/crater-agent-workspace/builds/worker-0-tc1/source:/opt/rustwide/workdir:ro,Z" "-v" "/var/lib/crater-agent-workspace/cargo-home:/opt/rustwide/cargo-home:ro,Z" "-v" "/var/lib/crater-agent-workspace/rustup-home:/opt/rustwide/rustup-home:ro,Z" "-e" "SOURCE_DIR=/opt/rustwide/workdir" "-e" "CARGO_TARGET_DIR=/opt/rustwide/target" "-e" "CARGO_INCREMENTAL=0" "-e" "RUST_BACKTRACE=full" "-e" "RUSTFLAGS=--cap-lints=warn" "-e" "RUSTDOCFLAGS=--cap-lints=warn" "-e" "CARGO_HOME=/opt/rustwide/cargo-home" "-e" "RUSTUP_HOME=/opt/rustwide/rustup-home" "-w" "/opt/rustwide/workdir" "-m" "1610612736" "--user" "0:0" "--network" "none" "ghcr.io/rust-lang/crates-build-env/linux@sha256:f3a9d4ad9d972b27faf3965f35b62e55ba32bbce8f20bc8fe909558a86702fde" "/opt/rustwide/cargo-home/bin/cargo" "+1.83.0" "build" "--frozen" "--message-format=json", kill_on_drop: false }`
[INFO] [stdout] c9f547ea8e7e689d1096fbb33d783fb22ae5f28314cc564dd2ee5b1b60f86585
[INFO] running `Command { std: "docker" "start" "-a" "c9f547ea8e7e689d1096fbb33d783fb22ae5f28314cc564dd2ee5b1b60f86585", kill_on_drop: false }`
[INFO] [stderr]    Compiling proc-macro2 v1.0.92
[INFO] [stderr]    Compiling unicode-ident v1.0.14
[INFO] [stderr]    Compiling serde v1.0.216
[INFO] [stderr]    Compiling serde_json v1.0.133
[INFO] [stderr]    Compiling itoa v1.0.14
[INFO] [stderr]    Compiling memchr v2.7.4
[INFO] [stderr]    Compiling ryu v1.0.18
[INFO] [stderr]    Compiling log v0.4.22
[INFO] [stderr]    Compiling quote v1.0.37
[INFO] [stderr]    Compiling syn v2.0.90
[INFO] [stderr]    Compiling serde_derive v1.0.216
[INFO] [stderr]    Compiling api-resp v0.1.3 (/opt/rustwide/workdir)
[INFO] [stderr]     Finished `dev` profile [unoptimized + debuginfo] target(s) in 14.18s
[INFO] running `Command { std: "docker" "inspect" "c9f547ea8e7e689d1096fbb33d783fb22ae5f28314cc564dd2ee5b1b60f86585", kill_on_drop: false }`
[INFO] running `Command { std: "docker" "rm" "-f" "c9f547ea8e7e689d1096fbb33d783fb22ae5f28314cc564dd2ee5b1b60f86585", kill_on_drop: false }`
[INFO] [stdout] c9f547ea8e7e689d1096fbb33d783fb22ae5f28314cc564dd2ee5b1b60f86585
[INFO] running `Command { std: "docker" "create" "-v" "/var/lib/crater-agent-workspace/builds/worker-0-tc1/target:/opt/rustwide/target:rw,Z" "-v" "/var/lib/crater-agent-workspace/builds/worker-0-tc1/source:/opt/rustwide/workdir:ro,Z" "-v" "/var/lib/crater-agent-workspace/cargo-home:/opt/rustwide/cargo-home:ro,Z" "-v" "/var/lib/crater-agent-workspace/rustup-home:/opt/rustwide/rustup-home:ro,Z" "-e" "SOURCE_DIR=/opt/rustwide/workdir" "-e" "CARGO_TARGET_DIR=/opt/rustwide/target" "-e" "CARGO_INCREMENTAL=0" "-e" "RUST_BACKTRACE=full" "-e" "RUSTFLAGS=--cap-lints=warn" "-e" "RUSTDOCFLAGS=--cap-lints=warn" "-e" "CARGO_HOME=/opt/rustwide/cargo-home" "-e" "RUSTUP_HOME=/opt/rustwide/rustup-home" "-w" "/opt/rustwide/workdir" "-m" "1610612736" "--user" "0:0" "--network" "none" "ghcr.io/rust-lang/crates-build-env/linux@sha256:f3a9d4ad9d972b27faf3965f35b62e55ba32bbce8f20bc8fe909558a86702fde" "/opt/rustwide/cargo-home/bin/cargo" "+1.83.0" "test" "--frozen" "--no-run" "--message-format=json", kill_on_drop: false }`
[INFO] [stdout] 258d4ec66aa88e45bdd469e6a70c8de4e1217b0d2666e4cef38a36f6de7a7157
[INFO] running `Command { std: "docker" "start" "-a" "258d4ec66aa88e45bdd469e6a70c8de4e1217b0d2666e4cef38a36f6de7a7157", kill_on_drop: false }`
[INFO] [stderr]    Compiling api-resp v0.1.3 (/opt/rustwide/workdir)
[INFO] [stderr]     Finished `test` profile [unoptimized + debuginfo] target(s) in 0.94s
[INFO] running `Command { std: "docker" "inspect" "258d4ec66aa88e45bdd469e6a70c8de4e1217b0d2666e4cef38a36f6de7a7157", kill_on_drop: false }`
[INFO] running `Command { std: "docker" "rm" "-f" "258d4ec66aa88e45bdd469e6a70c8de4e1217b0d2666e4cef38a36f6de7a7157", kill_on_drop: false }`
[INFO] [stdout] 258d4ec66aa88e45bdd469e6a70c8de4e1217b0d2666e4cef38a36f6de7a7157
[INFO] running `Command { std: "docker" "create" "-v" "/var/lib/crater-agent-workspace/builds/worker-0-tc1/target:/opt/rustwide/target:rw,Z" "-v" "/var/lib/crater-agent-workspace/builds/worker-0-tc1/source:/opt/rustwide/workdir:ro,Z" "-v" "/var/lib/crater-agent-workspace/cargo-home:/opt/rustwide/cargo-home:ro,Z" "-v" "/var/lib/crater-agent-workspace/rustup-home:/opt/rustwide/rustup-home:ro,Z" "-e" "SOURCE_DIR=/opt/rustwide/workdir" "-e" "CARGO_TARGET_DIR=/opt/rustwide/target" "-e" "CARGO_INCREMENTAL=0" "-e" "RUST_BACKTRACE=full" "-e" "RUSTFLAGS=--cap-lints=warn" "-e" "RUSTDOCFLAGS=--cap-lints=warn" "-e" "CARGO_HOME=/opt/rustwide/cargo-home" "-e" "RUSTUP_HOME=/opt/rustwide/rustup-home" "-w" "/opt/rustwide/workdir" "-m" "1610612736" "--user" "0:0" "--network" "none" "ghcr.io/rust-lang/crates-build-env/linux@sha256:f3a9d4ad9d972b27faf3965f35b62e55ba32bbce8f20bc8fe909558a86702fde" "/opt/rustwide/cargo-home/bin/cargo" "+1.83.0" "test" "--frozen", kill_on_drop: false }`
[INFO] [stdout] 78ee6c4e80d1034d5d8cc2efac4c1626bb656e88d134ecebe3712c7bc69583f2
[INFO] running `Command { std: "docker" "start" "-a" "78ee6c4e80d1034d5d8cc2efac4c1626bb656e88d134ecebe3712c7bc69583f2", kill_on_drop: false }`
[INFO] [stderr]     Finished `test` profile [unoptimized + debuginfo] target(s) in 0.03s
[INFO] [stderr]      Running unittests src/lib.rs (/opt/rustwide/target/debug/deps/api_resp-ebd62f2742f48e03)
[INFO] [stdout] 
[INFO] [stdout] running 1 test
[INFO] [stdout] test tests::test_resp ... ok
[INFO] [stderr]    Doc-tests api_resp
[INFO] [stdout] 
[INFO] [stdout] test result: ok. 1 passed; 0 failed; 0 ignored; 0 measured; 0 filtered out; finished in 0.00s
[INFO] [stdout] 
[INFO] [stdout] 
[INFO] [stdout] running 4 tests
[INFO] [stdout] test src/lib.rs - ApiResp::error (line 98) ... FAILED
[INFO] [stdout] test src/lib.rs - ApiResp::suc (line 73) ... ok
[INFO] [stdout] test src/lib.rs - TransformResult::to_json_str (line 127) ... ok
[INFO] [stdout] test src/lib.rs - ApiResp::success (line 52) ... ok
[INFO] [stdout] 
[INFO] [stdout] failures:
[INFO] [stdout] 
[INFO] [stdout] ---- src/lib.rs - ApiResp::error (line 98) stdout ----
[INFO] [stdout] error[E0599]: no function or associated item named `fail` found for struct `ApiResp` in the current scope
[INFO] [stdout]    --> src/lib.rs:101:21
[INFO] [stdout]     |
[INFO] [stdout] 6   | let resp = ApiResp::fail(-1, String::from("查询信息失败，原因:..."));
[INFO] [stdout]     |                     ^^^^ function or associated item not found in `ApiResp`
[INFO] [stdout]     |
[INFO] [stdout] note: if you're trying to build a new `ApiResp` consider using one of the following associated functions:
[INFO] [stdout]       ApiResp::success
[INFO] [stdout]       ApiResp::suc
[INFO] [stdout]       ApiResp::error
[INFO] [stdout]    --> /opt/rustwide/workdir/src/lib.rs:58:5
[INFO] [stdout]     |
[INFO] [stdout] 58  |     pub fn success(data: serde_json::Value) -> ApiResp {
[INFO] [stdout]     |     ^^^^^^^^^^^^^^^^^^^^^^^^^^^^^^^^^^^^^^^^^^^^^^^^^^
[INFO] [stdout] ...
[INFO] [stdout] 77  |     pub fn suc() -> ApiResp {
[INFO] [stdout]     |     ^^^^^^^^^^^^^^^^^^^^^^^
[INFO] [stdout] ...
[INFO] [stdout] 102 |     pub fn error(code: i32, message: String) -> ApiResp {
[INFO] [stdout]     |     ^^^^^^^^^^^^^^^^^^^^^^^^^^^^^^^^^^^^^^^^^^^^^^^^^^^
[INFO] [stdout] 
[INFO] [stdout] error: aborting due to 1 previous error
[INFO] [stdout] 
[INFO] [stdout] For more information about this error, try `rustc --explain E0599`.
[INFO] [stdout] Couldn't compile the test.
[INFO] [stdout] 
[INFO] [stdout] failures:
[INFO] [stdout]     src/lib.rs - ApiResp::error (line 98)
[INFO] [stdout] 
[INFO] [stdout] test result: FAILED. 3 passed; 1 failed; 0 ignored; 0 measured; 0 filtered out; finished in 0.79s
[INFO] [stdout] 
[INFO] [stderr] error: doctest failed, to rerun pass `--doc`
[INFO] running `Command { std: "docker" "inspect" "78ee6c4e80d1034d5d8cc2efac4c1626bb656e88d134ecebe3712c7bc69583f2", kill_on_drop: false }`
[INFO] running `Command { std: "docker" "rm" "-f" "78ee6c4e80d1034d5d8cc2efac4c1626bb656e88d134ecebe3712c7bc69583f2", kill_on_drop: false }`
[INFO] [stdout] 78ee6c4e80d1034d5d8cc2efac4c1626bb656e88d134ecebe3712c7bc69583f2
