[INFO] fetching crate api-adresse-rs 0.1.1...
[INFO] testing api-adresse-rs-0.1.1 against 1.83.0 for beta-1.84.0-4-retry
[INFO] extracting crate api-adresse-rs 0.1.1 into /workspace/builds/worker-5-tc1/source
[INFO] validating manifest of crates.io crate api-adresse-rs 0.1.1 on toolchain 1.83.0
[INFO] running `Command { std: CARGO_HOME="/workspace/cargo-home" RUSTUP_HOME="/workspace/rustup-home" "/workspace/cargo-home/bin/cargo" "+1.83.0" "metadata" "--manifest-path" "Cargo.toml" "--no-deps", kill_on_drop: false }`
[INFO] started tweaking crates.io crate api-adresse-rs 0.1.1
[INFO] finished tweaking crates.io crate api-adresse-rs 0.1.1
[INFO] tweaked toml for crates.io crate api-adresse-rs 0.1.1 written to /workspace/builds/worker-5-tc1/source/Cargo.toml
[INFO] running `Command { std: CARGO_HOME="/workspace/cargo-home" RUSTUP_HOME="/workspace/rustup-home" "/workspace/cargo-home/bin/cargo" "+1.83.0" "generate-lockfile" "--manifest-path" "Cargo.toml", kill_on_drop: false }`
[INFO] [stderr]     Blocking waiting for file lock on package cache
[INFO] [stderr]     Updating crates.io index
[INFO] [stderr]     Blocking waiting for file lock on package cache
[INFO] [stderr]      Locking 149 packages to latest compatible versions
[INFO] [stderr]       Adding reqwest v0.10.10 (available: v0.12.9)
[INFO] running `Command { std: CARGO_HOME="/workspace/cargo-home" RUSTUP_HOME="/workspace/rustup-home" "/workspace/cargo-home/bin/cargo" "+1.83.0" "fetch" "--manifest-path" "Cargo.toml", kill_on_drop: false }`
[INFO] [stderr]     Blocking waiting for file lock on package cache
[INFO] running `Command { std: "docker" "create" "-v" "/var/lib/crater-agent-workspace/builds/worker-5-tc1/target:/opt/rustwide/target:rw,Z" "-v" "/var/lib/crater-agent-workspace/builds/worker-5-tc1/source:/opt/rustwide/workdir:ro,Z" "-v" "/var/lib/crater-agent-workspace/cargo-home:/opt/rustwide/cargo-home:ro,Z" "-v" "/var/lib/crater-agent-workspace/rustup-home:/opt/rustwide/rustup-home:ro,Z" "-e" "SOURCE_DIR=/opt/rustwide/workdir" "-e" "CARGO_TARGET_DIR=/opt/rustwide/target" "-e" "CARGO_HOME=/opt/rustwide/cargo-home" "-e" "RUSTUP_HOME=/opt/rustwide/rustup-home" "-w" "/opt/rustwide/workdir" "-m" "1610612736" "--user" "0:0" "--network" "none" "ghcr.io/rust-lang/crates-build-env/linux@sha256:f3a9d4ad9d972b27faf3965f35b62e55ba32bbce8f20bc8fe909558a86702fde" "/opt/rustwide/cargo-home/bin/cargo" "+1.83.0" "metadata" "--no-deps" "--format-version=1", kill_on_drop: false }`
[INFO] [stdout] 854dc3ab89402bc5ad8e4f34477a312a891c516c5307b2e9ef4da70e4db34502
[INFO] running `Command { std: "docker" "start" "-a" "854dc3ab89402bc5ad8e4f34477a312a891c516c5307b2e9ef4da70e4db34502", kill_on_drop: false }`
[INFO] running `Command { std: "docker" "inspect" "854dc3ab89402bc5ad8e4f34477a312a891c516c5307b2e9ef4da70e4db34502", kill_on_drop: false }`
[INFO] running `Command { std: "docker" "rm" "-f" "854dc3ab89402bc5ad8e4f34477a312a891c516c5307b2e9ef4da70e4db34502", kill_on_drop: false }`
[INFO] [stdout] 854dc3ab89402bc5ad8e4f34477a312a891c516c5307b2e9ef4da70e4db34502
[INFO] running `Command { std: "docker" "create" "-v" "/var/lib/crater-agent-workspace/builds/worker-5-tc1/target:/opt/rustwide/target:rw,Z" "-v" "/var/lib/crater-agent-workspace/builds/worker-5-tc1/source:/opt/rustwide/workdir:ro,Z" "-v" "/var/lib/crater-agent-workspace/cargo-home:/opt/rustwide/cargo-home:ro,Z" "-v" "/var/lib/crater-agent-workspace/rustup-home:/opt/rustwide/rustup-home:ro,Z" "-e" "SOURCE_DIR=/opt/rustwide/workdir" "-e" "CARGO_TARGET_DIR=/opt/rustwide/target" "-e" "CARGO_INCREMENTAL=0" "-e" "RUST_BACKTRACE=full" "-e" "RUSTFLAGS=--cap-lints=warn" "-e" "RUSTDOCFLAGS=--cap-lints=warn" "-e" "CARGO_HOME=/opt/rustwide/cargo-home" "-e" "RUSTUP_HOME=/opt/rustwide/rustup-home" "-w" "/opt/rustwide/workdir" "-m" "1610612736" "--user" "0:0" "--network" "none" "ghcr.io/rust-lang/crates-build-env/linux@sha256:f3a9d4ad9d972b27faf3965f35b62e55ba32bbce8f20bc8fe909558a86702fde" "/opt/rustwide/cargo-home/bin/cargo" "+1.83.0" "build" "--frozen" "--message-format=json", kill_on_drop: false }`
[INFO] [stdout] e1ba11499949720e5489de28fba5c408010bc7800fe085513fc514f7cba3983f
[INFO] running `Command { std: "docker" "start" "-a" "e1ba11499949720e5489de28fba5c408010bc7800fe085513fc514f7cba3983f", kill_on_drop: false }`
[INFO] [stderr]    Compiling proc-macro2 v1.0.92
[INFO] [stderr]    Compiling unicode-ident v1.0.14
[INFO] [stderr]    Compiling libc v0.2.168
[INFO] [stderr]    Compiling autocfg v1.4.0
[INFO] [stderr]    Compiling stable_deref_trait v1.2.0
[INFO] [stderr]    Compiling shlex v1.3.0
[INFO] [stderr]    Compiling log v0.4.22
[INFO] [stderr]    Compiling vcpkg v0.2.15
[INFO] [stderr]    Compiling pkg-config v0.3.31
[INFO] [stderr]    Compiling once_cell v1.20.2
[INFO] [stderr]    Compiling writeable v0.5.5
[INFO] [stderr]    Compiling memchr v2.7.4
[INFO] [stderr]    Compiling litemap v0.7.4
[INFO] [stderr]    Compiling cfg-if v0.1.10
[INFO] [stderr]    Compiling fnv v1.0.7
[INFO] [stderr]    Compiling futures-core v0.3.31
[INFO] [stderr]    Compiling itoa v1.0.14
[INFO] [stderr]    Compiling bytes v0.5.6
[INFO] [stderr]    Compiling icu_locid_transform_data v1.5.0
[INFO] [stderr]    Compiling pin-project-lite v0.1.12
[INFO] [stderr]    Compiling pin-project-lite v0.2.15
[INFO] [stderr]    Compiling lazy_static v1.5.0
[INFO] [stderr]    Compiling openssl v0.10.68
[INFO] [stderr]    Compiling icu_properties_data v1.5.0
[INFO] [stderr]    Compiling bytes v1.9.0
[INFO] [stderr]    Compiling cc v1.2.4
[INFO] [stderr]    Compiling foreign-types-shared v0.1.1
[INFO] [stderr]    Compiling tracing-core v0.1.33
[INFO] [stderr]    Compiling foreign-types v0.3.2
[INFO] [stderr]    Compiling futures-task v0.3.31
[INFO] [stderr]    Compiling utf16_iter v1.0.5
[INFO] [stderr]    Compiling futures-io v0.3.31
[INFO] [stderr]    Compiling smallvec v1.13.2
[INFO] [stderr]    Compiling futures-sink v0.3.31
[INFO] [stderr]    Compiling utf8_iter v1.0.4
[INFO] [stderr]    Compiling native-tls v0.2.12
[INFO] [stderr]    Compiling hashbrown v0.12.3
[INFO] [stderr]    Compiling write16 v1.0.0
[INFO] [stderr]    Compiling pin-utils v0.1.0
[INFO] [stderr]    Compiling icu_normalizer_data v1.5.0
[INFO] [stderr]    Compiling slab v0.4.9
[INFO] [stderr]    Compiling indexmap v1.9.3
[INFO] [stderr]    Compiling httparse v1.9.5
[INFO] [stderr]    Compiling bitflags v2.6.0
[INFO] [stderr]    Compiling serde v1.0.216
[INFO] [stderr]    Compiling http v0.2.12
[INFO] [stderr]    Compiling openssl-probe v0.1.5
[INFO] [stderr]    Compiling unicase v2.8.0
[INFO] [stderr]    Compiling futures-util v0.3.31
[INFO] [stderr]    Compiling tracing v0.1.41
[INFO] [stderr]    Compiling percent-encoding v2.3.1
[INFO] [stderr]    Compiling try-lock v0.2.5
[INFO] [stderr]    Compiling form_urlencoded v1.2.1
[INFO] [stderr]    Compiling futures-channel v0.3.31
[INFO] [stderr]    Compiling tower-service v0.3.3
[INFO] [stderr]    Compiling mime_guess v2.0.5
[INFO] [stderr]    Compiling want v0.3.1
[INFO] [stderr]    Compiling httpdate v0.3.2
[INFO] [stderr]    Compiling itoa v0.4.8
[INFO] [stderr]    Compiling ryu v1.0.18
[INFO] [stderr]    Compiling mime v0.3.17
[INFO] [stderr]    Compiling serde_json v1.0.133
[INFO] [stderr]    Compiling encoding_rs v0.8.35
[INFO] [stderr]    Compiling base64 v0.13.1
[INFO] [stderr]    Compiling quote v1.0.37
[INFO] [stderr]    Compiling ipnet v2.10.1
[INFO] [stderr]    Compiling syn v2.0.90
[INFO] [stderr]    Compiling http-body v0.3.1
[INFO] [stderr]    Compiling openssl-sys v0.9.104
[INFO] [stderr]    Compiling iovec v0.1.4
[INFO] [stderr]    Compiling net2 v0.2.39
[INFO] [stderr]    Compiling num_cpus v1.16.0
[INFO] [stderr]    Compiling socket2 v0.3.19
[INFO] [stderr]    Compiling mio v0.6.23
[INFO] [stderr]    Compiling tokio v0.2.25
[INFO] [stderr]    Compiling synstructure v0.13.1
[INFO] [stderr]    Compiling zerovec-derive v0.10.3
[INFO] [stderr]    Compiling displaydoc v0.2.5
[INFO] [stderr]    Compiling icu_provider_macros v1.5.0
[INFO] [stderr]    Compiling pin-project-internal v1.1.7
[INFO] [stderr]    Compiling openssl-macros v0.1.1
[INFO] [stderr]    Compiling serde_derive v1.0.216
[INFO] [stderr]    Compiling zerofrom-derive v0.1.5
[INFO] [stderr]    Compiling yoke-derive v0.7.5
[INFO] [stderr]    Compiling tokio-util v0.3.1
[INFO] [stderr]    Compiling pin-project v1.1.7
[INFO] [stderr]    Compiling tracing-futures v0.2.5
[INFO] [stderr]    Compiling h2 v0.2.7
[INFO] [stderr]    Compiling zerofrom v0.1.5
[INFO] [stderr]    Compiling yoke v0.7.5
[INFO] [stderr]    Compiling zerovec v0.10.4
[INFO] [stderr]    Compiling tinystr v0.7.6
[INFO] [stderr]    Compiling icu_collections v1.5.0
[INFO] [stderr]    Compiling icu_locid v1.5.0
[INFO] [stderr]    Compiling icu_provider v1.5.0
[INFO] [stderr]    Compiling icu_locid_transform v1.5.0
[INFO] [stderr]    Compiling icu_properties v1.5.1
[INFO] [stderr]    Compiling tokio-tls v0.3.1
[INFO] [stderr]    Compiling serde_urlencoded v0.7.1
[INFO] [stderr]    Compiling hyper v0.13.10
[INFO] [stderr]    Compiling icu_normalizer v1.5.0
[INFO] [stderr]    Compiling idna_adapter v1.2.0
[INFO] [stderr]    Compiling idna v1.0.3
[INFO] [stderr]    Compiling url v2.5.4
[INFO] [stderr]    Compiling hyper-tls v0.4.3
[INFO] [stderr]    Compiling reqwest v0.10.10
[INFO] [stderr]    Compiling api-adresse-rs v0.1.1 (/opt/rustwide/workdir)
[INFO] [stdout] warning: unused import: `std::result`
[INFO] [stdout]  --> src/lib.rs:4:5
[INFO] [stdout]   |
[INFO] [stdout] 4 | use std::result;
[INFO] [stdout]   |     ^^^^^^^^^^^
[INFO] [stdout]   |
[INFO] [stdout]   = note: `#[warn(unused_imports)]` on by default
[INFO] [stdout] 
[INFO] [stdout] 
[INFO] [stdout] warning[E0170]: pattern binding `HttpError` is named the same as one of the variants of the type `Error`
[INFO] [stdout]   --> src/lib.rs:22:13
[INFO] [stdout]    |
[INFO] [stdout] 22 |             HttpError => write!(f, "Can't access to http://api-adresse.data.gouv.fr"),
[INFO] [stdout]    |             ^^^^^^^^^ help: to match on the variant, qualify the path: `Error::HttpError`
[INFO] [stdout]    |
[INFO] [stdout]    = note: `#[warn(bindings_with_variant_name)]` on by default
[INFO] [stdout] 
[INFO] [stdout] 
[INFO] [stdout] warning[E0170]: pattern binding `GetTextError` is named the same as one of the variants of the type `Error`
[INFO] [stdout]   --> src/lib.rs:23:13
[INFO] [stdout]    |
[INFO] [stdout] 23 |             GetTextError => write!(f, "Can't unmarshal data response to text"),
[INFO] [stdout]    |             ^^^^^^^^^^^^ help: to match on the variant, qualify the path: `Error::GetTextError`
[INFO] [stdout] 
[INFO] [stdout] 
[INFO] [stdout] warning[E0170]: pattern binding `UnmarshalJsonError` is named the same as one of the variants of the type `Error`
[INFO] [stdout]   --> src/lib.rs:24:13
[INFO] [stdout]    |
[INFO] [stdout] 24 |             UnmarshalJsonError => write!(f, "Can't unmarshal text response to json")
[INFO] [stdout]    |             ^^^^^^^^^^^^^^^^^^ help: to match on the variant, qualify the path: `Error::UnmarshalJsonError`
[INFO] [stdout] 
[INFO] [stdout] 
[INFO] [stdout] warning: unreachable pattern
[INFO] [stdout]   --> src/lib.rs:23:13
[INFO] [stdout]    |
[INFO] [stdout] 22 |             HttpError => write!(f, "Can't access to http://api-adresse.data.gouv.fr"),
[INFO] [stdout]    |             --------- matches any value
[INFO] [stdout] 23 |             GetTextError => write!(f, "Can't unmarshal data response to text"),
[INFO] [stdout]    |             ^^^^^^^^^^^^ no value can reach this
[INFO] [stdout]    |
[INFO] [stdout]    = note: `#[warn(unreachable_patterns)]` on by default
[INFO] [stdout] 
[INFO] [stdout] 
[INFO] [stdout] warning: unreachable pattern
[INFO] [stdout]   --> src/lib.rs:24:13
[INFO] [stdout]    |
[INFO] [stdout] 22 |             HttpError => write!(f, "Can't access to http://api-adresse.data.gouv.fr"),
[INFO] [stdout]    |             --------- matches any value
[INFO] [stdout] 23 |             GetTextError => write!(f, "Can't unmarshal data response to text"),
[INFO] [stdout] 24 |             UnmarshalJsonError => write!(f, "Can't unmarshal text response to json")
[INFO] [stdout]    |             ^^^^^^^^^^^^^^^^^^ no value can reach this
[INFO] [stdout] 
[INFO] [stdout] 
[INFO] [stdout] warning: unused variable: `HttpError`
[INFO] [stdout]   --> src/lib.rs:22:13
[INFO] [stdout]    |
[INFO] [stdout] 22 |             HttpError => write!(f, "Can't access to http://api-adresse.data.gouv.fr"),
[INFO] [stdout]    |             ^^^^^^^^^ help: if this is intentional, prefix it with an underscore: `_HttpError`
[INFO] [stdout]    |
[INFO] [stdout]    = note: `#[warn(unused_variables)]` on by default
[INFO] [stdout] 
[INFO] [stdout] 
[INFO] [stdout] warning: unused variable: `GetTextError`
[INFO] [stdout]   --> src/lib.rs:23:13
[INFO] [stdout]    |
[INFO] [stdout] 23 |             GetTextError => write!(f, "Can't unmarshal data response to text"),
[INFO] [stdout]    |             ^^^^^^^^^^^^ help: if this is intentional, prefix it with an underscore: `_GetTextError`
[INFO] [stdout] 
[INFO] [stdout] 
[INFO] [stdout] warning: unused variable: `UnmarshalJsonError`
[INFO] [stdout]   --> src/lib.rs:24:13
[INFO] [stdout]    |
[INFO] [stdout] 24 |             UnmarshalJsonError => write!(f, "Can't unmarshal text response to json")
[INFO] [stdout]    |             ^^^^^^^^^^^^^^^^^^ help: if this is intentional, prefix it with an underscore: `_UnmarshalJsonError`
[INFO] [stdout] 
[INFO] [stdout] 
[INFO] [stdout] warning: variable `HttpError` should have a snake case name
[INFO] [stdout]   --> src/lib.rs:22:13
[INFO] [stdout]    |
[INFO] [stdout] 22 |             HttpError => write!(f, "Can't access to http://api-adresse.data.gouv.fr"),
[INFO] [stdout]    |             ^^^^^^^^^ help: convert the identifier to snake case: `http_error`
[INFO] [stdout]    |
[INFO] [stdout]    = note: `#[warn(non_snake_case)]` on by default
[INFO] [stdout] 
[INFO] [stdout] 
[INFO] [stdout] warning: variable `GetTextError` should have a snake case name
[INFO] [stdout]   --> src/lib.rs:23:13
[INFO] [stdout]    |
[INFO] [stdout] 23 |             GetTextError => write!(f, "Can't unmarshal data response to text"),
[INFO] [stdout]    |             ^^^^^^^^^^^^ help: convert the identifier to snake case: `get_text_error`
[INFO] [stdout] 
[INFO] [stdout] 
[INFO] [stdout] warning: variable `UnmarshalJsonError` should have a snake case name
[INFO] [stdout]   --> src/lib.rs:24:13
[INFO] [stdout]    |
[INFO] [stdout] 24 |             UnmarshalJsonError => write!(f, "Can't unmarshal text response to json")
[INFO] [stdout]    |             ^^^^^^^^^^^^^^^^^^ help: convert the identifier to snake case: `unmarshal_json_error`
[INFO] [stdout] 
[INFO] [stdout] 
[INFO] [stdout] For more information about this error, try `rustc --explain E0170`.
[INFO] [stdout] 
[INFO] [stderr]     Finished `dev` profile [unoptimized + debuginfo] target(s) in 53.54s
[INFO] running `Command { std: "docker" "inspect" "e1ba11499949720e5489de28fba5c408010bc7800fe085513fc514f7cba3983f", kill_on_drop: false }`
[INFO] running `Command { std: "docker" "rm" "-f" "e1ba11499949720e5489de28fba5c408010bc7800fe085513fc514f7cba3983f", kill_on_drop: false }`
[INFO] [stdout] e1ba11499949720e5489de28fba5c408010bc7800fe085513fc514f7cba3983f
[INFO] running `Command { std: "docker" "create" "-v" "/var/lib/crater-agent-workspace/builds/worker-5-tc1/target:/opt/rustwide/target:rw,Z" "-v" "/var/lib/crater-agent-workspace/builds/worker-5-tc1/source:/opt/rustwide/workdir:ro,Z" "-v" "/var/lib/crater-agent-workspace/cargo-home:/opt/rustwide/cargo-home:ro,Z" "-v" "/var/lib/crater-agent-workspace/rustup-home:/opt/rustwide/rustup-home:ro,Z" "-e" "SOURCE_DIR=/opt/rustwide/workdir" "-e" "CARGO_TARGET_DIR=/opt/rustwide/target" "-e" "CARGO_INCREMENTAL=0" "-e" "RUST_BACKTRACE=full" "-e" "RUSTFLAGS=--cap-lints=warn" "-e" "RUSTDOCFLAGS=--cap-lints=warn" "-e" "CARGO_HOME=/opt/rustwide/cargo-home" "-e" "RUSTUP_HOME=/opt/rustwide/rustup-home" "-w" "/opt/rustwide/workdir" "-m" "1610612736" "--user" "0:0" "--network" "none" "ghcr.io/rust-lang/crates-build-env/linux@sha256:f3a9d4ad9d972b27faf3965f35b62e55ba32bbce8f20bc8fe909558a86702fde" "/opt/rustwide/cargo-home/bin/cargo" "+1.83.0" "test" "--frozen" "--no-run" "--message-format=json", kill_on_drop: false }`
[INFO] [stdout] 5804f27c3937d935ba75196bcc73afead4a63c019b847f716a07f05d1df6874b
[INFO] running `Command { std: "docker" "start" "-a" "5804f27c3937d935ba75196bcc73afead4a63c019b847f716a07f05d1df6874b", kill_on_drop: false }`
[INFO] [stdout] warning: unused import: `std::result`
[INFO] [stdout]  --> src/lib.rs:4:5
[INFO] [stdout]   |
[INFO] [stdout] 4 | use std::result;
[INFO] [stdout]   |     ^^^^^^^^^^^
[INFO] [stdout]   |
[INFO] [stdout]   = note: `#[warn(unused_imports)]` on by default
[INFO] [stdout] 
[INFO] [stdout] 
[INFO] [stdout] warning[E0170]: pattern binding `HttpError` is named the same as one of the variants of the type `Error`
[INFO] [stdout]   --> src/lib.rs:22:13
[INFO] [stdout]    |
[INFO] [stdout] 22 |             HttpError => write!(f, "Can't access to http://api-adresse.data.gouv.fr"),
[INFO] [stdout]    |             ^^^^^^^^^ help: to match on the variant, qualify the path: `Error::HttpError`
[INFO] [stdout]    |
[INFO] [stdout]    = note: `#[warn(bindings_with_variant_name)]` on by default
[INFO] [stdout] 
[INFO] [stdout] 
[INFO] [stdout] warning[E0170]: pattern binding `GetTextError` is named the same as one of the variants of the type `Error`
[INFO] [stdout]   --> src/lib.rs:23:13
[INFO] [stdout]    |
[INFO] [stdout] 23 |             GetTextError => write!(f, "Can't unmarshal data response to text"),
[INFO] [stdout]    |             ^^^^^^^^^^^^ help: to match on the variant, qualify the path: `Error::GetTextError`
[INFO] [stdout] 
[INFO] [stdout] 
[INFO] [stdout] warning[E0170]: pattern binding `UnmarshalJsonError` is named the same as one of the variants of the type `Error`
[INFO] [stdout]   --> src/lib.rs:24:13
[INFO] [stdout]    |
[INFO] [stdout] 24 |             UnmarshalJsonError => write!(f, "Can't unmarshal text response to json")
[INFO] [stdout]    |             ^^^^^^^^^^^^^^^^^^ help: to match on the variant, qualify the path: `Error::UnmarshalJsonError`
[INFO] [stdout] 
[INFO] [stdout] 
[INFO] [stdout] warning: unreachable pattern
[INFO] [stdout]   --> src/lib.rs:23:13
[INFO] [stdout]    |
[INFO] [stdout] 22 |             HttpError => write!(f, "Can't access to http://api-adresse.data.gouv.fr"),
[INFO] [stdout]    |             --------- matches any value
[INFO] [stdout] 23 |             GetTextError => write!(f, "Can't unmarshal data response to text"),
[INFO] [stdout]    |             ^^^^^^^^^^^^ no value can reach this
[INFO] [stdout]    |
[INFO] [stdout]    = note: `#[warn(unreachable_patterns)]` on by default
[INFO] [stdout] 
[INFO] [stdout] 
[INFO] [stderr]    Compiling api-adresse-rs v0.1.1 (/opt/rustwide/workdir)
[INFO] [stdout] warning: unreachable pattern
[INFO] [stdout]   --> src/lib.rs:24:13
[INFO] [stdout]    |
[INFO] [stdout] 22 |             HttpError => write!(f, "Can't access to http://api-adresse.data.gouv.fr"),
[INFO] [stdout]    |             --------- matches any value
[INFO] [stdout] 23 |             GetTextError => write!(f, "Can't unmarshal data response to text"),
[INFO] [stdout] 24 |             UnmarshalJsonError => write!(f, "Can't unmarshal text response to json")
[INFO] [stdout]    |             ^^^^^^^^^^^^^^^^^^ no value can reach this
[INFO] [stdout] 
[INFO] [stdout] 
[INFO] [stdout] warning: unused variable: `HttpError`
[INFO] [stdout]   --> src/lib.rs:22:13
[INFO] [stdout]    |
[INFO] [stdout] 22 |             HttpError => write!(f, "Can't access to http://api-adresse.data.gouv.fr"),
[INFO] [stdout]    |             ^^^^^^^^^ help: if this is intentional, prefix it with an underscore: `_HttpError`
[INFO] [stdout]    |
[INFO] [stdout]    = note: `#[warn(unused_variables)]` on by default
[INFO] [stdout] 
[INFO] [stdout] 
[INFO] [stdout] warning: unused variable: `GetTextError`
[INFO] [stdout]   --> src/lib.rs:23:13
[INFO] [stdout]    |
[INFO] [stdout] 23 |             GetTextError => write!(f, "Can't unmarshal data response to text"),
[INFO] [stdout]    |             ^^^^^^^^^^^^ help: if this is intentional, prefix it with an underscore: `_GetTextError`
[INFO] [stdout] 
[INFO] [stdout] 
[INFO] [stdout] warning: unused variable: `UnmarshalJsonError`
[INFO] [stdout]   --> src/lib.rs:24:13
[INFO] [stdout]    |
[INFO] [stdout] 24 |             UnmarshalJsonError => write!(f, "Can't unmarshal text response to json")
[INFO] [stdout]    |             ^^^^^^^^^^^^^^^^^^ help: if this is intentional, prefix it with an underscore: `_UnmarshalJsonError`
[INFO] [stdout] 
[INFO] [stdout] 
[INFO] [stdout] warning: variable `HttpError` should have a snake case name
[INFO] [stdout]   --> src/lib.rs:22:13
[INFO] [stdout]    |
[INFO] [stdout] 22 |             HttpError => write!(f, "Can't access to http://api-adresse.data.gouv.fr"),
[INFO] [stdout]    |             ^^^^^^^^^ help: convert the identifier to snake case: `http_error`
[INFO] [stdout]    |
[INFO] [stdout]    = note: `#[warn(non_snake_case)]` on by default
[INFO] [stdout] 
[INFO] [stdout] 
[INFO] [stdout] warning: variable `GetTextError` should have a snake case name
[INFO] [stdout]   --> src/lib.rs:23:13
[INFO] [stdout]    |
[INFO] [stdout] 23 |             GetTextError => write!(f, "Can't unmarshal data response to text"),
[INFO] [stdout]    |             ^^^^^^^^^^^^ help: convert the identifier to snake case: `get_text_error`
[INFO] [stdout] 
[INFO] [stdout] 
[INFO] [stdout] warning: variable `UnmarshalJsonError` should have a snake case name
[INFO] [stdout]   --> src/lib.rs:24:13
[INFO] [stdout]    |
[INFO] [stdout] 24 |             UnmarshalJsonError => write!(f, "Can't unmarshal text response to json")
[INFO] [stdout]    |             ^^^^^^^^^^^^^^^^^^ help: convert the identifier to snake case: `unmarshal_json_error`
[INFO] [stdout] 
[INFO] [stdout] 
[INFO] [stdout] For more information about this error, try `rustc --explain E0170`.
[INFO] [stdout] 
[INFO] [stdout] warning: unused import: `std::result`
[INFO] [stdout]  --> src/lib.rs:4:5
[INFO] [stdout]   |
[INFO] [stdout] 4 | use std::result;
[INFO] [stdout]   |     ^^^^^^^^^^^
[INFO] [stdout]   |
[INFO] [stdout]   = note: `#[warn(unused_imports)]` on by default
[INFO] [stdout] 
[INFO] [stdout] 
[INFO] [stdout] warning[E0170]: pattern binding `HttpError` is named the same as one of the variants of the type `Error`
[INFO] [stdout]   --> src/lib.rs:22:13
[INFO] [stdout]    |
[INFO] [stdout] 22 |             HttpError => write!(f, "Can't access to http://api-adresse.data.gouv.fr"),
[INFO] [stdout]    |             ^^^^^^^^^ help: to match on the variant, qualify the path: `Error::HttpError`
[INFO] [stdout]    |
[INFO] [stdout]    = note: `#[warn(bindings_with_variant_name)]` on by default
[INFO] [stdout] 
[INFO] [stdout] 
[INFO] [stdout] warning[E0170]: pattern binding `GetTextError` is named the same as one of the variants of the type `Error`
[INFO] [stdout]   --> src/lib.rs:23:13
[INFO] [stdout]    |
[INFO] [stdout] 23 |             GetTextError => write!(f, "Can't unmarshal data response to text"),
[INFO] [stdout]    |             ^^^^^^^^^^^^ help: to match on the variant, qualify the path: `Error::GetTextError`
[INFO] [stdout] 
[INFO] [stdout] 
[INFO] [stdout] warning[E0170]: pattern binding `UnmarshalJsonError` is named the same as one of the variants of the type `Error`
[INFO] [stdout]   --> src/lib.rs:24:13
[INFO] [stdout]    |
[INFO] [stdout] 24 |             UnmarshalJsonError => write!(f, "Can't unmarshal text response to json")
[INFO] [stdout]    |             ^^^^^^^^^^^^^^^^^^ help: to match on the variant, qualify the path: `Error::UnmarshalJsonError`
[INFO] [stdout] 
[INFO] [stdout] 
[INFO] [stdout] warning: unreachable pattern
[INFO] [stdout]   --> src/lib.rs:23:13
[INFO] [stdout]    |
[INFO] [stdout] 22 |             HttpError => write!(f, "Can't access to http://api-adresse.data.gouv.fr"),
[INFO] [stdout]    |             --------- matches any value
[INFO] [stdout] 23 |             GetTextError => write!(f, "Can't unmarshal data response to text"),
[INFO] [stdout]    |             ^^^^^^^^^^^^ no value can reach this
[INFO] [stdout]    |
[INFO] [stdout]    = note: `#[warn(unreachable_patterns)]` on by default
[INFO] [stdout] 
[INFO] [stdout] 
[INFO] [stdout] warning: unreachable pattern
[INFO] [stdout]   --> src/lib.rs:24:13
[INFO] [stdout]    |
[INFO] [stdout] 22 |             HttpError => write!(f, "Can't access to http://api-adresse.data.gouv.fr"),
[INFO] [stdout]    |             --------- matches any value
[INFO] [stdout] 23 |             GetTextError => write!(f, "Can't unmarshal data response to text"),
[INFO] [stdout] 24 |             UnmarshalJsonError => write!(f, "Can't unmarshal text response to json")
[INFO] [stdout]    |             ^^^^^^^^^^^^^^^^^^ no value can reach this
[INFO] [stdout] 
[INFO] [stdout] 
[INFO] [stdout] warning: unused variable: `HttpError`
[INFO] [stdout]   --> src/lib.rs:22:13
[INFO] [stdout]    |
[INFO] [stdout] 22 |             HttpError => write!(f, "Can't access to http://api-adresse.data.gouv.fr"),
[INFO] [stdout]    |             ^^^^^^^^^ help: if this is intentional, prefix it with an underscore: `_HttpError`
[INFO] [stdout]    |
[INFO] [stdout]    = note: `#[warn(unused_variables)]` on by default
[INFO] [stdout] 
[INFO] [stdout] 
[INFO] [stdout] warning: unused variable: `GetTextError`
[INFO] [stdout]   --> src/lib.rs:23:13
[INFO] [stdout]    |
[INFO] [stdout] 23 |             GetTextError => write!(f, "Can't unmarshal data response to text"),
[INFO] [stdout]    |             ^^^^^^^^^^^^ help: if this is intentional, prefix it with an underscore: `_GetTextError`
[INFO] [stdout] 
[INFO] [stdout] 
[INFO] [stdout] warning: unused variable: `UnmarshalJsonError`
[INFO] [stdout]   --> src/lib.rs:24:13
[INFO] [stdout]    |
[INFO] [stdout] 24 |             UnmarshalJsonError => write!(f, "Can't unmarshal text response to json")
[INFO] [stdout]    |             ^^^^^^^^^^^^^^^^^^ help: if this is intentional, prefix it with an underscore: `_UnmarshalJsonError`
[INFO] [stdout] 
[INFO] [stdout] 
[INFO] [stdout] warning: variable `HttpError` should have a snake case name
[INFO] [stdout]   --> src/lib.rs:22:13
[INFO] [stdout]    |
[INFO] [stdout] 22 |             HttpError => write!(f, "Can't access to http://api-adresse.data.gouv.fr"),
[INFO] [stdout]    |             ^^^^^^^^^ help: convert the identifier to snake case: `http_error`
[INFO] [stdout]    |
[INFO] [stdout]    = note: `#[warn(non_snake_case)]` on by default
[INFO] [stdout] 
[INFO] [stdout] 
[INFO] [stdout] warning: variable `GetTextError` should have a snake case name
[INFO] [stdout]   --> src/lib.rs:23:13
[INFO] [stdout]    |
[INFO] [stdout] 23 |             GetTextError => write!(f, "Can't unmarshal data response to text"),
[INFO] [stdout]    |             ^^^^^^^^^^^^ help: convert the identifier to snake case: `get_text_error`
[INFO] [stdout] 
[INFO] [stdout] 
[INFO] [stdout] warning: variable `UnmarshalJsonError` should have a snake case name
[INFO] [stdout]   --> src/lib.rs:24:13
[INFO] [stdout]    |
[INFO] [stdout] 24 |             UnmarshalJsonError => write!(f, "Can't unmarshal text response to json")
[INFO] [stdout]    |             ^^^^^^^^^^^^^^^^^^ help: convert the identifier to snake case: `unmarshal_json_error`
[INFO] [stdout] 
[INFO] [stdout] 
[INFO] [stdout] For more information about this error, try `rustc --explain E0170`.
[INFO] [stdout] 
[INFO] [stderr]     Finished `test` profile [unoptimized + debuginfo] target(s) in 3.43s
[INFO] running `Command { std: "docker" "inspect" "5804f27c3937d935ba75196bcc73afead4a63c019b847f716a07f05d1df6874b", kill_on_drop: false }`
[INFO] running `Command { std: "docker" "rm" "-f" "5804f27c3937d935ba75196bcc73afead4a63c019b847f716a07f05d1df6874b", kill_on_drop: false }`
[INFO] [stdout] 5804f27c3937d935ba75196bcc73afead4a63c019b847f716a07f05d1df6874b
[INFO] running `Command { std: "docker" "create" "-v" "/var/lib/crater-agent-workspace/builds/worker-5-tc1/target:/opt/rustwide/target:rw,Z" "-v" "/var/lib/crater-agent-workspace/builds/worker-5-tc1/source:/opt/rustwide/workdir:ro,Z" "-v" "/var/lib/crater-agent-workspace/cargo-home:/opt/rustwide/cargo-home:ro,Z" "-v" "/var/lib/crater-agent-workspace/rustup-home:/opt/rustwide/rustup-home:ro,Z" "-e" "SOURCE_DIR=/opt/rustwide/workdir" "-e" "CARGO_TARGET_DIR=/opt/rustwide/target" "-e" "CARGO_INCREMENTAL=0" "-e" "RUST_BACKTRACE=full" "-e" "RUSTFLAGS=--cap-lints=warn" "-e" "RUSTDOCFLAGS=--cap-lints=warn" "-e" "CARGO_HOME=/opt/rustwide/cargo-home" "-e" "RUSTUP_HOME=/opt/rustwide/rustup-home" "-w" "/opt/rustwide/workdir" "-m" "1610612736" "--user" "0:0" "--network" "none" "ghcr.io/rust-lang/crates-build-env/linux@sha256:f3a9d4ad9d972b27faf3965f35b62e55ba32bbce8f20bc8fe909558a86702fde" "/opt/rustwide/cargo-home/bin/cargo" "+1.83.0" "test" "--frozen", kill_on_drop: false }`
[INFO] [stdout] 7b2956a7455931e324717fb7c4688d56287f073ffaaf9cdd3ae0debd9971586b
[INFO] running `Command { std: "docker" "start" "-a" "7b2956a7455931e324717fb7c4688d56287f073ffaaf9cdd3ae0debd9971586b", kill_on_drop: false }`
[INFO] [stderr] warning: unused import: `std::result`
[INFO] [stderr]  --> src/lib.rs:4:5
[INFO] [stderr]   |
[INFO] [stderr] 4 | use std::result;
[INFO] [stderr]   |     ^^^^^^^^^^^
[INFO] [stderr]   |
[INFO] [stderr]   = note: `#[warn(unused_imports)]` on by default
[INFO] [stderr] 
[INFO] [stderr] warning[E0170]: pattern binding `HttpError` is named the same as one of the variants of the type `Error`
[INFO] [stderr]   --> src/lib.rs:22:13
[INFO] [stderr]    |
[INFO] [stderr] 22 |             HttpError => write!(f, "Can't access to http://api-adresse.data.gouv.fr"),
[INFO] [stderr]    |             ^^^^^^^^^ help: to match on the variant, qualify the path: `Error::HttpError`
[INFO] [stderr]    |
[INFO] [stderr]    = note: `#[warn(bindings_with_variant_name)]` on by default
[INFO] [stderr] 
[INFO] [stderr] warning[E0170]: pattern binding `GetTextError` is named the same as one of the variants of the type `Error`
[INFO] [stderr]   --> src/lib.rs:23:13
[INFO] [stderr]    |
[INFO] [stderr] 23 |             GetTextError => write!(f, "Can't unmarshal data response to text"),
[INFO] [stderr]    |             ^^^^^^^^^^^^ help: to match on the variant, qualify the path: `Error::GetTextError`
[INFO] [stderr] 
[INFO] [stderr] warning[E0170]: pattern binding `UnmarshalJsonError` is named the same as one of the variants of the type `Error`
[INFO] [stderr]   --> src/lib.rs:24:13
[INFO] [stderr]    |
[INFO] [stderr] 24 |             UnmarshalJsonError => write!(f, "Can't unmarshal text response to json")
[INFO] [stderr]    |             ^^^^^^^^^^^^^^^^^^ help: to match on the variant, qualify the path: `Error::UnmarshalJsonError`
[INFO] [stderr] 
[INFO] [stderr] warning: unreachable pattern
[INFO] [stderr]   --> src/lib.rs:23:13
[INFO] [stderr]    |
[INFO] [stderr] 22 |             HttpError => write!(f, "Can't access to http://api-adresse.data.gouv.fr"),
[INFO] [stderr]    |             --------- matches any value
[INFO] [stderr] 23 |             GetTextError => write!(f, "Can't unmarshal data response to text"),
[INFO] [stderr]    |             ^^^^^^^^^^^^ no value can reach this
[INFO] [stderr]    |
[INFO] [stderr]    = note: `#[warn(unreachable_patterns)]` on by default
[INFO] [stderr] 
[INFO] [stderr] warning: unreachable pattern
[INFO] [stderr]   --> src/lib.rs:24:13
[INFO] [stderr]    |
[INFO] [stderr] 22 |             HttpError => write!(f, "Can't access to http://api-adresse.data.gouv.fr"),
[INFO] [stderr]    |             --------- matches any value
[INFO] [stderr] 23 |             GetTextError => write!(f, "Can't unmarshal data response to text"),
[INFO] [stderr] 24 |             UnmarshalJsonError => write!(f, "Can't unmarshal text response to json")
[INFO] [stderr]    |             ^^^^^^^^^^^^^^^^^^ no value can reach this
[INFO] [stderr] 
[INFO] [stderr] warning: unused variable: `HttpError`
[INFO] [stderr]   --> src/lib.rs:22:13
[INFO] [stderr]    |
[INFO] [stderr] 22 |             HttpError => write!(f, "Can't access to http://api-adresse.data.gouv.fr"),
[INFO] [stderr]    |             ^^^^^^^^^ help: if this is intentional, prefix it with an underscore: `_HttpError`
[INFO] [stderr]    |
[INFO] [stderr]    = note: `#[warn(unused_variables)]` on by default
[INFO] [stderr] 
[INFO] [stderr] warning: unused variable: `GetTextError`
[INFO] [stderr]   --> src/lib.rs:23:13
[INFO] [stderr]    |
[INFO] [stderr] 23 |             GetTextError => write!(f, "Can't unmarshal data response to text"),
[INFO] [stderr]    |             ^^^^^^^^^^^^ help: if this is intentional, prefix it with an underscore: `_GetTextError`
[INFO] [stderr] 
[INFO] [stderr] warning: unused variable: `UnmarshalJsonError`
[INFO] [stderr]   --> src/lib.rs:24:13
[INFO] [stderr]    |
[INFO] [stderr] 24 |             UnmarshalJsonError => write!(f, "Can't unmarshal text response to json")
[INFO] [stderr]    |             ^^^^^^^^^^^^^^^^^^ help: if this is intentional, prefix it with an underscore: `_UnmarshalJsonError`
[INFO] [stderr] 
[INFO] [stderr] warning: variable `HttpError` should have a snake case name
[INFO] [stderr]   --> src/lib.rs:22:13
[INFO] [stderr]    |
[INFO] [stderr] 22 |             HttpError => write!(f, "Can't access to http://api-adresse.data.gouv.fr"),
[INFO] [stderr]    |             ^^^^^^^^^ help: convert the identifier to snake case: `http_error`
[INFO] [stderr]    |
[INFO] [stderr]    = note: `#[warn(non_snake_case)]` on by default
[INFO] [stderr] 
[INFO] [stderr] warning: variable `GetTextError` should have a snake case name
[INFO] [stderr]   --> src/lib.rs:23:13
[INFO] [stderr]    |
[INFO] [stderr] 23 |             GetTextError => write!(f, "Can't unmarshal data response to text"),
[INFO] [stderr]    |             ^^^^^^^^^^^^ help: convert the identifier to snake case: `get_text_error`
[INFO] [stderr] 
[INFO] [stderr] warning: variable `UnmarshalJsonError` should have a snake case name
[INFO] [stderr]   --> src/lib.rs:24:13
[INFO] [stderr]    |
[INFO] [stderr] 24 |             UnmarshalJsonError => write!(f, "Can't unmarshal text response to json")
[INFO] [stderr]    |             ^^^^^^^^^^^^^^^^^^ help: convert the identifier to snake case: `unmarshal_json_error`
[INFO] [stderr] 
[INFO] [stderr] For more information about this error, try `rustc --explain E0170`.
[INFO] [stderr] warning: `api-adresse-rs` (lib) generated 12 warnings (run `cargo fix --lib -p api-adresse-rs` to apply 4 suggestions)
[INFO] [stderr] warning: `api-adresse-rs` (lib test) generated 12 warnings (12 duplicates)
[INFO] [stderr]     Finished `test` profile [unoptimized + debuginfo] target(s) in 0.13s
[INFO] [stderr]      Running unittests src/lib.rs (/opt/rustwide/target/debug/deps/api_adresse_rs-96d3a76af90081d2)
[INFO] [stdout] 
[INFO] [stdout] running 2 tests
[INFO] [stdout] test tests::test_get_address_info ... FAILED
[INFO] [stdout] test tests::test_get_reverse_info ... FAILED
[INFO] [stdout] 
[INFO] [stdout] failures:
[INFO] [stdout] 
[INFO] [stdout] ---- tests::test_get_address_info stdout ----
[INFO] [stdout] thread 'tests::test_get_address_info' panicked at src/lib.rs:108:67:
[INFO] [stdout] called `Result::unwrap()` on an `Err` value: HttpError
[INFO] [stdout] stack backtrace:
[INFO] [stdout]    0:     0x581bc956d44a - std::backtrace_rs::backtrace::libunwind::trace::h5a5b8284f2d0c266
[INFO] [stdout]                                at /rustc/90b35a6239c3d8bdabc530a6a0816f7ff89a0aaf/library/std/src/../../backtrace/src/backtrace/libunwind.rs:116:5
[INFO] [stdout]    1:     0x581bc956d44a - std::backtrace_rs::backtrace::trace_unsynchronized::h76d4f1c9b0b875e3
[INFO] [stdout]                                at /rustc/90b35a6239c3d8bdabc530a6a0816f7ff89a0aaf/library/std/src/../../backtrace/src/backtrace/mod.rs:66:5
[INFO] [stdout]    2:     0x581bc956d44a - std::sys::backtrace::_print_fmt::hc4546b8364a537c6
[INFO] [stdout]                                at /rustc/90b35a6239c3d8bdabc530a6a0816f7ff89a0aaf/library/std/src/sys/backtrace.rs:66:9
[INFO] [stdout]    3:     0x581bc956d44a - <std::sys::backtrace::BacktraceLock::print::DisplayBacktrace as core::fmt::Display>::fmt::h5b6bd5631a6d1f6b
[INFO] [stdout]                                at /rustc/90b35a6239c3d8bdabc530a6a0816f7ff89a0aaf/library/std/src/sys/backtrace.rs:39:26
[INFO] [stdout]    4:     0x581bc9596243 - core::fmt::rt::Argument::fmt::h270f6602a2b96f62
[INFO] [stdout]                                at /rustc/90b35a6239c3d8bdabc530a6a0816f7ff89a0aaf/library/core/src/fmt/rt.rs:177:76
[INFO] [stdout]    5:     0x581bc9596243 - core::fmt::write::h7550c97b06c86515
[INFO] [stdout]                                at /rustc/90b35a6239c3d8bdabc530a6a0816f7ff89a0aaf/library/core/src/fmt/mod.rs:1186:21
[INFO] [stdout]    6:     0x581bc9569c53 - std::io::Write::write_fmt::h509ff860e5956e5e
[INFO] [stdout]                                at /rustc/90b35a6239c3d8bdabc530a6a0816f7ff89a0aaf/library/std/src/io/mod.rs:1839:15
[INFO] [stdout]    7:     0x581bc956d292 - std::sys::backtrace::BacktraceLock::print::h2395ccd2c84ba3aa
[INFO] [stdout]                                at /rustc/90b35a6239c3d8bdabc530a6a0816f7ff89a0aaf/library/std/src/sys/backtrace.rs:42:9
[INFO] [stdout]    8:     0x581bc956e8aa - std::panicking::default_hook::{{closure}}::he19d4c7230e07961
[INFO] [stdout]                                at /rustc/90b35a6239c3d8bdabc530a6a0816f7ff89a0aaf/library/std/src/panicking.rs:268:22
[INFO] [stdout]    9:     0x581bc956e6b4 - std::panicking::default_hook::hf614597d3c67bbdb
[INFO] [stdout]                                at /rustc/90b35a6239c3d8bdabc530a6a0816f7ff89a0aaf/library/std/src/panicking.rs:292:9
[INFO] [stdout]   10:     0x581bc90b09e9 - <alloc::boxed::Box<F,A> as core::ops::function::Fn<Args>>::call::h39b51ce4599c23d1
[INFO] [stdout]                                at /rustc/90b35a6239c3d8bdabc530a6a0816f7ff89a0aaf/library/alloc/src/boxed.rs:2468:9
[INFO] [stdout]   11:     0x581bc90b09e9 - test::test_main::{{closure}}::he977ae839a582784
[INFO] [stdout]                                at /rustc/90b35a6239c3d8bdabc530a6a0816f7ff89a0aaf/library/test/src/lib.rs:133:21
[INFO] [stdout]   12:     0x581bc956ef48 - <alloc::boxed::Box<F,A> as core::ops::function::Fn<Args>>::call::h9455091b6b06f9fb
[INFO] [stdout]                                at /rustc/90b35a6239c3d8bdabc530a6a0816f7ff89a0aaf/library/alloc/src/boxed.rs:2468:9
[INFO] [stdout]   13:     0x581bc956ef48 - std::panicking::rust_panic_with_hook::h8942133a8b252070
[INFO] [stdout]                                at /rustc/90b35a6239c3d8bdabc530a6a0816f7ff89a0aaf/library/std/src/panicking.rs:809:13
[INFO] [stdout]   14:     0x581bc956ed0a - std::panicking::begin_panic_handler::{{closure}}::hb5f5963570096b29
[INFO] [stdout]                                at /rustc/90b35a6239c3d8bdabc530a6a0816f7ff89a0aaf/library/std/src/panicking.rs:674:13
[INFO] [stdout]   15:     0x581bc956d929 - std::sys::backtrace::__rust_end_short_backtrace::h6208cedc1922feda
[INFO] [stdout]                                at /rustc/90b35a6239c3d8bdabc530a6a0816f7ff89a0aaf/library/std/src/sys/backtrace.rs:170:18
[INFO] [stdout]   16:     0x581bc956e99c - rust_begin_unwind
[INFO] [stdout]                                at /rustc/90b35a6239c3d8bdabc530a6a0816f7ff89a0aaf/library/std/src/panicking.rs:665:5
[INFO] [stdout]   17:     0x581bc90552a0 - core::panicking::panic_fmt::h0c3082644d1bf418
[INFO] [stdout]                                at /rustc/90b35a6239c3d8bdabc530a6a0816f7ff89a0aaf/library/core/src/panicking.rs:74:14
[INFO] [stdout]   18:     0x581bc9055726 - core::result::unwrap_failed::hd20b4aa073bda1e2
[INFO] [stdout]                                at /rustc/90b35a6239c3d8bdabc530a6a0816f7ff89a0aaf/library/core/src/result.rs:1700:5
[INFO] [stdout]   19:     0x581bc90636fc - core::result::Result<T,E>::unwrap::h436a442b8147987e
[INFO] [stdout]                                at /rustc/90b35a6239c3d8bdabc530a6a0816f7ff89a0aaf/library/core/src/result.rs:1104:23
[INFO] [stdout]   20:     0x581bc90636fc - api_adresse_rs::tests::test_get_address_info::h63dc627edb2e3564
[INFO] [stdout]                                at /opt/rustwide/workdir/src/lib.rs:108:23
[INFO] [stdout]   21:     0x581bc9063667 - api_adresse_rs::tests::test_get_address_info::{{closure}}::h37631025fb3f4161
[INFO] [stdout]                                at /opt/rustwide/workdir/src/lib.rs:107:31
[INFO] [stdout]   22:     0x581bc90568d6 - core::ops::function::FnOnce::call_once::he89d7d68d3bad0a6
[INFO] [stdout]                                at /rustc/90b35a6239c3d8bdabc530a6a0816f7ff89a0aaf/library/core/src/ops/function.rs:250:5
[INFO] [stdout]   23:     0x581bc90b53ab - core::ops::function::FnOnce::call_once::h109cf8051a59b34e
[INFO] [stdout]                                at /rustc/90b35a6239c3d8bdabc530a6a0816f7ff89a0aaf/library/core/src/ops/function.rs:250:5
[INFO] [stdout]   24:     0x581bc90b53ab - test::__rust_begin_short_backtrace::hf4fff89d377446ba
[INFO] [stdout]                                at /rustc/90b35a6239c3d8bdabc530a6a0816f7ff89a0aaf/library/test/src/lib.rs:621:18
[INFO] [stdout]   25:     0x581bc90b4be7 - test::run_test_in_process::{{closure}}::h0e39181dd7ee5a43
[INFO] [stdout]                                at /rustc/90b35a6239c3d8bdabc530a6a0816f7ff89a0aaf/library/test/src/lib.rs:644:60
[INFO] [stdout]   26:     0x581bc90b4be7 - <core::panic::unwind_safe::AssertUnwindSafe<F> as core::ops::function::FnOnce<()>>::call_once::hc5a66a30f0bdfd1f
[INFO] [stdout]                                at /rustc/90b35a6239c3d8bdabc530a6a0816f7ff89a0aaf/library/core/src/panic/unwind_safe.rs:272:9
[INFO] [stdout]   27:     0x581bc90b4be7 - std::panicking::try::do_call::h873b7cf639554a5e
[INFO] [stdout]                                at /rustc/90b35a6239c3d8bdabc530a6a0816f7ff89a0aaf/library/std/src/panicking.rs:557:40
[INFO] [stdout]   28:     0x581bc90b4be7 - std::panicking::try::hdb19862fad9c8bd1
[INFO] [stdout]                                at /rustc/90b35a6239c3d8bdabc530a6a0816f7ff89a0aaf/library/std/src/panicking.rs:520:19
[INFO] [stdout]   29:     0x581bc90b4be7 - std::panic::catch_unwind::h281fe732d236d260
[INFO] [stdout]                                at /rustc/90b35a6239c3d8bdabc530a6a0816f7ff89a0aaf/library/std/src/panic.rs:358:14
[INFO] [stdout]   30:     0x581bc90b4be7 - test::run_test_in_process::h949b6df8457ed338
[INFO] [stdout]                                at /rustc/90b35a6239c3d8bdabc530a6a0816f7ff89a0aaf/library/test/src/lib.rs:644:27
[INFO] [stdout]   31:     0x581bc90b4be7 - test::run_test::{{closure}}::h52c556a6d4740e10
[INFO] [stdout]                                at /rustc/90b35a6239c3d8bdabc530a6a0816f7ff89a0aaf/library/test/src/lib.rs:565:43
[INFO] [stdout]   32:     0x581bc9079ec4 - test::run_test::{{closure}}::h4237f6381c45ccb9
[INFO] [stdout]                                at /rustc/90b35a6239c3d8bdabc530a6a0816f7ff89a0aaf/library/test/src/lib.rs:595:41
[INFO] [stdout]   33:     0x581bc9079ec4 - std::sys::backtrace::__rust_begin_short_backtrace::h505c97a579eca628
[INFO] [stdout]                                at /rustc/90b35a6239c3d8bdabc530a6a0816f7ff89a0aaf/library/std/src/sys/backtrace.rs:154:18
[INFO] [stdout]   34:     0x581bc907d58e - std::thread::Builder::spawn_unchecked_::{{closure}}::{{closure}}::h9e86b2e2bc107ea3
[INFO] [stdout]                                at /rustc/90b35a6239c3d8bdabc530a6a0816f7ff89a0aaf/library/std/src/thread/mod.rs:538:17
[INFO] [stdout]   35:     0x581bc907d58e - <core::panic::unwind_safe::AssertUnwindSafe<F> as core::ops::function::FnOnce<()>>::call_once::h8b06ddb275ff4a25
[INFO] [stdout]                                at /rustc/90b35a6239c3d8bdabc530a6a0816f7ff89a0aaf/library/core/src/panic/unwind_safe.rs:272:9
[INFO] [stdout]   36:     0x581bc907d58e - std::panicking::try::do_call::hb26ecd7cd9a9355d
[INFO] [stdout]                                at /rustc/90b35a6239c3d8bdabc530a6a0816f7ff89a0aaf/library/std/src/panicking.rs:557:40
[INFO] [stdout]   37:     0x581bc907d58e - std::panicking::try::h8ddeca9d705f9069
[INFO] [stdout]                                at /rustc/90b35a6239c3d8bdabc530a6a0816f7ff89a0aaf/library/std/src/panicking.rs:520:19
[INFO] [stdout]   38:     0x581bc907d58e - std::panic::catch_unwind::h49e1c33078844c46
[INFO] [stdout]                                at /rustc/90b35a6239c3d8bdabc530a6a0816f7ff89a0aaf/library/std/src/panic.rs:358:14
[INFO] [stdout]   39:     0x581bc907d58e - std::thread::Builder::spawn_unchecked_::{{closure}}::h6073db6ff56ad35d
[INFO] [stdout]                                at /rustc/90b35a6239c3d8bdabc530a6a0816f7ff89a0aaf/library/std/src/thread/mod.rs:537:30
[INFO] [stdout]   40:     0x581bc907d58e - core::ops::function::FnOnce::call_once{{vtable.shim}}::h2c5a5f3779c774f1
[INFO] [stdout]                                at /rustc/90b35a6239c3d8bdabc530a6a0816f7ff89a0aaf/library/core/src/ops/function.rs:250:5
[INFO] [stdout]   41:     0x581bc95730db - <alloc::boxed::Box<F,A> as core::ops::function::FnOnce<Args>>::call_once::hf75717d9f28faebf
[INFO] [stdout]                                at /rustc/90b35a6239c3d8bdabc530a6a0816f7ff89a0aaf/library/alloc/src/boxed.rs:2454:9
[INFO] [stdout]   42:     0x581bc95730db - <alloc::boxed::Box<F,A> as core::ops::function::FnOnce<Args>>::call_once::h7bd883a5f3c5f3c1
[INFO] [stdout]                                at /rustc/90b35a6239c3d8bdabc530a6a0816f7ff89a0aaf/library/alloc/src/boxed.rs:2454:9
[INFO] [stdout]   43:     0x581bc95730db - std::sys::pal::unix::thread::Thread::new::thread_start::hcc78f3943333fa94
[INFO] [stdout]                                at /rustc/90b35a6239c3d8bdabc530a6a0816f7ff89a0aaf/library/std/src/sys/pal/unix/thread.rs:105:17
[INFO] [stdout]   44:     0x7f2bbdb29ac3 - <unknown>
[INFO] [stdout]   45:     0x7f2bbdbbaa04 - clone
[INFO] [stdout]   46:                0x0 - <unknown>
[INFO] [stdout] 
[INFO] [stdout] ---- tests::test_get_reverse_info stdout ----
[INFO] [stdout] thread 'tests::test_get_reverse_info' panicked at src/lib.rs:115:53:
[INFO] [stdout] called `Result::unwrap()` on an `Err` value: HttpError
[INFO] [stdout] stack backtrace:
[INFO] [stdout]    0:     0x581bc956d44a - std::backtrace_rs::backtrace::libunwind::trace::h5a5b8284f2d0c266
[INFO] [stdout]                                at /rustc/90b35a6239c3d8bdabc530a6a0816f7ff89a0aaf/library/std/src/../../backtrace/src/backtrace/libunwind.rs:116:5
[INFO] [stdout]    1:     0x581bc956d44a - std::backtrace_rs::backtrace::trace_unsynchronized::h76d4f1c9b0b875e3
[INFO] [stdout]                                at /rustc/90b35a6239c3d8bdabc530a6a0816f7ff89a0aaf/library/std/src/../../backtrace/src/backtrace/mod.rs:66:5
[INFO] [stdout]    2:     0x581bc956d44a - std::sys::backtrace::_print_fmt::hc4546b8364a537c6
[INFO] [stdout]                                at /rustc/90b35a6239c3d8bdabc530a6a0816f7ff89a0aaf/library/std/src/sys/backtrace.rs:66:9
[INFO] [stdout]    3:     0x581bc956d44a - <std::sys::backtrace::BacktraceLock::print::DisplayBacktrace as core::fmt::Display>::fmt::h5b6bd5631a6d1f6b
[INFO] [stdout]                                at /rustc/90b35a6239c3d8bdabc530a6a0816f7ff89a0aaf/library/std/src/sys/backtrace.rs:39:26
[INFO] [stdout]    4:     0x581bc9596243 - core::fmt::rt::Argument::fmt::h270f6602a2b96f62
[INFO] [stdout]                                at /rustc/90b35a6239c3d8bdabc530a6a0816f7ff89a0aaf/library/core/src/fmt/rt.rs:177:76
[INFO] [stdout]    5:     0x581bc9596243 - core::fmt::write::h7550c97b06c86515
[INFO] [stdout]                                at /rustc/90b35a6239c3d8bdabc530a6a0816f7ff89a0aaf/library/core/src/fmt/mod.rs:1186:21
[INFO] [stdout]    6:     0x581bc9569c53 - std::io::Write::write_fmt::h509ff860e5956e5e
[INFO] [stdout]                                at /rustc/90b35a6239c3d8bdabc530a6a0816f7ff89a0aaf/library/std/src/io/mod.rs:1839:15
[INFO] [stdout]    7:     0x581bc956d292 - std::sys::backtrace::BacktraceLock::print::h2395ccd2c84ba3aa
[INFO] [stdout]                                at /rustc/90b35a6239c3d8bdabc530a6a0816f7ff89a0aaf/library/std/src/sys/backtrace.rs:42:9
[INFO] [stdout]    8:     0x581bc956e8aa - std::panicking::default_hook::{{closure}}::he19d4c7230e07961
[INFO] [stdout]                                at /rustc/90b35a6239c3d8bdabc530a6a0816f7ff89a0aaf/library/std/src/panicking.rs:268:22
[INFO] [stdout]    9:     0x581bc956e6b4 - std::panicking::default_hook::hf614597d3c67bbdb
[INFO] [stdout]                                at /rustc/90b35a6239c3d8bdabc530a6a0816f7ff89a0aaf/library/std/src/panicking.rs:292:9
[INFO] [stdout]   10:     0x581bc90b09e9 - <alloc::boxed::Box<F,A> as core::ops::function::Fn<Args>>::call::h39b51ce4599c23d1
[INFO] [stdout]                                at /rustc/90b35a6239c3d8bdabc530a6a0816f7ff89a0aaf/library/alloc/src/boxed.rs:2468:9
[INFO] [stdout]   11:     0x581bc90b09e9 - test::test_main::{{closure}}::he977ae839a582784
[INFO] [stdout]                                at /rustc/90b35a6239c3d8bdabc530a6a0816f7ff89a0aaf/library/test/src/lib.rs:133:21
[INFO] [stdout]   12:     0x581bc956ef48 - <alloc::boxed::Box<F,A> as core::ops::function::Fn<Args>>::call::h9455091b6b06f9fb
[INFO] [stdout]                                at /rustc/90b35a6239c3d8bdabc530a6a0816f7ff89a0aaf/library/alloc/src/boxed.rs:2468:9
[INFO] [stdout]   13:     0x581bc956ef48 - std::panicking::rust_panic_with_hook::h8942133a8b252070
[INFO] [stdout]                                at /rustc/90b35a6239c3d8bdabc530a6a0816f7ff89a0aaf/library/std/src/panicking.rs:809:13
[INFO] [stdout]   14:     0x581bc956ed0a - std::panicking::begin_panic_handler::{{closure}}::hb5f5963570096b29
[INFO] [stdout]                                at /rustc/90b35a6239c3d8bdabc530a6a0816f7ff89a0aaf/library/std/src/panicking.rs:674:13
[INFO] [stdout]   15:     0x581bc956d929 - std::sys::backtrace::__rust_end_short_backtrace::h6208cedc1922feda
[INFO] [stdout]                                at /rustc/90b35a6239c3d8bdabc530a6a0816f7ff89a0aaf/library/std/src/sys/backtrace.rs:170:18
[INFO] [stdout]   16:     0x581bc956e99c - rust_begin_unwind
[INFO] [stdout]                                at /rustc/90b35a6239c3d8bdabc530a6a0816f7ff89a0aaf/library/std/src/panicking.rs:665:5
[INFO] [stdout]   17:     0x581bc90552a0 - core::panicking::panic_fmt::h0c3082644d1bf418
[INFO] [stdout]                                at /rustc/90b35a6239c3d8bdabc530a6a0816f7ff89a0aaf/library/core/src/panicking.rs:74:14
[INFO] [stdout]   18:     0x581bc9055726 - core::result::unwrap_failed::hd20b4aa073bda1e2
[INFO] [stdout]                                at /rustc/90b35a6239c3d8bdabc530a6a0816f7ff89a0aaf/library/core/src/result.rs:1700:5
[INFO] [stdout]   19:     0x581bc90639a7 - core::result::Result<T,E>::unwrap::h436a442b8147987e
[INFO] [stdout]                                at /rustc/90b35a6239c3d8bdabc530a6a0816f7ff89a0aaf/library/core/src/result.rs:1104:23
[INFO] [stdout]   20:     0x581bc90639a7 - api_adresse_rs::tests::test_get_reverse_info::hc58916e5ab4a9133
[INFO] [stdout]                                at /opt/rustwide/workdir/src/lib.rs:115:22
[INFO] [stdout]   21:     0x581bc9063917 - api_adresse_rs::tests::test_get_reverse_info::{{closure}}::h9a5645ec8bc9794b
[INFO] [stdout]                                at /opt/rustwide/workdir/src/lib.rs:114:31
[INFO] [stdout]   22:     0x581bc9056806 - core::ops::function::FnOnce::call_once::h9fb9bd5db12c0931
[INFO] [stdout]                                at /rustc/90b35a6239c3d8bdabc530a6a0816f7ff89a0aaf/library/core/src/ops/function.rs:250:5
[INFO] [stdout]   23:     0x581bc90b53ab - core::ops::function::FnOnce::call_once::h109cf8051a59b34e
[INFO] [stdout]                                at /rustc/90b35a6239c3d8bdabc530a6a0816f7ff89a0aaf/library/core/src/ops/function.rs:250:5
[INFO] [stdout]   24:     0x581bc90b53ab - test::__rust_begin_short_backtrace::hf4fff89d377446ba
[INFO] [stdout]                                at /rustc/90b35a6239c3d8bdabc530a6a0816f7ff89a0aaf/library/test/src/lib.rs:621:18
[INFO] [stdout]   25:     0x581bc90b4be7 - test::run_test_in_process::{{closure}}::h0e39181dd7ee5a43
[INFO] [stdout]                                at /rustc/90b35a6239c3d8bdabc530a6a0816f7ff89a0aaf/library/test/src/lib.rs:644:60
[INFO] [stdout]   26:     0x581bc90b4be7 - <core::panic::unwind_safe::AssertUnwindSafe<F> as core::ops::function::FnOnce<()>>::call_once::hc5a66a30f0bdfd1f
[INFO] [stdout]                                at /rustc/90b35a6239c3d8bdabc530a6a0816f7ff89a0aaf/library/core/src/panic/unwind_safe.rs:272:9
[INFO] [stdout]   27:     0x581bc90b4be7 - std::panicking::try::do_call::h873b7cf639554a5e
[INFO] [stdout]                                at /rustc/90b35a6239c3d8bdabc530a6a0816f7ff89a0aaf/library/std/src/panicking.rs:557:40
[INFO] [stdout]   28:     0x581bc90b4be7 - std::panicking::try::hdb19862fad9c8bd1
[INFO] [stdout]                                at /rustc/90b35a6239c3d8bdabc530a6a0816f7ff89a0aaf/library/std/src/panicking.rs:520:19
[INFO] [stdout]   29:     0x581bc90b4be7 - std::panic::catch_unwind::h281fe732d236d260
[INFO] [stdout]                                at /rustc/90b35a6239c3d8bdabc530a6a0816f7ff89a0aaf/library/std/src/panic.rs:358:14
[INFO] [stdout]   30:     0x581bc90b4be7 - test::run_test_in_process::h949b6df8457ed338
[INFO] [stdout]                                at /rustc/90b35a6239c3d8bdabc530a6a0816f7ff89a0aaf/library/test/src/lib.rs:644:27
[INFO] [stdout]   31:     0x581bc90b4be7 - test::run_test::{{closure}}::h52c556a6d4740e10
[INFO] [stdout]                                at /rustc/90b35a6239c3d8bdabc530a6a0816f7ff89a0aaf/library/test/src/lib.rs:565:43
[INFO] [stdout]   32:     0x581bc9079ec4 - test::run_test::{{closure}}::h4237f6381c45ccb9
[INFO] [stdout]                                at /rustc/90b35a6239c3d8bdabc530a6a0816f7ff89a0aaf/library/test/src/lib.rs:595:41
[INFO] [stdout]   33:     0x581bc9079ec4 - std::sys::backtrace::__rust_begin_short_backtrace::h505c97a579eca628
[INFO] [stdout]                                at /rustc/90b35a6239c3d8bdabc530a6a0816f7ff89a0aaf/library/std/src/sys/backtrace.rs:154:18
[INFO] [stdout]   34:     0x581bc907d58e - std::thread::Builder::spawn_unchecked_::{{closure}}::{{closure}}::h9e86b2e2bc107ea3
[INFO] [stdout]                                at /rustc/90b35a6239c3d8bdabc530a6a0816f7ff89a0aaf/library/std/src/thread/mod.rs:538:17
[INFO] [stdout]   35:     0x581bc907d58e - <core::panic::unwind_safe::AssertUnwindSafe<F> as core::ops::function::FnOnce<()>>::call_once::h8b06ddb275ff4a25
[INFO] [stdout]                                at /rustc/90b35a6239c3d8bdabc530a6a0816f7ff89a0aaf/library/core/src/panic/unwind_safe.rs:272:9
[INFO] [stdout]   36:     0x581bc907d58e - std::panicking::try::do_call::hb26ecd7cd9a9355d
[INFO] [stdout]                                at /rustc/90b35a6239c3d8bdabc530a6a0816f7ff89a0aaf/library/std/src/panicking.rs:557:40
[INFO] [stdout]   37:     0x581bc907d58e - std::panicking::try::h8ddeca9d705f9069
[INFO] [stdout]                                at /rustc/90b35a6239c3d8bdabc530a6a0816f7ff89a0aaf/library/std/src/panicking.rs:520:19
[INFO] [stdout]   38:     0x581bc907d58e - std::panic::catch_unwind::h49e1c33078844c46
[INFO] [stdout]                                at /rustc/90b35a6239c3d8bdabc530a6a0816f7ff89a0aaf/library/std/src/panic.rs:358:14
[INFO] [stdout]   39:     0x581bc907d58e - std::thread::Builder::spawn_unchecked_::{{closure}}::h6073db6ff56ad35d
[INFO] [stdout]                                at /rustc/90b35a6239c3d8bdabc530a6a0816f7ff89a0aaf/library/std/src/thread/mod.rs:537:30
[INFO] [stdout]   40:     0x581bc907d58e - core::ops::function::FnOnce::call_once{{vtable.shim}}::h2c5a5f3779c774f1
[INFO] [stdout]                                at /rustc/90b35a6239c3d8bdabc530a6a0816f7ff89a0aaf/library/core/src/ops/function.rs:250:5
[INFO] [stdout]   41:     0x581bc95730db - <alloc::boxed::Box<F,A> as core::ops::function::FnOnce<Args>>::call_once::hf75717d9f28faebf
[INFO] [stdout]                                at /rustc/90b35a6239c3d8bdabc530a6a0816f7ff89a0aaf/library/alloc/src/boxed.rs:2454:9
[INFO] [stdout]   42:     0x581bc95730db - <alloc::boxed::Box<F,A> as core::ops::function::FnOnce<Args>>::call_once::h7bd883a5f3c5f3c1
[INFO] [stdout]                                at /rustc/90b35a6239c3d8bdabc530a6a0816f7ff89a0aaf/library/alloc/src/boxed.rs:2454:9
[INFO] [stdout]   43:     0x581bc95730db - std::sys::pal::unix::thread::Thread::new::thread_start::hcc78f3943333fa94
[INFO] [stdout]                                at /rustc/90b35a6239c3d8bdabc530a6a0816f7ff89a0aaf/library/std/src/sys/pal/unix/thread.rs:105:17
[INFO] [stdout]   44:     0x7f2bbdb29ac3 - <unknown>
[INFO] [stdout]   45:     0x7f2bbdbbaa04 - clone
[INFO] [stdout]   46:                0x0 - <unknown>
[INFO] [stdout] 
[INFO] [stdout] 
[INFO] [stdout] failures:
[INFO] [stdout]     tests::test_get_address_info
[INFO] [stdout]     tests::test_get_reverse_info
[INFO] [stdout] 
[INFO] [stdout] test result: FAILED. 0 passed; 2 failed; 0 ignored; 0 measured; 0 filtered out; finished in 0.19s
[INFO] [stdout] 
[INFO] [stderr] error: test failed, to rerun pass `--lib`
[INFO] running `Command { std: "docker" "inspect" "7b2956a7455931e324717fb7c4688d56287f073ffaaf9cdd3ae0debd9971586b", kill_on_drop: false }`
[INFO] running `Command { std: "docker" "rm" "-f" "7b2956a7455931e324717fb7c4688d56287f073ffaaf9cdd3ae0debd9971586b", kill_on_drop: false }`
[INFO] [stdout] 7b2956a7455931e324717fb7c4688d56287f073ffaaf9cdd3ae0debd9971586b
