[INFO] fetching crate apd 0.0.1...
[INFO] testing apd-0.0.1 against beta-2024-12-08 for beta-1.84.0-4-retry
[INFO] extracting crate apd 0.0.1 into /workspace/builds/worker-2-tc2/source
[INFO] validating manifest of crates.io crate apd 0.0.1 on toolchain beta-2024-12-08
[INFO] running `Command { std: CARGO_HOME="/workspace/cargo-home" RUSTUP_HOME="/workspace/rustup-home" "/workspace/cargo-home/bin/cargo" "+beta-2024-12-08" "metadata" "--manifest-path" "Cargo.toml" "--no-deps", kill_on_drop: false }`
[INFO] started tweaking crates.io crate apd 0.0.1
[INFO] finished tweaking crates.io crate apd 0.0.1
[INFO] tweaked toml for crates.io crate apd 0.0.1 written to /workspace/builds/worker-2-tc2/source/Cargo.toml
[INFO] running `Command { std: CARGO_HOME="/workspace/cargo-home" RUSTUP_HOME="/workspace/rustup-home" "/workspace/cargo-home/bin/cargo" "+beta-2024-12-08" "generate-lockfile" "--manifest-path" "Cargo.toml", kill_on_drop: false }`
[INFO] [stderr]     Blocking waiting for file lock on package cache
[INFO] [stderr]     Updating crates.io index
[INFO] [stderr]     Blocking waiting for file lock on package cache
[INFO] [stderr]      Locking 10 packages to latest compatible versions
[INFO] [stderr]       Adding ndarray v0.15.6 (available: v0.16.1)
[INFO] running `Command { std: CARGO_HOME="/workspace/cargo-home" RUSTUP_HOME="/workspace/rustup-home" "/workspace/cargo-home/bin/cargo" "+beta-2024-12-08" "fetch" "--manifest-path" "Cargo.toml", kill_on_drop: false }`
[INFO] [stderr]     Blocking waiting for file lock on package cache
[INFO] running `Command { std: "docker" "create" "-v" "/var/lib/crater-agent-workspace/builds/worker-2-tc2/target:/opt/rustwide/target:rw,Z" "-v" "/var/lib/crater-agent-workspace/builds/worker-2-tc2/source:/opt/rustwide/workdir:ro,Z" "-v" "/var/lib/crater-agent-workspace/cargo-home:/opt/rustwide/cargo-home:ro,Z" "-v" "/var/lib/crater-agent-workspace/rustup-home:/opt/rustwide/rustup-home:ro,Z" "-e" "SOURCE_DIR=/opt/rustwide/workdir" "-e" "CARGO_TARGET_DIR=/opt/rustwide/target" "-e" "CARGO_HOME=/opt/rustwide/cargo-home" "-e" "RUSTUP_HOME=/opt/rustwide/rustup-home" "-w" "/opt/rustwide/workdir" "-m" "1610612736" "--user" "0:0" "--network" "none" "ghcr.io/rust-lang/crates-build-env/linux@sha256:f3a9d4ad9d972b27faf3965f35b62e55ba32bbce8f20bc8fe909558a86702fde" "/opt/rustwide/cargo-home/bin/cargo" "+beta-2024-12-08" "metadata" "--no-deps" "--format-version=1", kill_on_drop: false }`
[INFO] [stdout] 1b56706948170bb96e0603543513b7d546a1bd644ee91cd52b45fdcbfe203360
[INFO] running `Command { std: "docker" "start" "-a" "1b56706948170bb96e0603543513b7d546a1bd644ee91cd52b45fdcbfe203360", kill_on_drop: false }`
[INFO] running `Command { std: "docker" "inspect" "1b56706948170bb96e0603543513b7d546a1bd644ee91cd52b45fdcbfe203360", kill_on_drop: false }`
[INFO] running `Command { std: "docker" "rm" "-f" "1b56706948170bb96e0603543513b7d546a1bd644ee91cd52b45fdcbfe203360", kill_on_drop: false }`
[INFO] [stdout] 1b56706948170bb96e0603543513b7d546a1bd644ee91cd52b45fdcbfe203360
[INFO] running `Command { std: "docker" "create" "-v" "/var/lib/crater-agent-workspace/builds/worker-2-tc2/target:/opt/rustwide/target:rw,Z" "-v" "/var/lib/crater-agent-workspace/builds/worker-2-tc2/source:/opt/rustwide/workdir:ro,Z" "-v" "/var/lib/crater-agent-workspace/cargo-home:/opt/rustwide/cargo-home:ro,Z" "-v" "/var/lib/crater-agent-workspace/rustup-home:/opt/rustwide/rustup-home:ro,Z" "-e" "SOURCE_DIR=/opt/rustwide/workdir" "-e" "CARGO_TARGET_DIR=/opt/rustwide/target" "-e" "CARGO_INCREMENTAL=0" "-e" "RUST_BACKTRACE=full" "-e" "RUSTFLAGS=--cap-lints=warn" "-e" "RUSTDOCFLAGS=--cap-lints=warn" "-e" "CARGO_HOME=/opt/rustwide/cargo-home" "-e" "RUSTUP_HOME=/opt/rustwide/rustup-home" "-w" "/opt/rustwide/workdir" "-m" "1610612736" "--user" "0:0" "--network" "none" "ghcr.io/rust-lang/crates-build-env/linux@sha256:f3a9d4ad9d972b27faf3965f35b62e55ba32bbce8f20bc8fe909558a86702fde" "/opt/rustwide/cargo-home/bin/cargo" "+beta-2024-12-08" "build" "--frozen" "--message-format=json", kill_on_drop: false }`
[INFO] [stdout] e84417704074b5f71abe77dc86d1078ee7dab5e90e63a40f25ebcf2d017f2ebe
[INFO] running `Command { std: "docker" "start" "-a" "e84417704074b5f71abe77dc86d1078ee7dab5e90e63a40f25ebcf2d017f2ebe", kill_on_drop: false }`
[INFO] [stderr]    Compiling autocfg v1.4.0
[INFO] [stderr]    Compiling rawpointer v0.2.1
[INFO] [stderr]    Compiling cgmath v0.18.0
[INFO] [stderr]    Compiling num-traits v0.2.19
[INFO] [stderr]    Compiling matrixmultiply v0.3.9
[INFO] [stderr]    Compiling num-complex v0.4.6
[INFO] [stderr]    Compiling num-integer v0.1.46
[INFO] [stderr]    Compiling approx v0.4.0
[INFO] [stderr]    Compiling ndarray v0.15.6
[INFO] [stderr]    Compiling apd v0.0.1 (/opt/rustwide/workdir)
[INFO] [stderr]     Finished `dev` profile [unoptimized + debuginfo] target(s) in 10.95s
[INFO] running `Command { std: "docker" "inspect" "e84417704074b5f71abe77dc86d1078ee7dab5e90e63a40f25ebcf2d017f2ebe", kill_on_drop: false }`
[INFO] running `Command { std: "docker" "rm" "-f" "e84417704074b5f71abe77dc86d1078ee7dab5e90e63a40f25ebcf2d017f2ebe", kill_on_drop: false }`
[INFO] [stdout] e84417704074b5f71abe77dc86d1078ee7dab5e90e63a40f25ebcf2d017f2ebe
[INFO] running `Command { std: "docker" "create" "-v" "/var/lib/crater-agent-workspace/builds/worker-2-tc2/target:/opt/rustwide/target:rw,Z" "-v" "/var/lib/crater-agent-workspace/builds/worker-2-tc2/source:/opt/rustwide/workdir:ro,Z" "-v" "/var/lib/crater-agent-workspace/cargo-home:/opt/rustwide/cargo-home:ro,Z" "-v" "/var/lib/crater-agent-workspace/rustup-home:/opt/rustwide/rustup-home:ro,Z" "-e" "SOURCE_DIR=/opt/rustwide/workdir" "-e" "CARGO_TARGET_DIR=/opt/rustwide/target" "-e" "CARGO_INCREMENTAL=0" "-e" "RUST_BACKTRACE=full" "-e" "RUSTFLAGS=--cap-lints=warn" "-e" "RUSTDOCFLAGS=--cap-lints=warn" "-e" "CARGO_HOME=/opt/rustwide/cargo-home" "-e" "RUSTUP_HOME=/opt/rustwide/rustup-home" "-w" "/opt/rustwide/workdir" "-m" "1610612736" "--user" "0:0" "--network" "none" "ghcr.io/rust-lang/crates-build-env/linux@sha256:f3a9d4ad9d972b27faf3965f35b62e55ba32bbce8f20bc8fe909558a86702fde" "/opt/rustwide/cargo-home/bin/cargo" "+beta-2024-12-08" "test" "--frozen" "--no-run" "--message-format=json", kill_on_drop: false }`
[INFO] [stdout] 30e6ede22941151e1c591cace670f5d6f351889e4b35e336ceb66005c1cb928d
[INFO] running `Command { std: "docker" "start" "-a" "30e6ede22941151e1c591cace670f5d6f351889e4b35e336ceb66005c1cb928d", kill_on_drop: false }`
[INFO] [stderr]    Compiling approx v0.5.1
[INFO] [stderr]    Compiling apd v0.0.1 (/opt/rustwide/workdir)
[INFO] [stderr]     Finished `test` profile [unoptimized + debuginfo] target(s) in 1.02s
[INFO] running `Command { std: "docker" "inspect" "30e6ede22941151e1c591cace670f5d6f351889e4b35e336ceb66005c1cb928d", kill_on_drop: false }`
[INFO] running `Command { std: "docker" "rm" "-f" "30e6ede22941151e1c591cace670f5d6f351889e4b35e336ceb66005c1cb928d", kill_on_drop: false }`
[INFO] [stdout] 30e6ede22941151e1c591cace670f5d6f351889e4b35e336ceb66005c1cb928d
[INFO] running `Command { std: "docker" "create" "-v" "/var/lib/crater-agent-workspace/builds/worker-2-tc2/target:/opt/rustwide/target:rw,Z" "-v" "/var/lib/crater-agent-workspace/builds/worker-2-tc2/source:/opt/rustwide/workdir:ro,Z" "-v" "/var/lib/crater-agent-workspace/cargo-home:/opt/rustwide/cargo-home:ro,Z" "-v" "/var/lib/crater-agent-workspace/rustup-home:/opt/rustwide/rustup-home:ro,Z" "-e" "SOURCE_DIR=/opt/rustwide/workdir" "-e" "CARGO_TARGET_DIR=/opt/rustwide/target" "-e" "CARGO_INCREMENTAL=0" "-e" "RUST_BACKTRACE=full" "-e" "RUSTFLAGS=--cap-lints=warn" "-e" "RUSTDOCFLAGS=--cap-lints=warn" "-e" "CARGO_HOME=/opt/rustwide/cargo-home" "-e" "RUSTUP_HOME=/opt/rustwide/rustup-home" "-w" "/opt/rustwide/workdir" "-m" "1610612736" "--user" "0:0" "--network" "none" "ghcr.io/rust-lang/crates-build-env/linux@sha256:f3a9d4ad9d972b27faf3965f35b62e55ba32bbce8f20bc8fe909558a86702fde" "/opt/rustwide/cargo-home/bin/cargo" "+beta-2024-12-08" "test" "--frozen", kill_on_drop: false }`
[INFO] [stdout] 898cde6f9eb797f14a298035dfd1d190a6b4aa9847d88bb31bba3ada8e802ae2
[INFO] running `Command { std: "docker" "start" "-a" "898cde6f9eb797f14a298035dfd1d190a6b4aa9847d88bb31bba3ada8e802ae2", kill_on_drop: false }`
[INFO] [stderr]     Finished `test` profile [unoptimized + debuginfo] target(s) in 0.03s
[INFO] [stderr]      Running unittests src/lib.rs (/opt/rustwide/target/debug/deps/apd-82f4da396fdb1946)
[INFO] [stdout] 
[INFO] [stdout] running 2 tests
[INFO] [stdout] test d2::test::test_interpolate_linear ... ok
[INFO] [stdout] test d2::test::test_interpolate_bicubic ... ok
[INFO] [stdout] 
[INFO] [stdout] test result: ok. 2 passed; 0 failed; 0 ignored; 0 measured; 0 filtered out; finished in 0.00s
[INFO] [stdout] 
[INFO] [stderr]    Doc-tests apd
[INFO] [stdout] 
[INFO] [stdout] running 3 tests
[INFO] [stdout] test src/lib.rs - (line 19) ... FAILED
[INFO] [stdout] test src/lib.rs - (line 27) ... FAILED
[INFO] [stdout] test src/lib.rs - (line 35) ... FAILED
[INFO] [stdout] 
[INFO] [stdout] failures:
[INFO] [stdout] 
[INFO] [stdout] ---- src/lib.rs - (line 19) stdout ----
[INFO] [stdout] error: expected one of `!`, `.`, `::`, `;`, `?`, `{`, `}`, or an operator, found `run`
[INFO] [stdout]  --> src/lib.rs:20:7
[INFO] [stdout]   |
[INFO] [stdout] 3 | cargo run --package advect --release
[INFO] [stdout]   |       ^^^ expected one of 8 possible tokens
[INFO] [stdout] 
[INFO] [stdout] error: aborting due to 1 previous error
[INFO] [stdout] 
[INFO] [stdout] Couldn't compile the test.
[INFO] [stdout] ---- src/lib.rs - (line 27) stdout ----
[INFO] [stdout] error: expected one of `!`, `.`, `::`, `;`, `?`, `{`, `}`, or an operator, found `run`
[INFO] [stdout]  --> src/lib.rs:28:7
[INFO] [stdout]   |
[INFO] [stdout] 3 | cargo run --package project --release
[INFO] [stdout]   |       ^^^ expected one of 8 possible tokens
[INFO] [stdout] 
[INFO] [stdout] error: aborting due to 1 previous error
[INFO] [stdout] 
[INFO] [stdout] Couldn't compile the test.
[INFO] [stdout] ---- src/lib.rs - (line 35) stdout ----
[INFO] [stdout] error: expected one of `!`, `.`, `::`, `;`, `?`, `{`, `}`, or an operator, found `run`
[INFO] [stdout]  --> src/lib.rs:36:7
[INFO] [stdout]   |
[INFO] [stdout] 3 | cargo run --package diffuse --release
[INFO] [stdout]   |       ^^^ expected one of 8 possible tokens
[INFO] [stdout] 
[INFO] [stdout] error: aborting due to 1 previous error
[INFO] [stdout] 
[INFO] [stdout] Couldn't compile the test.
[INFO] [stdout] 
[INFO] [stdout] failures:
[INFO] [stdout]     src/lib.rs - (line 19)
[INFO] [stdout]     src/lib.rs - (line 27)
[INFO] [stdout]     src/lib.rs - (line 35)
[INFO] [stdout] 
[INFO] [stdout] test result: FAILED. 0 passed; 3 failed; 0 ignored; 0 measured; 0 filtered out; finished in 0.14s
[INFO] [stdout] 
[INFO] [stderr] error: doctest failed, to rerun pass `--doc`
[INFO] running `Command { std: "docker" "inspect" "898cde6f9eb797f14a298035dfd1d190a6b4aa9847d88bb31bba3ada8e802ae2", kill_on_drop: false }`
[INFO] running `Command { std: "docker" "rm" "-f" "898cde6f9eb797f14a298035dfd1d190a6b4aa9847d88bb31bba3ada8e802ae2", kill_on_drop: false }`
[INFO] [stdout] 898cde6f9eb797f14a298035dfd1d190a6b4aa9847d88bb31bba3ada8e802ae2
