[INFO] fetching crate apalis-core 0.6.1...
[INFO] testing apalis-core-0.6.1 against 1.83.0 for beta-1.84.0-4-retry
[INFO] extracting crate apalis-core 0.6.1 into /workspace/builds/worker-5-tc1/source
[INFO] validating manifest of crates.io crate apalis-core 0.6.1 on toolchain 1.83.0
[INFO] running `Command { std: CARGO_HOME="/workspace/cargo-home" RUSTUP_HOME="/workspace/rustup-home" "/workspace/cargo-home/bin/cargo" "+1.83.0" "metadata" "--manifest-path" "Cargo.toml" "--no-deps", kill_on_drop: false }`
[INFO] started tweaking crates.io crate apalis-core 0.6.1
[INFO] finished tweaking crates.io crate apalis-core 0.6.1
[INFO] tweaked toml for crates.io crate apalis-core 0.6.1 written to /workspace/builds/worker-5-tc1/source/Cargo.toml
[INFO] running `Command { std: CARGO_HOME="/workspace/cargo-home" RUSTUP_HOME="/workspace/rustup-home" "/workspace/cargo-home/bin/cargo" "+1.83.0" "generate-lockfile" "--manifest-path" "Cargo.toml", kill_on_drop: false }`
[INFO] [stderr]     Updating crates.io index
[INFO] [stderr]      Locking 73 packages to latest compatible versions
[INFO] running `Command { std: CARGO_HOME="/workspace/cargo-home" RUSTUP_HOME="/workspace/rustup-home" "/workspace/cargo-home/bin/cargo" "+1.83.0" "fetch" "--manifest-path" "Cargo.toml", kill_on_drop: false }`
[INFO] running `Command { std: "docker" "create" "-v" "/var/lib/crater-agent-workspace/builds/worker-5-tc1/target:/opt/rustwide/target:rw,Z" "-v" "/var/lib/crater-agent-workspace/builds/worker-5-tc1/source:/opt/rustwide/workdir:ro,Z" "-v" "/var/lib/crater-agent-workspace/cargo-home:/opt/rustwide/cargo-home:ro,Z" "-v" "/var/lib/crater-agent-workspace/rustup-home:/opt/rustwide/rustup-home:ro,Z" "-e" "SOURCE_DIR=/opt/rustwide/workdir" "-e" "CARGO_TARGET_DIR=/opt/rustwide/target" "-e" "CARGO_HOME=/opt/rustwide/cargo-home" "-e" "RUSTUP_HOME=/opt/rustwide/rustup-home" "-w" "/opt/rustwide/workdir" "-m" "1610612736" "--user" "0:0" "--network" "none" "ghcr.io/rust-lang/crates-build-env/linux@sha256:f3a9d4ad9d972b27faf3965f35b62e55ba32bbce8f20bc8fe909558a86702fde" "/opt/rustwide/cargo-home/bin/cargo" "+1.83.0" "metadata" "--no-deps" "--format-version=1", kill_on_drop: false }`
[INFO] [stdout] 251f799925ec30dc5e2a28931afe1864fee89c12fc4717602fb8362c82e1f7cb
[INFO] running `Command { std: "docker" "start" "-a" "251f799925ec30dc5e2a28931afe1864fee89c12fc4717602fb8362c82e1f7cb", kill_on_drop: false }`
[INFO] running `Command { std: "docker" "inspect" "251f799925ec30dc5e2a28931afe1864fee89c12fc4717602fb8362c82e1f7cb", kill_on_drop: false }`
[INFO] running `Command { std: "docker" "rm" "-f" "251f799925ec30dc5e2a28931afe1864fee89c12fc4717602fb8362c82e1f7cb", kill_on_drop: false }`
[INFO] [stdout] 251f799925ec30dc5e2a28931afe1864fee89c12fc4717602fb8362c82e1f7cb
[INFO] running `Command { std: "docker" "create" "-v" "/var/lib/crater-agent-workspace/builds/worker-5-tc1/target:/opt/rustwide/target:rw,Z" "-v" "/var/lib/crater-agent-workspace/builds/worker-5-tc1/source:/opt/rustwide/workdir:ro,Z" "-v" "/var/lib/crater-agent-workspace/cargo-home:/opt/rustwide/cargo-home:ro,Z" "-v" "/var/lib/crater-agent-workspace/rustup-home:/opt/rustwide/rustup-home:ro,Z" "-e" "SOURCE_DIR=/opt/rustwide/workdir" "-e" "CARGO_TARGET_DIR=/opt/rustwide/target" "-e" "CARGO_INCREMENTAL=0" "-e" "RUST_BACKTRACE=full" "-e" "RUSTFLAGS=--cap-lints=warn" "-e" "RUSTDOCFLAGS=--cap-lints=warn" "-e" "CARGO_HOME=/opt/rustwide/cargo-home" "-e" "RUSTUP_HOME=/opt/rustwide/rustup-home" "-w" "/opt/rustwide/workdir" "-m" "1610612736" "--user" "0:0" "--network" "none" "ghcr.io/rust-lang/crates-build-env/linux@sha256:f3a9d4ad9d972b27faf3965f35b62e55ba32bbce8f20bc8fe909558a86702fde" "/opt/rustwide/cargo-home/bin/cargo" "+1.83.0" "build" "--frozen" "--message-format=json", kill_on_drop: false }`
[INFO] [stdout] 4ed588bf7dc8e834b25a0f85911cd45fa1a0c5637b329876c9a46c7019b1a8ce
[INFO] running `Command { std: "docker" "start" "-a" "4ed588bf7dc8e834b25a0f85911cd45fa1a0c5637b329876c9a46c7019b1a8ce", kill_on_drop: false }`
[INFO] [stderr]    Compiling proc-macro2 v1.0.92
[INFO] [stderr]    Compiling unicode-ident v1.0.14
[INFO] [stderr]    Compiling autocfg v1.4.0
[INFO] [stderr]    Compiling libc v0.2.168
[INFO] [stderr]    Compiling byteorder v1.5.0
[INFO] [stderr]    Compiling futures-core v0.3.31
[INFO] [stderr]    Compiling futures-sink v0.3.31
[INFO] [stderr]    Compiling cfg-if v1.0.0
[INFO] [stderr]    Compiling pin-utils v0.1.0
[INFO] [stderr]    Compiling futures-task v0.3.31
[INFO] [stderr]    Compiling futures-channel v0.3.31
[INFO] [stderr]    Compiling memchr v2.7.4
[INFO] [stderr]    Compiling pin-project-lite v0.2.15
[INFO] [stderr]    Compiling futures-io v0.3.31
[INFO] [stderr]    Compiling thiserror v2.0.7
[INFO] [stderr]    Compiling serde v1.0.216
[INFO] [stderr]    Compiling tower-service v0.3.3
[INFO] [stderr]    Compiling sync_wrapper v1.0.2
[INFO] [stderr]    Compiling tower-layer v0.3.3
[INFO] [stderr]    Compiling slab v0.4.9
[INFO] [stderr]    Compiling quote v1.0.37
[INFO] [stderr]    Compiling syn v2.0.90
[INFO] [stderr]    Compiling getrandom v0.2.15
[INFO] [stderr]    Compiling rand_core v0.6.4
[INFO] [stderr]    Compiling zerocopy-derive v0.7.35
[INFO] [stderr]    Compiling futures-macro v0.3.31
[INFO] [stderr]    Compiling thiserror-impl v2.0.7
[INFO] [stderr]    Compiling serde_derive v1.0.216
[INFO] [stderr]    Compiling futures-util v0.3.31
[INFO] [stderr]    Compiling zerocopy v0.7.35
[INFO] [stderr]    Compiling ppv-lite86 v0.2.20
[INFO] [stderr]    Compiling rand_chacha v0.3.1
[INFO] [stderr]    Compiling rand v0.8.5
[INFO] [stderr]    Compiling ulid v1.1.3
[INFO] [stderr]    Compiling futures-executor v0.3.31
[INFO] [stderr]    Compiling tower v0.5.2
[INFO] [stderr]    Compiling futures v0.3.31
[INFO] [stderr]    Compiling apalis-core v0.6.1 (/opt/rustwide/workdir)
[INFO] [stderr]     Finished `dev` profile [unoptimized + debuginfo] target(s) in 31.88s
[INFO] running `Command { std: "docker" "inspect" "4ed588bf7dc8e834b25a0f85911cd45fa1a0c5637b329876c9a46c7019b1a8ce", kill_on_drop: false }`
[INFO] running `Command { std: "docker" "rm" "-f" "4ed588bf7dc8e834b25a0f85911cd45fa1a0c5637b329876c9a46c7019b1a8ce", kill_on_drop: false }`
[INFO] [stdout] 4ed588bf7dc8e834b25a0f85911cd45fa1a0c5637b329876c9a46c7019b1a8ce
[INFO] running `Command { std: "docker" "create" "-v" "/var/lib/crater-agent-workspace/builds/worker-5-tc1/target:/opt/rustwide/target:rw,Z" "-v" "/var/lib/crater-agent-workspace/builds/worker-5-tc1/source:/opt/rustwide/workdir:ro,Z" "-v" "/var/lib/crater-agent-workspace/cargo-home:/opt/rustwide/cargo-home:ro,Z" "-v" "/var/lib/crater-agent-workspace/rustup-home:/opt/rustwide/rustup-home:ro,Z" "-e" "SOURCE_DIR=/opt/rustwide/workdir" "-e" "CARGO_TARGET_DIR=/opt/rustwide/target" "-e" "CARGO_INCREMENTAL=0" "-e" "RUST_BACKTRACE=full" "-e" "RUSTFLAGS=--cap-lints=warn" "-e" "RUSTDOCFLAGS=--cap-lints=warn" "-e" "CARGO_HOME=/opt/rustwide/cargo-home" "-e" "RUSTUP_HOME=/opt/rustwide/rustup-home" "-w" "/opt/rustwide/workdir" "-m" "1610612736" "--user" "0:0" "--network" "none" "ghcr.io/rust-lang/crates-build-env/linux@sha256:f3a9d4ad9d972b27faf3965f35b62e55ba32bbce8f20bc8fe909558a86702fde" "/opt/rustwide/cargo-home/bin/cargo" "+1.83.0" "test" "--frozen" "--no-run" "--message-format=json", kill_on_drop: false }`
[INFO] [stdout] d5b4e19154a98eaf699b63bb4c4ae8e3f6b0a4452107a1b262355a6f824e2237
[INFO] running `Command { std: "docker" "start" "-a" "d5b4e19154a98eaf699b63bb4c4ae8e3f6b0a4452107a1b262355a6f824e2237", kill_on_drop: false }`
[INFO] [stderr]    Compiling tokio-macros v2.4.0
[INFO] [stderr]    Compiling tokio v1.42.0
[INFO] [stderr]    Compiling tokio-stream v0.1.17
[INFO] [stderr]    Compiling apalis-core v0.6.1 (/opt/rustwide/workdir)
[INFO] [stderr]     Finished `test` profile [unoptimized + debuginfo] target(s) in 9.55s
[INFO] running `Command { std: "docker" "inspect" "d5b4e19154a98eaf699b63bb4c4ae8e3f6b0a4452107a1b262355a6f824e2237", kill_on_drop: false }`
[INFO] running `Command { std: "docker" "rm" "-f" "d5b4e19154a98eaf699b63bb4c4ae8e3f6b0a4452107a1b262355a6f824e2237", kill_on_drop: false }`
[INFO] [stdout] d5b4e19154a98eaf699b63bb4c4ae8e3f6b0a4452107a1b262355a6f824e2237
[INFO] running `Command { std: "docker" "create" "-v" "/var/lib/crater-agent-workspace/builds/worker-5-tc1/target:/opt/rustwide/target:rw,Z" "-v" "/var/lib/crater-agent-workspace/builds/worker-5-tc1/source:/opt/rustwide/workdir:ro,Z" "-v" "/var/lib/crater-agent-workspace/cargo-home:/opt/rustwide/cargo-home:ro,Z" "-v" "/var/lib/crater-agent-workspace/rustup-home:/opt/rustwide/rustup-home:ro,Z" "-e" "SOURCE_DIR=/opt/rustwide/workdir" "-e" "CARGO_TARGET_DIR=/opt/rustwide/target" "-e" "CARGO_INCREMENTAL=0" "-e" "RUST_BACKTRACE=full" "-e" "RUSTFLAGS=--cap-lints=warn" "-e" "RUSTDOCFLAGS=--cap-lints=warn" "-e" "CARGO_HOME=/opt/rustwide/cargo-home" "-e" "RUSTUP_HOME=/opt/rustwide/rustup-home" "-w" "/opt/rustwide/workdir" "-m" "1610612736" "--user" "0:0" "--network" "none" "ghcr.io/rust-lang/crates-build-env/linux@sha256:f3a9d4ad9d972b27faf3965f35b62e55ba32bbce8f20bc8fe909558a86702fde" "/opt/rustwide/cargo-home/bin/cargo" "+1.83.0" "test" "--frozen", kill_on_drop: false }`
[INFO] [stdout] 4fd5341c9310c827857ff3f6817de674d6c47623a6bbaee07d14b3abc6effc7b
[INFO] running `Command { std: "docker" "start" "-a" "4fd5341c9310c827857ff3f6817de674d6c47623a6bbaee07d14b3abc6effc7b", kill_on_drop: false }`
[INFO] [stderr]     Finished `test` profile [unoptimized + debuginfo] target(s) in 0.08s
[INFO] [stderr]      Running unittests src/lib.rs (/opt/rustwide/target/debug/deps/apalis_core-b64e75364615d214)
[INFO] [stdout] 
[INFO] [stdout] running 13 tests
[INFO] [stdout] test poller::stream::tests::test_backend_stream_unplugged ... ok
[INFO] [stdout] test data::test_extensions ... ok
[INFO] [stdout] test poller::stream::tests::test_backend_stream_plug_unplug ... ok
[INFO] [stdout] test task::task_id::tests::can_parse_id ... ok
[INFO] [stdout] test poller::stream::tests::test_backend_stream_plugged ... ok
[INFO] [stdout] test worker::tests::it_parses_worker_names ... ok
[INFO] [stdout] test worker::tests::it_works ... ok
[INFO] [stdout] test poller::stream::tests::test_backend_stream_with_interval_plugged ... ok
[INFO] [stdout] test poller::stream::tests::test_backend_stream_with_interval_unplugged ... ok
[INFO] [stdout] test poller::stream::tests::test_backend_stream_interval_plug_unplug ... ok
[INFO] [stdout] test monitor::tests::it_works_as_an_mq_backend ... ok
[INFO] [stdout] test monitor::tests::it_works_with_workers ... ok
[INFO] [stdout] test monitor::tests::test_monitor_run ... ok
[INFO] [stderr]    Doc-tests apalis_core
[INFO] [stdout] 
[INFO] [stdout] test result: ok. 13 passed; 0 failed; 0 ignored; 0 measured; 0 filtered out; finished in 2.01s
[INFO] [stdout] 
[INFO] [stdout] 
[INFO] [stdout] running 12 tests
[INFO] [stdout] test src/data.rs - data::Extensions::get_checked (line 96) ... FAILED
[INFO] [stdout] test src/data.rs - data::Extensions::get (line 77) ... ok
[INFO] [stdout] test src/builder.rs - builder::WorkerFactoryFn::build_fn (line 209) ... ok
[INFO] [stdout] test src/data.rs - data::Extensions::insert (line 59) ... ok
[INFO] [stdout] test src/data.rs - data::Extensions::is_empty (line 175) ... ok
[INFO] [stdout] test src/lib.rs - test_utils::TestWrapper<B,Request<Req,Ctx>,Res> (line 174) - compile ... ok
[INFO] [stdout] test src/data.rs - data::Extensions::len (line 191) ... ok
[INFO] [stdout] test src/data.rs - data::Extensions::get_mut (line 117) ... ok
[INFO] [stdout] test src/data.rs - data::Extensions::extend (line 210) ... ok
[INFO] [stdout] test src/data.rs - data::Extensions::clear (line 156) ... ok
[INFO] [stdout] test src/data.rs - data::Extensions::remove (line 138) ... ok
[INFO] [stdout] test src/layers.rs - layers::extensions::Data (line 75) ... ok
[INFO] [stdout] 
[INFO] [stdout] failures:
[INFO] [stdout] 
[INFO] [stdout] ---- src/data.rs - data::Extensions::get_checked (line 96) stdout ----
[INFO] [stdout] error[E0369]: binary operation `==` cannot be applied to type `Result<&i32, apalis_core::error::Error>`
[INFO] [stdout]   --> src/data.rs:103:1
[INFO] [stdout]    |
[INFO] [stdout] 10 | assert_eq!(ext.get_checked::<i32>(), Ok(&5i32));
[INFO] [stdout]    | ^^^^^^^^^^^^^^^^^^^^^^^^^^^^^^^^^^^^^^^^^^^^^^^
[INFO] [stdout]    | |
[INFO] [stdout]    | Result<&i32, apalis_core::error::Error>
[INFO] [stdout]    | Result<&i32, apalis_core::error::Error>
[INFO] [stdout]    |
[INFO] [stdout] note: the foreign item type `apalis_core::error::Error` doesn't implement `PartialEq`
[INFO] [stdout]   --> /opt/rustwide/workdir/src/error.rs:20:1
[INFO] [stdout]    |
[INFO] [stdout] 20 | pub enum Error {
[INFO] [stdout]    | ^^^^^^^^^^^^^^ not implement `PartialEq`
[INFO] [stdout]    = note: this error originates in the macro `assert_eq` (in Nightly builds, run with -Z macro-backtrace for more info)
[INFO] [stdout] 
[INFO] [stdout] error: aborting due to 1 previous error
[INFO] [stdout] 
[INFO] [stdout] For more information about this error, try `rustc --explain E0369`.
[INFO] [stdout] Couldn't compile the test.
[INFO] [stdout] 
[INFO] [stdout] failures:
[INFO] [stdout]     src/data.rs - data::Extensions::get_checked (line 96)
[INFO] [stdout] 
[INFO] [stdout] test result: FAILED. 11 passed; 1 failed; 0 ignored; 0 measured; 0 filtered out; finished in 3.86s
[INFO] [stdout] 
[INFO] [stderr] error: doctest failed, to rerun pass `--doc`
[INFO] running `Command { std: "docker" "inspect" "4fd5341c9310c827857ff3f6817de674d6c47623a6bbaee07d14b3abc6effc7b", kill_on_drop: false }`
[INFO] running `Command { std: "docker" "rm" "-f" "4fd5341c9310c827857ff3f6817de674d6c47623a6bbaee07d14b3abc6effc7b", kill_on_drop: false }`
[INFO] [stdout] 4fd5341c9310c827857ff3f6817de674d6c47623a6bbaee07d14b3abc6effc7b
