[INFO] fetching crate aori-rs 0.2.7...
[INFO] testing aori-rs-0.2.7 against 1.83.0 for beta-1.84.0-4-retry
[INFO] extracting crate aori-rs 0.2.7 into /workspace/builds/worker-3-tc1/source
[INFO] validating manifest of crates.io crate aori-rs 0.2.7 on toolchain 1.83.0
[INFO] running `Command { std: CARGO_HOME="/workspace/cargo-home" RUSTUP_HOME="/workspace/rustup-home" "/workspace/cargo-home/bin/cargo" "+1.83.0" "metadata" "--manifest-path" "Cargo.toml" "--no-deps", kill_on_drop: false }`
[INFO] started tweaking crates.io crate aori-rs 0.2.7
[INFO] finished tweaking crates.io crate aori-rs 0.2.7
[INFO] tweaked toml for crates.io crate aori-rs 0.2.7 written to /workspace/builds/worker-3-tc1/source/Cargo.toml
[INFO] crate crates.io crate aori-rs 0.2.7 already has a lockfile, it will not be regenerated
[INFO] running `Command { std: CARGO_HOME="/workspace/cargo-home" RUSTUP_HOME="/workspace/rustup-home" "/workspace/cargo-home/bin/cargo" "+1.83.0" "fetch" "--manifest-path" "Cargo.toml", kill_on_drop: false }`
[INFO] [stderr]     Updating crates.io index
[INFO] [stderr]  Downloading crates ...
[INFO] [stderr]   Downloaded jsonrpsee-ws-client v0.24.3
[INFO] [stderr]   Downloaded rustls-pemfile v2.0.0
[INFO] [stderr]   Downloaded loki-api v0.1.1
[INFO] [stderr]   Downloaded alloy-signer v0.2.1
[INFO] [stderr]   Downloaded alloy-network-primitives v0.2.1
[INFO] [stderr]   Downloaded alloy-transport-ipc v0.2.1
[INFO] [stderr]   Downloaded alloy-pubsub v0.2.1
[INFO] [stderr]   Downloaded alloy-serde v0.2.1
[INFO] [stderr]   Downloaded alloy-transport-ws v0.2.1
[INFO] [stderr]   Downloaded alloy-json-rpc v0.2.1
[INFO] [stderr]   Downloaded alloy-dyn-abi v0.7.7
[INFO] [stderr]   Downloaded alloy-contract v0.2.1
[INFO] [stderr]   Downloaded alloy-network v0.2.1
[INFO] [stderr]   Downloaded alloy-rpc-types-engine v0.2.1
[INFO] [stderr]   Downloaded alloy-provider v0.2.1
[INFO] [stderr]   Downloaded alloy v0.2.1
[INFO] [stderr]   Downloaded alloy-primitives v0.7.7
[INFO] [stderr]   Downloaded pest v2.7.6
[INFO] [stderr]   Downloaded alloy-sol-types v0.7.7
[INFO] [stderr]   Downloaded bson v2.10.0
[INFO] [stderr]   Downloaded jsonrpsee-server v0.24.3
[INFO] [stderr]   Downloaded alloy-rpc-types-eth v0.2.1
[INFO] [stderr]   Downloaded alloy-sol-macro-expander v0.7.7
[INFO] [stderr]   Downloaded syn-solidity v0.7.7
[INFO] [stderr]   Downloaded alloy-consensus v0.2.1
[INFO] [stderr]   Downloaded alloy-genesis v0.2.1
[INFO] [stderr]   Downloaded alloy-transport v0.2.1
[INFO] [stderr]   Downloaded alloy-sol-type-parser v0.7.7
[INFO] [stderr]   Downloaded alloy-json-abi v0.7.7
[INFO] [stderr]   Downloaded alloy-sol-macro-input v0.7.7
[INFO] [stderr]   Downloaded alloy-sol-macro v0.7.7
[INFO] [stderr]   Downloaded jsonrpsee-proc-macros v0.24.3
[INFO] [stderr]   Downloaded jsonrpsee-client-transport v0.24.3
[INFO] [stderr]   Downloaded alloy-chains v0.1.28
[INFO] [stderr]   Downloaded alloy-rpc-client v0.2.1
[INFO] [stderr]   Downloaded alloy-eips v0.2.1
[INFO] [stderr]   Downloaded alloy-transport-http v0.2.1
[INFO] [stderr]   Downloaded const-hex v1.10.0
[INFO] [stderr]   Downloaded alloy-core v0.7.7
[INFO] [stderr]   Downloaded alloy-rpc-types v0.2.1
[INFO] [stderr]   Downloaded alloy-signer-local v0.2.1
[INFO] [stderr]   Downloaded tracing-loki v0.2.4
[INFO] [stderr]   Downloaded jsonrpsee-http-client v0.24.3
[INFO] [stderr]   Downloaded jsonrpsee-types v0.24.3
[INFO] [stderr]   Downloaded jsonrpsee v0.24.3
[INFO] [stderr]   Downloaded jsonrpsee-core v0.24.3
[INFO] [stderr]   Downloaded alloy-rlp-derive v0.3.8
[INFO] running `Command { std: "docker" "create" "-v" "/var/lib/crater-agent-workspace/builds/worker-3-tc1/target:/opt/rustwide/target:rw,Z" "-v" "/var/lib/crater-agent-workspace/builds/worker-3-tc1/source:/opt/rustwide/workdir:ro,Z" "-v" "/var/lib/crater-agent-workspace/cargo-home:/opt/rustwide/cargo-home:ro,Z" "-v" "/var/lib/crater-agent-workspace/rustup-home:/opt/rustwide/rustup-home:ro,Z" "-e" "SOURCE_DIR=/opt/rustwide/workdir" "-e" "CARGO_TARGET_DIR=/opt/rustwide/target" "-e" "CARGO_HOME=/opt/rustwide/cargo-home" "-e" "RUSTUP_HOME=/opt/rustwide/rustup-home" "-w" "/opt/rustwide/workdir" "-m" "1610612736" "--user" "0:0" "--network" "none" "ghcr.io/rust-lang/crates-build-env/linux@sha256:f3a9d4ad9d972b27faf3965f35b62e55ba32bbce8f20bc8fe909558a86702fde" "/opt/rustwide/cargo-home/bin/cargo" "+1.83.0" "metadata" "--no-deps" "--format-version=1", kill_on_drop: false }`
[INFO] [stdout] 4780841766b9f848fc1c686a9d6dab9f7dd46cdf41567a887196825f85b0741a
[INFO] running `Command { std: "docker" "start" "-a" "4780841766b9f848fc1c686a9d6dab9f7dd46cdf41567a887196825f85b0741a", kill_on_drop: false }`
[INFO] running `Command { std: "docker" "inspect" "4780841766b9f848fc1c686a9d6dab9f7dd46cdf41567a887196825f85b0741a", kill_on_drop: false }`
[INFO] running `Command { std: "docker" "rm" "-f" "4780841766b9f848fc1c686a9d6dab9f7dd46cdf41567a887196825f85b0741a", kill_on_drop: false }`
[INFO] [stdout] 4780841766b9f848fc1c686a9d6dab9f7dd46cdf41567a887196825f85b0741a
[INFO] running `Command { std: "docker" "create" "-v" "/var/lib/crater-agent-workspace/builds/worker-3-tc1/target:/opt/rustwide/target:rw,Z" "-v" "/var/lib/crater-agent-workspace/builds/worker-3-tc1/source:/opt/rustwide/workdir:ro,Z" "-v" "/var/lib/crater-agent-workspace/cargo-home:/opt/rustwide/cargo-home:ro,Z" "-v" "/var/lib/crater-agent-workspace/rustup-home:/opt/rustwide/rustup-home:ro,Z" "-e" "SOURCE_DIR=/opt/rustwide/workdir" "-e" "CARGO_TARGET_DIR=/opt/rustwide/target" "-e" "CARGO_INCREMENTAL=0" "-e" "RUST_BACKTRACE=full" "-e" "RUSTFLAGS=--cap-lints=warn" "-e" "RUSTDOCFLAGS=--cap-lints=warn" "-e" "CARGO_HOME=/opt/rustwide/cargo-home" "-e" "RUSTUP_HOME=/opt/rustwide/rustup-home" "-w" "/opt/rustwide/workdir" "-m" "1610612736" "--user" "0:0" "--network" "none" "ghcr.io/rust-lang/crates-build-env/linux@sha256:f3a9d4ad9d972b27faf3965f35b62e55ba32bbce8f20bc8fe909558a86702fde" "/opt/rustwide/cargo-home/bin/cargo" "+1.83.0" "build" "--frozen" "--message-format=json", kill_on_drop: false }`
[INFO] [stdout] c229610636955a30b0536922681f169e3587198286769d1501ffb4893304a733
[INFO] running `Command { std: "docker" "start" "-a" "c229610636955a30b0536922681f169e3587198286769d1501ffb4893304a733", kill_on_drop: false }`
[INFO] [stderr]    Compiling proc-macro2 v1.0.78
[INFO] [stderr]    Compiling libc v0.2.152
[INFO] [stderr]    Compiling version_check v0.9.4
[INFO] [stderr]    Compiling serde v1.0.195
[INFO] [stderr]    Compiling once_cell v1.19.0
[INFO] [stderr]    Compiling itoa v1.0.10
[INFO] [stderr]    Compiling autocfg v1.1.0
[INFO] [stderr]    Compiling subtle v2.5.0
[INFO] [stderr]    Compiling pin-project-lite v0.2.13
[INFO] [stderr]    Compiling log v0.4.20
[INFO] [stderr]    Compiling const-oid v0.9.6
[INFO] [stderr]    Compiling zerocopy v0.7.34
[INFO] [stderr]    Compiling cpufeatures v0.2.12
[INFO] [stderr]    Compiling smallvec v1.13.1
[INFO] [stderr]    Compiling ryu v1.0.16
[INFO] [stderr]    Compiling syn v1.0.109
[INFO] [stderr]    Compiling parking_lot_core v0.9.9
[INFO] [stderr]    Compiling futures-core v0.3.30
[INFO] [stderr]    Compiling futures-sink v0.3.30
[INFO] [stderr]    Compiling futures-io v0.3.30
[INFO] [stderr]    Compiling memchr v2.7.1
[INFO] [stderr]    Compiling futures-channel v0.3.30
[INFO] [stderr]    Compiling tracing-core v0.1.32
[INFO] [stderr]    Compiling futures-task v0.3.30
[INFO] [stderr]    Compiling crunchy v0.2.2
[INFO] [stderr]    Compiling ruint-macro v1.2.1
[INFO] [stderr]    Compiling serde_json v1.0.111
[INFO] [stderr]    Compiling lock_api v0.4.11
[INFO] [stderr]    Compiling slab v0.4.9
[INFO] [stderr]    Compiling tiny-keccak v2.0.2
[INFO] [stderr]    Compiling hex-literal v0.4.1
[INFO] [stderr]    Compiling base16ct v0.2.0
[INFO] [stderr]    Compiling ppv-lite86 v0.2.17
[INFO] [stderr]    Compiling thiserror v1.0.56
[INFO] [stderr]    Compiling arrayvec v0.7.4
[INFO] [stderr]    Compiling generic-array v0.14.7
[INFO] [stderr]    Compiling ahash v0.8.11
[INFO] [stderr]    Compiling httparse v1.8.0
[INFO] [stderr]    Compiling hashbrown v0.14.3
[INFO] [stderr]    Compiling paste v1.0.14
[INFO] [stderr]    Compiling quote v1.0.35
[INFO] [stderr]    Compiling proc-macro-error-attr v1.0.4
[INFO] [stderr]    Compiling winnow v0.6.8
[INFO] [stderr]    Compiling proc-macro-error v1.0.4
[INFO] [stderr]    Compiling num-traits v0.2.19
[INFO] [stderr]    Compiling rustls-pki-types v1.8.0
[INFO] [stderr]    Compiling tower-service v0.3.2
[INFO] [stderr]    Compiling dunce v1.0.4
[INFO] [stderr]    Compiling syn v2.0.48
[INFO] [stderr]    Compiling tinyvec v1.6.0
[INFO] [stderr]    Compiling indexmap v1.9.3
[INFO] [stderr]    Compiling unicode-bidi v0.3.15
[INFO] [stderr]    Compiling cc v1.0.83
[INFO] [stderr]    Compiling vcpkg v0.2.15
[INFO] [stderr]    Compiling pkg-config v0.3.30
[INFO] [stderr]    Compiling indexmap v2.1.0
[INFO] [stderr]    Compiling try-lock v0.2.5
[INFO] [stderr]    Compiling openssl-probe v0.1.5
[INFO] [stderr]    Compiling want v0.3.1
[INFO] [stderr]    Compiling getrandom v0.2.12
[INFO] [stderr]    Compiling socket2 v0.5.5
[INFO] [stderr]    Compiling rand_core v0.6.4
[INFO] [stderr]    Compiling parking_lot v0.12.1
[INFO] [stderr]    Compiling signal-hook-registry v1.4.2
[INFO] [stderr]    Compiling mio v1.0.2
[INFO] [stderr]    Compiling ff v0.13.0
[INFO] [stderr]    Compiling rand_chacha v0.3.1
[INFO] [stderr]    Compiling unicode-normalization v0.1.22
[INFO] [stderr]    Compiling group v0.13.0
[INFO] [stderr]    Compiling httpdate v1.0.3
[INFO] [stderr]    Compiling spin v0.9.8
[INFO] [stderr]    Compiling rand v0.8.5
[INFO] [stderr]    Compiling hdrhistogram v7.5.4
[INFO] [stderr]    Compiling tower-layer v0.3.2
[INFO] [stderr]    Compiling base64 v0.22.1
[INFO] [stderr]    Compiling rustls v0.23.12
[INFO] [stderr]    Compiling openssl v0.10.64
[INFO] [stderr]    Compiling async-trait v0.1.77
[INFO] [stderr]    Compiling foreign-types-shared v0.1.1
[INFO] [stderr]    Compiling foreign-types v0.3.2
[INFO] [stderr]    Compiling native-tls v0.2.11
[INFO] [stderr]    Compiling bitflags v2.6.0
[INFO] [stderr]    Compiling rustls-pemfile v2.0.0
[INFO] [stderr]    Compiling num_cpus v1.16.0
[INFO] [stderr]    Compiling futures-utils-wasm v0.1.0
[INFO] [stderr]    Compiling ring v0.17.7
[INFO] [stderr]    Compiling openssl-sys v0.9.102
[INFO] [stderr]    Compiling idna v0.5.0
[INFO] [stderr]    Compiling blst v0.3.13
[INFO] [stderr]    Compiling c-kzg v1.0.3
[INFO] [stderr]    Compiling rustversion v1.0.16
[INFO] [stderr]    Compiling threadpool v1.8.1
[INFO] [stderr]    Compiling ipnet v2.9.0
[INFO] [stderr]    Compiling mime v0.3.17
[INFO] [stderr]    Compiling either v1.9.0
[INFO] [stderr]    Compiling url v2.5.0
[INFO] [stderr]    Compiling anyhow v1.0.79
[INFO] [stderr]    Compiling bimap v0.6.3
[INFO] [stderr]    Compiling itertools v0.13.0
[INFO] [stderr]    Compiling utf-8 v0.7.6
[INFO] [stderr]    Compiling webpki-roots v0.26.3
[INFO] [stderr]    Compiling heck v0.4.1
[INFO] [stderr]    Compiling doctest-file v1.0.0
[INFO] [stderr]    Compiling sync_wrapper v1.0.1
[INFO] [stderr]    Compiling rustc-hash v2.0.0
[INFO] [stderr]    Compiling futures-timer v3.0.2
[INFO] [stderr]    Compiling rustls-native-certs v0.7.0
[INFO] [stderr]    Compiling winnow v0.5.34
[INFO] [stderr]    Compiling itertools v0.10.5
[INFO] [stderr]    Compiling regex-syntax v0.8.2
[INFO] [stderr]    Compiling radium v0.7.0
[INFO] [stderr]    Compiling regex-automata v0.1.10
[INFO] [stderr]    Compiling lru v0.12.4
[INFO] [stderr]    Compiling dashmap v5.5.3
[INFO] [stderr]    Compiling snap v1.1.1
[INFO] [stderr]    Compiling tap v1.0.1
[INFO] [stderr]    Compiling lazy_static v1.4.0
[INFO] [stderr]    Compiling overload v0.1.1
[INFO] [stderr]    Compiling time-macros v0.2.18
[INFO] [stderr]    Compiling nu-ansi-term v0.46.0
[INFO] [stderr]    Compiling derive_more v0.99.17
[INFO] [stderr]    Compiling sharded-slab v0.1.7
[INFO] [stderr]    Compiling wyz v0.5.1
[INFO] [stderr]    Compiling rustls-pemfile v1.0.4
[INFO] [stderr]    Compiling tracing-log v0.2.0
[INFO] [stderr]    Compiling syn-solidity v0.7.7
[INFO] [stderr]    Compiling matchers v0.1.0
[INFO] [stderr]    Compiling thread_local v1.1.7
[INFO] [stderr]    Compiling encoding_rs v0.8.34
[INFO] [stderr]    Compiling sync_wrapper v0.1.2
[INFO] [stderr]    Compiling eyre v0.6.12
[INFO] [stderr]    Compiling route-recognizer v0.3.1
[INFO] [stderr]    Compiling funty v2.0.0
[INFO] [stderr]    Compiling prost-derive v0.11.9
[INFO] [stderr]    Compiling tracing-log v0.1.4
[INFO] [stderr]    Compiling indenter v0.3.3
[INFO] [stderr]    Compiling regex-automata v0.4.4
[INFO] [stderr]    Compiling bitvec v1.0.1
[INFO] [stderr]    Compiling minimal-lexical v0.2.1
[INFO] [stderr]    Compiling base64 v0.13.1
[INFO] [stderr]    Compiling toml_edit v0.21.1
[INFO] [stderr]    Compiling iana-time-zone v0.1.60
[INFO] [stderr]    Compiling nom v7.1.3
[INFO] [stderr]    Compiling dotenv v0.15.0
[INFO] [stderr]    Compiling time v0.3.36
[INFO] [stderr]    Compiling rustls-webpki v0.102.6
[INFO] [stderr]    Compiling serde_derive v1.0.195
[INFO] [stderr]    Compiling zeroize_derive v1.4.2
[INFO] [stderr]    Compiling tracing-attributes v0.1.27
[INFO] [stderr]    Compiling tokio-macros v2.4.0
[INFO] [stderr]    Compiling futures-macro v0.3.30
[INFO] [stderr]    Compiling alloy-rlp-derive v0.3.8
[INFO] [stderr]    Compiling thiserror-impl v1.0.56
[INFO] [stderr]    Compiling pin-project-internal v1.1.3
[INFO] [stderr]    Compiling openssl-macros v0.1.1
[INFO] [stderr]    Compiling zeroize v1.7.0
[INFO] [stderr]    Compiling der v0.7.8
[INFO] [stderr]    Compiling futures-util v0.3.30
[INFO] [stderr]    Compiling auto_impl v1.2.0
[INFO] [stderr]    Compiling crypto-common v0.1.6
[INFO] [stderr]    Compiling block-buffer v0.10.4
[INFO] [stderr]    Compiling tracing v0.1.40
[INFO] [stderr]    Compiling digest v0.10.7
[INFO] [stderr]    Compiling crypto-bigint v0.5.5
[INFO] [stderr]    Compiling strum_macros v0.26.2
[INFO] [stderr]    Compiling num_enum_derive v0.7.2
[INFO] [stderr]    Compiling hmac v0.12.1
[INFO] [stderr]    Compiling rfc6979 v0.4.0
[INFO] [stderr]    Compiling signature v2.2.0
[INFO] [stderr]    Compiling sha2 v0.10.8
[INFO] [stderr]    Compiling pin-project v1.1.3
[INFO] [stderr]    Compiling sha1 v0.10.6
[INFO] [stderr]    Compiling async-stream-impl v0.3.5
[INFO] [stderr]    Compiling proc-macro-crate v3.1.0
[INFO] [stderr]    Compiling regex v1.10.3
[INFO] [stderr]    Compiling sec1 v0.7.3
[INFO] [stderr]    Compiling spki v0.7.3
[INFO] [stderr]    Compiling tracing-subscriber v0.3.18
[INFO] [stderr]    Compiling async-stream v0.3.5
[INFO] [stderr]    Compiling jsonrpsee-proc-macros v0.24.3
[INFO] [stderr]    Compiling num_enum v0.7.2
[INFO] [stderr]    Compiling elliptic-curve v0.13.8
[INFO] [stderr]    Compiling ecdsa v0.16.9
[INFO] [stderr]    Compiling strum v0.26.2
[INFO] [stderr]    Compiling alloy-chains v0.1.28
[INFO] [stderr]    Compiling futures-executor v0.3.30
[INFO] [stderr]    Compiling futures v0.3.30
[INFO] [stderr]    Compiling k256 v0.13.3
[INFO] [stderr]    Compiling const-hex v1.10.0
[INFO] [stderr]    Compiling ruint v1.12.3
[INFO] [stderr]    Compiling bytes v1.7.1
[INFO] [stderr]    Compiling alloy-sol-type-parser v0.7.7
[INFO] [stderr]    Compiling rustls-platform-verifier v0.3.4
[INFO] [stderr]    Compiling serde_urlencoded v0.7.1
[INFO] [stderr]    Compiling uuid v1.8.0
[INFO] [stderr]    Compiling tracing-serde v0.1.3
[INFO] [stderr]    Compiling serde_bytes v0.11.14
[INFO] [stderr]    Compiling chrono v0.4.38
[INFO] [stderr]    Compiling alloy-primitives v0.7.7
[INFO] [stderr]    Compiling tokio v1.39.3
[INFO] [stderr]    Compiling alloy-rlp v0.3.4
[INFO] [stderr]    Compiling http v1.1.0
[INFO] [stderr]    Compiling http v0.2.11
[INFO] [stderr]    Compiling prost v0.11.9
[INFO] [stderr]    Compiling bson v2.10.0
[INFO] [stderr]    Compiling prost-types v0.11.9
[INFO] [stderr]    Compiling alloy-json-abi v0.7.7
[INFO] [stderr]    Compiling http-body v0.4.6
[INFO] [stderr]    Compiling http-body v1.0.1
[INFO] [stderr]    Compiling tungstenite v0.23.0
[INFO] [stderr]    Compiling jsonrpsee-types v0.24.3
[INFO] [stderr]    Compiling soketto v0.8.0
[INFO] [stderr]    Compiling http-body-util v0.1.2
[INFO] [stderr]    Compiling alloy-sol-macro-input v0.7.7
[INFO] [stderr]    Compiling loki-api v0.1.1
[INFO] [stderr]    Compiling alloy-sol-macro-expander v0.7.7
[INFO] [stderr]    Compiling alloy-serde v0.2.1
[INFO] [stderr]    Compiling alloy-signer v0.2.1
[INFO] [stderr]    Compiling alloy-eips v0.2.1
[INFO] [stderr]    Compiling alloy-network-primitives v0.2.1
[INFO] [stderr]    Compiling alloy-consensus v0.2.1
[INFO] [stderr]    Compiling alloy-sol-macro v0.7.7
[INFO] [stderr]    Compiling tokio-util v0.7.10
[INFO] [stderr]    Compiling tokio-rustls v0.26.0
[INFO] [stderr]    Compiling tokio-native-tls v0.3.1
[INFO] [stderr]    Compiling interprocess v2.2.1
[INFO] [stderr]    Compiling tokio-tungstenite v0.23.1
[INFO] [stderr]    Compiling tower v0.4.13
[INFO] [stderr]    Compiling tokio-stream v0.1.14
[INFO] [stderr]    Compiling h2 v0.4.6
[INFO] [stderr]    Compiling h2 v0.3.24
[INFO] [stderr]    Compiling jsonrpsee-core v0.24.3
[INFO] [stderr]    Compiling alloy-sol-types v0.7.7
[INFO] [stderr]    Compiling alloy-json-rpc v0.2.1
[INFO] [stderr]    Compiling alloy-rpc-types-eth v0.2.1
[INFO] [stderr]    Compiling alloy-dyn-abi v0.7.7
[INFO] [stderr]    Compiling jsonrpsee-client-transport v0.24.3
[INFO] [stderr]    Compiling jsonrpsee-ws-client v0.24.3
[INFO] [stderr]    Compiling alloy-transport v0.2.1
[INFO] [stderr]    Compiling alloy-core v0.7.7
[INFO] [stderr]    Compiling alloy-pubsub v0.2.1
[INFO] [stderr]    Compiling alloy-transport-ipc v0.2.1
[INFO] [stderr]    Compiling alloy-transport-ws v0.2.1
[INFO] [stderr]    Compiling hyper v1.4.1
[INFO] [stderr]    Compiling hyper v0.14.28
[INFO] [stderr]    Compiling alloy-network v0.2.1
[INFO] [stderr]    Compiling alloy-rpc-types v0.2.1
[INFO] [stderr]    Compiling hyper-util v0.1.7
[INFO] [stderr]    Compiling alloy-signer-local v0.2.1
[INFO] [stderr]    Compiling hyper-tls v0.6.0
[INFO] [stderr]    Compiling hyper-rustls v0.27.2
[INFO] [stderr]    Compiling jsonrpsee-server v0.24.3
[INFO] [stderr]    Compiling reqwest v0.12.5
[INFO] [stderr]    Compiling jsonrpsee-http-client v0.24.3
[INFO] [stderr]    Compiling jsonrpsee v0.24.3
[INFO] [stderr]    Compiling alloy-transport-http v0.2.1
[INFO] [stderr]    Compiling hyper-tls v0.5.0
[INFO] [stderr]    Compiling reqwest v0.11.27
[INFO] [stderr]    Compiling alloy-rpc-client v0.2.1
[INFO] [stderr]    Compiling alloy-provider v0.2.1
[INFO] [stderr]    Compiling tracing-loki v0.2.4
[INFO] [stderr]    Compiling alloy-contract v0.2.1
[INFO] [stderr]    Compiling alloy v0.2.1
[INFO] [stderr]    Compiling aori-rs v0.2.7 (/opt/rustwide/workdir)
[INFO] [stdout] warning: derive helper attribute is used before it is introduced
[INFO] [stdout]   --> src/response.rs:10:3
[INFO] [stdout]    |
[INFO] [stdout] 10 | #[serde(rename_all = "camelCase")]
[INFO] [stdout]    |   ^^^^^
[INFO] [stdout] 11 | #[derive(Clone, Serialize, Deserialize, PartialEq, Debug)]
[INFO] [stdout]    |                 --------- the attribute is introduced here
[INFO] [stdout]    |
[INFO] [stdout]    = warning: this was previously accepted by the compiler but is being phased out; it will become a hard error in a future release!
[INFO] [stdout]    = note: for more information, see issue #79202 <https://github.com/rust-lang/rust/issues/79202>
[INFO] [stdout]    = note: `#[warn(legacy_derive_helpers)]` on by default
[INFO] [stdout] 
[INFO] [stdout] 
[INFO] [stdout] warning: unused import: `AoriV2::Order`
[INFO] [stdout]  --> src/request.rs:3:24
[INFO] [stdout]   |
[INFO] [stdout] 3 | use crate::{AoriOrder, AoriV2::Order};
[INFO] [stdout]   |                        ^^^^^^^^^^^^^
[INFO] [stdout]   |
[INFO] [stdout]   = note: `#[warn(unused_imports)]` on by default
[INFO] [stdout] 
[INFO] [stdout] 
[INFO] [stdout] warning: unused imports: `Address` and `U256`
[INFO] [stdout]  --> src/subscription.rs:3:25
[INFO] [stdout]   |
[INFO] [stdout] 3 | use alloy::primitives::{Address, U256};
[INFO] [stdout]   |                         ^^^^^^^  ^^^^
[INFO] [stdout] 
[INFO] [stdout] 
[INFO] [stdout] warning: unused imports: `DetailsToExecute` and `QuoteRequestedData`
[INFO] [stdout]  --> src/subscription.rs:8:13
[INFO] [stdout]   |
[INFO] [stdout] 8 | use crate::{DetailsToExecute, SettledMatch, QuoteReceivedData, CalldataToExecuteData, QuoteRequestedData};
[INFO] [stdout]   |             ^^^^^^^^^^^^^^^^                                                          ^^^^^^^^^^^^^^^^^^
[INFO] [stdout] 
[INFO] [stdout] 
[INFO] [stdout] warning: unused variable: `e`
[INFO] [stdout]    --> src/shared_types.rs:270:13
[INFO] [stdout]     |
[INFO] [stdout] 270 |         Err(e) => return Err("Signature signer could not be retrieved"),
[INFO] [stdout]     |             ^ help: if this is intentional, prefix it with an underscore: `_e`
[INFO] [stdout]     |
[INFO] [stdout]     = note: `#[warn(unused_variables)]` on by default
[INFO] [stdout] 
[INFO] [stdout] 
[INFO] [stdout] warning: function `AORI_V2_SINGLE_CHAIN_ZONE_ADDRESSES` should have a snake case name
[INFO] [stdout]   --> src/constants.rs:53:8
[INFO] [stdout]    |
[INFO] [stdout] 53 | pub fn AORI_V2_SINGLE_CHAIN_ZONE_ADDRESSES() -> HashMap<ChainId, HashSet<String>> {
[INFO] [stdout]    |        ^^^^^^^^^^^^^^^^^^^^^^^^^^^^^^^^^^^ help: convert the identifier to snake case: `aori_v2_single_chain_zone_addresses`
[INFO] [stdout]    |
[INFO] [stdout]    = note: `#[warn(non_snake_case)]` on by default
[INFO] [stdout] 
[INFO] [stdout] 
[INFO] [stdout] warning: function `SUPPORTED_AORI_CHAINS` should have a snake case name
[INFO] [stdout]   --> src/constants.rs:64:8
[INFO] [stdout]    |
[INFO] [stdout] 64 | pub fn SUPPORTED_AORI_CHAINS() -> HashSet<U256> {
[INFO] [stdout]    |        ^^^^^^^^^^^^^^^^^^^^^ help: convert the identifier to snake case: `supported_aori_chains`
[INFO] [stdout] 
[INFO] [stdout] 
[INFO] [stderr]     Finished `dev` profile [unoptimized + debuginfo] target(s) in 2m 04s
[INFO] running `Command { std: "docker" "inspect" "c229610636955a30b0536922681f169e3587198286769d1501ffb4893304a733", kill_on_drop: false }`
[INFO] running `Command { std: "docker" "rm" "-f" "c229610636955a30b0536922681f169e3587198286769d1501ffb4893304a733", kill_on_drop: false }`
[INFO] [stdout] c229610636955a30b0536922681f169e3587198286769d1501ffb4893304a733
[INFO] running `Command { std: "docker" "create" "-v" "/var/lib/crater-agent-workspace/builds/worker-3-tc1/target:/opt/rustwide/target:rw,Z" "-v" "/var/lib/crater-agent-workspace/builds/worker-3-tc1/source:/opt/rustwide/workdir:ro,Z" "-v" "/var/lib/crater-agent-workspace/cargo-home:/opt/rustwide/cargo-home:ro,Z" "-v" "/var/lib/crater-agent-workspace/rustup-home:/opt/rustwide/rustup-home:ro,Z" "-e" "SOURCE_DIR=/opt/rustwide/workdir" "-e" "CARGO_TARGET_DIR=/opt/rustwide/target" "-e" "CARGO_INCREMENTAL=0" "-e" "RUST_BACKTRACE=full" "-e" "RUSTFLAGS=--cap-lints=warn" "-e" "RUSTDOCFLAGS=--cap-lints=warn" "-e" "CARGO_HOME=/opt/rustwide/cargo-home" "-e" "RUSTUP_HOME=/opt/rustwide/rustup-home" "-w" "/opt/rustwide/workdir" "-m" "1610612736" "--user" "0:0" "--network" "none" "ghcr.io/rust-lang/crates-build-env/linux@sha256:f3a9d4ad9d972b27faf3965f35b62e55ba32bbce8f20bc8fe909558a86702fde" "/opt/rustwide/cargo-home/bin/cargo" "+1.83.0" "test" "--frozen" "--no-run" "--message-format=json", kill_on_drop: false }`
[INFO] [stdout] 71b44e08c3d4a712805ad7d4a42fcc58242b0c94283710a7bd1ca09df1fb3e2a
[INFO] running `Command { std: "docker" "start" "-a" "71b44e08c3d4a712805ad7d4a42fcc58242b0c94283710a7bd1ca09df1fb3e2a", kill_on_drop: false }`
[INFO] [stdout] warning: derive helper attribute is used before it is introduced
[INFO] [stdout]   --> src/response.rs:10:3
[INFO] [stdout]    |
[INFO] [stdout] 10 | #[serde(rename_all = "camelCase")]
[INFO] [stdout]    |   ^^^^^
[INFO] [stdout] 11 | #[derive(Clone, Serialize, Deserialize, PartialEq, Debug)]
[INFO] [stdout]    |                 --------- the attribute is introduced here
[INFO] [stdout]    |
[INFO] [stdout]    = warning: this was previously accepted by the compiler but is being phased out; it will become a hard error in a future release!
[INFO] [stdout]    = note: for more information, see issue #79202 <https://github.com/rust-lang/rust/issues/79202>
[INFO] [stdout]    = note: `#[warn(legacy_derive_helpers)]` on by default
[INFO] [stdout] 
[INFO] [stdout] 
[INFO] [stdout] warning: unused import: `AoriV2::Order`
[INFO] [stdout]  --> src/request.rs:3:24
[INFO] [stdout]   |
[INFO] [stdout] 3 | use crate::{AoriOrder, AoriV2::Order};
[INFO] [stdout]   |                        ^^^^^^^^^^^^^
[INFO] [stdout]   |
[INFO] [stdout]   = note: `#[warn(unused_imports)]` on by default
[INFO] [stdout] 
[INFO] [stdout] 
[INFO] [stdout] warning: unused imports: `Address` and `U256`
[INFO] [stdout]  --> src/subscription.rs:3:25
[INFO] [stdout]   |
[INFO] [stdout] 3 | use alloy::primitives::{Address, U256};
[INFO] [stdout]   |                         ^^^^^^^  ^^^^
[INFO] [stdout] 
[INFO] [stdout] 
[INFO] [stdout] warning: unused imports: `DetailsToExecute` and `QuoteRequestedData`
[INFO] [stdout]  --> src/subscription.rs:8:13
[INFO] [stdout]   |
[INFO] [stdout] 8 | use crate::{DetailsToExecute, SettledMatch, QuoteReceivedData, CalldataToExecuteData, QuoteRequestedData};
[INFO] [stdout]   |             ^^^^^^^^^^^^^^^^                                                          ^^^^^^^^^^^^^^^^^^
[INFO] [stdout] 
[INFO] [stdout] 
[INFO] [stdout] warning: unused variable: `e`
[INFO] [stdout]    --> src/shared_types.rs:270:13
[INFO] [stdout]     |
[INFO] [stdout] 270 |         Err(e) => return Err("Signature signer could not be retrieved"),
[INFO] [stdout]     |             ^ help: if this is intentional, prefix it with an underscore: `_e`
[INFO] [stdout]     |
[INFO] [stdout]     = note: `#[warn(unused_variables)]` on by default
[INFO] [stdout] 
[INFO] [stdout] 
[INFO] [stdout] warning: function `AORI_V2_SINGLE_CHAIN_ZONE_ADDRESSES` should have a snake case name
[INFO] [stdout]   --> src/constants.rs:53:8
[INFO] [stdout]    |
[INFO] [stdout] 53 | pub fn AORI_V2_SINGLE_CHAIN_ZONE_ADDRESSES() -> HashMap<ChainId, HashSet<String>> {
[INFO] [stdout]    |        ^^^^^^^^^^^^^^^^^^^^^^^^^^^^^^^^^^^ help: convert the identifier to snake case: `aori_v2_single_chain_zone_addresses`
[INFO] [stdout]    |
[INFO] [stdout]    = note: `#[warn(non_snake_case)]` on by default
[INFO] [stdout] 
[INFO] [stdout] 
[INFO] [stderr]    Compiling aori-rs v0.2.7 (/opt/rustwide/workdir)
[INFO] [stdout] warning: function `SUPPORTED_AORI_CHAINS` should have a snake case name
[INFO] [stdout]   --> src/constants.rs:64:8
[INFO] [stdout]    |
[INFO] [stdout] 64 | pub fn SUPPORTED_AORI_CHAINS() -> HashSet<U256> {
[INFO] [stdout]    |        ^^^^^^^^^^^^^^^^^^^^^ help: convert the identifier to snake case: `supported_aori_chains`
[INFO] [stdout] 
[INFO] [stdout] 
[INFO] [stdout] warning: derive helper attribute is used before it is introduced
[INFO] [stdout]   --> src/response.rs:10:3
[INFO] [stdout]    |
[INFO] [stdout] 10 | #[serde(rename_all = "camelCase")]
[INFO] [stdout]    |   ^^^^^
[INFO] [stdout] 11 | #[derive(Clone, Serialize, Deserialize, PartialEq, Debug)]
[INFO] [stdout]    |                 --------- the attribute is introduced here
[INFO] [stdout]    |
[INFO] [stdout]    = warning: this was previously accepted by the compiler but is being phased out; it will become a hard error in a future release!
[INFO] [stdout]    = note: for more information, see issue #79202 <https://github.com/rust-lang/rust/issues/79202>
[INFO] [stdout]    = note: `#[warn(legacy_derive_helpers)]` on by default
[INFO] [stdout] 
[INFO] [stdout] 
[INFO] [stdout] warning: unused import: `AoriV2::Order`
[INFO] [stdout]  --> src/request.rs:3:24
[INFO] [stdout]   |
[INFO] [stdout] 3 | use crate::{AoriOrder, AoriV2::Order};
[INFO] [stdout]   |                        ^^^^^^^^^^^^^
[INFO] [stdout]   |
[INFO] [stdout]   = note: `#[warn(unused_imports)]` on by default
[INFO] [stdout] 
[INFO] [stdout] 
[INFO] [stdout] warning: unused imports: `Address` and `U256`
[INFO] [stdout]  --> src/subscription.rs:3:25
[INFO] [stdout]   |
[INFO] [stdout] 3 | use alloy::primitives::{Address, U256};
[INFO] [stdout]   |                         ^^^^^^^  ^^^^
[INFO] [stdout] 
[INFO] [stdout] 
[INFO] [stdout] warning: unused imports: `DetailsToExecute` and `QuoteRequestedData`
[INFO] [stdout]  --> src/subscription.rs:8:13
[INFO] [stdout]   |
[INFO] [stdout] 8 | use crate::{DetailsToExecute, SettledMatch, QuoteReceivedData, CalldataToExecuteData, QuoteRequestedData};
[INFO] [stdout]   |             ^^^^^^^^^^^^^^^^                                                          ^^^^^^^^^^^^^^^^^^
[INFO] [stdout] 
[INFO] [stdout] 
[INFO] [stdout] warning: unused variable: `e`
[INFO] [stdout]    --> src/shared_types.rs:270:13
[INFO] [stdout]     |
[INFO] [stdout] 270 |         Err(e) => return Err("Signature signer could not be retrieved"),
[INFO] [stdout]     |             ^ help: if this is intentional, prefix it with an underscore: `_e`
[INFO] [stdout]     |
[INFO] [stdout]     = note: `#[warn(unused_variables)]` on by default
[INFO] [stdout] 
[INFO] [stdout] 
[INFO] [stdout] warning: function `AORI_V2_SINGLE_CHAIN_ZONE_ADDRESSES` should have a snake case name
[INFO] [stdout]   --> src/constants.rs:53:8
[INFO] [stdout]    |
[INFO] [stdout] 53 | pub fn AORI_V2_SINGLE_CHAIN_ZONE_ADDRESSES() -> HashMap<ChainId, HashSet<String>> {
[INFO] [stdout]    |        ^^^^^^^^^^^^^^^^^^^^^^^^^^^^^^^^^^^ help: convert the identifier to snake case: `aori_v2_single_chain_zone_addresses`
[INFO] [stdout]    |
[INFO] [stdout]    = note: `#[warn(non_snake_case)]` on by default
[INFO] [stdout] 
[INFO] [stdout] 
[INFO] [stdout] warning: function `SUPPORTED_AORI_CHAINS` should have a snake case name
[INFO] [stdout]   --> src/constants.rs:64:8
[INFO] [stdout]    |
[INFO] [stdout] 64 | pub fn SUPPORTED_AORI_CHAINS() -> HashSet<U256> {
[INFO] [stdout]    |        ^^^^^^^^^^^^^^^^^^^^^ help: convert the identifier to snake case: `supported_aori_chains`
[INFO] [stdout] 
[INFO] [stdout] 
[INFO] [stderr]     Finished `test` profile [unoptimized + debuginfo] target(s) in 15.21s
[INFO] running `Command { std: "docker" "inspect" "71b44e08c3d4a712805ad7d4a42fcc58242b0c94283710a7bd1ca09df1fb3e2a", kill_on_drop: false }`
[INFO] running `Command { std: "docker" "rm" "-f" "71b44e08c3d4a712805ad7d4a42fcc58242b0c94283710a7bd1ca09df1fb3e2a", kill_on_drop: false }`
[INFO] [stdout] 71b44e08c3d4a712805ad7d4a42fcc58242b0c94283710a7bd1ca09df1fb3e2a
[INFO] running `Command { std: "docker" "create" "-v" "/var/lib/crater-agent-workspace/builds/worker-3-tc1/target:/opt/rustwide/target:rw,Z" "-v" "/var/lib/crater-agent-workspace/builds/worker-3-tc1/source:/opt/rustwide/workdir:ro,Z" "-v" "/var/lib/crater-agent-workspace/cargo-home:/opt/rustwide/cargo-home:ro,Z" "-v" "/var/lib/crater-agent-workspace/rustup-home:/opt/rustwide/rustup-home:ro,Z" "-e" "SOURCE_DIR=/opt/rustwide/workdir" "-e" "CARGO_TARGET_DIR=/opt/rustwide/target" "-e" "CARGO_INCREMENTAL=0" "-e" "RUST_BACKTRACE=full" "-e" "RUSTFLAGS=--cap-lints=warn" "-e" "RUSTDOCFLAGS=--cap-lints=warn" "-e" "CARGO_HOME=/opt/rustwide/cargo-home" "-e" "RUSTUP_HOME=/opt/rustwide/rustup-home" "-w" "/opt/rustwide/workdir" "-m" "1610612736" "--user" "0:0" "--network" "none" "ghcr.io/rust-lang/crates-build-env/linux@sha256:f3a9d4ad9d972b27faf3965f35b62e55ba32bbce8f20bc8fe909558a86702fde" "/opt/rustwide/cargo-home/bin/cargo" "+1.83.0" "test" "--frozen", kill_on_drop: false }`
[INFO] [stdout] 2bf11c83de37489c9f10ed457fa0bfb9cbf2a27ea00ffa251c9a4ba6e9e84bed
[INFO] running `Command { std: "docker" "start" "-a" "2bf11c83de37489c9f10ed457fa0bfb9cbf2a27ea00ffa251c9a4ba6e9e84bed", kill_on_drop: false }`
[INFO] [stderr] warning: derive helper attribute is used before it is introduced
[INFO] [stderr]   --> src/response.rs:10:3
[INFO] [stderr]    |
[INFO] [stderr] 10 | #[serde(rename_all = "camelCase")]
[INFO] [stderr]    |   ^^^^^
[INFO] [stderr] 11 | #[derive(Clone, Serialize, Deserialize, PartialEq, Debug)]
[INFO] [stderr]    |                 --------- the attribute is introduced here
[INFO] [stderr]    |
[INFO] [stderr]    = warning: this was previously accepted by the compiler but is being phased out; it will become a hard error in a future release!
[INFO] [stderr]    = note: for more information, see issue #79202 <https://github.com/rust-lang/rust/issues/79202>
[INFO] [stderr]    = note: `#[warn(legacy_derive_helpers)]` on by default
[INFO] [stderr] 
[INFO] [stderr] warning: unused import: `AoriV2::Order`
[INFO] [stderr]  --> src/request.rs:3:24
[INFO] [stderr]   |
[INFO] [stderr] 3 | use crate::{AoriOrder, AoriV2::Order};
[INFO] [stderr]   |                        ^^^^^^^^^^^^^
[INFO] [stderr]   |
[INFO] [stderr]   = note: `#[warn(unused_imports)]` on by default
[INFO] [stderr] 
[INFO] [stderr] warning: unused imports: `Address` and `U256`
[INFO] [stderr]  --> src/subscription.rs:3:25
[INFO] [stderr]   |
[INFO] [stderr] 3 | use alloy::primitives::{Address, U256};
[INFO] [stderr]   |                         ^^^^^^^  ^^^^
[INFO] [stderr] 
[INFO] [stderr] warning: unused imports: `DetailsToExecute` and `QuoteRequestedData`
[INFO] [stderr]  --> src/subscription.rs:8:13
[INFO] [stderr]   |
[INFO] [stderr] 8 | use crate::{DetailsToExecute, SettledMatch, QuoteReceivedData, CalldataToExecuteData, QuoteRequestedData};
[INFO] [stderr]   |             ^^^^^^^^^^^^^^^^                                                          ^^^^^^^^^^^^^^^^^^
[INFO] [stderr] 
[INFO] [stderr] warning: unused variable: `e`
[INFO] [stderr]    --> src/shared_types.rs:270:13
[INFO] [stderr]     |
[INFO] [stderr] 270 |         Err(e) => return Err("Signature signer could not be retrieved"),
[INFO] [stderr]     |             ^ help: if this is intentional, prefix it with an underscore: `_e`
[INFO] [stderr]     |
[INFO] [stderr]     = note: `#[warn(unused_variables)]` on by default
[INFO] [stderr] 
[INFO] [stderr] warning: function `AORI_V2_SINGLE_CHAIN_ZONE_ADDRESSES` should have a snake case name
[INFO] [stderr]   --> src/constants.rs:53:8
[INFO] [stderr]    |
[INFO] [stderr] 53 | pub fn AORI_V2_SINGLE_CHAIN_ZONE_ADDRESSES() -> HashMap<ChainId, HashSet<String>> {
[INFO] [stderr]    |        ^^^^^^^^^^^^^^^^^^^^^^^^^^^^^^^^^^^ help: convert the identifier to snake case: `aori_v2_single_chain_zone_addresses`
[INFO] [stderr]    |
[INFO] [stderr]    = note: `#[warn(non_snake_case)]` on by default
[INFO] [stderr] 
[INFO] [stderr] warning: function `SUPPORTED_AORI_CHAINS` should have a snake case name
[INFO] [stderr]   --> src/constants.rs:64:8
[INFO] [stderr]    |
[INFO] [stderr] 64 | pub fn SUPPORTED_AORI_CHAINS() -> HashSet<U256> {
[INFO] [stderr]    |        ^^^^^^^^^^^^^^^^^^^^^ help: convert the identifier to snake case: `supported_aori_chains`
[INFO] [stderr] 
[INFO] [stderr] warning: `aori-rs` (lib) generated 7 warnings (run `cargo fix --lib -p aori-rs` to apply 3 suggestions)
[INFO] [stderr] warning: `aori-rs` (lib test) generated 7 warnings (7 duplicates)
[INFO] [stderr]     Finished `test` profile [unoptimized + debuginfo] target(s) in 0.57s
[INFO] [stderr]      Running unittests src/lib.rs (/opt/rustwide/target/debug/deps/aori_rs-b2aa478cab188d40)
[INFO] [stdout] 
[INFO] [stdout] running 8 tests
[INFO] [stdout] test client::tests::test_make_and_take ... ok
[INFO] [stdout] test shared_types::tests::hash_order ... ok
[INFO] [stdout] test shared_types::tests::serialize_aori_order ... ok
[INFO] [stdout] [2m2024-12-15T02:08:30.377529Z[0m [31mERROR[0m [2maori_rs::client::tests[0m[2m:[0m Backend Server Response: OtherError("Unhandled server error: Transport(Http(Stream(hyper_util::client::legacy::Error(Connect, ConnectError(\"dns error\", Custom { kind: Uncategorized, error: \"failed to lookup address information: Temporary failure in name resolution\" })))))")
[INFO] [stdout] test client::tests::test_make_and_cancel ... ok
[INFO] [stdout] test client::tests::test_ping ... ok
[INFO] [stdout] [2m2024-12-15T02:08:30.389531Z[0m [32m INFO[0m [2maori_rs::provider::provider_tests[0m[2m:[0m PING RESPONSE: Err(Transport(Http(Stream(hyper_util::client::legacy::Error(Connect, ConnectError("dns error", Custom { kind: Uncategorized, error: "failed to lookup address information: Temporary failure in name resolution" }))))))
[INFO] [stdout] [2m2024-12-15T02:08:30.397120Z[0m [32m INFO[0m [2maori_rs::client::tests[0m[2m:[0m RFQ RESPONSE: Err(Transport(Http(Stream(hyper_util::client::legacy::Error(Connect, ConnectError("dns error", Custom { kind: Uncategorized, error: "failed to lookup address information: Temporary failure in name resolution" }))))))
[INFO] [stdout] test response::tests::test_deserialize_aori_feed_event ... FAILED
[INFO] [stdout] test provider::provider_tests::test_ping ... FAILED
[INFO] [stdout] test client::tests::test_rfq ... FAILED
[INFO] [stdout] 
[INFO] [stdout] failures:
[INFO] [stdout] 
[INFO] [stdout] ---- response::tests::test_deserialize_aori_feed_event stdout ----
[INFO] [stdout] feed event Err(Error("unknown variant `OrderToExecute`, expected one of `QuoteRequested`, `QuoteReceived`, `CalldataToExecute`, `OrderFulfilled`", line: 4, column: 40))
[INFO] [stdout] thread 'response::tests::test_deserialize_aori_feed_event' panicked at src/response.rs:166:9:
[INFO] [stdout] assertion failed: event.is_ok()
[INFO] [stdout] stack backtrace:
[INFO] [stdout]    0:     0x5d57d9a8d61a - std::backtrace_rs::backtrace::libunwind::trace::h5a5b8284f2d0c266
[INFO] [stdout]                                at /rustc/90b35a6239c3d8bdabc530a6a0816f7ff89a0aaf/library/std/src/../../backtrace/src/backtrace/libunwind.rs:116:5
[INFO] [stdout]    1:     0x5d57d9a8d61a - std::backtrace_rs::backtrace::trace_unsynchronized::h76d4f1c9b0b875e3
[INFO] [stdout]                                at /rustc/90b35a6239c3d8bdabc530a6a0816f7ff89a0aaf/library/std/src/../../backtrace/src/backtrace/mod.rs:66:5
[INFO] [stdout]    2:     0x5d57d9a8d61a - std::sys::backtrace::_print_fmt::hc4546b8364a537c6
[INFO] [stdout]                                at /rustc/90b35a6239c3d8bdabc530a6a0816f7ff89a0aaf/library/std/src/sys/backtrace.rs:66:9
[INFO] [stdout]    3:     0x5d57d9a8d61a - <std::sys::backtrace::BacktraceLock::print::DisplayBacktrace as core::fmt::Display>::fmt::h5b6bd5631a6d1f6b
[INFO] [stdout]                                at /rustc/90b35a6239c3d8bdabc530a6a0816f7ff89a0aaf/library/std/src/sys/backtrace.rs:39:26
[INFO] [stdout]    4:     0x5d57d9ab60b3 - core::fmt::rt::Argument::fmt::h270f6602a2b96f62
[INFO] [stdout]                                at /rustc/90b35a6239c3d8bdabc530a6a0816f7ff89a0aaf/library/core/src/fmt/rt.rs:177:76
[INFO] [stdout]    5:     0x5d57d9ab60b3 - core::fmt::write::h7550c97b06c86515
[INFO] [stdout]                                at /rustc/90b35a6239c3d8bdabc530a6a0816f7ff89a0aaf/library/core/src/fmt/mod.rs:1186:21
[INFO] [stdout]    6:     0x5d57d9a89a63 - std::io::Write::write_fmt::h509ff860e5956e5e
[INFO] [stdout]                                at /rustc/90b35a6239c3d8bdabc530a6a0816f7ff89a0aaf/library/std/src/io/mod.rs:1839:15
[INFO] [stdout]    7:     0x5d57d9a8d462 - std::sys::backtrace::BacktraceLock::print::h2395ccd2c84ba3aa
[INFO] [stdout]                                at /rustc/90b35a6239c3d8bdabc530a6a0816f7ff89a0aaf/library/std/src/sys/backtrace.rs:42:9
[INFO] [stdout]    8:     0x5d57d9a8ea7a - std::panicking::default_hook::{{closure}}::he19d4c7230e07961
[INFO] [stdout]                                at /rustc/90b35a6239c3d8bdabc530a6a0816f7ff89a0aaf/library/std/src/panicking.rs:268:22
[INFO] [stdout]    9:     0x5d57d9a8e884 - std::panicking::default_hook::hf614597d3c67bbdb
[INFO] [stdout]                                at /rustc/90b35a6239c3d8bdabc530a6a0816f7ff89a0aaf/library/std/src/panicking.rs:292:9
[INFO] [stdout]   10:     0x5d57d9454999 - <alloc::boxed::Box<F,A> as core::ops::function::Fn<Args>>::call::h39b51ce4599c23d1
[INFO] [stdout]                                at /rustc/90b35a6239c3d8bdabc530a6a0816f7ff89a0aaf/library/alloc/src/boxed.rs:2468:9
[INFO] [stdout]   11:     0x5d57d9454999 - test::test_main::{{closure}}::he977ae839a582784
[INFO] [stdout]                                at /rustc/90b35a6239c3d8bdabc530a6a0816f7ff89a0aaf/library/test/src/lib.rs:133:21
[INFO] [stdout]   12:     0x5d57d9a8f118 - <alloc::boxed::Box<F,A> as core::ops::function::Fn<Args>>::call::h9455091b6b06f9fb
[INFO] [stdout]                                at /rustc/90b35a6239c3d8bdabc530a6a0816f7ff89a0aaf/library/alloc/src/boxed.rs:2468:9
[INFO] [stdout]   13:     0x5d57d9a8f118 - std::panicking::rust_panic_with_hook::h8942133a8b252070
[INFO] [stdout]                                at /rustc/90b35a6239c3d8bdabc530a6a0816f7ff89a0aaf/library/std/src/panicking.rs:809:13
[INFO] [stdout]   14:     0x5d57d9a8eea6 - std::panicking::begin_panic_handler::{{closure}}::hb5f5963570096b29
[INFO] [stdout]                                at /rustc/90b35a6239c3d8bdabc530a6a0816f7ff89a0aaf/library/std/src/panicking.rs:667:13
[INFO] [stdout]   15:     0x5d57d9a8daf9 - std::sys::backtrace::__rust_end_short_backtrace::h6208cedc1922feda
[INFO] [stdout]                                at /rustc/90b35a6239c3d8bdabc530a6a0816f7ff89a0aaf/library/std/src/sys/backtrace.rs:170:18
[INFO] [stdout]   16:     0x5d57d9a8eb6c - rust_begin_unwind
[INFO] [stdout]                                at /rustc/90b35a6239c3d8bdabc530a6a0816f7ff89a0aaf/library/std/src/panicking.rs:665:5
[INFO] [stdout]   17:     0x5d57d923e280 - core::panicking::panic_fmt::h0c3082644d1bf418
[INFO] [stdout]                                at /rustc/90b35a6239c3d8bdabc530a6a0816f7ff89a0aaf/library/core/src/panicking.rs:74:14
[INFO] [stdout]   18:     0x5d57d923e30c - core::panicking::panic::h957f98c65a3b3074
[INFO] [stdout]                                at /rustc/90b35a6239c3d8bdabc530a6a0816f7ff89a0aaf/library/core/src/panicking.rs:148:5
[INFO] [stdout]   19:     0x5d57d936aa24 - aori_rs::response::tests::test_deserialize_aori_feed_event::h8bb53cf570bc1e4d
[INFO] [stdout]                                at /opt/rustwide/workdir/src/response.rs:166:9
[INFO] [stdout]   20:     0x5d57d936a8e7 - aori_rs::response::tests::test_deserialize_aori_feed_event::{{closure}}::hd8e6fc176a4c7633
[INFO] [stdout]                                at /opt/rustwide/workdir/src/response.rs:97:42
[INFO] [stdout]   21:     0x5d57d937b446 - core::ops::function::FnOnce::call_once::hc48f64833666885e
[INFO] [stdout]                                at /rustc/90b35a6239c3d8bdabc530a6a0816f7ff89a0aaf/library/core/src/ops/function.rs:250:5
[INFO] [stdout]   22:     0x5d57d945935b - core::ops::function::FnOnce::call_once::h109cf8051a59b34e
[INFO] [stdout]                                at /rustc/90b35a6239c3d8bdabc530a6a0816f7ff89a0aaf/library/core/src/ops/function.rs:250:5
[INFO] [stdout]   23:     0x5d57d945935b - test::__rust_begin_short_backtrace::hf4fff89d377446ba
[INFO] [stdout]                                at /rustc/90b35a6239c3d8bdabc530a6a0816f7ff89a0aaf/library/test/src/lib.rs:621:18
[INFO] [stdout]   24:     0x5d57d9458b97 - test::run_test_in_process::{{closure}}::h0e39181dd7ee5a43
[INFO] [stdout]                                at /rustc/90b35a6239c3d8bdabc530a6a0816f7ff89a0aaf/library/test/src/lib.rs:644:60
[INFO] [stdout]   25:     0x5d57d9458b97 - <core::panic::unwind_safe::AssertUnwindSafe<F> as core::ops::function::FnOnce<()>>::call_once::hc5a66a30f0bdfd1f
[INFO] [stdout]                                at /rustc/90b35a6239c3d8bdabc530a6a0816f7ff89a0aaf/library/core/src/panic/unwind_safe.rs:272:9
[INFO] [stdout]   26:     0x5d57d9458b97 - std::panicking::try::do_call::h873b7cf639554a5e
[INFO] [stdout]                                at /rustc/90b35a6239c3d8bdabc530a6a0816f7ff89a0aaf/library/std/src/panicking.rs:557:40
[INFO] [stdout]   27:     0x5d57d9458b97 - std::panicking::try::hdb19862fad9c8bd1
[INFO] [stdout]                                at /rustc/90b35a6239c3d8bdabc530a6a0816f7ff89a0aaf/library/std/src/panicking.rs:520:19
[INFO] [stdout]   28:     0x5d57d9458b97 - std::panic::catch_unwind::h281fe732d236d260
[INFO] [stdout]                                at /rustc/90b35a6239c3d8bdabc530a6a0816f7ff89a0aaf/library/std/src/panic.rs:358:14
[INFO] [stdout]   29:     0x5d57d9458b97 - test::run_test_in_process::h949b6df8457ed338
[INFO] [stdout]                                at /rustc/90b35a6239c3d8bdabc530a6a0816f7ff89a0aaf/library/test/src/lib.rs:644:27
[INFO] [stdout]   30:     0x5d57d9458b97 - test::run_test::{{closure}}::h52c556a6d4740e10
[INFO] [stdout]                                at /rustc/90b35a6239c3d8bdabc530a6a0816f7ff89a0aaf/library/test/src/lib.rs:565:43
[INFO] [stdout]   31:     0x5d57d941de74 - test::run_test::{{closure}}::h4237f6381c45ccb9
[INFO] [stdout]                                at /rustc/90b35a6239c3d8bdabc530a6a0816f7ff89a0aaf/library/test/src/lib.rs:595:41
[INFO] [stdout]   32:     0x5d57d941de74 - std::sys::backtrace::__rust_begin_short_backtrace::h505c97a579eca628
[INFO] [stdout]                                at /rustc/90b35a6239c3d8bdabc530a6a0816f7ff89a0aaf/library/std/src/sys/backtrace.rs:154:18
[INFO] [stdout]   33:     0x5d57d942153e - std::thread::Builder::spawn_unchecked_::{{closure}}::{{closure}}::h9e86b2e2bc107ea3
[INFO] [stdout]                                at /rustc/90b35a6239c3d8bdabc530a6a0816f7ff89a0aaf/library/std/src/thread/mod.rs:538:17
[INFO] [stdout]   34:     0x5d57d942153e - <core::panic::unwind_safe::AssertUnwindSafe<F> as core::ops::function::FnOnce<()>>::call_once::h8b06ddb275ff4a25
[INFO] [stdout]                                at /rustc/90b35a6239c3d8bdabc530a6a0816f7ff89a0aaf/library/core/src/panic/unwind_safe.rs:272:9
[INFO] [stdout]   35:     0x5d57d942153e - std::panicking::try::do_call::hb26ecd7cd9a9355d
[INFO] [stdout]                                at /rustc/90b35a6239c3d8bdabc530a6a0816f7ff89a0aaf/library/std/src/panicking.rs:557:40
[INFO] [stdout]   36:     0x5d57d942153e - std::panicking::try::h8ddeca9d705f9069
[INFO] [stdout]                                at /rustc/90b35a6239c3d8bdabc530a6a0816f7ff89a0aaf/library/std/src/panicking.rs:520:19
[INFO] [stdout]   37:     0x5d57d942153e - std::panic::catch_unwind::h49e1c33078844c46
[INFO] [stdout]                                at /rustc/90b35a6239c3d8bdabc530a6a0816f7ff89a0aaf/library/std/src/panic.rs:358:14
[INFO] [stdout]   38:     0x5d57d942153e - std::thread::Builder::spawn_unchecked_::{{closure}}::h6073db6ff56ad35d
[INFO] [stdout]                                at /rustc/90b35a6239c3d8bdabc530a6a0816f7ff89a0aaf/library/std/src/thread/mod.rs:537:30
[INFO] [stdout]   39:     0x5d57d942153e - core::ops::function::FnOnce::call_once{{vtable.shim}}::h2c5a5f3779c774f1
[INFO] [stdout]                                at /rustc/90b35a6239c3d8bdabc530a6a0816f7ff89a0aaf/library/core/src/ops/function.rs:250:5
[INFO] [stdout]   40:     0x5d57d9a930fb - <alloc::boxed::Box<F,A> as core::ops::function::FnOnce<Args>>::call_once::hf75717d9f28faebf
[INFO] [stdout]                                at /rustc/90b35a6239c3d8bdabc530a6a0816f7ff89a0aaf/library/alloc/src/boxed.rs:2454:9
[INFO] [stdout]   41:     0x5d57d9a930fb - <alloc::boxed::Box<F,A> as core::ops::function::FnOnce<Args>>::call_once::h7bd883a5f3c5f3c1
[INFO] [stdout]                                at /rustc/90b35a6239c3d8bdabc530a6a0816f7ff89a0aaf/library/alloc/src/boxed.rs:2454:9
[INFO] [stdout]   42:     0x5d57d9a930fb - std::sys::pal::unix::thread::Thread::new::thread_start::hcc78f3943333fa94
[INFO] [stdout]                                at /rustc/90b35a6239c3d8bdabc530a6a0816f7ff89a0aaf/library/std/src/sys/pal/unix/thread.rs:105:17
[INFO] [stdout]   43:     0x71dd84e86ac3 - <unknown>
[INFO] [stdout]   44:     0x71dd84f17a04 - clone
[INFO] [stdout]   45:                0x0 - <unknown>
[INFO] [stdout] 
[INFO] [stdout] ---- provider::provider_tests::test_ping stdout ----
[INFO] [stdout] thread 'provider::provider_tests::test_ping' panicked at src/provider.rs:450:9:
[INFO] [stdout] Expected Ok response, got Err(Transport(Http(Stream(hyper_util::client::legacy::Error(Connect, ConnectError("dns error", Custom { kind: Uncategorized, error: "failed to lookup address information: Temporary failure in name resolution" }))))))
[INFO] [stdout] stack backtrace:
[INFO] [stdout]    0:     0x5d57d9a8d61a - std::backtrace_rs::backtrace::libunwind::trace::h5a5b8284f2d0c266
[INFO] [stdout]                                at /rustc/90b35a6239c3d8bdabc530a6a0816f7ff89a0aaf/library/std/src/../../backtrace/src/backtrace/libunwind.rs:116:5
[INFO] [stdout]    1:     0x5d57d9a8d61a - std::backtrace_rs::backtrace::trace_unsynchronized::h76d4f1c9b0b875e3
[INFO] [stdout]                                at /rustc/90b35a6239c3d8bdabc530a6a0816f7ff89a0aaf/library/std/src/../../backtrace/src/backtrace/mod.rs:66:5
[INFO] [stdout]    2:     0x5d57d9a8d61a - std::sys::backtrace::_print_fmt::hc4546b8364a537c6
[INFO] [stdout]                                at /rustc/90b35a6239c3d8bdabc530a6a0816f7ff89a0aaf/library/std/src/sys/backtrace.rs:66:9
[INFO] [stdout]    3:     0x5d57d9a8d61a - <std::sys::backtrace::BacktraceLock::print::DisplayBacktrace as core::fmt::Display>::fmt::h5b6bd5631a6d1f6b
[INFO] [stdout]                                at /rustc/90b35a6239c3d8bdabc530a6a0816f7ff89a0aaf/library/std/src/sys/backtrace.rs:39:26
[INFO] [stdout]    4:     0x5d57d9ab60b3 - core::fmt::rt::Argument::fmt::h270f6602a2b96f62
[INFO] [stdout]                                at /rustc/90b35a6239c3d8bdabc530a6a0816f7ff89a0aaf/library/core/src/fmt/rt.rs:177:76
[INFO] [stdout]    5:     0x5d57d9ab60b3 - core::fmt::write::h7550c97b06c86515
[INFO] [stdout]                                at /rustc/90b35a6239c3d8bdabc530a6a0816f7ff89a0aaf/library/core/src/fmt/mod.rs:1186:21
[INFO] [stdout]    6:     0x5d57d9a89a63 - std::io::Write::write_fmt::h509ff860e5956e5e
[INFO] [stdout]                                at /rustc/90b35a6239c3d8bdabc530a6a0816f7ff89a0aaf/library/std/src/io/mod.rs:1839:15
[INFO] [stdout]    7:     0x5d57d9a8d462 - std::sys::backtrace::BacktraceLock::print::h2395ccd2c84ba3aa
[INFO] [stdout]                                at /rustc/90b35a6239c3d8bdabc530a6a0816f7ff89a0aaf/library/std/src/sys/backtrace.rs:42:9
[INFO] [stdout]    8:     0x5d57d9a8ea7a - std::panicking::default_hook::{{closure}}::he19d4c7230e07961
[INFO] [stdout]                                at /rustc/90b35a6239c3d8bdabc530a6a0816f7ff89a0aaf/library/std/src/panicking.rs:268:22
[INFO] [stdout]    9:     0x5d57d9a8e884 - std::panicking::default_hook::hf614597d3c67bbdb
[INFO] [stdout]                                at /rustc/90b35a6239c3d8bdabc530a6a0816f7ff89a0aaf/library/std/src/panicking.rs:292:9
[INFO] [stdout]   10:     0x5d57d9454999 - <alloc::boxed::Box<F,A> as core::ops::function::Fn<Args>>::call::h39b51ce4599c23d1
[INFO] [stdout]                                at /rustc/90b35a6239c3d8bdabc530a6a0816f7ff89a0aaf/library/alloc/src/boxed.rs:2468:9
[INFO] [stdout]   11:     0x5d57d9454999 - test::test_main::{{closure}}::he977ae839a582784
[INFO] [stdout]                                at /rustc/90b35a6239c3d8bdabc530a6a0816f7ff89a0aaf/library/test/src/lib.rs:133:21
[INFO] [stdout]   12:     0x5d57d9a8f118 - <alloc::boxed::Box<F,A> as core::ops::function::Fn<Args>>::call::h9455091b6b06f9fb
[INFO] [stdout]                                at /rustc/90b35a6239c3d8bdabc530a6a0816f7ff89a0aaf/library/alloc/src/boxed.rs:2468:9
[INFO] [stdout]   13:     0x5d57d9a8f118 - std::panicking::rust_panic_with_hook::h8942133a8b252070
[INFO] [stdout]                                at /rustc/90b35a6239c3d8bdabc530a6a0816f7ff89a0aaf/library/std/src/panicking.rs:809:13
[INFO] [stdout]   14:     0x5d57d9a8eeda - std::panicking::begin_panic_handler::{{closure}}::hb5f5963570096b29
[INFO] [stdout]                                at /rustc/90b35a6239c3d8bdabc530a6a0816f7ff89a0aaf/library/std/src/panicking.rs:674:13
[INFO] [stdout]   15:     0x5d57d9a8daf9 - std::sys::backtrace::__rust_end_short_backtrace::h6208cedc1922feda
[INFO] [stdout]                                at /rustc/90b35a6239c3d8bdabc530a6a0816f7ff89a0aaf/library/std/src/sys/backtrace.rs:170:18
[INFO] [stdout]   16:     0x5d57d9a8eb6c - rust_begin_unwind
[INFO] [stdout]                                at /rustc/90b35a6239c3d8bdabc530a6a0816f7ff89a0aaf/library/std/src/panicking.rs:665:5
[INFO] [stdout]   17:     0x5d57d923e280 - core::panicking::panic_fmt::h0c3082644d1bf418
[INFO] [stdout]                                at /rustc/90b35a6239c3d8bdabc530a6a0816f7ff89a0aaf/library/core/src/panicking.rs:74:14
[INFO] [stdout]   18:     0x5d57d93a819d - aori_rs::provider::provider_tests::test_ping::{{closure}}::h70612394ff454d47
[INFO] [stdout]                                at /opt/rustwide/workdir/src/provider.rs:450:9
[INFO] [stdout]   19:     0x5d57d9306852 - <core::pin::Pin<P> as core::future::future::Future>::poll::h4c3953d8d02a0ed4
[INFO] [stdout]                                at /rustc/90b35a6239c3d8bdabc530a6a0816f7ff89a0aaf/library/core/src/future/future.rs:123:9
[INFO] [stdout]   20:     0x5d57d93067cd - <core::pin::Pin<P> as core::future::future::Future>::poll::h15b193f1f91351b5
[INFO] [stdout]                                at /rustc/90b35a6239c3d8bdabc530a6a0816f7ff89a0aaf/library/core/src/future/future.rs:123:9
[INFO] [stdout]   21:     0x5d57d938d14f - tokio::runtime::scheduler::current_thread::CoreGuard::block_on::{{closure}}::{{closure}}::{{closure}}::h5675b98577a6fe95
[INFO] [stdout]                                at /opt/rustwide/cargo-home/registry/src/index.crates.io-6f17d22bba15001f/tokio-1.39.3/src/runtime/scheduler/current_thread/mod.rs:673:57
[INFO] [stdout]   22:     0x5d57d938ced5 - tokio::runtime::coop::with_budget::h1ed11cef47664e97
[INFO] [stdout]                                at /opt/rustwide/cargo-home/registry/src/index.crates.io-6f17d22bba15001f/tokio-1.39.3/src/runtime/coop.rs:107:5
[INFO] [stdout]   23:     0x5d57d938ced5 - tokio::runtime::coop::budget::h76e0ae6bdd84c6bc
[INFO] [stdout]                                at /opt/rustwide/cargo-home/registry/src/index.crates.io-6f17d22bba15001f/tokio-1.39.3/src/runtime/coop.rs:73:5
[INFO] [stdout]   24:     0x5d57d938ced5 - tokio::runtime::scheduler::current_thread::CoreGuard::block_on::{{closure}}::{{closure}}::h382d18e355c9c882
[INFO] [stdout]                                at /opt/rustwide/cargo-home/registry/src/index.crates.io-6f17d22bba15001f/tokio-1.39.3/src/runtime/scheduler/current_thread/mod.rs:673:25
[INFO] [stdout]   25:     0x5d57d938acd0 - tokio::runtime::scheduler::current_thread::Context::enter::hd7296c2c355d3de5
[INFO] [stdout]                                at /opt/rustwide/cargo-home/registry/src/index.crates.io-6f17d22bba15001f/tokio-1.39.3/src/runtime/scheduler/current_thread/mod.rs:412:19
[INFO] [stdout]   26:     0x5d57d938be9e - tokio::runtime::scheduler::current_thread::CoreGuard::block_on::{{closure}}::h680bfc748875f326
[INFO] [stdout]                                at /opt/rustwide/cargo-home/registry/src/index.crates.io-6f17d22bba15001f/tokio-1.39.3/src/runtime/scheduler/current_thread/mod.rs:672:36
[INFO] [stdout]   27:     0x5d57d938bbb4 - tokio::runtime::scheduler::current_thread::CoreGuard::enter::{{closure}}::haf3299f57a6e7d49
[INFO] [stdout]                                at /opt/rustwide/cargo-home/registry/src/index.crates.io-6f17d22bba15001f/tokio-1.39.3/src/runtime/scheduler/current_thread/mod.rs:751:68
[INFO] [stdout]   28:     0x5d57d93cb54b - tokio::runtime::context::scoped::Scoped<T>::set::h8777697bf21fe2df
[INFO] [stdout]                                at /opt/rustwide/cargo-home/registry/src/index.crates.io-6f17d22bba15001f/tokio-1.39.3/src/runtime/context/scoped.rs:40:9
[INFO] [stdout]   29:     0x5d57d92c29b9 - tokio::runtime::context::set_scheduler::{{closure}}::h0b3442975f213caf
[INFO] [stdout]                                at /opt/rustwide/cargo-home/registry/src/index.crates.io-6f17d22bba15001f/tokio-1.39.3/src/runtime/context.rs:180:26
[INFO] [stdout]   30:     0x5d57d92ee74d - std::thread::local::LocalKey<T>::try_with::he72b90784b91e6de
[INFO] [stdout]                                at /rustc/90b35a6239c3d8bdabc530a6a0816f7ff89a0aaf/library/std/src/thread/local.rs:283:12
[INFO] [stdout]   31:     0x5d57d92ed5da - std::thread::local::LocalKey<T>::with::h3a058fffe4240342
[INFO] [stdout]                                at /rustc/90b35a6239c3d8bdabc530a6a0816f7ff89a0aaf/library/std/src/thread/local.rs:260:9
[INFO] [stdout]   32:     0x5d57d92c292d - tokio::runtime::context::set_scheduler::h32ef13b808ed5e02
[INFO] [stdout]                                at /opt/rustwide/cargo-home/registry/src/index.crates.io-6f17d22bba15001f/tokio-1.39.3/src/runtime/context.rs:180:9
[INFO] [stdout]   33:     0x5d57d938b940 - tokio::runtime::scheduler::current_thread::CoreGuard::enter::h477d01b5607a453d
[INFO] [stdout]                                at /opt/rustwide/cargo-home/registry/src/index.crates.io-6f17d22bba15001f/tokio-1.39.3/src/runtime/scheduler/current_thread/mod.rs:751:27
[INFO] [stdout]   34:     0x5d57d938bc33 - tokio::runtime::scheduler::current_thread::CoreGuard::block_on::h6866c8f37cc95c5d
[INFO] [stdout]                                at /opt/rustwide/cargo-home/registry/src/index.crates.io-6f17d22bba15001f/tokio-1.39.3/src/runtime/scheduler/current_thread/mod.rs:660:19
[INFO] [stdout]   35:     0x5d57d93899ba - tokio::runtime::scheduler::current_thread::CurrentThread::block_on::{{closure}}::h7ae619e1820d3b3d
[INFO] [stdout]                                at /opt/rustwide/cargo-home/registry/src/index.crates.io-6f17d22bba15001f/tokio-1.39.3/src/runtime/scheduler/current_thread/mod.rs:180:28
[INFO] [stdout]   36:     0x5d57d9347986 - tokio::runtime::context::runtime::enter_runtime::h07beeaa868e90b8d
[INFO] [stdout]                                at /opt/rustwide/cargo-home/registry/src/index.crates.io-6f17d22bba15001f/tokio-1.39.3/src/runtime/context/runtime.rs:65:16
[INFO] [stdout]   37:     0x5d57d93896c1 - tokio::runtime::scheduler::current_thread::CurrentThread::block_on::h83943eab26915714
[INFO] [stdout]                                at /opt/rustwide/cargo-home/registry/src/index.crates.io-6f17d22bba15001f/tokio-1.39.3/src/runtime/scheduler/current_thread/mod.rs:168:9
[INFO] [stdout]   38:     0x5d57d92efc0d - tokio::runtime::runtime::Runtime::block_on_inner::h2ed63a2dea303ec1
[INFO] [stdout]                                at /opt/rustwide/cargo-home/registry/src/index.crates.io-6f17d22bba15001f/tokio-1.39.3/src/runtime/runtime.rs:361:47
[INFO] [stdout]   39:     0x5d57d92efe35 - tokio::runtime::runtime::Runtime::block_on::he072a59c401d7289
[INFO] [stdout]                                at /opt/rustwide/cargo-home/registry/src/index.crates.io-6f17d22bba15001f/tokio-1.39.3/src/runtime/runtime.rs:335:13
[INFO] [stdout]   40:     0x5d57d93a70f1 - aori_rs::provider::provider_tests::test_ping::h4b6cb4c2be9e7615
[INFO] [stdout]                                at /opt/rustwide/workdir/src/provider.rs:450:9
[INFO] [stdout]   41:     0x5d57d93a6f97 - aori_rs::provider::provider_tests::test_ping::{{closure}}::hc09ccac8391043bb
[INFO] [stdout]                                at /opt/rustwide/workdir/src/provider.rs:443:25
[INFO] [stdout]   42:     0x5d57d937b236 - core::ops::function::FnOnce::call_once::h993d23e5313bf310
[INFO] [stdout]                                at /rustc/90b35a6239c3d8bdabc530a6a0816f7ff89a0aaf/library/core/src/ops/function.rs:250:5
[INFO] [stdout]   43:     0x5d57d945935b - core::ops::function::FnOnce::call_once::h109cf8051a59b34e
[INFO] [stdout]                                at /rustc/90b35a6239c3d8bdabc530a6a0816f7ff89a0aaf/library/core/src/ops/function.rs:250:5
[INFO] [stdout]   44:     0x5d57d945935b - test::__rust_begin_short_backtrace::hf4fff89d377446ba
[INFO] [stdout]                                at /rustc/90b35a6239c3d8bdabc530a6a0816f7ff89a0aaf/library/test/src/lib.rs:621:18
[INFO] [stdout]   45:     0x5d57d9458b97 - test::run_test_in_process::{{closure}}::h0e39181dd7ee5a43
[INFO] [stdout]                                at /rustc/90b35a6239c3d8bdabc530a6a0816f7ff89a0aaf/library/test/src/lib.rs:644:60
[INFO] [stdout]   46:     0x5d57d9458b97 - <core::panic::unwind_safe::AssertUnwindSafe<F> as core::ops::function::FnOnce<()>>::call_once::hc5a66a30f0bdfd1f
[INFO] [stdout]                                at /rustc/90b35a6239c3d8bdabc530a6a0816f7ff89a0aaf/library/core/src/panic/unwind_safe.rs:272:9
[INFO] [stdout]   47:     0x5d57d9458b97 - std::panicking::try::do_call::h873b7cf639554a5e
[INFO] [stdout]                                at /rustc/90b35a6239c3d8bdabc530a6a0816f7ff89a0aaf/library/std/src/panicking.rs:557:40
[INFO] [stdout]   48:     0x5d57d9458b97 - std::panicking::try::hdb19862fad9c8bd1
[INFO] [stdout]                                at /rustc/90b35a6239c3d8bdabc530a6a0816f7ff89a0aaf/library/std/src/panicking.rs:520:19
[INFO] [stdout]   49:     0x5d57d9458b97 - std::panic::catch_unwind::h281fe732d236d260
[INFO] [stdout]                                at /rustc/90b35a6239c3d8bdabc530a6a0816f7ff89a0aaf/library/std/src/panic.rs:358:14
[INFO] [stdout]   50:     0x5d57d9458b97 - test::run_test_in_process::h949b6df8457ed338
[INFO] [stdout]                                at /rustc/90b35a6239c3d8bdabc530a6a0816f7ff89a0aaf/library/test/src/lib.rs:644:27
[INFO] [stdout]   51:     0x5d57d9458b97 - test::run_test::{{closure}}::h52c556a6d4740e10
[INFO] [stdout]                                at /rustc/90b35a6239c3d8bdabc530a6a0816f7ff89a0aaf/library/test/src/lib.rs:565:43
[INFO] [stdout]   52:     0x5d57d941de74 - test::run_test::{{closure}}::h4237f6381c45ccb9
[INFO] [stdout]                                at /rustc/90b35a6239c3d8bdabc530a6a0816f7ff89a0aaf/library/test/src/lib.rs:595:41
[INFO] [stdout]   53:     0x5d57d941de74 - std::sys::backtrace::__rust_begin_short_backtrace::h505c97a579eca628
[INFO] [stdout]                                at /rustc/90b35a6239c3d8bdabc530a6a0816f7ff89a0aaf/library/std/src/sys/backtrace.rs:154:18
[INFO] [stdout]   54:     0x5d57d942153e - std::thread::Builder::spawn_unchecked_::{{closure}}::{{closure}}::h9e86b2e2bc107ea3
[INFO] [stdout]                                at /rustc/90b35a6239c3d8bdabc530a6a0816f7ff89a0aaf/library/std/src/thread/mod.rs:538:17
[INFO] [stdout]   55:     0x5d57d942153e - <core::panic::unwind_safe::AssertUnwindSafe<F> as core::ops::function::FnOnce<()>>::call_once::h8b06ddb275ff4a25
[INFO] [stdout]                                at /rustc/90b35a6239c3d8bdabc530a6a0816f7ff89a0aaf/library/core/src/panic/unwind_safe.rs:272:9
[INFO] [stdout]   56:     0x5d57d942153e - std::panicking::try::do_call::hb26ecd7cd9a9355d
[INFO] [stdout]                                at /rustc/90b35a6239c3d8bdabc530a6a0816f7ff89a0aaf/library/std/src/panicking.rs:557:40
[INFO] [stdout]   57:     0x5d57d942153e - std::panicking::try::h8ddeca9d705f9069
[INFO] [stdout]                                at /rustc/90b35a6239c3d8bdabc530a6a0816f7ff89a0aaf/library/std/src/panicking.rs:520:19
[INFO] [stdout]   58:     0x5d57d942153e - std::panic::catch_unwind::h49e1c33078844c46
[INFO] [stdout]                                at /rustc/90b35a6239c3d8bdabc530a6a0816f7ff89a0aaf/library/std/src/panic.rs:358:14
[INFO] [stdout]   59:     0x5d57d942153e - std::thread::Builder::spawn_unchecked_::{{closure}}::h6073db6ff56ad35d
[INFO] [stdout]                                at /rustc/90b35a6239c3d8bdabc530a6a0816f7ff89a0aaf/library/std/src/thread/mod.rs:537:30
[INFO] [stdout]   60:     0x5d57d942153e - core::ops::function::FnOnce::call_once{{vtable.shim}}::h2c5a5f3779c774f1
[INFO] [stdout]                                at /rustc/90b35a6239c3d8bdabc530a6a0816f7ff89a0aaf/library/core/src/ops/function.rs:250:5
[INFO] [stdout]   61:     0x5d57d9a930fb - <alloc::boxed::Box<F,A> as core::ops::function::FnOnce<Args>>::call_once::hf75717d9f28faebf
[INFO] [stdout]                                at /rustc/90b35a6239c3d8bdabc530a6a0816f7ff89a0aaf/library/alloc/src/boxed.rs:2454:9
[INFO] [stdout]   62:     0x5d57d9a930fb - <alloc::boxed::Box<F,A> as core::ops::function::FnOnce<Args>>::call_once::h7bd883a5f3c5f3c1
[INFO] [stdout]                                at /rustc/90b35a6239c3d8bdabc530a6a0816f7ff89a0aaf/library/alloc/src/boxed.rs:2454:9
[INFO] [stdout]   63:     0x5d57d9a930fb - std::sys::pal::unix::thread::Thread::new::thread_start::hcc78f3943333fa94
[INFO] [stdout]                                at /rustc/90b35a6239c3d8bdabc530a6a0816f7ff89a0aaf/library/std/src/sys/pal/unix/thread.rs:105:17
[INFO] [stdout]   64:     0x71dd84e86ac3 - <unknown>
[INFO] [stdout]   65:     0x71dd84f17a04 - clone
[INFO] [stdout]   66:                0x0 - <unknown>
[INFO] [stdout] 
[INFO] [stdout] ---- client::tests::test_rfq stdout ----
[INFO] [stdout] thread 'client::tests::test_rfq' panicked at src/client.rs:77:9:
[INFO] [stdout] Expected Ok response, got Err(Transport(Http(Stream(hyper_util::client::legacy::Error(Connect, ConnectError("dns error", Custom { kind: Uncategorized, error: "failed to lookup address information: Temporary failure in name resolution" }))))))
[INFO] [stdout] stack backtrace:
[INFO] [stdout]    0:     0x5d57d9a8d61a - std::backtrace_rs::backtrace::libunwind::trace::h5a5b8284f2d0c266
[INFO] [stdout]                                at /rustc/90b35a6239c3d8bdabc530a6a0816f7ff89a0aaf/library/std/src/../../backtrace/src/backtrace/libunwind.rs:116:5
[INFO] [stdout]    1:     0x5d57d9a8d61a - std::backtrace_rs::backtrace::trace_unsynchronized::h76d4f1c9b0b875e3
[INFO] [stdout]                                at /rustc/90b35a6239c3d8bdabc530a6a0816f7ff89a0aaf/library/std/src/../../backtrace/src/backtrace/mod.rs:66:5
[INFO] [stdout]    2:     0x5d57d9a8d61a - std::sys::backtrace::_print_fmt::hc4546b8364a537c6
[INFO] [stdout]                                at /rustc/90b35a6239c3d8bdabc530a6a0816f7ff89a0aaf/library/std/src/sys/backtrace.rs:66:9
[INFO] [stdout]    3:     0x5d57d9a8d61a - <std::sys::backtrace::BacktraceLock::print::DisplayBacktrace as core::fmt::Display>::fmt::h5b6bd5631a6d1f6b
[INFO] [stdout]                                at /rustc/90b35a6239c3d8bdabc530a6a0816f7ff89a0aaf/library/std/src/sys/backtrace.rs:39:26
[INFO] [stdout]    4:     0x5d57d9ab60b3 - core::fmt::rt::Argument::fmt::h270f6602a2b96f62
[INFO] [stdout]                                at /rustc/90b35a6239c3d8bdabc530a6a0816f7ff89a0aaf/library/core/src/fmt/rt.rs:177:76
[INFO] [stdout]    5:     0x5d57d9ab60b3 - core::fmt::write::h7550c97b06c86515
[INFO] [stdout]                                at /rustc/90b35a6239c3d8bdabc530a6a0816f7ff89a0aaf/library/core/src/fmt/mod.rs:1186:21
[INFO] [stdout]    6:     0x5d57d9a89a63 - std::io::Write::write_fmt::h509ff860e5956e5e
[INFO] [stdout]                                at /rustc/90b35a6239c3d8bdabc530a6a0816f7ff89a0aaf/library/std/src/io/mod.rs:1839:15
[INFO] [stdout]    7:     0x5d57d9a8d462 - std::sys::backtrace::BacktraceLock::print::h2395ccd2c84ba3aa
[INFO] [stdout]                                at /rustc/90b35a6239c3d8bdabc530a6a0816f7ff89a0aaf/library/std/src/sys/backtrace.rs:42:9
[INFO] [stdout]    8:     0x5d57d9a8ea7a - std::panicking::default_hook::{{closure}}::he19d4c7230e07961
[INFO] [stdout]                                at /rustc/90b35a6239c3d8bdabc530a6a0816f7ff89a0aaf/library/std/src/panicking.rs:268:22
[INFO] [stdout]    9:     0x5d57d9a8e884 - std::panicking::default_hook::hf614597d3c67bbdb
[INFO] [stdout]                                at /rustc/90b35a6239c3d8bdabc530a6a0816f7ff89a0aaf/library/std/src/panicking.rs:292:9
[INFO] [stdout]   10:     0x5d57d9454999 - <alloc::boxed::Box<F,A> as core::ops::function::Fn<Args>>::call::h39b51ce4599c23d1
[INFO] [stdout]                                at /rustc/90b35a6239c3d8bdabc530a6a0816f7ff89a0aaf/library/alloc/src/boxed.rs:2468:9
[INFO] [stdout]   11:     0x5d57d9454999 - test::test_main::{{closure}}::he977ae839a582784
[INFO] [stdout]                                at /rustc/90b35a6239c3d8bdabc530a6a0816f7ff89a0aaf/library/test/src/lib.rs:133:21
[INFO] [stdout]   12:     0x5d57d9a8f118 - <alloc::boxed::Box<F,A> as core::ops::function::Fn<Args>>::call::h9455091b6b06f9fb
[INFO] [stdout]                                at /rustc/90b35a6239c3d8bdabc530a6a0816f7ff89a0aaf/library/alloc/src/boxed.rs:2468:9
[INFO] [stdout]   13:     0x5d57d9a8f118 - std::panicking::rust_panic_with_hook::h8942133a8b252070
[INFO] [stdout]                                at /rustc/90b35a6239c3d8bdabc530a6a0816f7ff89a0aaf/library/std/src/panicking.rs:809:13
[INFO] [stdout]   14:     0x5d57d9a8eeda - std::panicking::begin_panic_handler::{{closure}}::hb5f5963570096b29
[INFO] [stdout]                                at /rustc/90b35a6239c3d8bdabc530a6a0816f7ff89a0aaf/library/std/src/panicking.rs:674:13
[INFO] [stdout]   15:     0x5d57d9a8daf9 - std::sys::backtrace::__rust_end_short_backtrace::h6208cedc1922feda
[INFO] [stdout]                                at /rustc/90b35a6239c3d8bdabc530a6a0816f7ff89a0aaf/library/std/src/sys/backtrace.rs:170:18
[INFO] [stdout]   16:     0x5d57d9a8eb6c - rust_begin_unwind
[INFO] [stdout]                                at /rustc/90b35a6239c3d8bdabc530a6a0816f7ff89a0aaf/library/std/src/panicking.rs:665:5
[INFO] [stdout]   17:     0x5d57d923e280 - core::panicking::panic_fmt::h0c3082644d1bf418
[INFO] [stdout]                                at /rustc/90b35a6239c3d8bdabc530a6a0816f7ff89a0aaf/library/core/src/panicking.rs:74:14
[INFO] [stdout]   18:     0x5d57d92860f2 - aori_rs::client::tests::test_rfq::{{closure}}::h49a6596f333ee352
[INFO] [stdout]                                at /opt/rustwide/workdir/src/client.rs:77:9
[INFO] [stdout]   19:     0x5d57d9306852 - <core::pin::Pin<P> as core::future::future::Future>::poll::h4c3953d8d02a0ed4
[INFO] [stdout]                                at /rustc/90b35a6239c3d8bdabc530a6a0816f7ff89a0aaf/library/core/src/future/future.rs:123:9
[INFO] [stdout]   20:     0x5d57d93067cd - <core::pin::Pin<P> as core::future::future::Future>::poll::h15b193f1f91351b5
[INFO] [stdout]                                at /rustc/90b35a6239c3d8bdabc530a6a0816f7ff89a0aaf/library/core/src/future/future.rs:123:9
[INFO] [stdout]   21:     0x5d57d938d14f - tokio::runtime::scheduler::current_thread::CoreGuard::block_on::{{closure}}::{{closure}}::{{closure}}::h5675b98577a6fe95
[INFO] [stdout]                                at /opt/rustwide/cargo-home/registry/src/index.crates.io-6f17d22bba15001f/tokio-1.39.3/src/runtime/scheduler/current_thread/mod.rs:673:57
[INFO] [stdout]   22:     0x5d57d938ced5 - tokio::runtime::coop::with_budget::h1ed11cef47664e97
[INFO] [stdout]                                at /opt/rustwide/cargo-home/registry/src/index.crates.io-6f17d22bba15001f/tokio-1.39.3/src/runtime/coop.rs:107:5
[INFO] [stdout]   23:     0x5d57d938ced5 - tokio::runtime::coop::budget::h76e0ae6bdd84c6bc
[INFO] [stdout]                                at /opt/rustwide/cargo-home/registry/src/index.crates.io-6f17d22bba15001f/tokio-1.39.3/src/runtime/coop.rs:73:5
[INFO] [stdout]   24:     0x5d57d938ced5 - tokio::runtime::scheduler::current_thread::CoreGuard::block_on::{{closure}}::{{closure}}::h382d18e355c9c882
[INFO] [stdout]                                at /opt/rustwide/cargo-home/registry/src/index.crates.io-6f17d22bba15001f/tokio-1.39.3/src/runtime/scheduler/current_thread/mod.rs:673:25
[INFO] [stdout]   25:     0x5d57d938acd0 - tokio::runtime::scheduler::current_thread::Context::enter::hd7296c2c355d3de5
[INFO] [stdout]                                at /opt/rustwide/cargo-home/registry/src/index.crates.io-6f17d22bba15001f/tokio-1.39.3/src/runtime/scheduler/current_thread/mod.rs:412:19
[INFO] [stdout]   26:     0x5d57d938be9e - tokio::runtime::scheduler::current_thread::CoreGuard::block_on::{{closure}}::h680bfc748875f326
[INFO] [stdout]                                at /opt/rustwide/cargo-home/registry/src/index.crates.io-6f17d22bba15001f/tokio-1.39.3/src/runtime/scheduler/current_thread/mod.rs:672:36
[INFO] [stdout]   27:     0x5d57d938bbb4 - tokio::runtime::scheduler::current_thread::CoreGuard::enter::{{closure}}::haf3299f57a6e7d49
[INFO] [stdout]                                at /opt/rustwide/cargo-home/registry/src/index.crates.io-6f17d22bba15001f/tokio-1.39.3/src/runtime/scheduler/current_thread/mod.rs:751:68
[INFO] [stdout]   28:     0x5d57d93cb54b - tokio::runtime::context::scoped::Scoped<T>::set::h8777697bf21fe2df
[INFO] [stdout]                                at /opt/rustwide/cargo-home/registry/src/index.crates.io-6f17d22bba15001f/tokio-1.39.3/src/runtime/context/scoped.rs:40:9
[INFO] [stdout]   29:     0x5d57d92c29b9 - tokio::runtime::context::set_scheduler::{{closure}}::h0b3442975f213caf
[INFO] [stdout]                                at /opt/rustwide/cargo-home/registry/src/index.crates.io-6f17d22bba15001f/tokio-1.39.3/src/runtime/context.rs:180:26
[INFO] [stdout]   30:     0x5d57d92ee74d - std::thread::local::LocalKey<T>::try_with::he72b90784b91e6de
[INFO] [stdout]                                at /rustc/90b35a6239c3d8bdabc530a6a0816f7ff89a0aaf/library/std/src/thread/local.rs:283:12
[INFO] [stdout]   31:     0x5d57d92ed5da - std::thread::local::LocalKey<T>::with::h3a058fffe4240342
[INFO] [stdout]                                at /rustc/90b35a6239c3d8bdabc530a6a0816f7ff89a0aaf/library/std/src/thread/local.rs:260:9
[INFO] [stdout]   32:     0x5d57d92c292d - tokio::runtime::context::set_scheduler::h32ef13b808ed5e02
[INFO] [stdout]                                at /opt/rustwide/cargo-home/registry/src/index.crates.io-6f17d22bba15001f/tokio-1.39.3/src/runtime/context.rs:180:9
[INFO] [stdout]   33:     0x5d57d938b940 - tokio::runtime::scheduler::current_thread::CoreGuard::enter::h477d01b5607a453d
[INFO] [stdout]                                at /opt/rustwide/cargo-home/registry/src/index.crates.io-6f17d22bba15001f/tokio-1.39.3/src/runtime/scheduler/current_thread/mod.rs:751:27
[INFO] [stdout]   34:     0x5d57d938bc33 - tokio::runtime::scheduler::current_thread::CoreGuard::block_on::h6866c8f37cc95c5d
[INFO] [stdout]                                at /opt/rustwide/cargo-home/registry/src/index.crates.io-6f17d22bba15001f/tokio-1.39.3/src/runtime/scheduler/current_thread/mod.rs:660:19
[INFO] [stdout]   35:     0x5d57d93899ba - tokio::runtime::scheduler::current_thread::CurrentThread::block_on::{{closure}}::h7ae619e1820d3b3d
[INFO] [stdout]                                at /opt/rustwide/cargo-home/registry/src/index.crates.io-6f17d22bba15001f/tokio-1.39.3/src/runtime/scheduler/current_thread/mod.rs:180:28
[INFO] [stdout]   36:     0x5d57d9347986 - tokio::runtime::context::runtime::enter_runtime::h07beeaa868e90b8d
[INFO] [stdout]                                at /opt/rustwide/cargo-home/registry/src/index.crates.io-6f17d22bba15001f/tokio-1.39.3/src/runtime/context/runtime.rs:65:16
[INFO] [stdout]   37:     0x5d57d93896c1 - tokio::runtime::scheduler::current_thread::CurrentThread::block_on::h83943eab26915714
[INFO] [stdout]                                at /opt/rustwide/cargo-home/registry/src/index.crates.io-6f17d22bba15001f/tokio-1.39.3/src/runtime/scheduler/current_thread/mod.rs:168:9
[INFO] [stdout]   38:     0x5d57d92efc0d - tokio::runtime::runtime::Runtime::block_on_inner::h2ed63a2dea303ec1
[INFO] [stdout]                                at /opt/rustwide/cargo-home/registry/src/index.crates.io-6f17d22bba15001f/tokio-1.39.3/src/runtime/runtime.rs:361:47
[INFO] [stdout]   39:     0x5d57d92efe35 - tokio::runtime::runtime::Runtime::block_on::he072a59c401d7289
[INFO] [stdout]                                at /opt/rustwide/cargo-home/registry/src/index.crates.io-6f17d22bba15001f/tokio-1.39.3/src/runtime/runtime.rs:335:13
[INFO] [stdout]   40:     0x5d57d92849f1 - aori_rs::client::tests::test_rfq::hae97ec8060c7fa13
[INFO] [stdout]                                at /opt/rustwide/workdir/src/client.rs:77:9
[INFO] [stdout]   41:     0x5d57d9284897 - aori_rs::client::tests::test_rfq::{{closure}}::hceb0033fe1950bda
[INFO] [stdout]                                at /opt/rustwide/workdir/src/client.rs:57:24
[INFO] [stdout]   42:     0x5d57d937b616 - core::ops::function::FnOnce::call_once::hd6aeb5cbe468df64
[INFO] [stdout]                                at /rustc/90b35a6239c3d8bdabc530a6a0816f7ff89a0aaf/library/core/src/ops/function.rs:250:5
[INFO] [stdout]   43:     0x5d57d945935b - core::ops::function::FnOnce::call_once::h109cf8051a59b34e
[INFO] [stdout]                                at /rustc/90b35a6239c3d8bdabc530a6a0816f7ff89a0aaf/library/core/src/ops/function.rs:250:5
[INFO] [stdout]   44:     0x5d57d945935b - test::__rust_begin_short_backtrace::hf4fff89d377446ba
[INFO] [stdout]                                at /rustc/90b35a6239c3d8bdabc530a6a0816f7ff89a0aaf/library/test/src/lib.rs:621:18
[INFO] [stdout]   45:     0x5d57d9458b97 - test::run_test_in_process::{{closure}}::h0e39181dd7ee5a43
[INFO] [stdout]                                at /rustc/90b35a6239c3d8bdabc530a6a0816f7ff89a0aaf/library/test/src/lib.rs:644:60
[INFO] [stdout]   46:     0x5d57d9458b97 - <core::panic::unwind_safe::AssertUnwindSafe<F> as core::ops::function::FnOnce<()>>::call_once::hc5a66a30f0bdfd1f
[INFO] [stdout]                                at /rustc/90b35a6239c3d8bdabc530a6a0816f7ff89a0aaf/library/core/src/panic/unwind_safe.rs:272:9
[INFO] [stdout]   47:     0x5d57d9458b97 - std::panicking::try::do_call::h873b7cf639554a5e
[INFO] [stdout]                                at /rustc/90b35a6239c3d8bdabc530a6a0816f7ff89a0aaf/library/std/src/panicking.rs:557:40
[INFO] [stdout]   48:     0x5d57d9458b97 - std::panicking::try::hdb19862fad9c8bd1
[INFO] [stdout]                                at /rustc/90b35a6239c3d8bdabc530a6a0816f7ff89a0aaf/library/std/src/panicking.rs:520:19
[INFO] [stdout]   49:     0x5d57d9458b97 - std::panic::catch_unwind::h281fe732d236d260
[INFO] [stdout]                                at /rustc/90b35a6239c3d8bdabc530a6a0816f7ff89a0aaf/library/std/src/panic.rs:358:14
[INFO] [stdout]   50:     0x5d57d9458b97 - test::run_test_in_process::h949b6df8457ed338
[INFO] [stdout]                                at /rustc/90b35a6239c3d8bdabc530a6a0816f7ff89a0aaf/library/test/src/lib.rs:644:27
[INFO] [stdout]   51:     0x5d57d9458b97 - test::run_test::{{closure}}::h52c556a6d4740e10
[INFO] [stdout]                                at /rustc/90b35a6239c3d8bdabc530a6a0816f7ff89a0aaf/library/test/src/lib.rs:565:43
[INFO] [stdout]   52:     0x5d57d941de74 - test::run_test::{{closure}}::h4237f6381c45ccb9
[INFO] [stdout]                                at /rustc/90b35a6239c3d8bdabc530a6a0816f7ff89a0aaf/library/test/src/lib.rs:595:41
[INFO] [stdout]   53:     0x5d57d941de74 - std::sys::backtrace::__rust_begin_short_backtrace::h505c97a579eca628
[INFO] [stdout]                                at /rustc/90b35a6239c3d8bdabc530a6a0816f7ff89a0aaf/library/std/src/sys/backtrace.rs:154:18
[INFO] [stdout]   54:     0x5d57d942153e - std::thread::Builder::spawn_unchecked_::{{closure}}::{{closure}}::h9e86b2e2bc107ea3
[INFO] [stdout]                                at /rustc/90b35a6239c3d8bdabc530a6a0816f7ff89a0aaf/library/std/src/thread/mod.rs:538:17
[INFO] [stdout]   55:     0x5d57d942153e - <core::panic::unwind_safe::AssertUnwindSafe<F> as core::ops::function::FnOnce<()>>::call_once::h8b06ddb275ff4a25
[INFO] [stdout]                                at /rustc/90b35a6239c3d8bdabc530a6a0816f7ff89a0aaf/library/core/src/panic/unwind_safe.rs:272:9
[INFO] [stdout]   56:     0x5d57d942153e - std::panicking::try::do_call::hb26ecd7cd9a9355d
[INFO] [stdout]                                at /rustc/90b35a6239c3d8bdabc530a6a0816f7ff89a0aaf/library/std/src/panicking.rs:557:40
[INFO] [stdout]   57:     0x5d57d942153e - std::panicking::try::h8ddeca9d705f9069
[INFO] [stdout]                                at /rustc/90b35a6239c3d8bdabc530a6a0816f7ff89a0aaf/library/std/src/panicking.rs:520:19
[INFO] [stdout]   58:     0x5d57d942153e - std::panic::catch_unwind::h49e1c33078844c46
[INFO] [stdout]                                at /rustc/90b35a6239c3d8bdabc530a6a0816f7ff89a0aaf/library/std/src/panic.rs:358:14
[INFO] [stdout]   59:     0x5d57d942153e - std::thread::Builder::spawn_unchecked_::{{closure}}::h6073db6ff56ad35d
[INFO] [stdout]                                at /rustc/90b35a6239c3d8bdabc530a6a0816f7ff89a0aaf/library/std/src/thread/mod.rs:537:30
[INFO] [stdout]   60:     0x5d57d942153e - core::ops::function::FnOnce::call_once{{vtable.shim}}::h2c5a5f3779c774f1
[INFO] [stdout]                                at /rustc/90b35a6239c3d8bdabc530a6a0816f7ff89a0aaf/library/core/src/ops/function.rs:250:5
[INFO] [stdout]   61:     0x5d57d9a930fb - <alloc::boxed::Box<F,A> as core::ops::function::FnOnce<Args>>::call_once::hf75717d9f28faebf
[INFO] [stdout]                                at /rustc/90b35a6239c3d8bdabc530a6a0816f7ff89a0aaf/library/alloc/src/boxed.rs:2454:9
[INFO] [stdout]   62:     0x5d57d9a930fb - <alloc::boxed::Box<F,A> as core::ops::function::FnOnce<Args>>::call_once::h7bd883a5f3c5f3c1
[INFO] [stdout]                                at /rustc/90b35a6239c3d8bdabc530a6a0816f7ff89a0aaf/library/alloc/src/boxed.rs:2454:9
[INFO] [stdout]   63:     0x5d57d9a930fb - std::sys::pal::unix::thread::Thread::new::thread_start::hcc78f3943333fa94
[INFO] [stdout]                                at /rustc/90b35a6239c3d8bdabc530a6a0816f7ff89a0aaf/library/std/src/sys/pal/unix/thread.rs:105:17
[INFO] [stdout]   64:     0x71dd84e86ac3 - <unknown>
[INFO] [stdout]   65:     0x71dd84f17a04 - clone
[INFO] [stdout]   66:                0x0 - <unknown>
[INFO] [stdout] 
[INFO] [stdout] 
[INFO] [stdout] failures:
[INFO] [stdout]     client::tests::test_rfq
[INFO] [stdout]     provider::provider_tests::test_ping
[INFO] [stdout]     response::tests::test_deserialize_aori_feed_event
[INFO] [stdout] 
[INFO] [stdout] test result: FAILED. 5 passed; 3 failed; 0 ignored; 0 measured; 0 filtered out; finished in 0.24s
[INFO] [stdout] 
[INFO] [stderr] error: test failed, to rerun pass `--lib`
[INFO] running `Command { std: "docker" "inspect" "2bf11c83de37489c9f10ed457fa0bfb9cbf2a27ea00ffa251c9a4ba6e9e84bed", kill_on_drop: false }`
[INFO] running `Command { std: "docker" "rm" "-f" "2bf11c83de37489c9f10ed457fa0bfb9cbf2a27ea00ffa251c9a4ba6e9e84bed", kill_on_drop: false }`
[INFO] [stdout] 2bf11c83de37489c9f10ed457fa0bfb9cbf2a27ea00ffa251c9a4ba6e9e84bed
