[INFO] fetching crate aoc_macros 0.1.9...
[INFO] testing aoc_macros-0.1.9 against 1.83.0 for beta-1.84.0-4-retry
[INFO] extracting crate aoc_macros 0.1.9 into /workspace/builds/worker-7-tc1/source
[INFO] validating manifest of crates.io crate aoc_macros 0.1.9 on toolchain 1.83.0
[INFO] running `Command { std: CARGO_HOME="/workspace/cargo-home" RUSTUP_HOME="/workspace/rustup-home" "/workspace/cargo-home/bin/cargo" "+1.83.0" "metadata" "--manifest-path" "Cargo.toml" "--no-deps", kill_on_drop: false }`
[INFO] started tweaking crates.io crate aoc_macros 0.1.9
[INFO] finished tweaking crates.io crate aoc_macros 0.1.9
[INFO] tweaked toml for crates.io crate aoc_macros 0.1.9 written to /workspace/builds/worker-7-tc1/source/Cargo.toml
[INFO] running `Command { std: CARGO_HOME="/workspace/cargo-home" RUSTUP_HOME="/workspace/rustup-home" "/workspace/cargo-home/bin/cargo" "+1.83.0" "generate-lockfile" "--manifest-path" "Cargo.toml", kill_on_drop: false }`
[INFO] [stderr]     Updating crates.io index
[INFO] [stderr]      Locking 4 packages to latest compatible versions
[INFO] [stderr]       Adding syn v1.0.109 (available: v2.0.90)
[INFO] running `Command { std: CARGO_HOME="/workspace/cargo-home" RUSTUP_HOME="/workspace/rustup-home" "/workspace/cargo-home/bin/cargo" "+1.83.0" "fetch" "--manifest-path" "Cargo.toml", kill_on_drop: false }`
[INFO] running `Command { std: "docker" "create" "-v" "/var/lib/crater-agent-workspace/builds/worker-7-tc1/target:/opt/rustwide/target:rw,Z" "-v" "/var/lib/crater-agent-workspace/builds/worker-7-tc1/source:/opt/rustwide/workdir:ro,Z" "-v" "/var/lib/crater-agent-workspace/cargo-home:/opt/rustwide/cargo-home:ro,Z" "-v" "/var/lib/crater-agent-workspace/rustup-home:/opt/rustwide/rustup-home:ro,Z" "-e" "SOURCE_DIR=/opt/rustwide/workdir" "-e" "CARGO_TARGET_DIR=/opt/rustwide/target" "-e" "CARGO_HOME=/opt/rustwide/cargo-home" "-e" "RUSTUP_HOME=/opt/rustwide/rustup-home" "-w" "/opt/rustwide/workdir" "-m" "1610612736" "--user" "0:0" "--network" "none" "ghcr.io/rust-lang/crates-build-env/linux@sha256:f3a9d4ad9d972b27faf3965f35b62e55ba32bbce8f20bc8fe909558a86702fde" "/opt/rustwide/cargo-home/bin/cargo" "+1.83.0" "metadata" "--no-deps" "--format-version=1", kill_on_drop: false }`
[INFO] [stdout] 2b92591b83312f4c6f118499b3943fb1d4b692843a33dec698a3173bc9e1423b
[INFO] running `Command { std: "docker" "start" "-a" "2b92591b83312f4c6f118499b3943fb1d4b692843a33dec698a3173bc9e1423b", kill_on_drop: false }`
[INFO] running `Command { std: "docker" "inspect" "2b92591b83312f4c6f118499b3943fb1d4b692843a33dec698a3173bc9e1423b", kill_on_drop: false }`
[INFO] running `Command { std: "docker" "rm" "-f" "2b92591b83312f4c6f118499b3943fb1d4b692843a33dec698a3173bc9e1423b", kill_on_drop: false }`
[INFO] [stdout] 2b92591b83312f4c6f118499b3943fb1d4b692843a33dec698a3173bc9e1423b
[INFO] running `Command { std: "docker" "create" "-v" "/var/lib/crater-agent-workspace/builds/worker-7-tc1/target:/opt/rustwide/target:rw,Z" "-v" "/var/lib/crater-agent-workspace/builds/worker-7-tc1/source:/opt/rustwide/workdir:ro,Z" "-v" "/var/lib/crater-agent-workspace/cargo-home:/opt/rustwide/cargo-home:ro,Z" "-v" "/var/lib/crater-agent-workspace/rustup-home:/opt/rustwide/rustup-home:ro,Z" "-e" "SOURCE_DIR=/opt/rustwide/workdir" "-e" "CARGO_TARGET_DIR=/opt/rustwide/target" "-e" "CARGO_INCREMENTAL=0" "-e" "RUST_BACKTRACE=full" "-e" "RUSTFLAGS=--cap-lints=warn" "-e" "RUSTDOCFLAGS=--cap-lints=warn" "-e" "CARGO_HOME=/opt/rustwide/cargo-home" "-e" "RUSTUP_HOME=/opt/rustwide/rustup-home" "-w" "/opt/rustwide/workdir" "-m" "1610612736" "--user" "0:0" "--network" "none" "ghcr.io/rust-lang/crates-build-env/linux@sha256:f3a9d4ad9d972b27faf3965f35b62e55ba32bbce8f20bc8fe909558a86702fde" "/opt/rustwide/cargo-home/bin/cargo" "+1.83.0" "build" "--frozen" "--message-format=json", kill_on_drop: false }`
[INFO] [stdout] 769d0af6afe35a7fbcefe195dd4a14e36505009b284608151760cce223cf21df
[INFO] running `Command { std: "docker" "start" "-a" "769d0af6afe35a7fbcefe195dd4a14e36505009b284608151760cce223cf21df", kill_on_drop: false }`
[INFO] [stderr]    Compiling proc-macro2 v1.0.92
[INFO] [stderr]    Compiling unicode-ident v1.0.14
[INFO] [stderr]    Compiling syn v1.0.109
[INFO] [stderr]    Compiling quote v1.0.37
[INFO] [stderr]    Compiling aoc_macros v0.1.9 (/opt/rustwide/workdir)
[INFO] [stdout] warning: field `0` is never read
[INFO] [stdout]    --> src/lib.rs:582:9
[INFO] [stdout]     |
[INFO] [stdout] 582 |     Braced(HashMap<Key, Value>),
[INFO] [stdout]     |     ------ ^^^^^^^^^^^^^^^^^^^
[INFO] [stdout]     |     |
[INFO] [stdout]     |     field in this variant
[INFO] [stdout]     |
[INFO] [stdout]     = note: `Value` has a derived impl for the trait `Debug`, but this is intentionally ignored during dead code analysis
[INFO] [stdout]     = note: `#[warn(dead_code)]` on by default
[INFO] [stdout] help: consider changing the field to be of unit type to suppress this warning while preserving the field numbering, or remove the field
[INFO] [stdout]     |
[INFO] [stdout] 582 |     Braced(()),
[INFO] [stdout]     |            ~~
[INFO] [stdout] 
[INFO] [stdout] 
[INFO] [stderr]     Finished `dev` profile [unoptimized + debuginfo] target(s) in 7.67s
[INFO] running `Command { std: "docker" "inspect" "769d0af6afe35a7fbcefe195dd4a14e36505009b284608151760cce223cf21df", kill_on_drop: false }`
[INFO] running `Command { std: "docker" "rm" "-f" "769d0af6afe35a7fbcefe195dd4a14e36505009b284608151760cce223cf21df", kill_on_drop: false }`
[INFO] [stdout] 769d0af6afe35a7fbcefe195dd4a14e36505009b284608151760cce223cf21df
[INFO] running `Command { std: "docker" "create" "-v" "/var/lib/crater-agent-workspace/builds/worker-7-tc1/target:/opt/rustwide/target:rw,Z" "-v" "/var/lib/crater-agent-workspace/builds/worker-7-tc1/source:/opt/rustwide/workdir:ro,Z" "-v" "/var/lib/crater-agent-workspace/cargo-home:/opt/rustwide/cargo-home:ro,Z" "-v" "/var/lib/crater-agent-workspace/rustup-home:/opt/rustwide/rustup-home:ro,Z" "-e" "SOURCE_DIR=/opt/rustwide/workdir" "-e" "CARGO_TARGET_DIR=/opt/rustwide/target" "-e" "CARGO_INCREMENTAL=0" "-e" "RUST_BACKTRACE=full" "-e" "RUSTFLAGS=--cap-lints=warn" "-e" "RUSTDOCFLAGS=--cap-lints=warn" "-e" "CARGO_HOME=/opt/rustwide/cargo-home" "-e" "RUSTUP_HOME=/opt/rustwide/rustup-home" "-w" "/opt/rustwide/workdir" "-m" "1610612736" "--user" "0:0" "--network" "none" "ghcr.io/rust-lang/crates-build-env/linux@sha256:f3a9d4ad9d972b27faf3965f35b62e55ba32bbce8f20bc8fe909558a86702fde" "/opt/rustwide/cargo-home/bin/cargo" "+1.83.0" "test" "--frozen" "--no-run" "--message-format=json", kill_on_drop: false }`
[INFO] [stdout] d2779f610fa23869a2694fa1055b5bf3348bb76676ed362586a9b17e2d239e4d
[INFO] running `Command { std: "docker" "start" "-a" "d2779f610fa23869a2694fa1055b5bf3348bb76676ed362586a9b17e2d239e4d", kill_on_drop: false }`
[INFO] [stderr]    Compiling aoc_macros v0.1.9 (/opt/rustwide/workdir)
[INFO] [stdout] warning: field `0` is never read
[INFO] [stdout]    --> src/lib.rs:582:9
[INFO] [stdout]     |
[INFO] [stdout] 582 |     Braced(HashMap<Key, Value>),
[INFO] [stdout]     |     ------ ^^^^^^^^^^^^^^^^^^^
[INFO] [stdout]     |     |
[INFO] [stdout]     |     field in this variant
[INFO] [stdout]     |
[INFO] [stdout]     = note: `Value` has a derived impl for the trait `Debug`, but this is intentionally ignored during dead code analysis
[INFO] [stdout]     = note: `#[warn(dead_code)]` on by default
[INFO] [stdout] help: consider changing the field to be of unit type to suppress this warning while preserving the field numbering, or remove the field
[INFO] [stdout]     |
[INFO] [stdout] 582 |     Braced(()),
[INFO] [stdout]     |            ~~
[INFO] [stdout] 
[INFO] [stdout] 
[INFO] [stdout] warning: field `0` is never read
[INFO] [stdout]    --> src/lib.rs:582:9
[INFO] [stdout]     |
[INFO] [stdout] 582 |     Braced(HashMap<Key, Value>),
[INFO] [stdout]     |     ------ ^^^^^^^^^^^^^^^^^^^
[INFO] [stdout]     |     |
[INFO] [stdout]     |     field in this variant
[INFO] [stdout]     |
[INFO] [stdout]     = note: `Value` has a derived impl for the trait `Debug`, but this is intentionally ignored during dead code analysis
[INFO] [stdout]     = note: `#[warn(dead_code)]` on by default
[INFO] [stdout] help: consider changing the field to be of unit type to suppress this warning while preserving the field numbering, or remove the field
[INFO] [stdout]     |
[INFO] [stdout] 582 |     Braced(()),
[INFO] [stdout]     |            ~~
[INFO] [stdout] 
[INFO] [stdout] 
[INFO] [stderr]     Finished `test` profile [unoptimized + debuginfo] target(s) in 1.03s
[INFO] running `Command { std: "docker" "inspect" "d2779f610fa23869a2694fa1055b5bf3348bb76676ed362586a9b17e2d239e4d", kill_on_drop: false }`
[INFO] running `Command { std: "docker" "rm" "-f" "d2779f610fa23869a2694fa1055b5bf3348bb76676ed362586a9b17e2d239e4d", kill_on_drop: false }`
[INFO] [stdout] d2779f610fa23869a2694fa1055b5bf3348bb76676ed362586a9b17e2d239e4d
[INFO] running `Command { std: "docker" "create" "-v" "/var/lib/crater-agent-workspace/builds/worker-7-tc1/target:/opt/rustwide/target:rw,Z" "-v" "/var/lib/crater-agent-workspace/builds/worker-7-tc1/source:/opt/rustwide/workdir:ro,Z" "-v" "/var/lib/crater-agent-workspace/cargo-home:/opt/rustwide/cargo-home:ro,Z" "-v" "/var/lib/crater-agent-workspace/rustup-home:/opt/rustwide/rustup-home:ro,Z" "-e" "SOURCE_DIR=/opt/rustwide/workdir" "-e" "CARGO_TARGET_DIR=/opt/rustwide/target" "-e" "CARGO_INCREMENTAL=0" "-e" "RUST_BACKTRACE=full" "-e" "RUSTFLAGS=--cap-lints=warn" "-e" "RUSTDOCFLAGS=--cap-lints=warn" "-e" "CARGO_HOME=/opt/rustwide/cargo-home" "-e" "RUSTUP_HOME=/opt/rustwide/rustup-home" "-w" "/opt/rustwide/workdir" "-m" "1610612736" "--user" "0:0" "--network" "none" "ghcr.io/rust-lang/crates-build-env/linux@sha256:f3a9d4ad9d972b27faf3965f35b62e55ba32bbce8f20bc8fe909558a86702fde" "/opt/rustwide/cargo-home/bin/cargo" "+1.83.0" "test" "--frozen", kill_on_drop: false }`
[INFO] [stdout] 2fa9bd7566e4d356ae2e56bb8b1936a6cda7a4ee3265a3c05ab8f0ba1ee03403
[INFO] running `Command { std: "docker" "start" "-a" "2fa9bd7566e4d356ae2e56bb8b1936a6cda7a4ee3265a3c05ab8f0ba1ee03403", kill_on_drop: false }`
[INFO] [stderr] warning: field `0` is never read
[INFO] [stderr]    --> src/lib.rs:582:9
[INFO] [stderr]     |
[INFO] [stderr] 582 |     Braced(HashMap<Key, Value>),
[INFO] [stderr]     |     ------ ^^^^^^^^^^^^^^^^^^^
[INFO] [stderr]     |     |
[INFO] [stderr]     |     field in this variant
[INFO] [stderr]     |
[INFO] [stderr]     = note: `Value` has a derived impl for the trait `Debug`, but this is intentionally ignored during dead code analysis
[INFO] [stderr]     = note: `#[warn(dead_code)]` on by default
[INFO] [stderr] help: consider changing the field to be of unit type to suppress this warning while preserving the field numbering, or remove the field
[INFO] [stderr]     |
[INFO] [stderr] 582 |     Braced(()),
[INFO] [stderr]     |            ~~
[INFO] [stderr] 
[INFO] [stderr] warning: `aoc_macros` (lib) generated 1 warning
[INFO] [stderr] warning: `aoc_macros` (lib test) generated 1 warning (1 duplicate)
[INFO] [stderr]     Finished `test` profile [unoptimized + debuginfo] target(s) in 0.03s
[INFO] [stderr]      Running unittests src/lib.rs (/opt/rustwide/target/debug/deps/aoc_macros-d2c6bc6ff0c2b7da)
[INFO] [stdout] 
[INFO] [stdout] running 0 tests
[INFO] [stdout] 
[INFO] [stdout] test result: ok. 0 passed; 0 failed; 0 ignored; 0 measured; 0 filtered out; finished in 0.00s
[INFO] [stdout] 
[INFO] [stderr]    Doc-tests aoc_macros
[INFO] [stdout] 
[INFO] [stdout] running 14 tests
[INFO] [stdout] test src/lib.rs - aoc_complete (line 470) ... FAILED
[INFO] [stdout] test src/lib.rs - test_bytes (line 269) ... FAILED
[INFO] [stdout] test src/lib.rs - aoc_complete (line 438) ... FAILED
[INFO] [stdout] test src/lib.rs - run (line 135) ... FAILED
[INFO] [stdout] test src/lib.rs - run_bytes (line 170) ... FAILED
[INFO] [stdout] test src/lib.rs - run_bytes (line 178) ... FAILED
[INFO] [stdout] test src/lib.rs - run (line 124) ... FAILED
[INFO] [stdout] test src/lib.rs - test (line 220) ... FAILED
[INFO] [stdout] test src/lib.rs - run_bytes (line 166) ... FAILED
[INFO] [stdout] test src/lib.rs - test (line 213) ... FAILED
[INFO] [stdout] test src/lib.rs - run (line 128) ... FAILED
[INFO] [stdout] test src/lib.rs - test (line 209) ... FAILED
[INFO] [stdout] test src/lib.rs - test_bytes (line 261) ... FAILED
[INFO] [stdout] test src/lib.rs - test_bytes (line 257) ... FAILED
[INFO] [stdout] 
[INFO] [stdout] failures:
[INFO] [stdout] 
[INFO] [stdout] ---- src/lib.rs - aoc_complete (line 470) stdout ----
[INFO] [stdout] error: unexpected token: `...`
[INFO] [stdout]  --> src/lib.rs:472:5
[INFO] [stdout]   |
[INFO] [stdout] 4 |     ...
[INFO] [stdout]   |     ^^^
[INFO] [stdout]   |
[INFO] [stdout] help: use `..` for an exclusive range
[INFO] [stdout]   |
[INFO] [stdout] 4 |     ..
[INFO] [stdout]   |
[INFO] [stdout] help: or `..=` for an inclusive range
[INFO] [stdout]   |
[INFO] [stdout] 4 |     ..=
[INFO] [stdout]   |
[INFO] [stdout] 
[INFO] [stdout] error[E0586]: inclusive range with no end
[INFO] [stdout]  --> src/lib.rs:472:5
[INFO] [stdout]   |
[INFO] [stdout] 4 |     ...
[INFO] [stdout]   |     ^^^
[INFO] [stdout]   |
[INFO] [stdout]   = note: inclusive ranges must be bounded at the end (`..=b` or `a..=b`)
[INFO] [stdout] help: use `..` instead
[INFO] [stdout]   |
[INFO] [stdout] 4 -     ...
[INFO] [stdout] 4 +     ..
[INFO] [stdout]   |
[INFO] [stdout] 
[INFO] [stdout] error: aborting due to 2 previous errors
[INFO] [stdout] 
[INFO] [stdout] For more information about this error, try `rustc --explain E0586`.
[INFO] [stdout] Couldn't compile the test.
[INFO] [stdout] ---- src/lib.rs - test_bytes (line 269) stdout ----
[INFO] [stdout] error: unexpected token: `...`
[INFO] [stdout]  --> src/lib.rs:271:5
[INFO] [stdout]   |
[INFO] [stdout] 4 |     ...
[INFO] [stdout]   |     ^^^
[INFO] [stdout]   |
[INFO] [stdout] help: use `..` for an exclusive range
[INFO] [stdout]   |
[INFO] [stdout] 4 |     ..
[INFO] [stdout]   |
[INFO] [stdout] help: or `..=` for an inclusive range
[INFO] [stdout]   |
[INFO] [stdout] 4 |     ..=
[INFO] [stdout]   |
[INFO] [stdout] 
[INFO] [stdout] error[E0586]: inclusive range with no end
[INFO] [stdout]  --> src/lib.rs:271:5
[INFO] [stdout]   |
[INFO] [stdout] 4 |     ...
[INFO] [stdout]   |     ^^^
[INFO] [stdout]   |
[INFO] [stdout]   = note: inclusive ranges must be bounded at the end (`..=b` or `a..=b`)
[INFO] [stdout] help: use `..` instead
[INFO] [stdout]   |
[INFO] [stdout] 4 -     ...
[INFO] [stdout] 4 +     ..
[INFO] [stdout]   |
[INFO] [stdout] 
[INFO] [stdout] error: aborting due to 2 previous errors
[INFO] [stdout] 
[INFO] [stdout] For more information about this error, try `rustc --explain E0586`.
[INFO] [stdout] Couldn't compile the test.
[INFO] [stdout] ---- src/lib.rs - aoc_complete (line 438) stdout ----
[INFO] [stdout] error[E0433]: failed to resolve: use of undeclared crate or module `aoc_driver`
[INFO] [stdout]  --> src/lib.rs:440:5
[INFO] [stdout]   |
[INFO] [stdout] 3 |     aoc_driver::aoc_complete! {
[INFO] [stdout]   |     ^^^^^^^^^^ use of undeclared crate or module `aoc_driver`
[INFO] [stdout] 
[INFO] [stdout] error: aborting due to 1 previous error
[INFO] [stdout] 
[INFO] [stdout] For more information about this error, try `rustc --explain E0433`.
[INFO] [stdout] Couldn't compile the test.
[INFO] [stdout] ---- src/lib.rs - run (line 135) stdout ----
[INFO] [stdout] error: unexpected token: `...`
[INFO] [stdout]  --> src/lib.rs:137:5
[INFO] [stdout]   |
[INFO] [stdout] 4 |     ...
[INFO] [stdout]   |     ^^^
[INFO] [stdout]   |
[INFO] [stdout] help: use `..` for an exclusive range
[INFO] [stdout]   |
[INFO] [stdout] 4 |     ..
[INFO] [stdout]   |
[INFO] [stdout] help: or `..=` for an inclusive range
[INFO] [stdout]   |
[INFO] [stdout] 4 |     ..=
[INFO] [stdout]   |
[INFO] [stdout] 
[INFO] [stdout] error[E0586]: inclusive range with no end
[INFO] [stdout]  --> src/lib.rs:137:5
[INFO] [stdout]   |
[INFO] [stdout] 4 |     ...
[INFO] [stdout]   |     ^^^
[INFO] [stdout]   |
[INFO] [stdout]   = note: inclusive ranges must be bounded at the end (`..=b` or `a..=b`)
[INFO] [stdout] help: use `..` instead
[INFO] [stdout]   |
[INFO] [stdout] 4 -     ...
[INFO] [stdout] 4 +     ..
[INFO] [stdout]   |
[INFO] [stdout] 
[INFO] [stdout] error: aborting due to 2 previous errors
[INFO] [stdout] 
[INFO] [stdout] For more information about this error, try `rustc --explain E0586`.
[INFO] [stdout] Couldn't compile the test.
[INFO] [stdout] ---- src/lib.rs - run_bytes (line 170) stdout ----
[INFO] [stdout] error: cannot find macro `run_bytes` in this scope
[INFO] [stdout]  --> src/lib.rs:171:1
[INFO] [stdout]   |
[INFO] [stdout] 3 | run_bytes!(2021, 1, 1, year2020::day1::part1, "input/2020/1.bin")
[INFO] [stdout]   | ^^^^^^^^^
[INFO] [stdout]   |
[INFO] [stdout] help: consider importing this macro
[INFO] [stdout]   |
[INFO] [stdout] 2 + use aoc_macros::run_bytes;
[INFO] [stdout]   |
[INFO] [stdout] 
[INFO] [stdout] error: aborting due to 1 previous error
[INFO] [stdout] 
[INFO] [stdout] Couldn't compile the test.
[INFO] [stdout] ---- src/lib.rs - run_bytes (line 178) stdout ----
[INFO] [stdout] error: unexpected token: `...`
[INFO] [stdout]  --> src/lib.rs:180:5
[INFO] [stdout]   |
[INFO] [stdout] 4 |     ...
[INFO] [stdout]   |     ^^^
[INFO] [stdout]   |
[INFO] [stdout] help: use `..` for an exclusive range
[INFO] [stdout]   |
[INFO] [stdout] 4 |     ..
[INFO] [stdout]   |
[INFO] [stdout] help: or `..=` for an inclusive range
[INFO] [stdout]   |
[INFO] [stdout] 4 |     ..=
[INFO] [stdout]   |
[INFO] [stdout] 
[INFO] [stdout] error[E0586]: inclusive range with no end
[INFO] [stdout]  --> src/lib.rs:180:5
[INFO] [stdout]   |
[INFO] [stdout] 4 |     ...
[INFO] [stdout]   |     ^^^
[INFO] [stdout]   |
[INFO] [stdout]   = note: inclusive ranges must be bounded at the end (`..=b` or `a..=b`)
[INFO] [stdout] help: use `..` instead
[INFO] [stdout]   |
[INFO] [stdout] 4 -     ...
[INFO] [stdout] 4 +     ..
[INFO] [stdout]   |
[INFO] [stdout] 
[INFO] [stdout] error: aborting due to 2 previous errors
[INFO] [stdout] 
[INFO] [stdout] For more information about this error, try `rustc --explain E0586`.
[INFO] [stdout] Couldn't compile the test.
[INFO] [stdout] ---- src/lib.rs - run (line 124) stdout ----
[INFO] [stdout] error: cannot find macro `run` in this scope
[INFO] [stdout]  --> src/lib.rs:125:1
[INFO] [stdout]   |
[INFO] [stdout] 3 | run!(year, day, part, function, input_path);
[INFO] [stdout]   | ^^^
[INFO] [stdout]   |
[INFO] [stdout] help: consider importing this macro
[INFO] [stdout]   |
[INFO] [stdout] 2 + use aoc_macros::run;
[INFO] [stdout]   |
[INFO] [stdout] 
[INFO] [stdout] error: aborting due to 1 previous error
[INFO] [stdout] 
[INFO] [stdout] Couldn't compile the test.
[INFO] [stdout] ---- src/lib.rs - test (line 220) stdout ----
[INFO] [stdout] error: unexpected token: `...`
[INFO] [stdout]  --> src/lib.rs:222:5
[INFO] [stdout]   |
[INFO] [stdout] 4 |     ...
[INFO] [stdout]   |     ^^^
[INFO] [stdout]   |
[INFO] [stdout] help: use `..` for an exclusive range
[INFO] [stdout]   |
[INFO] [stdout] 4 |     ..
[INFO] [stdout]   |
[INFO] [stdout] help: or `..=` for an inclusive range
[INFO] [stdout]   |
[INFO] [stdout] 4 |     ..=
[INFO] [stdout]   |
[INFO] [stdout] 
[INFO] [stdout] error[E0586]: inclusive range with no end
[INFO] [stdout]  --> src/lib.rs:222:5
[INFO] [stdout]   |
[INFO] [stdout] 4 |     ...
[INFO] [stdout]   |     ^^^
[INFO] [stdout]   |
[INFO] [stdout]   = note: inclusive ranges must be bounded at the end (`..=b` or `a..=b`)
[INFO] [stdout] help: use `..` instead
[INFO] [stdout]   |
[INFO] [stdout] 4 -     ...
[INFO] [stdout] 4 +     ..
[INFO] [stdout]   |
[INFO] [stdout] 
[INFO] [stdout] error: aborting due to 2 previous errors
[INFO] [stdout] 
[INFO] [stdout] For more information about this error, try `rustc --explain E0586`.
[INFO] [stdout] Couldn't compile the test.
[INFO] [stdout] ---- src/lib.rs - run_bytes (line 166) stdout ----
[INFO] [stdout] error: cannot find macro `run_bytes` in this scope
[INFO] [stdout]  --> src/lib.rs:167:1
[INFO] [stdout]   |
[INFO] [stdout] 3 | run_bytes!(year, day, part, function, input_path);
[INFO] [stdout]   | ^^^^^^^^^
[INFO] [stdout]   |
[INFO] [stdout] help: consider importing this macro
[INFO] [stdout]   |
[INFO] [stdout] 2 + use aoc_macros::run_bytes;
[INFO] [stdout]   |
[INFO] [stdout] 
[INFO] [stdout] error: aborting due to 1 previous error
[INFO] [stdout] 
[INFO] [stdout] Couldn't compile the test.
[INFO] [stdout] ---- src/lib.rs - test (line 213) stdout ----
[INFO] [stdout] error: cannot find macro `test` in this scope
[INFO] [stdout]  --> src/lib.rs:214:1
[INFO] [stdout]   |
[INFO] [stdout] 3 | test!(2021, 1, 1, year2020::day1::part1, "simple", "123", "456");
[INFO] [stdout]   | ^^^^
[INFO] [stdout]   |
[INFO] [stdout]   = note: `test` is in scope, but it is an attribute: `#[test]`
[INFO] [stdout] help: consider importing this macro
[INFO] [stdout]   |
[INFO] [stdout] 2 + use aoc_macros::test;
[INFO] [stdout]   |
[INFO] [stdout] 
[INFO] [stdout] error: aborting due to 1 previous error
[INFO] [stdout] 
[INFO] [stdout] Couldn't compile the test.
[INFO] [stdout] ---- src/lib.rs - run (line 128) stdout ----
[INFO] [stdout] error: cannot find macro `run` in this scope
[INFO] [stdout]  --> src/lib.rs:129:1
[INFO] [stdout]   |
[INFO] [stdout] 3 | run!(2021, 1, 1, year2020::day1::part1, "input/2020/1.txt")
[INFO] [stdout]   | ^^^
[INFO] [stdout]   |
[INFO] [stdout] help: consider importing this macro
[INFO] [stdout]   |
[INFO] [stdout] 2 + use aoc_macros::run;
[INFO] [stdout]   |
[INFO] [stdout] 
[INFO] [stdout] error: aborting due to 1 previous error
[INFO] [stdout] 
[INFO] [stdout] Couldn't compile the test.
[INFO] [stdout] ---- src/lib.rs - test (line 209) stdout ----
[INFO] [stdout] error: cannot find macro `test` in this scope
[INFO] [stdout]  --> src/lib.rs:210:1
[INFO] [stdout]   |
[INFO] [stdout] 3 | test!(year, day, part, function, test_name, test_input, expected);
[INFO] [stdout]   | ^^^^
[INFO] [stdout]   |
[INFO] [stdout]   = note: `test` is in scope, but it is an attribute: `#[test]`
[INFO] [stdout] help: consider importing this macro
[INFO] [stdout]   |
[INFO] [stdout] 2 + use aoc_macros::test;
[INFO] [stdout]   |
[INFO] [stdout] 
[INFO] [stdout] error: aborting due to 1 previous error
[INFO] [stdout] 
[INFO] [stdout] Couldn't compile the test.
[INFO] [stdout] ---- src/lib.rs - test_bytes (line 261) stdout ----
[INFO] [stdout] error: cannot find macro `test_bytes` in this scope
[INFO] [stdout]  --> src/lib.rs:262:1
[INFO] [stdout]   |
[INFO] [stdout] 3 | test_bytes!(2021, 1, 1, year2020::day1::part1, "simple", b"123", "456");
[INFO] [stdout]   | ^^^^^^^^^^
[INFO] [stdout]   |
[INFO] [stdout] help: consider importing this macro
[INFO] [stdout]   |
[INFO] [stdout] 2 + use aoc_macros::test_bytes;
[INFO] [stdout]   |
[INFO] [stdout] 
[INFO] [stdout] error: aborting due to 1 previous error
[INFO] [stdout] 
[INFO] [stdout] Couldn't compile the test.
[INFO] [stdout] ---- src/lib.rs - test_bytes (line 257) stdout ----
[INFO] [stdout] error: cannot find macro `test_bytes` in this scope
[INFO] [stdout]  --> src/lib.rs:258:1
[INFO] [stdout]   |
[INFO] [stdout] 3 | test_bytes!(year, day, part, function, test_name, test_input, expected);
[INFO] [stdout]   | ^^^^^^^^^^
[INFO] [stdout]   |
[INFO] [stdout] help: consider importing this macro
[INFO] [stdout]   |
[INFO] [stdout] 2 + use aoc_macros::test_bytes;
[INFO] [stdout]   |
[INFO] [stdout] 
[INFO] [stdout] error: aborting due to 1 previous error
[INFO] [stdout] 
[INFO] [stdout] Couldn't compile the test.
[INFO] [stdout] 
[INFO] [stdout] failures:
[INFO] [stdout]     src/lib.rs - aoc_complete (line 438)
[INFO] [stdout]     src/lib.rs - aoc_complete (line 470)
[INFO] [stdout]     src/lib.rs - run (line 124)
[INFO] [stdout]     src/lib.rs - run (line 128)
[INFO] [stdout]     src/lib.rs - run (line 135)
[INFO] [stdout]     src/lib.rs - run_bytes (line 166)
[INFO] [stdout]     src/lib.rs - run_bytes (line 170)
[INFO] [stdout]     src/lib.rs - run_bytes (line 178)
[INFO] [stdout]     src/lib.rs - test (line 209)
[INFO] [stdout]     src/lib.rs - test (line 213)
[INFO] [stdout]     src/lib.rs - test (line 220)
[INFO] [stdout]     src/lib.rs - test_bytes (line 257)
[INFO] [stdout]     src/lib.rs - test_bytes (line 261)
[INFO] [stdout]     src/lib.rs - test_bytes (line 269)
[INFO] [stdout] 
[INFO] [stdout] test result: FAILED. 0 passed; 14 failed; 0 ignored; 0 measured; 0 filtered out; finished in 0.33s
[INFO] [stdout] 
[INFO] [stderr] error: doctest failed, to rerun pass `--doc`
[INFO] running `Command { std: "docker" "inspect" "2fa9bd7566e4d356ae2e56bb8b1936a6cda7a4ee3265a3c05ab8f0ba1ee03403", kill_on_drop: false }`
[INFO] running `Command { std: "docker" "rm" "-f" "2fa9bd7566e4d356ae2e56bb8b1936a6cda7a4ee3265a3c05ab8f0ba1ee03403", kill_on_drop: false }`
[INFO] [stdout] 2fa9bd7566e4d356ae2e56bb8b1936a6cda7a4ee3265a3c05ab8f0ba1ee03403
