[INFO] fetching crate anzahlmenschen 0.1.0...
[INFO] testing anzahlmenschen-0.1.0 against beta-2024-12-08 for beta-1.84.0-4-retry
[INFO] extracting crate anzahlmenschen 0.1.0 into /workspace/builds/worker-4-tc2/source
[INFO] validating manifest of crates.io crate anzahlmenschen 0.1.0 on toolchain beta-2024-12-08
[INFO] running `Command { std: CARGO_HOME="/workspace/cargo-home" RUSTUP_HOME="/workspace/rustup-home" "/workspace/cargo-home/bin/cargo" "+beta-2024-12-08" "metadata" "--manifest-path" "Cargo.toml" "--no-deps", kill_on_drop: false }`
[INFO] started tweaking crates.io crate anzahlmenschen 0.1.0
[INFO] finished tweaking crates.io crate anzahlmenschen 0.1.0
[INFO] tweaked toml for crates.io crate anzahlmenschen 0.1.0 written to /workspace/builds/worker-4-tc2/source/Cargo.toml
[INFO] running `Command { std: CARGO_HOME="/workspace/cargo-home" RUSTUP_HOME="/workspace/rustup-home" "/workspace/cargo-home/bin/cargo" "+beta-2024-12-08" "generate-lockfile" "--manifest-path" "Cargo.toml", kill_on_drop: false }`
[INFO] running `Command { std: CARGO_HOME="/workspace/cargo-home" RUSTUP_HOME="/workspace/rustup-home" "/workspace/cargo-home/bin/cargo" "+beta-2024-12-08" "fetch" "--manifest-path" "Cargo.toml", kill_on_drop: false }`
[INFO] running `Command { std: "docker" "create" "-v" "/var/lib/crater-agent-workspace/builds/worker-4-tc2/target:/opt/rustwide/target:rw,Z" "-v" "/var/lib/crater-agent-workspace/builds/worker-4-tc2/source:/opt/rustwide/workdir:ro,Z" "-v" "/var/lib/crater-agent-workspace/cargo-home:/opt/rustwide/cargo-home:ro,Z" "-v" "/var/lib/crater-agent-workspace/rustup-home:/opt/rustwide/rustup-home:ro,Z" "-e" "SOURCE_DIR=/opt/rustwide/workdir" "-e" "CARGO_TARGET_DIR=/opt/rustwide/target" "-e" "CARGO_HOME=/opt/rustwide/cargo-home" "-e" "RUSTUP_HOME=/opt/rustwide/rustup-home" "-w" "/opt/rustwide/workdir" "-m" "1610612736" "--user" "0:0" "--network" "none" "ghcr.io/rust-lang/crates-build-env/linux@sha256:f3a9d4ad9d972b27faf3965f35b62e55ba32bbce8f20bc8fe909558a86702fde" "/opt/rustwide/cargo-home/bin/cargo" "+beta-2024-12-08" "metadata" "--no-deps" "--format-version=1", kill_on_drop: false }`
[INFO] [stdout] bf4f57d1d8a5cdc2315fba317d018aa97029ecd4c5fb685c99a8439391f6964e
[INFO] running `Command { std: "docker" "start" "-a" "bf4f57d1d8a5cdc2315fba317d018aa97029ecd4c5fb685c99a8439391f6964e", kill_on_drop: false }`
[INFO] running `Command { std: "docker" "inspect" "bf4f57d1d8a5cdc2315fba317d018aa97029ecd4c5fb685c99a8439391f6964e", kill_on_drop: false }`
[INFO] running `Command { std: "docker" "rm" "-f" "bf4f57d1d8a5cdc2315fba317d018aa97029ecd4c5fb685c99a8439391f6964e", kill_on_drop: false }`
[INFO] [stdout] bf4f57d1d8a5cdc2315fba317d018aa97029ecd4c5fb685c99a8439391f6964e
[INFO] running `Command { std: "docker" "create" "-v" "/var/lib/crater-agent-workspace/builds/worker-4-tc2/target:/opt/rustwide/target:rw,Z" "-v" "/var/lib/crater-agent-workspace/builds/worker-4-tc2/source:/opt/rustwide/workdir:ro,Z" "-v" "/var/lib/crater-agent-workspace/cargo-home:/opt/rustwide/cargo-home:ro,Z" "-v" "/var/lib/crater-agent-workspace/rustup-home:/opt/rustwide/rustup-home:ro,Z" "-e" "SOURCE_DIR=/opt/rustwide/workdir" "-e" "CARGO_TARGET_DIR=/opt/rustwide/target" "-e" "CARGO_INCREMENTAL=0" "-e" "RUST_BACKTRACE=full" "-e" "RUSTFLAGS=--cap-lints=warn" "-e" "RUSTDOCFLAGS=--cap-lints=warn" "-e" "CARGO_HOME=/opt/rustwide/cargo-home" "-e" "RUSTUP_HOME=/opt/rustwide/rustup-home" "-w" "/opt/rustwide/workdir" "-m" "1610612736" "--user" "0:0" "--network" "none" "ghcr.io/rust-lang/crates-build-env/linux@sha256:f3a9d4ad9d972b27faf3965f35b62e55ba32bbce8f20bc8fe909558a86702fde" "/opt/rustwide/cargo-home/bin/cargo" "+beta-2024-12-08" "build" "--frozen" "--message-format=json", kill_on_drop: false }`
[INFO] [stdout] 949c23805ac120df9643eb9021539079de146dc563f6c777abaa8d33fc581f88
[INFO] running `Command { std: "docker" "start" "-a" "949c23805ac120df9643eb9021539079de146dc563f6c777abaa8d33fc581f88", kill_on_drop: false }`
[INFO] [stderr]    Compiling anzahlmenschen v0.1.0 (/opt/rustwide/workdir)
[INFO] [stderr]     Finished `dev` profile [unoptimized + debuginfo] target(s) in 0.20s
[INFO] running `Command { std: "docker" "inspect" "949c23805ac120df9643eb9021539079de146dc563f6c777abaa8d33fc581f88", kill_on_drop: false }`
[INFO] running `Command { std: "docker" "rm" "-f" "949c23805ac120df9643eb9021539079de146dc563f6c777abaa8d33fc581f88", kill_on_drop: false }`
[INFO] [stdout] 949c23805ac120df9643eb9021539079de146dc563f6c777abaa8d33fc581f88
[INFO] running `Command { std: "docker" "create" "-v" "/var/lib/crater-agent-workspace/builds/worker-4-tc2/target:/opt/rustwide/target:rw,Z" "-v" "/var/lib/crater-agent-workspace/builds/worker-4-tc2/source:/opt/rustwide/workdir:ro,Z" "-v" "/var/lib/crater-agent-workspace/cargo-home:/opt/rustwide/cargo-home:ro,Z" "-v" "/var/lib/crater-agent-workspace/rustup-home:/opt/rustwide/rustup-home:ro,Z" "-e" "SOURCE_DIR=/opt/rustwide/workdir" "-e" "CARGO_TARGET_DIR=/opt/rustwide/target" "-e" "CARGO_INCREMENTAL=0" "-e" "RUST_BACKTRACE=full" "-e" "RUSTFLAGS=--cap-lints=warn" "-e" "RUSTDOCFLAGS=--cap-lints=warn" "-e" "CARGO_HOME=/opt/rustwide/cargo-home" "-e" "RUSTUP_HOME=/opt/rustwide/rustup-home" "-w" "/opt/rustwide/workdir" "-m" "1610612736" "--user" "0:0" "--network" "none" "ghcr.io/rust-lang/crates-build-env/linux@sha256:f3a9d4ad9d972b27faf3965f35b62e55ba32bbce8f20bc8fe909558a86702fde" "/opt/rustwide/cargo-home/bin/cargo" "+beta-2024-12-08" "test" "--frozen" "--no-run" "--message-format=json", kill_on_drop: false }`
[INFO] [stdout] f74887e6ad98f3a6f3292f9fa9e3dadeda37573441756158d574133b55380efa
[INFO] running `Command { std: "docker" "start" "-a" "f74887e6ad98f3a6f3292f9fa9e3dadeda37573441756158d574133b55380efa", kill_on_drop: false }`
[INFO] [stderr]    Compiling anzahlmenschen v0.1.0 (/opt/rustwide/workdir)
[INFO] [stderr]     Finished `test` profile [unoptimized + debuginfo] target(s) in 0.25s
[INFO] running `Command { std: "docker" "inspect" "f74887e6ad98f3a6f3292f9fa9e3dadeda37573441756158d574133b55380efa", kill_on_drop: false }`
[INFO] running `Command { std: "docker" "rm" "-f" "f74887e6ad98f3a6f3292f9fa9e3dadeda37573441756158d574133b55380efa", kill_on_drop: false }`
[INFO] [stdout] f74887e6ad98f3a6f3292f9fa9e3dadeda37573441756158d574133b55380efa
[INFO] running `Command { std: "docker" "create" "-v" "/var/lib/crater-agent-workspace/builds/worker-4-tc2/target:/opt/rustwide/target:rw,Z" "-v" "/var/lib/crater-agent-workspace/builds/worker-4-tc2/source:/opt/rustwide/workdir:ro,Z" "-v" "/var/lib/crater-agent-workspace/cargo-home:/opt/rustwide/cargo-home:ro,Z" "-v" "/var/lib/crater-agent-workspace/rustup-home:/opt/rustwide/rustup-home:ro,Z" "-e" "SOURCE_DIR=/opt/rustwide/workdir" "-e" "CARGO_TARGET_DIR=/opt/rustwide/target" "-e" "CARGO_INCREMENTAL=0" "-e" "RUST_BACKTRACE=full" "-e" "RUSTFLAGS=--cap-lints=warn" "-e" "RUSTDOCFLAGS=--cap-lints=warn" "-e" "CARGO_HOME=/opt/rustwide/cargo-home" "-e" "RUSTUP_HOME=/opt/rustwide/rustup-home" "-w" "/opt/rustwide/workdir" "-m" "1610612736" "--user" "0:0" "--network" "none" "ghcr.io/rust-lang/crates-build-env/linux@sha256:f3a9d4ad9d972b27faf3965f35b62e55ba32bbce8f20bc8fe909558a86702fde" "/opt/rustwide/cargo-home/bin/cargo" "+beta-2024-12-08" "test" "--frozen", kill_on_drop: false }`
[INFO] [stdout] 967af53fa35e7a9d191fbd2d1f6236f5ac8f6c32dbeb5df849d0018684c62cb1
[INFO] running `Command { std: "docker" "start" "-a" "967af53fa35e7a9d191fbd2d1f6236f5ac8f6c32dbeb5df849d0018684c62cb1", kill_on_drop: false }`
[INFO] [stderr]     Finished `test` profile [unoptimized + debuginfo] target(s) in 0.00s
[INFO] [stderr]      Running unittests src/lib.rs (/opt/rustwide/target/debug/deps/anzahlmenschen-539282b162cd7a75)
[INFO] [stdout] 
[INFO] [stdout] running 0 tests
[INFO] [stdout] 
[INFO] [stdout] test result: ok. 0 passed; 0 failed; 0 ignored; 0 measured; 0 filtered out; finished in 0.00s
[INFO] [stdout] 
[INFO] [stderr]    Doc-tests anzahlmenschen
[INFO] [stdout] 
[INFO] [stdout] running 5 tests
[INFO] [stdout] test src/lib.rs - (line 3) - compile ... ok
[INFO] [stdout] test src/lib.rs - (line 17) - compile ... ok
[INFO] [stdout] test src/lib.rs - fmtint (line 31) - compile ... FAILED
[INFO] [stdout] test src/lib.rs - fmtsnt (line 51) - compile ... FAILED
[INFO] [stdout] test src/lib.rs - fmtfpn (line 71) - compile ... FAILED
[INFO] [stdout] 
[INFO] [stdout] failures:
[INFO] [stdout] 
[INFO] [stdout] ---- src/lib.rs - fmtint (line 31) stdout ----
[INFO] [stdout] error[E0425]: cannot find function `fmtint` in this scope
[INFO] [stdout]  --> src/lib.rs:32:9
[INFO] [stdout]   |
[INFO] [stdout] 3 | let x = fmtint(u128::MAX);
[INFO] [stdout]   |         ^^^^^^ not found in this scope
[INFO] [stdout]   |
[INFO] [stdout] help: consider importing this function
[INFO] [stdout]   |
[INFO] [stdout] 2 + use anzahlmenschen::fmtint;
[INFO] [stdout]   |
[INFO] [stdout] 
[INFO] [stdout] error: aborting due to 1 previous error
[INFO] [stdout] 
[INFO] [stdout] For more information about this error, try `rustc --explain E0425`.
[INFO] [stdout] Couldn't compile the test.
[INFO] [stdout] ---- src/lib.rs - fmtsnt (line 51) stdout ----
[INFO] [stdout] error[E0425]: cannot find function `fmtsnt` in this scope
[INFO] [stdout]  --> src/lib.rs:52:9
[INFO] [stdout]   |
[INFO] [stdout] 3 | let x = fmtsnt(-1453854);
[INFO] [stdout]   |         ^^^^^^ not found in this scope
[INFO] [stdout]   |
[INFO] [stdout] help: consider importing this function
[INFO] [stdout]   |
[INFO] [stdout] 2 + use anzahlmenschen::fmtsnt;
[INFO] [stdout]   |
[INFO] [stdout] 
[INFO] [stdout] error: aborting due to 1 previous error
[INFO] [stdout] 
[INFO] [stdout] For more information about this error, try `rustc --explain E0425`.
[INFO] [stdout] Couldn't compile the test.
[INFO] [stdout] ---- src/lib.rs - fmtfpn (line 71) stdout ----
[INFO] [stdout] error[E0425]: cannot find function `fmtfpn` in this scope
[INFO] [stdout]  --> src/lib.rs:72:9
[INFO] [stdout]   |
[INFO] [stdout] 3 | let x = fmtfpn(187459.532_f64);
[INFO] [stdout]   |         ^^^^^^ not found in this scope
[INFO] [stdout]   |
[INFO] [stdout] help: consider importing this function
[INFO] [stdout]   |
[INFO] [stdout] 2 + use anzahlmenschen::fmtfpn;
[INFO] [stdout]   |
[INFO] [stdout] 
[INFO] [stdout] error: aborting due to 1 previous error
[INFO] [stdout] 
[INFO] [stdout] For more information about this error, try `rustc --explain E0425`.
[INFO] [stdout] Couldn't compile the test.
[INFO] [stdout] 
[INFO] [stdout] failures:
[INFO] [stdout]     src/lib.rs - fmtfpn (line 71)
[INFO] [stdout]     src/lib.rs - fmtint (line 31)
[INFO] [stdout]     src/lib.rs - fmtsnt (line 51)
[INFO] [stdout] 
[INFO] [stdout] test result: FAILED. 2 passed; 3 failed; 0 ignored; 0 measured; 0 filtered out; finished in 0.05s
[INFO] [stdout] 
[INFO] [stderr] error: doctest failed, to rerun pass `--doc`
[INFO] running `Command { std: "docker" "inspect" "967af53fa35e7a9d191fbd2d1f6236f5ac8f6c32dbeb5df849d0018684c62cb1", kill_on_drop: false }`
[INFO] running `Command { std: "docker" "rm" "-f" "967af53fa35e7a9d191fbd2d1f6236f5ac8f6c32dbeb5df849d0018684c62cb1", kill_on_drop: false }`
[INFO] [stdout] 967af53fa35e7a9d191fbd2d1f6236f5ac8f6c32dbeb5df849d0018684c62cb1
