[INFO] fetching crate anyhow-http 0.4.0...
[INFO] testing anyhow-http-0.4.0 against beta-2024-12-08 for beta-1.84.0-4-retry
[INFO] extracting crate anyhow-http 0.4.0 into /workspace/builds/worker-7-tc2/source
[INFO] validating manifest of crates.io crate anyhow-http 0.4.0 on toolchain beta-2024-12-08
[INFO] running `Command { std: CARGO_HOME="/workspace/cargo-home" RUSTUP_HOME="/workspace/rustup-home" "/workspace/cargo-home/bin/cargo" "+beta-2024-12-08" "metadata" "--manifest-path" "Cargo.toml" "--no-deps", kill_on_drop: false }`
[INFO] started tweaking crates.io crate anyhow-http 0.4.0
[INFO] finished tweaking crates.io crate anyhow-http 0.4.0
[INFO] tweaked toml for crates.io crate anyhow-http 0.4.0 written to /workspace/builds/worker-7-tc2/source/Cargo.toml
[INFO] running `Command { std: CARGO_HOME="/workspace/cargo-home" RUSTUP_HOME="/workspace/rustup-home" "/workspace/cargo-home/bin/cargo" "+beta-2024-12-08" "generate-lockfile" "--manifest-path" "Cargo.toml", kill_on_drop: false }`
[INFO] [stderr]     Updating crates.io index
[INFO] [stderr]      Locking 83 packages to latest compatible versions
[INFO] running `Command { std: CARGO_HOME="/workspace/cargo-home" RUSTUP_HOME="/workspace/rustup-home" "/workspace/cargo-home/bin/cargo" "+beta-2024-12-08" "fetch" "--manifest-path" "Cargo.toml", kill_on_drop: false }`
[INFO] running `Command { std: "docker" "create" "-v" "/var/lib/crater-agent-workspace/builds/worker-7-tc2/target:/opt/rustwide/target:rw,Z" "-v" "/var/lib/crater-agent-workspace/builds/worker-7-tc2/source:/opt/rustwide/workdir:ro,Z" "-v" "/var/lib/crater-agent-workspace/cargo-home:/opt/rustwide/cargo-home:ro,Z" "-v" "/var/lib/crater-agent-workspace/rustup-home:/opt/rustwide/rustup-home:ro,Z" "-e" "SOURCE_DIR=/opt/rustwide/workdir" "-e" "CARGO_TARGET_DIR=/opt/rustwide/target" "-e" "CARGO_HOME=/opt/rustwide/cargo-home" "-e" "RUSTUP_HOME=/opt/rustwide/rustup-home" "-w" "/opt/rustwide/workdir" "-m" "1610612736" "--user" "0:0" "--network" "none" "ghcr.io/rust-lang/crates-build-env/linux@sha256:f3a9d4ad9d972b27faf3965f35b62e55ba32bbce8f20bc8fe909558a86702fde" "/opt/rustwide/cargo-home/bin/cargo" "+beta-2024-12-08" "metadata" "--no-deps" "--format-version=1", kill_on_drop: false }`
[INFO] [stdout] 3735508370abf9233748fa941f7bcb81e1f526efd1d369ab0a9f7f10ee98fb06
[INFO] running `Command { std: "docker" "start" "-a" "3735508370abf9233748fa941f7bcb81e1f526efd1d369ab0a9f7f10ee98fb06", kill_on_drop: false }`
[INFO] running `Command { std: "docker" "inspect" "3735508370abf9233748fa941f7bcb81e1f526efd1d369ab0a9f7f10ee98fb06", kill_on_drop: false }`
[INFO] running `Command { std: "docker" "rm" "-f" "3735508370abf9233748fa941f7bcb81e1f526efd1d369ab0a9f7f10ee98fb06", kill_on_drop: false }`
[INFO] [stdout] 3735508370abf9233748fa941f7bcb81e1f526efd1d369ab0a9f7f10ee98fb06
[INFO] running `Command { std: "docker" "create" "-v" "/var/lib/crater-agent-workspace/builds/worker-7-tc2/target:/opt/rustwide/target:rw,Z" "-v" "/var/lib/crater-agent-workspace/builds/worker-7-tc2/source:/opt/rustwide/workdir:ro,Z" "-v" "/var/lib/crater-agent-workspace/cargo-home:/opt/rustwide/cargo-home:ro,Z" "-v" "/var/lib/crater-agent-workspace/rustup-home:/opt/rustwide/rustup-home:ro,Z" "-e" "SOURCE_DIR=/opt/rustwide/workdir" "-e" "CARGO_TARGET_DIR=/opt/rustwide/target" "-e" "CARGO_INCREMENTAL=0" "-e" "RUST_BACKTRACE=full" "-e" "RUSTFLAGS=--cap-lints=warn" "-e" "RUSTDOCFLAGS=--cap-lints=warn" "-e" "CARGO_HOME=/opt/rustwide/cargo-home" "-e" "RUSTUP_HOME=/opt/rustwide/rustup-home" "-w" "/opt/rustwide/workdir" "-m" "1610612736" "--user" "0:0" "--network" "none" "ghcr.io/rust-lang/crates-build-env/linux@sha256:f3a9d4ad9d972b27faf3965f35b62e55ba32bbce8f20bc8fe909558a86702fde" "/opt/rustwide/cargo-home/bin/cargo" "+beta-2024-12-08" "build" "--frozen" "--message-format=json", kill_on_drop: false }`
[INFO] [stdout] 3b11bc7595ad10203c2589f59b0494b8b9f543c40ae4f8362915ddc90652f231
[INFO] running `Command { std: "docker" "start" "-a" "3b11bc7595ad10203c2589f59b0494b8b9f543c40ae4f8362915ddc90652f231", kill_on_drop: false }`
[INFO] [stderr]    Compiling proc-macro2 v1.0.92
[INFO] [stderr]    Compiling anyhow v1.0.94
[INFO] [stderr]    Compiling bytes v1.9.0
[INFO] [stderr]    Compiling http v1.2.0
[INFO] [stderr]    Compiling quote v1.0.37
[INFO] [stderr]    Compiling syn v2.0.90
[INFO] [stderr]    Compiling serde_derive v1.0.216
[INFO] [stderr]    Compiling serde v1.0.216
[INFO] [stderr]    Compiling serde_json v1.0.133
[INFO] [stderr]    Compiling anyhow-http v0.4.0 (/opt/rustwide/workdir)
[INFO] [stderr]     Finished `dev` profile [unoptimized + debuginfo] target(s) in 12.09s
[INFO] running `Command { std: "docker" "inspect" "3b11bc7595ad10203c2589f59b0494b8b9f543c40ae4f8362915ddc90652f231", kill_on_drop: false }`
[INFO] running `Command { std: "docker" "rm" "-f" "3b11bc7595ad10203c2589f59b0494b8b9f543c40ae4f8362915ddc90652f231", kill_on_drop: false }`
[INFO] [stdout] 3b11bc7595ad10203c2589f59b0494b8b9f543c40ae4f8362915ddc90652f231
[INFO] running `Command { std: "docker" "create" "-v" "/var/lib/crater-agent-workspace/builds/worker-7-tc2/target:/opt/rustwide/target:rw,Z" "-v" "/var/lib/crater-agent-workspace/builds/worker-7-tc2/source:/opt/rustwide/workdir:ro,Z" "-v" "/var/lib/crater-agent-workspace/cargo-home:/opt/rustwide/cargo-home:ro,Z" "-v" "/var/lib/crater-agent-workspace/rustup-home:/opt/rustwide/rustup-home:ro,Z" "-e" "SOURCE_DIR=/opt/rustwide/workdir" "-e" "CARGO_TARGET_DIR=/opt/rustwide/target" "-e" "CARGO_INCREMENTAL=0" "-e" "RUST_BACKTRACE=full" "-e" "RUSTFLAGS=--cap-lints=warn" "-e" "RUSTDOCFLAGS=--cap-lints=warn" "-e" "CARGO_HOME=/opt/rustwide/cargo-home" "-e" "RUSTUP_HOME=/opt/rustwide/rustup-home" "-w" "/opt/rustwide/workdir" "-m" "1610612736" "--user" "0:0" "--network" "none" "ghcr.io/rust-lang/crates-build-env/linux@sha256:f3a9d4ad9d972b27faf3965f35b62e55ba32bbce8f20bc8fe909558a86702fde" "/opt/rustwide/cargo-home/bin/cargo" "+beta-2024-12-08" "test" "--frozen" "--no-run" "--message-format=json", kill_on_drop: false }`
[INFO] [stdout] ebdf157018dc6fdecdc093cfe4e7953a4fd11953e9aa519c02eaef4da6ebd115
[INFO] running `Command { std: "docker" "start" "-a" "ebdf157018dc6fdecdc093cfe4e7953a4fd11953e9aa519c02eaef4da6ebd115", kill_on_drop: false }`
[INFO] [stderr]    Compiling libc v0.2.168
[INFO] [stderr]    Compiling pin-project-lite v0.2.15
[INFO] [stderr]    Compiling futures-core v0.3.31
[INFO] [stderr]    Compiling parking_lot_core v0.9.10
[INFO] [stderr]    Compiling futures-task v0.3.31
[INFO] [stderr]    Compiling smallvec v1.13.2
[INFO] [stderr]    Compiling lock_api v0.4.12
[INFO] [stderr]    Compiling rustversion v1.0.18
[INFO] [stderr]    Compiling tower-service v0.3.3
[INFO] [stderr]    Compiling serde_json v1.0.133
[INFO] [stderr]    Compiling http-body v1.0.1
[INFO] [stderr]    Compiling tracing-core v0.1.33
[INFO] [stderr]    Compiling httpdate v1.0.3
[INFO] [stderr]    Compiling syn v2.0.90
[INFO] [stderr]    Compiling sync_wrapper v1.0.2
[INFO] [stderr]    Compiling tower-layer v0.3.3
[INFO] [stderr]    Compiling memchr v2.7.4
[INFO] [stderr]    Compiling form_urlencoded v1.2.1
[INFO] [stderr]    Compiling matchit v0.7.3
[INFO] [stderr]    Compiling futures-channel v0.3.31
[INFO] [stderr]    Compiling futures-util v0.3.31
[INFO] [stderr]    Compiling tracing v0.1.41
[INFO] [stderr]    Compiling signal-hook-registry v1.4.2
[INFO] [stderr]    Compiling mio v1.0.3
[INFO] [stderr]    Compiling socket2 v0.5.8
[INFO] [stderr]    Compiling parking_lot v0.12.3
[INFO] [stderr]    Compiling http-body-util v0.1.2
[INFO] [stderr]    Compiling serde_derive v1.0.216
[INFO] [stderr]    Compiling tokio-macros v2.4.0
[INFO] [stderr]    Compiling async-trait v0.1.83
[INFO] [stderr]    Compiling tokio v1.42.0
[INFO] [stderr]    Compiling axum-core v0.4.5
[INFO] [stderr]    Compiling serde v1.0.216
[INFO] [stderr]    Compiling hyper v1.5.1
[INFO] [stderr]    Compiling tower v0.5.2
[INFO] [stderr]    Compiling serde_path_to_error v0.1.16
[INFO] [stderr]    Compiling serde_urlencoded v0.7.1
[INFO] [stderr]    Compiling hyper-util v0.1.10
[INFO] [stderr]    Compiling axum v0.7.9
[INFO] [stderr]    Compiling anyhow-http v0.4.0 (/opt/rustwide/workdir)
[INFO] [stdout] warning: unused import: `super::*`
[INFO] [stdout]    --> src/response.rs:108:9
[INFO] [stdout]     |
[INFO] [stdout] 108 |     use super::*;
[INFO] [stdout]     |         ^^^^^^^^
[INFO] [stdout]     |
[INFO] [stdout]     = note: `#[warn(unused_imports)]` on by default
[INFO] [stdout] 
[INFO] [stdout] 
[INFO] [stdout] warning: unused import: `crate::http_error`
[INFO] [stdout]    --> src/response.rs:109:9
[INFO] [stdout]     |
[INFO] [stdout] 109 |     use crate::http_error;
[INFO] [stdout]     |         ^^^^^^^^^^^^^^^^^
[INFO] [stdout] 
[INFO] [stdout] 
[INFO] [stdout] warning: unused import: `http::StatusCode`
[INFO] [stdout]    --> src/response.rs:110:9
[INFO] [stdout]     |
[INFO] [stdout] 110 |     use http::StatusCode;
[INFO] [stdout]     |         ^^^^^^^^^^^^^^^^
[INFO] [stdout] 
[INFO] [stdout] 
[INFO] [stderr]     Finished `test` profile [unoptimized + debuginfo] target(s) in 25.27s
[INFO] running `Command { std: "docker" "inspect" "ebdf157018dc6fdecdc093cfe4e7953a4fd11953e9aa519c02eaef4da6ebd115", kill_on_drop: false }`
[INFO] running `Command { std: "docker" "rm" "-f" "ebdf157018dc6fdecdc093cfe4e7953a4fd11953e9aa519c02eaef4da6ebd115", kill_on_drop: false }`
[INFO] [stdout] ebdf157018dc6fdecdc093cfe4e7953a4fd11953e9aa519c02eaef4da6ebd115
[INFO] running `Command { std: "docker" "create" "-v" "/var/lib/crater-agent-workspace/builds/worker-7-tc2/target:/opt/rustwide/target:rw,Z" "-v" "/var/lib/crater-agent-workspace/builds/worker-7-tc2/source:/opt/rustwide/workdir:ro,Z" "-v" "/var/lib/crater-agent-workspace/cargo-home:/opt/rustwide/cargo-home:ro,Z" "-v" "/var/lib/crater-agent-workspace/rustup-home:/opt/rustwide/rustup-home:ro,Z" "-e" "SOURCE_DIR=/opt/rustwide/workdir" "-e" "CARGO_TARGET_DIR=/opt/rustwide/target" "-e" "CARGO_INCREMENTAL=0" "-e" "RUST_BACKTRACE=full" "-e" "RUSTFLAGS=--cap-lints=warn" "-e" "RUSTDOCFLAGS=--cap-lints=warn" "-e" "CARGO_HOME=/opt/rustwide/cargo-home" "-e" "RUSTUP_HOME=/opt/rustwide/rustup-home" "-w" "/opt/rustwide/workdir" "-m" "1610612736" "--user" "0:0" "--network" "none" "ghcr.io/rust-lang/crates-build-env/linux@sha256:f3a9d4ad9d972b27faf3965f35b62e55ba32bbce8f20bc8fe909558a86702fde" "/opt/rustwide/cargo-home/bin/cargo" "+beta-2024-12-08" "test" "--frozen", kill_on_drop: false }`
[INFO] [stdout] 0a429bdfe106ce1267540c7a9552ab8e583c4b958dafa5c50fde3cd9f41781ae
[INFO] running `Command { std: "docker" "start" "-a" "0a429bdfe106ce1267540c7a9552ab8e583c4b958dafa5c50fde3cd9f41781ae", kill_on_drop: false }`
[INFO] [stderr] warning: unused import: `super::*`
[INFO] [stderr]    --> src/response.rs:108:9
[INFO] [stderr]     |
[INFO] [stderr] 108 |     use super::*;
[INFO] [stderr]     |         ^^^^^^^^
[INFO] [stderr]     |
[INFO] [stderr]     = note: `#[warn(unused_imports)]` on by default
[INFO] [stderr] 
[INFO] [stderr] warning: unused import: `crate::http_error`
[INFO] [stderr]    --> src/response.rs:109:9
[INFO] [stderr]     |
[INFO] [stderr] 109 |     use crate::http_error;
[INFO] [stderr]     |         ^^^^^^^^^^^^^^^^^
[INFO] [stderr] 
[INFO] [stderr] warning: unused import: `http::StatusCode`
[INFO] [stderr]    --> src/response.rs:110:9
[INFO] [stderr]     |
[INFO] [stderr] 110 |     use http::StatusCode;
[INFO] [stderr]     |         ^^^^^^^^^^^^^^^^
[INFO] [stderr] 
[INFO] [stderr] warning: `anyhow-http` (lib test) generated 3 warnings (run `cargo fix --lib -p anyhow-http --tests` to apply 3 suggestions)
[INFO] [stderr]     Finished `test` profile [unoptimized + debuginfo] target(s) in 0.12s
[INFO] [stderr]      Running unittests src/lib.rs (/opt/rustwide/target/debug/deps/anyhow_http-feb9103e00c675be)
[INFO] [stdout] 
[INFO] [stdout] running 25 tests
[INFO] [stdout] test extension::tests::http_err_ext_option ... ok
[INFO] [stdout] test http_error::tests::http_error_data ... ok
[INFO] [stdout] test http_error::tests::http_error_anyhow_downcast ... ok
[INFO] [stdout] test extension::tests::http_err_ext_result_map_http_error ... ok
[INFO] [stdout] test extension::tests::http_err_ext_result_map_status ... ok
[INFO] [stdout] test http_error::tests::http_error_default ... ok
[INFO] [stdout] test http_error::tests::http_error_display ... ok
[INFO] [stdout] test http_error::tests::http_error_from_err ... ok
[INFO] [stdout] test http_error::tests::http_error_from_custom_impl_try ... ok
[INFO] [stdout] test http_error::tests::http_error_from_static ... ok
[INFO] [stdout] test http_error::tests::http_error_from_status_code ... ok
[INFO] [stdout] test http_error::tests::http_error_into_anyhow ... ok
[INFO] [stdout] test http_error::tests::http_error_with_data ... ok
[INFO] [stdout] test http_error::tests::http_error_with_dyn_source_error ... ok
[INFO] [stdout] test http_error::tests::http_error_with_source_context ... ok
[INFO] [stdout] test http_error::tests::http_error_with_source_error ... ok
[INFO] [stdout] test macros::tests::http_error_only_reason ... ok
[INFO] [stdout] test macros::tests::http_error_static ... ok
[INFO] [stdout] test macros::tests::http_error_status_and_source ... ok
[INFO] [stdout] test macros::tests::http_error_status_code ... ok
[INFO] [stdout] test macros::tests::http_error_status_source_and_format ... ok
[INFO] [stdout] test http_error::tests::http_error_with_status_code ... ok
[INFO] [stdout] test macros::tests::http_error_bridge ... ok
[INFO] [stdout] test http_error::tests::http_error_new_const ... ok
[INFO] [stdout] test http_error::tests::http_error_with_reason ... ok
[INFO] [stdout] 
[INFO] [stdout] test result: ok. 25 passed; 0 failed; 0 ignored; 0 measured; 0 filtered out; finished in 0.02s
[INFO] [stdout] 
[INFO] [stderr]    Doc-tests anyhow_http
[INFO] [stdout] 
[INFO] [stdout] running 8 tests
[INFO] [stdout] test src/lib.rs - (line 9) - compile ... FAILED
[INFO] [stdout] test src/macros.rs - macros::http_error_bail (line 40) ... ok
[INFO] [stdout] test src/http_error.rs - http_error::HttpError::from_static (line 85) ... ok
[INFO] [stdout] test src/macros.rs - macros::http_error (line 3) ... ok
[INFO] [stdout] test src/extension.rs - extension::ResultExt::map_status (line 15) ... ok
[INFO] [stdout] test src/http_error.rs - http_error::HttpError::with_data (line 150) ... ok
[INFO] [stdout] test src/extension.rs - extension::OptionExt::ok_or_status (line 88) ... ok
[INFO] [stdout] test src/extension.rs - extension::ResultExt::map_http_error (line 31) ... ok
[INFO] [stdout] 
[INFO] [stdout] failures:
[INFO] [stdout] 
[INFO] [stdout] ---- src/lib.rs - (line 9) stdout ----
[INFO] [stdout] error[E0432]: unresolved import `anyhow_http::response::HttpJsonResult`
[INFO] [stdout]   --> src/lib.rs:16:36
[INFO] [stdout]    |
[INFO] [stdout] 9  | use anyhow_http::{http_error_bail, response::HttpJsonResult};
[INFO] [stdout]    |                                    ^^^^^^^^^^--------------
[INFO] [stdout]    |                                    |         |
[INFO] [stdout]    |                                    |         help: a similar name exists in the module: `HttpResult`
[INFO] [stdout]    |                                    no `HttpJsonResult` in `response`
[INFO] [stdout]    |
[INFO] [stdout] note: found an item that was configured out
[INFO] [stdout]   --> /opt/rustwide/workdir/src/response.rs:63:10
[INFO] [stdout]    |
[INFO] [stdout] 63 | pub type HttpJsonResult<T> = core::result::Result<T, HttpJsonErrorResponse>;
[INFO] [stdout]    |          ^^^^^^^^^^^^^^
[INFO] [stdout] note: the item is gated behind the `json` feature
[INFO] [stdout]   --> /opt/rustwide/workdir/src/response.rs:61:7
[INFO] [stdout]    |
[INFO] [stdout] 61 | #[cfg(feature = "json")]
[INFO] [stdout]    |       ^^^^^^^^^^^^^^^^
[INFO] [stdout] 
[INFO] [stdout] error[E0277]: the trait bound `fn() -> impl Future<Output = {type error}> {handler}: Handler<_, _>` is not satisfied
[INFO] [stdout]    --> src/lib.rs:21:25
[INFO] [stdout]     |
[INFO] [stdout] 14  |         .route("/", get(handler));
[INFO] [stdout]     |                     --- ^^^^^^^ the trait `Handler<_, _>` is not implemented for fn item `fn() -> impl Future<Output = {type error}> {handler}`
[INFO] [stdout]     |                     |
[INFO] [stdout]     |                     required by a bound introduced by this call
[INFO] [stdout]     |
[INFO] [stdout]     = note: Consider using `#[axum::debug_handler]` to improve the error message
[INFO] [stdout]     = help: the following other types implement trait `Handler<T, S>`:
[INFO] [stdout]               `Layered<L, H, T, S>` implements `Handler<T, S>`
[INFO] [stdout]               `MethodRouter<S>` implements `Handler<(), S>`
[INFO] [stdout] note: required by a bound in `axum::routing::get`
[INFO] [stdout]    --> /opt/rustwide/cargo-home/registry/src/index.crates.io-6f17d22bba15001f/axum-0.7.9/src/routing/method_routing.rs:439:1
[INFO] [stdout]     |
[INFO] [stdout] 439 | top_level_handler_fn!(get, GET);
[INFO] [stdout]     | ^^^^^^^^^^^^^^^^^^^^^^---^^^^^^
[INFO] [stdout]     | |                     |
[INFO] [stdout]     | |                     required by a bound in this function
[INFO] [stdout]     | required by this bound in `get`
[INFO] [stdout]     = note: this error originates in the macro `top_level_handler_fn` (in Nightly builds, run with -Z macro-backtrace for more info)
[INFO] [stdout] 
[INFO] [stdout] error: aborting due to 2 previous errors
[INFO] [stdout] 
[INFO] [stdout] Some errors have detailed explanations: E0277, E0432.
[INFO] [stdout] For more information about an error, try `rustc --explain E0277`.
[INFO] [stdout] Couldn't compile the test.
[INFO] [stdout] 
[INFO] [stdout] failures:
[INFO] [stdout]     src/lib.rs - (line 9)
[INFO] [stdout] 
[INFO] [stdout] test result: FAILED. 7 passed; 1 failed; 0 ignored; 0 measured; 0 filtered out; finished in 1.22s
[INFO] [stdout] 
[INFO] [stderr] error: doctest failed, to rerun pass `--doc`
[INFO] running `Command { std: "docker" "inspect" "0a429bdfe106ce1267540c7a9552ab8e583c4b958dafa5c50fde3cd9f41781ae", kill_on_drop: false }`
[INFO] running `Command { std: "docker" "rm" "-f" "0a429bdfe106ce1267540c7a9552ab8e583c4b958dafa5c50fde3cd9f41781ae", kill_on_drop: false }`
[INFO] [stdout] 0a429bdfe106ce1267540c7a9552ab8e583c4b958dafa5c50fde3cd9f41781ae
