[INFO] fetching crate anycache 1.0.7...
[INFO] testing anycache-1.0.7 against beta-2024-12-08 for beta-1.84.0-4-retry
[INFO] extracting crate anycache 1.0.7 into /workspace/builds/worker-0-tc2/source
[INFO] validating manifest of crates.io crate anycache 1.0.7 on toolchain beta-2024-12-08
[INFO] running `Command { std: CARGO_HOME="/workspace/cargo-home" RUSTUP_HOME="/workspace/rustup-home" "/workspace/cargo-home/bin/cargo" "+beta-2024-12-08" "metadata" "--manifest-path" "Cargo.toml" "--no-deps", kill_on_drop: false }`
[INFO] started tweaking crates.io crate anycache 1.0.7
[INFO] finished tweaking crates.io crate anycache 1.0.7
[INFO] tweaked toml for crates.io crate anycache 1.0.7 written to /workspace/builds/worker-0-tc2/source/Cargo.toml
[INFO] running `Command { std: CARGO_HOME="/workspace/cargo-home" RUSTUP_HOME="/workspace/rustup-home" "/workspace/cargo-home/bin/cargo" "+beta-2024-12-08" "generate-lockfile" "--manifest-path" "Cargo.toml", kill_on_drop: false }`
[INFO] [stderr]     Updating crates.io index
[INFO] [stderr]      Locking 40 packages to latest compatible versions
[INFO] running `Command { std: CARGO_HOME="/workspace/cargo-home" RUSTUP_HOME="/workspace/rustup-home" "/workspace/cargo-home/bin/cargo" "+beta-2024-12-08" "fetch" "--manifest-path" "Cargo.toml", kill_on_drop: false }`
[INFO] running `Command { std: "docker" "create" "-v" "/var/lib/crater-agent-workspace/builds/worker-0-tc2/target:/opt/rustwide/target:rw,Z" "-v" "/var/lib/crater-agent-workspace/builds/worker-0-tc2/source:/opt/rustwide/workdir:ro,Z" "-v" "/var/lib/crater-agent-workspace/cargo-home:/opt/rustwide/cargo-home:ro,Z" "-v" "/var/lib/crater-agent-workspace/rustup-home:/opt/rustwide/rustup-home:ro,Z" "-e" "SOURCE_DIR=/opt/rustwide/workdir" "-e" "CARGO_TARGET_DIR=/opt/rustwide/target" "-e" "CARGO_HOME=/opt/rustwide/cargo-home" "-e" "RUSTUP_HOME=/opt/rustwide/rustup-home" "-w" "/opt/rustwide/workdir" "-m" "1610612736" "--user" "0:0" "--network" "none" "ghcr.io/rust-lang/crates-build-env/linux@sha256:f3a9d4ad9d972b27faf3965f35b62e55ba32bbce8f20bc8fe909558a86702fde" "/opt/rustwide/cargo-home/bin/cargo" "+beta-2024-12-08" "metadata" "--no-deps" "--format-version=1", kill_on_drop: false }`
[INFO] [stdout] 2a83007e66443042b82718a34bc42a17240d708fc63f0501033ce26ab9e502c9
[INFO] running `Command { std: "docker" "start" "-a" "2a83007e66443042b82718a34bc42a17240d708fc63f0501033ce26ab9e502c9", kill_on_drop: false }`
[INFO] running `Command { std: "docker" "inspect" "2a83007e66443042b82718a34bc42a17240d708fc63f0501033ce26ab9e502c9", kill_on_drop: false }`
[INFO] running `Command { std: "docker" "rm" "-f" "2a83007e66443042b82718a34bc42a17240d708fc63f0501033ce26ab9e502c9", kill_on_drop: false }`
[INFO] [stdout] 2a83007e66443042b82718a34bc42a17240d708fc63f0501033ce26ab9e502c9
[INFO] running `Command { std: "docker" "create" "-v" "/var/lib/crater-agent-workspace/builds/worker-0-tc2/target:/opt/rustwide/target:rw,Z" "-v" "/var/lib/crater-agent-workspace/builds/worker-0-tc2/source:/opt/rustwide/workdir:ro,Z" "-v" "/var/lib/crater-agent-workspace/cargo-home:/opt/rustwide/cargo-home:ro,Z" "-v" "/var/lib/crater-agent-workspace/rustup-home:/opt/rustwide/rustup-home:ro,Z" "-e" "SOURCE_DIR=/opt/rustwide/workdir" "-e" "CARGO_TARGET_DIR=/opt/rustwide/target" "-e" "CARGO_INCREMENTAL=0" "-e" "RUST_BACKTRACE=full" "-e" "RUSTFLAGS=--cap-lints=warn" "-e" "RUSTDOCFLAGS=--cap-lints=warn" "-e" "CARGO_HOME=/opt/rustwide/cargo-home" "-e" "RUSTUP_HOME=/opt/rustwide/rustup-home" "-w" "/opt/rustwide/workdir" "-m" "1610612736" "--user" "0:0" "--network" "none" "ghcr.io/rust-lang/crates-build-env/linux@sha256:f3a9d4ad9d972b27faf3965f35b62e55ba32bbce8f20bc8fe909558a86702fde" "/opt/rustwide/cargo-home/bin/cargo" "+beta-2024-12-08" "build" "--frozen" "--message-format=json", kill_on_drop: false }`
[INFO] [stdout] b5413d5594fa70ea16e7f2a6efba83ef057e10d54cd9e97570a26e2a447901dd
[INFO] running `Command { std: "docker" "start" "-a" "b5413d5594fa70ea16e7f2a6efba83ef057e10d54cd9e97570a26e2a447901dd", kill_on_drop: false }`
[INFO] [stderr]    Compiling libc v0.2.168
[INFO] [stderr]    Compiling autocfg v1.4.0
[INFO] [stderr]    Compiling parking_lot_core v0.9.10
[INFO] [stderr]    Compiling smallvec v1.13.2
[INFO] [stderr]    Compiling cfg-if v1.0.0
[INFO] [stderr]    Compiling scopeguard v1.2.0
[INFO] [stderr]    Compiling pin-project-lite v0.2.15
[INFO] [stderr]    Compiling bytes v1.9.0
[INFO] [stderr]    Compiling syn v2.0.90
[INFO] [stderr]    Compiling lock_api v0.4.12
[INFO] [stderr]    Compiling signal-hook-registry v1.4.2
[INFO] [stderr]    Compiling socket2 v0.5.8
[INFO] [stderr]    Compiling mio v1.0.3
[INFO] [stderr]    Compiling parking_lot v0.12.3
[INFO] [stderr]    Compiling tokio-macros v2.4.0
[INFO] [stderr]    Compiling tokio v1.42.0
[INFO] [stderr]    Compiling anycache v1.0.7 (/opt/rustwide/workdir)
[INFO] [stderr]     Finished `dev` profile [unoptimized + debuginfo] target(s) in 13.05s
[INFO] running `Command { std: "docker" "inspect" "b5413d5594fa70ea16e7f2a6efba83ef057e10d54cd9e97570a26e2a447901dd", kill_on_drop: false }`
[INFO] running `Command { std: "docker" "rm" "-f" "b5413d5594fa70ea16e7f2a6efba83ef057e10d54cd9e97570a26e2a447901dd", kill_on_drop: false }`
[INFO] [stdout] b5413d5594fa70ea16e7f2a6efba83ef057e10d54cd9e97570a26e2a447901dd
[INFO] running `Command { std: "docker" "create" "-v" "/var/lib/crater-agent-workspace/builds/worker-0-tc2/target:/opt/rustwide/target:rw,Z" "-v" "/var/lib/crater-agent-workspace/builds/worker-0-tc2/source:/opt/rustwide/workdir:ro,Z" "-v" "/var/lib/crater-agent-workspace/cargo-home:/opt/rustwide/cargo-home:ro,Z" "-v" "/var/lib/crater-agent-workspace/rustup-home:/opt/rustwide/rustup-home:ro,Z" "-e" "SOURCE_DIR=/opt/rustwide/workdir" "-e" "CARGO_TARGET_DIR=/opt/rustwide/target" "-e" "CARGO_INCREMENTAL=0" "-e" "RUST_BACKTRACE=full" "-e" "RUSTFLAGS=--cap-lints=warn" "-e" "RUSTDOCFLAGS=--cap-lints=warn" "-e" "CARGO_HOME=/opt/rustwide/cargo-home" "-e" "RUSTUP_HOME=/opt/rustwide/rustup-home" "-w" "/opt/rustwide/workdir" "-m" "1610612736" "--user" "0:0" "--network" "none" "ghcr.io/rust-lang/crates-build-env/linux@sha256:f3a9d4ad9d972b27faf3965f35b62e55ba32bbce8f20bc8fe909558a86702fde" "/opt/rustwide/cargo-home/bin/cargo" "+beta-2024-12-08" "test" "--frozen" "--no-run" "--message-format=json", kill_on_drop: false }`
[INFO] [stdout] 25fcd5f3252012fda7f3b95f7881018b924a21b3d71fe69f34a80896a3e9bd3f
[INFO] running `Command { std: "docker" "start" "-a" "25fcd5f3252012fda7f3b95f7881018b924a21b3d71fe69f34a80896a3e9bd3f", kill_on_drop: false }`
[INFO] [stderr]    Compiling anycache v1.0.7 (/opt/rustwide/workdir)
[INFO] [stderr]     Finished `test` profile [unoptimized + debuginfo] target(s) in 1.19s
[INFO] running `Command { std: "docker" "inspect" "25fcd5f3252012fda7f3b95f7881018b924a21b3d71fe69f34a80896a3e9bd3f", kill_on_drop: false }`
[INFO] running `Command { std: "docker" "rm" "-f" "25fcd5f3252012fda7f3b95f7881018b924a21b3d71fe69f34a80896a3e9bd3f", kill_on_drop: false }`
[INFO] [stdout] 25fcd5f3252012fda7f3b95f7881018b924a21b3d71fe69f34a80896a3e9bd3f
[INFO] running `Command { std: "docker" "create" "-v" "/var/lib/crater-agent-workspace/builds/worker-0-tc2/target:/opt/rustwide/target:rw,Z" "-v" "/var/lib/crater-agent-workspace/builds/worker-0-tc2/source:/opt/rustwide/workdir:ro,Z" "-v" "/var/lib/crater-agent-workspace/cargo-home:/opt/rustwide/cargo-home:ro,Z" "-v" "/var/lib/crater-agent-workspace/rustup-home:/opt/rustwide/rustup-home:ro,Z" "-e" "SOURCE_DIR=/opt/rustwide/workdir" "-e" "CARGO_TARGET_DIR=/opt/rustwide/target" "-e" "CARGO_INCREMENTAL=0" "-e" "RUST_BACKTRACE=full" "-e" "RUSTFLAGS=--cap-lints=warn" "-e" "RUSTDOCFLAGS=--cap-lints=warn" "-e" "CARGO_HOME=/opt/rustwide/cargo-home" "-e" "RUSTUP_HOME=/opt/rustwide/rustup-home" "-w" "/opt/rustwide/workdir" "-m" "1610612736" "--user" "0:0" "--network" "none" "ghcr.io/rust-lang/crates-build-env/linux@sha256:f3a9d4ad9d972b27faf3965f35b62e55ba32bbce8f20bc8fe909558a86702fde" "/opt/rustwide/cargo-home/bin/cargo" "+beta-2024-12-08" "test" "--frozen", kill_on_drop: false }`
[INFO] [stdout] 6eda6a7ad2434ffa4e8e35efdae1684e25f5540014bebf0bafe8cb3f5f9dcee4
[INFO] running `Command { std: "docker" "start" "-a" "6eda6a7ad2434ffa4e8e35efdae1684e25f5540014bebf0bafe8cb3f5f9dcee4", kill_on_drop: false }`
[INFO] [stderr]     Finished `test` profile [unoptimized + debuginfo] target(s) in 0.04s
[INFO] [stderr]      Running unittests src/lib.rs (/opt/rustwide/target/debug/deps/anycache-a29ad197167b3ac4)
[INFO] [stdout] 
[INFO] [stdout] running 3 tests
[INFO] [stdout] test tests::it_works ... ok
[INFO] [stdout] test tests::test_cache_async ... ok
[INFO] [stdout] test tests::test_load_file has been running for over 60 seconds
[INFO] [stdout] test tests::test_load_file ... ok
[INFO] [stdout] 
[INFO] [stdout] test result: ok. 3 passed; 0 failed; 0 ignored; 0 measured; 0 filtered out; finished in 100.02s
[INFO] [stdout] 
[INFO] [stderr]    Doc-tests anycache
[INFO] [stdout] 
[INFO] [stdout] running 2 tests
[INFO] [stdout] test src/lib.rs - FromWatchedFile (line 188) ... FAILED
[INFO] [stdout] test src/lib.rs - Cache (line 15) ... ok
[INFO] [stdout] 
[INFO] [stdout] failures:
[INFO] [stdout] 
[INFO] [stdout] ---- src/lib.rs - FromWatchedFile (line 188) stdout ----
[INFO] [stdout] error[E0412]: cannot find type `FileParseError` in this scope
[INFO] [stdout]  --> src/lib.rs:193:57
[INFO] [stdout]   |
[INFO] [stdout] 7 | fn load_file_from_bytes(bytes: &[u8]) -> Result<String, FileParseError> {
[INFO] [stdout]   |                                                         ^^^^^^^^^^^^^^ not found in this scope
[INFO] [stdout]   |
[INFO] [stdout] help: consider importing this struct
[INFO] [stdout]   |
[INFO] [stdout] 6 + use anycache::FileParseError;
[INFO] [stdout]   |
[INFO] [stdout] 
[INFO] [stdout] error[E0412]: cannot find type `FromWatchedFile` in this scope
[INFO] [stdout]   --> src/lib.rs:198:10
[INFO] [stdout]    |
[INFO] [stdout] 12 | let cfg: FromWatchedFile<String> = FromWatchedFile::new("config.json", load_file_from_bytes, Duration::from_secs(5));
[INFO] [stdout]    |          ^^^^^^^^^^^^^^^ not found in this scope
[INFO] [stdout]    |
[INFO] [stdout] help: consider importing this struct
[INFO] [stdout]    |
[INFO] [stdout] 6  + use anycache::FromWatchedFile;
[INFO] [stdout]    |
[INFO] [stdout] 
[INFO] [stdout] error[E0433]: failed to resolve: use of undeclared type `FromWatchedFile`
[INFO] [stdout]   --> src/lib.rs:198:36
[INFO] [stdout]    |
[INFO] [stdout] 12 | let cfg: FromWatchedFile<String> = FromWatchedFile::new("config.json", load_file_from_bytes, Duration::from_secs(5));
[INFO] [stdout]    |                                    ^^^^^^^^^^^^^^^ use of undeclared type `FromWatchedFile`
[INFO] [stdout]    |
[INFO] [stdout] help: consider importing this struct
[INFO] [stdout]    |
[INFO] [stdout] 6  + use anycache::FromWatchedFile;
[INFO] [stdout]    |
[INFO] [stdout] 
[INFO] [stdout] error[E0433]: failed to resolve: use of undeclared type `Duration`
[INFO] [stdout]   --> src/lib.rs:198:94
[INFO] [stdout]    |
[INFO] [stdout] 12 | let cfg: FromWatchedFile<String> = FromWatchedFile::new("config.json", load_file_from_bytes, Duration::from_secs(5));
[INFO] [stdout]    |                                                                                              ^^^^^^^^ use of undeclared type `Duration`
[INFO] [stdout]    |
[INFO] [stdout] help: consider importing one of these structs
[INFO] [stdout]    |
[INFO] [stdout] 6  + use std::time::Duration;
[INFO] [stdout]    |
[INFO] [stdout] 6  + use tokio::time::Duration;
[INFO] [stdout]    |
[INFO] [stdout] 
[INFO] [stdout] error: aborting due to 4 previous errors
[INFO] [stdout] 
[INFO] [stdout] Some errors have detailed explanations: E0412, E0433.
[INFO] [stdout] For more information about an error, try `rustc --explain E0412`.
[INFO] [stdout] Couldn't compile the test.
[INFO] [stdout] 
[INFO] [stdout] failures:
[INFO] [stdout]     src/lib.rs - FromWatchedFile (line 188)
[INFO] [stdout] 
[INFO] [stdout] test result: FAILED. 1 passed; 1 failed; 0 ignored; 0 measured; 0 filtered out; finished in 0.35s
[INFO] [stdout] 
[INFO] [stderr] error: doctest failed, to rerun pass `--doc`
[INFO] running `Command { std: "docker" "inspect" "6eda6a7ad2434ffa4e8e35efdae1684e25f5540014bebf0bafe8cb3f5f9dcee4", kill_on_drop: false }`
[INFO] running `Command { std: "docker" "rm" "-f" "6eda6a7ad2434ffa4e8e35efdae1684e25f5540014bebf0bafe8cb3f5f9dcee4", kill_on_drop: false }`
[INFO] [stdout] 6eda6a7ad2434ffa4e8e35efdae1684e25f5540014bebf0bafe8cb3f5f9dcee4
