[INFO] fetching crate antimony-lang 0.8.0...
[INFO] testing antimony-lang-0.8.0 against 1.83.0 for beta-1.84.0-4-retry
[INFO] extracting crate antimony-lang 0.8.0 into /workspace/builds/worker-4-tc1/source
[INFO] validating manifest of crates.io crate antimony-lang 0.8.0 on toolchain 1.83.0
[INFO] running `Command { std: CARGO_HOME="/workspace/cargo-home" RUSTUP_HOME="/workspace/rustup-home" "/workspace/cargo-home/bin/cargo" "+1.83.0" "metadata" "--manifest-path" "Cargo.toml" "--no-deps", kill_on_drop: false }`
[INFO] started tweaking crates.io crate antimony-lang 0.8.0
[INFO] finished tweaking crates.io crate antimony-lang 0.8.0
[INFO] tweaked toml for crates.io crate antimony-lang 0.8.0 written to /workspace/builds/worker-4-tc1/source/Cargo.toml
[INFO] crate crates.io crate antimony-lang 0.8.0 already has a lockfile, it will not be regenerated
[INFO] running `Command { std: CARGO_HOME="/workspace/cargo-home" RUSTUP_HOME="/workspace/rustup-home" "/workspace/cargo-home/bin/cargo" "+1.83.0" "fetch" "--manifest-path" "Cargo.toml", kill_on_drop: false }`
[INFO] [stderr]     Updating crates.io index
[INFO] [stderr]  Downloading crates ...
[INFO] [stderr]   Downloaded llvm-sys v100.2.4
[INFO] [stderr]   Downloaded inkwell_internals v0.9.0
[INFO] [stderr]   Downloaded inkwell v0.4.0
[INFO] [stderr]   Downloaded qbe v1.0.0
[INFO] running `Command { std: "docker" "create" "-v" "/var/lib/crater-agent-workspace/builds/worker-4-tc1/target:/opt/rustwide/target:rw,Z" "-v" "/var/lib/crater-agent-workspace/builds/worker-4-tc1/source:/opt/rustwide/workdir:ro,Z" "-v" "/var/lib/crater-agent-workspace/cargo-home:/opt/rustwide/cargo-home:ro,Z" "-v" "/var/lib/crater-agent-workspace/rustup-home:/opt/rustwide/rustup-home:ro,Z" "-e" "SOURCE_DIR=/opt/rustwide/workdir" "-e" "CARGO_TARGET_DIR=/opt/rustwide/target" "-e" "CARGO_HOME=/opt/rustwide/cargo-home" "-e" "RUSTUP_HOME=/opt/rustwide/rustup-home" "-w" "/opt/rustwide/workdir" "-m" "1610612736" "--user" "0:0" "--network" "none" "ghcr.io/rust-lang/crates-build-env/linux@sha256:f3a9d4ad9d972b27faf3965f35b62e55ba32bbce8f20bc8fe909558a86702fde" "/opt/rustwide/cargo-home/bin/cargo" "+1.83.0" "metadata" "--no-deps" "--format-version=1", kill_on_drop: false }`
[INFO] [stdout] 4ac2a4513dbe33db552a91b00208911ddc41b2299fcda23c26bbb8deaff44f8c
[INFO] running `Command { std: "docker" "start" "-a" "4ac2a4513dbe33db552a91b00208911ddc41b2299fcda23c26bbb8deaff44f8c", kill_on_drop: false }`
[INFO] running `Command { std: "docker" "inspect" "4ac2a4513dbe33db552a91b00208911ddc41b2299fcda23c26bbb8deaff44f8c", kill_on_drop: false }`
[INFO] running `Command { std: "docker" "rm" "-f" "4ac2a4513dbe33db552a91b00208911ddc41b2299fcda23c26bbb8deaff44f8c", kill_on_drop: false }`
[INFO] [stdout] 4ac2a4513dbe33db552a91b00208911ddc41b2299fcda23c26bbb8deaff44f8c
[INFO] running `Command { std: "docker" "create" "-v" "/var/lib/crater-agent-workspace/builds/worker-4-tc1/target:/opt/rustwide/target:rw,Z" "-v" "/var/lib/crater-agent-workspace/builds/worker-4-tc1/source:/opt/rustwide/workdir:ro,Z" "-v" "/var/lib/crater-agent-workspace/cargo-home:/opt/rustwide/cargo-home:ro,Z" "-v" "/var/lib/crater-agent-workspace/rustup-home:/opt/rustwide/rustup-home:ro,Z" "-e" "SOURCE_DIR=/opt/rustwide/workdir" "-e" "CARGO_TARGET_DIR=/opt/rustwide/target" "-e" "CARGO_INCREMENTAL=0" "-e" "RUST_BACKTRACE=full" "-e" "RUSTFLAGS=--cap-lints=warn" "-e" "RUSTDOCFLAGS=--cap-lints=warn" "-e" "CARGO_HOME=/opt/rustwide/cargo-home" "-e" "RUSTUP_HOME=/opt/rustwide/rustup-home" "-w" "/opt/rustwide/workdir" "-m" "1610612736" "--user" "0:0" "--network" "none" "ghcr.io/rust-lang/crates-build-env/linux@sha256:f3a9d4ad9d972b27faf3965f35b62e55ba32bbce8f20bc8fe909558a86702fde" "/opt/rustwide/cargo-home/bin/cargo" "+1.83.0" "build" "--frozen" "--message-format=json", kill_on_drop: false }`
[INFO] [stdout] 0e72a5eae4bc90ffd55eaf879eb4fb0c1a1f7a86785181b8d534acda96eda336
[INFO] running `Command { std: "docker" "start" "-a" "0e72a5eae4bc90ffd55eaf879eb4fb0c1a1f7a86785181b8d534acda96eda336", kill_on_drop: false }`
[INFO] [stderr]    Compiling proc-macro2 v1.0.78
[INFO] [stderr]    Compiling unicode-ident v1.0.9
[INFO] [stderr]    Compiling version_check v0.9.2
[INFO] [stderr]    Compiling syn v1.0.53
[INFO] [stderr]    Compiling unicode-xid v0.2.2
[INFO] [stderr]    Compiling libc v0.2.139
[INFO] [stderr]    Compiling bitflags v1.2.1
[INFO] [stderr]    Compiling same-file v1.0.6
[INFO] [stderr]    Compiling unicode-segmentation v1.7.1
[INFO] [stderr]    Compiling memchr v2.6.3
[INFO] [stderr]    Compiling unicode-width v0.1.8
[INFO] [stderr]    Compiling vec_map v0.8.2
[INFO] [stderr]    Compiling regex-syntax v0.8.2
[INFO] [stderr]    Compiling ansi_term v0.11.0
[INFO] [stderr]    Compiling strsim v0.8.0
[INFO] [stderr]    Compiling lazy_static v1.4.0
[INFO] [stderr]    Compiling qbe v1.0.0
[INFO] [stderr]    Compiling textwrap v0.11.0
[INFO] [stderr]    Compiling walkdir v2.3.1
[INFO] [stderr]    Compiling proc-macro-error-attr v1.0.4
[INFO] [stderr]    Compiling proc-macro-error v1.0.4
[INFO] [stderr]    Compiling heck v0.3.1
[INFO] [stderr]    Compiling rust-embed-utils v5.1.0
[INFO] [stderr]    Compiling atty v0.2.14
[INFO] [stderr]    Compiling clap v2.33.3
[INFO] [stderr]    Compiling quote v1.0.35
[INFO] [stderr]    Compiling aho-corasick v1.0.1
[INFO] [stderr]    Compiling regex-automata v0.4.4
[INFO] [stderr]    Compiling rust-embed-impl v5.9.0
[INFO] [stderr]    Compiling structopt-derive v0.4.18
[INFO] [stderr]    Compiling regex v1.10.4
[INFO] [stderr]    Compiling rust-embed v5.9.0
[INFO] [stderr]    Compiling structopt v0.3.26
[INFO] [stderr]    Compiling antimony-lang v0.8.0 (/opt/rustwide/workdir)
[INFO] [stdout] warning: field `path` is never read
[INFO] [stdout]   --> src/ast/mod.rs:29:9
[INFO] [stdout]    |
[INFO] [stdout] 28 | pub struct Module {
[INFO] [stdout]    |            ------ field in this struct
[INFO] [stdout] 29 |     pub path: String,
[INFO] [stdout]    |         ^^^^
[INFO] [stdout]    |
[INFO] [stdout]    = note: `Module` has derived impls for the traits `Clone` and `Debug`, but these are intentionally ignored during dead code analysis
[INFO] [stdout]    = note: `#[warn(dead_code)]` on by default
[INFO] [stdout] 
[INFO] [stdout] 
[INFO] [stderr]     Finished `dev` profile [unoptimized + debuginfo] target(s) in 15.25s
[INFO] running `Command { std: "docker" "inspect" "0e72a5eae4bc90ffd55eaf879eb4fb0c1a1f7a86785181b8d534acda96eda336", kill_on_drop: false }`
[INFO] running `Command { std: "docker" "rm" "-f" "0e72a5eae4bc90ffd55eaf879eb4fb0c1a1f7a86785181b8d534acda96eda336", kill_on_drop: false }`
[INFO] [stdout] 0e72a5eae4bc90ffd55eaf879eb4fb0c1a1f7a86785181b8d534acda96eda336
[INFO] running `Command { std: "docker" "create" "-v" "/var/lib/crater-agent-workspace/builds/worker-4-tc1/target:/opt/rustwide/target:rw,Z" "-v" "/var/lib/crater-agent-workspace/builds/worker-4-tc1/source:/opt/rustwide/workdir:ro,Z" "-v" "/var/lib/crater-agent-workspace/cargo-home:/opt/rustwide/cargo-home:ro,Z" "-v" "/var/lib/crater-agent-workspace/rustup-home:/opt/rustwide/rustup-home:ro,Z" "-e" "SOURCE_DIR=/opt/rustwide/workdir" "-e" "CARGO_TARGET_DIR=/opt/rustwide/target" "-e" "CARGO_INCREMENTAL=0" "-e" "RUST_BACKTRACE=full" "-e" "RUSTFLAGS=--cap-lints=warn" "-e" "RUSTDOCFLAGS=--cap-lints=warn" "-e" "CARGO_HOME=/opt/rustwide/cargo-home" "-e" "RUSTUP_HOME=/opt/rustwide/rustup-home" "-w" "/opt/rustwide/workdir" "-m" "1610612736" "--user" "0:0" "--network" "none" "ghcr.io/rust-lang/crates-build-env/linux@sha256:f3a9d4ad9d972b27faf3965f35b62e55ba32bbce8f20bc8fe909558a86702fde" "/opt/rustwide/cargo-home/bin/cargo" "+1.83.0" "test" "--frozen" "--no-run" "--message-format=json", kill_on_drop: false }`
[INFO] [stdout] 285aa983b4485f07a60961b7b5a131fa63fa8137b09545ec56e471180f2f7e7f
[INFO] running `Command { std: "docker" "start" "-a" "285aa983b4485f07a60961b7b5a131fa63fa8137b09545ec56e471180f2f7e7f", kill_on_drop: false }`
[INFO] [stderr]    Compiling antimony-lang v0.8.0 (/opt/rustwide/workdir)
[INFO] [stdout] warning: field `path` is never read
[INFO] [stdout]   --> src/ast/mod.rs:29:9
[INFO] [stdout]    |
[INFO] [stdout] 28 | pub struct Module {
[INFO] [stdout]    |            ------ field in this struct
[INFO] [stdout] 29 |     pub path: String,
[INFO] [stdout]    |         ^^^^
[INFO] [stdout]    |
[INFO] [stdout]    = note: `Module` has derived impls for the traits `Clone` and `Debug`, but these are intentionally ignored during dead code analysis
[INFO] [stdout]    = note: `#[warn(dead_code)]` on by default
[INFO] [stdout] 
[INFO] [stdout] 
[INFO] [stderr]     Finished `test` profile [unoptimized + debuginfo] target(s) in 2.77s
[INFO] running `Command { std: "docker" "inspect" "285aa983b4485f07a60961b7b5a131fa63fa8137b09545ec56e471180f2f7e7f", kill_on_drop: false }`
[INFO] running `Command { std: "docker" "rm" "-f" "285aa983b4485f07a60961b7b5a131fa63fa8137b09545ec56e471180f2f7e7f", kill_on_drop: false }`
[INFO] [stdout] 285aa983b4485f07a60961b7b5a131fa63fa8137b09545ec56e471180f2f7e7f
[INFO] running `Command { std: "docker" "create" "-v" "/var/lib/crater-agent-workspace/builds/worker-4-tc1/target:/opt/rustwide/target:rw,Z" "-v" "/var/lib/crater-agent-workspace/builds/worker-4-tc1/source:/opt/rustwide/workdir:ro,Z" "-v" "/var/lib/crater-agent-workspace/cargo-home:/opt/rustwide/cargo-home:ro,Z" "-v" "/var/lib/crater-agent-workspace/rustup-home:/opt/rustwide/rustup-home:ro,Z" "-e" "SOURCE_DIR=/opt/rustwide/workdir" "-e" "CARGO_TARGET_DIR=/opt/rustwide/target" "-e" "CARGO_INCREMENTAL=0" "-e" "RUST_BACKTRACE=full" "-e" "RUSTFLAGS=--cap-lints=warn" "-e" "RUSTDOCFLAGS=--cap-lints=warn" "-e" "CARGO_HOME=/opt/rustwide/cargo-home" "-e" "RUSTUP_HOME=/opt/rustwide/rustup-home" "-w" "/opt/rustwide/workdir" "-m" "1610612736" "--user" "0:0" "--network" "none" "ghcr.io/rust-lang/crates-build-env/linux@sha256:f3a9d4ad9d972b27faf3965f35b62e55ba32bbce8f20bc8fe909558a86702fde" "/opt/rustwide/cargo-home/bin/cargo" "+1.83.0" "test" "--frozen", kill_on_drop: false }`
[INFO] [stdout] 464ab2d74ea213765b8d347e55b9c9be44fd8beff58f7761eca4be2ab5cde763
[INFO] running `Command { std: "docker" "start" "-a" "464ab2d74ea213765b8d347e55b9c9be44fd8beff58f7761eca4be2ab5cde763", kill_on_drop: false }`
[INFO] [stderr] warning: field `path` is never read
[INFO] [stderr]   --> src/ast/mod.rs:29:9
[INFO] [stderr]    |
[INFO] [stderr] 28 | pub struct Module {
[INFO] [stderr]    |            ------ field in this struct
[INFO] [stderr] 29 |     pub path: String,
[INFO] [stderr]    |         ^^^^
[INFO] [stderr]    |
[INFO] [stderr]    = note: `Module` has derived impls for the traits `Clone` and `Debug`, but these are intentionally ignored during dead code analysis
[INFO] [stderr]    = note: `#[warn(dead_code)]` on by default
[INFO] [stderr] 
[INFO] [stderr] warning: `antimony-lang` (bin "sb" test) generated 1 warning
[INFO] [stderr]     Finished `test` profile [unoptimized + debuginfo] target(s) in 0.05s
[INFO] [stderr]      Running unittests src/main.rs (/opt/rustwide/target/debug/deps/sb-553e42e92185c9c4)
[INFO] [stdout] 
[INFO] [stdout] running 70 tests
[INFO] [stdout] test generator::tests::c_tests::test_generate_type_regular_type ... ok
[INFO] [stdout] test lexer::tests::test_basic_tokenizing ... ok
[INFO] [stdout] test lexer::tests::test_binary_numbers ... ok
[INFO] [stdout] test lexer::tests::test_string_markers_within_string ... ok
[INFO] [stdout] test lexer::tests::test_string ... ok
[INFO] [stdout] test lexer::tests::test_octal_numbers ... ok
[INFO] [stdout] test lexer::tests::test_hex_numbers ... ok
[INFO] [stdout] test lexer::tests::test_tokenizing_without_whitespace ... ok
[INFO] [stdout] test lexer::tests::test_numbers ... ok
[INFO] [stdout] test lexer::tests::test_functions ... ok
[INFO] [stdout] test parser::tests::test_array_as_argument ... ok
[INFO] [stdout] test parser::tests::test_continue ... ok
[INFO] [stdout] test parser::tests::test_arithmetic ... ok
[INFO] [stdout] test parser::tests::test_array_access_assignment ... ok
[INFO] [stdout] test parser::tests::test_array_access_in_loop ... ok
[INFO] [stdout] test parser::tests::test_array_access_standalone ... ok
[INFO] [stdout] test parser::tests::test_booleans_in_function_call ... ok
[INFO] [stdout] test parser::tests::test_break ... ok
[INFO] [stdout] test parser::tests::test_basic_while_loop ... ok
[INFO] [stdout] test parser::tests::test_complex_nested_expressions ... ok
[INFO] [stdout] test parser::tests::test_function_call_math ... ok
[INFO] [stdout] test parser::tests::test_function_multiple_args ... ok
[INFO] [stdout] test parser::tests::test_parse_basic_ops ... ok
[INFO] [stdout] test parser::tests::test_int_array ... ok
[INFO] [stdout] test lexer::tests::test_comments ... ok
[INFO] [stdout] test parser::tests::test_array_position_assignment ... ok
[INFO] [stdout] test parser::tests::test_parse_basic_conditional_with_multiple_statements ... ok
[INFO] [stdout] test parser::tests::test_array_access_in_if ... ok
[INFO] [stdout] test parser::tests::test_late_initializing_variable ... ok
[INFO] [stdout] test parser::tests::test_function_with_return_type ... ok
[INFO] [stdout] test parser::tests::test_parse_basic_conditional ... ok
[INFO] [stdout] test parser::tests::test_array_capacity ... ok
[INFO] [stdout] test parser::tests::test_no_function_args_without_type ... ok
[INFO] [stdout] test parser::tests::test_parse_compound_ops ... ok
[INFO] [stdout] test parser::tests::test_parse_compound_ops_with_strings ... ok
[INFO] [stdout] test parser::tests::test_parse_compound_ops_with_identifier_first ... ok
[INFO] [stdout] test parser::tests::test_parse_function_call_multiple_arguments ... ok
[INFO] [stdout] test parser::tests::test_parse_function_call ... ok
[INFO] [stdout] test parser::tests::test_parse_conditional_multiple_else_if_branch_branches ... ok
[INFO] [stdout] test parser::tests::test_parse_inline_function_as_last_statement ... ignored
[INFO] [stdout] test parser::tests::test_parse_compound_ops_return ... ok
[INFO] [stdout] test parser::tests::test_parse_compound_ops_with_function_call ... ok
[INFO] [stdout] test parser::tests::test_parse_compound_ops_with_identifier ... ok
[INFO] [stdout] test parser::tests::test_parse_function_with_return ... ok
[INFO] [stdout] test parser::tests::test_nested_array ... ok
[INFO] [stdout] test parser::tests::test_parse_conditional_else_branch ... ok
[INFO] [stdout] test parser::tests::test_parse_conditional_else_if_branch ... ok
[INFO] [stdout] test parser::tests::test_parse_inline_function ... ok
[INFO] [stdout] test parser::tests::test_boolean_arithmetic ... ok
[INFO] [stdout] test parser::tests::test_parse_function_with_args ... ok
[INFO] [stdout] test parser::tests::test_nested_for_loop ... ok
[INFO] [stdout] test parser::tests::test_parse_no_function_context ... ok
[INFO] [stdout] test parser::tests::test_string_array ... ok
[INFO] [stdout] test parser::tests::test_parse_conditional_elseif_else_branch ... ok
[INFO] [stdout] test parser::tests::test_parse_empty_function ... ok
[INFO] [stdout] test parser::tests::test_parse_multiple_functions ... ok
[INFO] [stdout] test parser::tests::test_parse_variable_declaration ... ok
[INFO] [stdout] test parser::tests::test_parse_nexted_function_call ... ok
[INFO] [stdout] test parser::tests::test_parse_redundant_semicolon ... ok
[INFO] [stdout] test parser::tests::test_parse_return_function_call ... ok
[INFO] [stdout] test parser::tests::test_parse_variable_reassignment ... ok
[INFO] [stdout] test parser::tests::test_parse_variable_declaration_added ... ok
[INFO] [stdout] test parser::tests::test_simple_for_loop ... ok
[INFO] [stdout] test parser::tests::test_struct_initialization ... ok
[INFO] [stdout] test parser::tests::test_simple_nested_expression ... ok
[INFO] [stdout] test parser::tests::test_typed_declare ... ok
[INFO] [stdout] test parser::tests::test_uninitialized_variables ... ok
[INFO] [stdout] test parser::tests::test_while_loop_boolean_expression ... ok
[INFO] [stderr] warning: field `path` is never read
[INFO] [stderr]   --> src/ast/mod.rs:29:9
[INFO] [stderr]    |
[INFO] [stderr] 28 | pub struct Module {
[INFO] [stderr]    |            ------ field in this struct
[INFO] [stderr] 29 |     pub path: String,
[INFO] [stderr]    |         ^^^^
[INFO] [stderr]    |
[INFO] [stderr]    = note: `Module` has derived impls for the traits `Clone` and `Debug`, but these are intentionally ignored during dead code analysis
[INFO] [stderr]    = note: `#[warn(dead_code)]` on by default
[INFO] [stderr] 
[INFO] [stderr] warning: `antimony-lang` (bin "sb") generated 1 warning
[INFO] [stderr]     Finished `dev` profile [unoptimized + debuginfo] target(s) in 0.05s
[INFO] [stderr]      Running `/opt/rustwide/target/debug/sb build /opt/rustwide/workdir/examples/loops.sb -o /opt/rustwide/workdir/examples_out/loops.js`
[INFO] [stderr] warning: field `path` is never read
[INFO] [stderr]   --> src/ast/mod.rs:29:9
[INFO] [stderr]    |
[INFO] [stderr] 28 | pub struct Module {
[INFO] [stderr]    |            ------ field in this struct
[INFO] [stderr] 29 |     pub path: String,
[INFO] [stderr]    |         ^^^^
[INFO] [stderr]    |
[INFO] [stderr]    = note: `Module` has derived impls for the traits `Clone` and `Debug`, but these are intentionally ignored during dead code analysis
[INFO] [stderr]    = note: `#[warn(dead_code)]` on by default
[INFO] [stderr] 
[INFO] [stderr] warning: `antimony-lang` (bin "sb") generated 1 warning
[INFO] [stderr]     Finished `dev` profile [unoptimized + debuginfo] target(s) in 0.05s
[INFO] [stderr]      Running `/opt/rustwide/target/debug/sb run /opt/rustwide/workdir/tests/main.sb`
[INFO] [stderr] Error: Could not create output file: No such file or directory (os error 2)
[INFO] [stdout] test tests::test_examples::test_examples ... FAILED
[INFO] [stderr] error: test failed, to rerun pass `--bin sb`
[INFO] [stdout] 
[INFO] [stdout] -----------------------------
[INFO] [stdout] --- Running tests ---
[INFO] [stdout] -----------------------------
[INFO] [stdout] 
[INFO] [stdout] -----------------------------
[INFO] [stdout] --- Testing conditionals ---
[INFO] [stdout] -----------------------------
[INFO] [stdout] condition was true
[INFO] [stdout] number is divisible by 3
[INFO] [stdout] The answer to the universe and everything!
[INFO] [stdout] 
[INFO] [stdout] -----------------------------
[INFO] [stdout] --- Testing functions ---
[INFO] [stdout] -----------------------------
[INFO] [stdout] 3
[INFO] [stdout] 
[INFO] [stdout] -----------------------------
[INFO] [stdout] --- Testing imports ---
[INFO] [stdout] -----------------------------
[INFO] [stdout] I was called!!
[INFO] [stdout] A deeply nested function was called!
[INFO] [stdout] 
[INFO] [stdout] -----------------------------
[INFO] [stdout] --- Testing numbers ---
[INFO] [stdout] -----------------------------
[INFO] [stdout] test_operators
[INFO] [stdout] 
[INFO] [stdout] -----------------------------
[INFO] [stdout] --- Testing structs ---
[INFO] [stdout] -----------------------------
[INFO] [stdout] test_initialization
[INFO] [stdout] Nested field
[INFO] [stdout] 
[INFO] [stdout] -----------------------------
[INFO] [stdout] --- Testing types ---
[INFO] [stdout] -----------------------------
[INFO] [stdout] 5
[INFO] [stdout] Test
[INFO] [stdout] 
[INFO] [stdout] -----------------------------
[INFO] [stdout] --- Testing unicode ---
[INFO] [stdout] -----------------------------
[INFO] [stdout] Test unicode strings
[INFO] [stdout] αβ
[INFO] [stdout] Test unicode identifiers
[INFO] [stdout] 世界
[INFO] [stdout] 
[INFO] [stdout] -----------------------------
[INFO] [stdout] --- Done! ---
[INFO] [stdout] -----------------------------
[INFO] [stdout] test tests::test_examples::test_testcases ... ok
[INFO] [stdout] 
[INFO] [stdout] failures:
[INFO] [stdout] 
[INFO] [stdout] ---- tests::test_examples::test_examples stdout ----
[INFO] [stdout] thread 'tests::test_examples::test_examples' panicked at src/tests/test_examples.rs:54:9:
[INFO] [stdout] "/opt/rustwide/workdir/examples/loops.sb"
[INFO] [stdout] stack backtrace:
[INFO] [stdout]    0:     0x5c8f080ba45a - std::backtrace_rs::backtrace::libunwind::trace::h5a5b8284f2d0c266
[INFO] [stdout]                                at /rustc/90b35a6239c3d8bdabc530a6a0816f7ff89a0aaf/library/std/src/../../backtrace/src/backtrace/libunwind.rs:116:5
[INFO] [stdout]    1:     0x5c8f080ba45a - std::backtrace_rs::backtrace::trace_unsynchronized::h76d4f1c9b0b875e3
[INFO] [stdout]                                at /rustc/90b35a6239c3d8bdabc530a6a0816f7ff89a0aaf/library/std/src/../../backtrace/src/backtrace/mod.rs:66:5
[INFO] [stdout]    2:     0x5c8f080ba45a - std::sys::backtrace::_print_fmt::hc4546b8364a537c6
[INFO] [stdout]                                at /rustc/90b35a6239c3d8bdabc530a6a0816f7ff89a0aaf/library/std/src/sys/backtrace.rs:66:9
[INFO] [stdout]    3:     0x5c8f080ba45a - <std::sys::backtrace::BacktraceLock::print::DisplayBacktrace as core::fmt::Display>::fmt::h5b6bd5631a6d1f6b
[INFO] [stdout]                                at /rustc/90b35a6239c3d8bdabc530a6a0816f7ff89a0aaf/library/std/src/sys/backtrace.rs:39:26
[INFO] [stdout]    4:     0x5c8f080e03f3 - core::fmt::rt::Argument::fmt::h270f6602a2b96f62
[INFO] [stdout]                                at /rustc/90b35a6239c3d8bdabc530a6a0816f7ff89a0aaf/library/core/src/fmt/rt.rs:177:76
[INFO] [stdout]    5:     0x5c8f080e03f3 - core::fmt::write::h7550c97b06c86515
[INFO] [stdout]                                at /rustc/90b35a6239c3d8bdabc530a6a0816f7ff89a0aaf/library/core/src/fmt/mod.rs:1186:21
[INFO] [stdout]    6:     0x5c8f080b73c3 - std::io::Write::write_fmt::h509ff860e5956e5e
[INFO] [stdout]                                at /rustc/90b35a6239c3d8bdabc530a6a0816f7ff89a0aaf/library/std/src/io/mod.rs:1839:15
[INFO] [stdout]    7:     0x5c8f080ba2a2 - std::sys::backtrace::BacktraceLock::print::h2395ccd2c84ba3aa
[INFO] [stdout]                                at /rustc/90b35a6239c3d8bdabc530a6a0816f7ff89a0aaf/library/std/src/sys/backtrace.rs:42:9
[INFO] [stdout]    8:     0x5c8f080bb8ba - std::panicking::default_hook::{{closure}}::he19d4c7230e07961
[INFO] [stdout]                                at /rustc/90b35a6239c3d8bdabc530a6a0816f7ff89a0aaf/library/std/src/panicking.rs:268:22
[INFO] [stdout]    9:     0x5c8f080bb6c4 - std::panicking::default_hook::hf614597d3c67bbdb
[INFO] [stdout]                                at /rustc/90b35a6239c3d8bdabc530a6a0816f7ff89a0aaf/library/std/src/panicking.rs:292:9
[INFO] [stdout]   10:     0x5c8f07e45bf9 - <alloc::boxed::Box<F,A> as core::ops::function::Fn<Args>>::call::h39b51ce4599c23d1
[INFO] [stdout]                                at /rustc/90b35a6239c3d8bdabc530a6a0816f7ff89a0aaf/library/alloc/src/boxed.rs:2468:9
[INFO] [stdout]   11:     0x5c8f07e45bf9 - test::test_main::{{closure}}::he977ae839a582784
[INFO] [stdout]                                at /rustc/90b35a6239c3d8bdabc530a6a0816f7ff89a0aaf/library/test/src/lib.rs:133:21
[INFO] [stdout]   12:     0x5c8f080bbf58 - <alloc::boxed::Box<F,A> as core::ops::function::Fn<Args>>::call::h9455091b6b06f9fb
[INFO] [stdout]                                at /rustc/90b35a6239c3d8bdabc530a6a0816f7ff89a0aaf/library/alloc/src/boxed.rs:2468:9
[INFO] [stdout]   13:     0x5c8f080bbf58 - std::panicking::rust_panic_with_hook::h8942133a8b252070
[INFO] [stdout]                                at /rustc/90b35a6239c3d8bdabc530a6a0816f7ff89a0aaf/library/std/src/panicking.rs:809:13
[INFO] [stdout]   14:     0x5c8f080bbd1a - std::panicking::begin_panic_handler::{{closure}}::hb5f5963570096b29
[INFO] [stdout]                                at /rustc/90b35a6239c3d8bdabc530a6a0816f7ff89a0aaf/library/std/src/panicking.rs:674:13
[INFO] [stdout]   15:     0x5c8f080ba939 - std::sys::backtrace::__rust_end_short_backtrace::h6208cedc1922feda
[INFO] [stdout]                                at /rustc/90b35a6239c3d8bdabc530a6a0816f7ff89a0aaf/library/std/src/sys/backtrace.rs:170:18
[INFO] [stdout]   16:     0x5c8f080bb9ac - rust_begin_unwind
[INFO] [stdout]                                at /rustc/90b35a6239c3d8bdabc530a6a0816f7ff89a0aaf/library/std/src/panicking.rs:665:5
[INFO] [stdout]   17:     0x5c8f07dbd270 - core::panicking::panic_fmt::h0c3082644d1bf418
[INFO] [stdout]                                at /rustc/90b35a6239c3d8bdabc530a6a0816f7ff89a0aaf/library/core/src/panicking.rs:74:14
[INFO] [stdout]   18:     0x5c8f07df4d4c - sb::tests::test_examples::test_directory::h3c5491d3140c7587
[INFO] [stdout]                                at /opt/rustwide/workdir/src/tests/test_examples.rs:54:9
[INFO] [stdout]   19:     0x5c8f07df5895 - sb::tests::test_examples::test_examples::he22ca0b92187e2c6
[INFO] [stdout]                                at /opt/rustwide/workdir/src/tests/test_examples.rs:71:5
[INFO] [stdout]   20:     0x5c8f07df5867 - sb::tests::test_examples::test_examples::{{closure}}::h913d8650a2b6d245
[INFO] [stdout]                                at /opt/rustwide/workdir/src/tests/test_examples.rs:70:23
[INFO] [stdout]   21:     0x5c8f07dda456 - core::ops::function::FnOnce::call_once::h0cc2ac82fa951e1b
[INFO] [stdout]                                at /rustc/90b35a6239c3d8bdabc530a6a0816f7ff89a0aaf/library/core/src/ops/function.rs:250:5
[INFO] [stdout]   22:     0x5c8f07e4a5bb - core::ops::function::FnOnce::call_once::h109cf8051a59b34e
[INFO] [stdout]                                at /rustc/90b35a6239c3d8bdabc530a6a0816f7ff89a0aaf/library/core/src/ops/function.rs:250:5
[INFO] [stdout]   23:     0x5c8f07e4a5bb - test::__rust_begin_short_backtrace::hf4fff89d377446ba
[INFO] [stdout]                                at /rustc/90b35a6239c3d8bdabc530a6a0816f7ff89a0aaf/library/test/src/lib.rs:621:18
[INFO] [stdout]   24:     0x5c8f07e49df7 - test::run_test_in_process::{{closure}}::h0e39181dd7ee5a43
[INFO] [stdout]                                at /rustc/90b35a6239c3d8bdabc530a6a0816f7ff89a0aaf/library/test/src/lib.rs:644:60
[INFO] [stdout]   25:     0x5c8f07e49df7 - <core::panic::unwind_safe::AssertUnwindSafe<F> as core::ops::function::FnOnce<()>>::call_once::hc5a66a30f0bdfd1f
[INFO] [stdout]                                at /rustc/90b35a6239c3d8bdabc530a6a0816f7ff89a0aaf/library/core/src/panic/unwind_safe.rs:272:9
[INFO] [stdout]   26:     0x5c8f07e49df7 - std::panicking::try::do_call::h873b7cf639554a5e
[INFO] [stdout]                                at /rustc/90b35a6239c3d8bdabc530a6a0816f7ff89a0aaf/library/std/src/panicking.rs:557:40
[INFO] [stdout]   27:     0x5c8f07e49df7 - std::panicking::try::hdb19862fad9c8bd1
[INFO] [stdout]                                at /rustc/90b35a6239c3d8bdabc530a6a0816f7ff89a0aaf/library/std/src/panicking.rs:520:19
[INFO] [stdout]   28:     0x5c8f07e49df7 - std::panic::catch_unwind::h281fe732d236d260
[INFO] [stdout]                                at /rustc/90b35a6239c3d8bdabc530a6a0816f7ff89a0aaf/library/std/src/panic.rs:358:14
[INFO] [stdout]   29:     0x5c8f07e49df7 - test::run_test_in_process::h949b6df8457ed338
[INFO] [stdout]                                at /rustc/90b35a6239c3d8bdabc530a6a0816f7ff89a0aaf/library/test/src/lib.rs:644:27
[INFO] [stdout]   30:     0x5c8f07e49df7 - test::run_test::{{closure}}::h52c556a6d4740e10
[INFO] [stdout]                                at /rustc/90b35a6239c3d8bdabc530a6a0816f7ff89a0aaf/library/test/src/lib.rs:565:43
[INFO] [stdout]   31:     0x5c8f07e0f0d4 - test::run_test::{{closure}}::h4237f6381c45ccb9
[INFO] [stdout]                                at /rustc/90b35a6239c3d8bdabc530a6a0816f7ff89a0aaf/library/test/src/lib.rs:595:41
[INFO] [stdout]   32:     0x5c8f07e0f0d4 - std::sys::backtrace::__rust_begin_short_backtrace::h505c97a579eca628
[INFO] [stdout]                                at /rustc/90b35a6239c3d8bdabc530a6a0816f7ff89a0aaf/library/std/src/sys/backtrace.rs:154:18
[INFO] [stdout]   33:     0x5c8f07e1279e - std::thread::Builder::spawn_unchecked_::{{closure}}::{{closure}}::h9e86b2e2bc107ea3
[INFO] [stdout]                                at /rustc/90b35a6239c3d8bdabc530a6a0816f7ff89a0aaf/library/std/src/thread/mod.rs:538:17
[INFO] [stdout]   34:     0x5c8f07e1279e - <core::panic::unwind_safe::AssertUnwindSafe<F> as core::ops::function::FnOnce<()>>::call_once::h8b06ddb275ff4a25
[INFO] [stdout]                                at /rustc/90b35a6239c3d8bdabc530a6a0816f7ff89a0aaf/library/core/src/panic/unwind_safe.rs:272:9
[INFO] [stdout]   35:     0x5c8f07e1279e - std::panicking::try::do_call::hb26ecd7cd9a9355d
[INFO] [stdout]                                at /rustc/90b35a6239c3d8bdabc530a6a0816f7ff89a0aaf/library/std/src/panicking.rs:557:40
[INFO] [stdout]   36:     0x5c8f07e1279e - std::panicking::try::h8ddeca9d705f9069
[INFO] [stdout]                                at /rustc/90b35a6239c3d8bdabc530a6a0816f7ff89a0aaf/library/std/src/panicking.rs:520:19
[INFO] [stdout]   37:     0x5c8f07e1279e - std::panic::catch_unwind::h49e1c33078844c46
[INFO] [stdout]                                at /rustc/90b35a6239c3d8bdabc530a6a0816f7ff89a0aaf/library/std/src/panic.rs:358:14
[INFO] [stdout]   38:     0x5c8f07e1279e - std::thread::Builder::spawn_unchecked_::{{closure}}::h6073db6ff56ad35d
[INFO] [stdout]                                at /rustc/90b35a6239c3d8bdabc530a6a0816f7ff89a0aaf/library/std/src/thread/mod.rs:537:30
[INFO] [stdout]   39:     0x5c8f07e1279e - core::ops::function::FnOnce::call_once{{vtable.shim}}::h2c5a5f3779c774f1
[INFO] [stdout]                                at /rustc/90b35a6239c3d8bdabc530a6a0816f7ff89a0aaf/library/core/src/ops/function.rs:250:5
[INFO] [stdout]   40:     0x5c8f080c020b - <alloc::boxed::Box<F,A> as core::ops::function::FnOnce<Args>>::call_once::hf75717d9f28faebf
[INFO] [stdout]                                at /rustc/90b35a6239c3d8bdabc530a6a0816f7ff89a0aaf/library/alloc/src/boxed.rs:2454:9
[INFO] [stdout]   41:     0x5c8f080c020b - <alloc::boxed::Box<F,A> as core::ops::function::FnOnce<Args>>::call_once::h7bd883a5f3c5f3c1
[INFO] [stdout]                                at /rustc/90b35a6239c3d8bdabc530a6a0816f7ff89a0aaf/library/alloc/src/boxed.rs:2454:9
[INFO] [stdout]   42:     0x5c8f080c020b - std::sys::pal::unix::thread::Thread::new::thread_start::hcc78f3943333fa94
[INFO] [stdout]                                at /rustc/90b35a6239c3d8bdabc530a6a0816f7ff89a0aaf/library/std/src/sys/pal/unix/thread.rs:105:17
[INFO] [stdout]   43:     0x7257a380eac3 - <unknown>
[INFO] [stdout]   44:     0x7257a389fa04 - clone
[INFO] [stdout]   45:                0x0 - <unknown>
[INFO] [stdout] 
[INFO] [stdout] 
[INFO] [stdout] failures:
[INFO] [stdout]     tests::test_examples::test_examples
[INFO] [stdout] 
[INFO] [stdout] test result: FAILED. 68 passed; 1 failed; 1 ignored; 0 measured; 0 filtered out; finished in 0.81s
[INFO] [stdout] 
[INFO] running `Command { std: "docker" "inspect" "464ab2d74ea213765b8d347e55b9c9be44fd8beff58f7761eca4be2ab5cde763", kill_on_drop: false }`
[INFO] running `Command { std: "docker" "rm" "-f" "464ab2d74ea213765b8d347e55b9c9be44fd8beff58f7761eca4be2ab5cde763", kill_on_drop: false }`
[INFO] [stdout] 464ab2d74ea213765b8d347e55b9c9be44fd8beff58f7761eca4be2ab5cde763
