[INFO] fetching crate ant-libp2p-websocket-websys 0.4.1...
[INFO] testing ant-libp2p-websocket-websys-0.4.1 against beta-2024-12-08 for beta-1.84.0-4-retry
[INFO] extracting crate ant-libp2p-websocket-websys 0.4.1 into /workspace/builds/worker-1-tc2/source
[INFO] validating manifest of crates.io crate ant-libp2p-websocket-websys 0.4.1 on toolchain beta-2024-12-08
[INFO] running `Command { std: CARGO_HOME="/workspace/cargo-home" RUSTUP_HOME="/workspace/rustup-home" "/workspace/cargo-home/bin/cargo" "+beta-2024-12-08" "metadata" "--manifest-path" "Cargo.toml" "--no-deps", kill_on_drop: false }`
[INFO] started tweaking crates.io crate ant-libp2p-websocket-websys 0.4.1
[INFO] finished tweaking crates.io crate ant-libp2p-websocket-websys 0.4.1
[INFO] tweaked toml for crates.io crate ant-libp2p-websocket-websys 0.4.1 written to /workspace/builds/worker-1-tc2/source/Cargo.toml
[INFO] running `Command { std: CARGO_HOME="/workspace/cargo-home" RUSTUP_HOME="/workspace/rustup-home" "/workspace/cargo-home/bin/cargo" "+beta-2024-12-08" "generate-lockfile" "--manifest-path" "Cargo.toml", kill_on_drop: false }`
[INFO] [stderr]     Updating crates.io index
[INFO] [stderr]      Locking 179 packages to latest compatible versions
[INFO] running `Command { std: CARGO_HOME="/workspace/cargo-home" RUSTUP_HOME="/workspace/rustup-home" "/workspace/cargo-home/bin/cargo" "+beta-2024-12-08" "fetch" "--manifest-path" "Cargo.toml", kill_on_drop: false }`
[INFO] [stderr]     Blocking waiting for file lock on package cache
[INFO] running `Command { std: "docker" "create" "-v" "/var/lib/crater-agent-workspace/builds/worker-1-tc2/target:/opt/rustwide/target:rw,Z" "-v" "/var/lib/crater-agent-workspace/builds/worker-1-tc2/source:/opt/rustwide/workdir:ro,Z" "-v" "/var/lib/crater-agent-workspace/cargo-home:/opt/rustwide/cargo-home:ro,Z" "-v" "/var/lib/crater-agent-workspace/rustup-home:/opt/rustwide/rustup-home:ro,Z" "-e" "SOURCE_DIR=/opt/rustwide/workdir" "-e" "CARGO_TARGET_DIR=/opt/rustwide/target" "-e" "CARGO_HOME=/opt/rustwide/cargo-home" "-e" "RUSTUP_HOME=/opt/rustwide/rustup-home" "-w" "/opt/rustwide/workdir" "-m" "1610612736" "--user" "0:0" "--network" "none" "ghcr.io/rust-lang/crates-build-env/linux@sha256:f3a9d4ad9d972b27faf3965f35b62e55ba32bbce8f20bc8fe909558a86702fde" "/opt/rustwide/cargo-home/bin/cargo" "+beta-2024-12-08" "metadata" "--no-deps" "--format-version=1", kill_on_drop: false }`
[INFO] [stdout] 7052a38d2e3e5c9a77eb449160a0bd3c85dd62df3031706929a129f39b8ed2a1
[INFO] running `Command { std: "docker" "start" "-a" "7052a38d2e3e5c9a77eb449160a0bd3c85dd62df3031706929a129f39b8ed2a1", kill_on_drop: false }`
[INFO] running `Command { std: "docker" "inspect" "7052a38d2e3e5c9a77eb449160a0bd3c85dd62df3031706929a129f39b8ed2a1", kill_on_drop: false }`
[INFO] running `Command { std: "docker" "rm" "-f" "7052a38d2e3e5c9a77eb449160a0bd3c85dd62df3031706929a129f39b8ed2a1", kill_on_drop: false }`
[INFO] [stdout] 7052a38d2e3e5c9a77eb449160a0bd3c85dd62df3031706929a129f39b8ed2a1
[INFO] running `Command { std: "docker" "create" "-v" "/var/lib/crater-agent-workspace/builds/worker-1-tc2/target:/opt/rustwide/target:rw,Z" "-v" "/var/lib/crater-agent-workspace/builds/worker-1-tc2/source:/opt/rustwide/workdir:ro,Z" "-v" "/var/lib/crater-agent-workspace/cargo-home:/opt/rustwide/cargo-home:ro,Z" "-v" "/var/lib/crater-agent-workspace/rustup-home:/opt/rustwide/rustup-home:ro,Z" "-e" "SOURCE_DIR=/opt/rustwide/workdir" "-e" "CARGO_TARGET_DIR=/opt/rustwide/target" "-e" "CARGO_INCREMENTAL=0" "-e" "RUST_BACKTRACE=full" "-e" "RUSTFLAGS=--cap-lints=warn" "-e" "RUSTDOCFLAGS=--cap-lints=warn" "-e" "CARGO_HOME=/opt/rustwide/cargo-home" "-e" "RUSTUP_HOME=/opt/rustwide/rustup-home" "-w" "/opt/rustwide/workdir" "-m" "1610612736" "--user" "0:0" "--network" "none" "ghcr.io/rust-lang/crates-build-env/linux@sha256:f3a9d4ad9d972b27faf3965f35b62e55ba32bbce8f20bc8fe909558a86702fde" "/opt/rustwide/cargo-home/bin/cargo" "+beta-2024-12-08" "build" "--frozen" "--message-format=json", kill_on_drop: false }`
[INFO] [stdout] 3970680ada8824cf15f0291b62368b4f60f5fa2f33ffb87e55cccdf3f1bede5b
[INFO] running `Command { std: "docker" "start" "-a" "3970680ada8824cf15f0291b62368b4f60f5fa2f33ffb87e55cccdf3f1bede5b", kill_on_drop: false }`
[INFO] [stderr]    Compiling proc-macro2 v1.0.92
[INFO] [stderr]    Compiling unicode-ident v1.0.14
[INFO] [stderr]    Compiling cfg-if v1.0.0
[INFO] [stderr]    Compiling version_check v0.9.5
[INFO] [stderr]    Compiling libc v0.2.168
[INFO] [stderr]    Compiling stable_deref_trait v1.2.0
[INFO] [stderr]    Compiling typenum v1.17.0
[INFO] [stderr]    Compiling autocfg v1.4.0
[INFO] [stderr]    Compiling litemap v0.7.4
[INFO] [stderr]    Compiling memchr v2.7.4
[INFO] [stderr]    Compiling writeable v0.5.5
[INFO] [stderr]    Compiling semver v1.0.24
[INFO] [stderr]    Compiling smallvec v1.13.2
[INFO] [stderr]    Compiling subtle v2.6.1
[INFO] [stderr]    Compiling pin-project-lite v0.2.15
[INFO] [stderr]    Compiling once_cell v1.20.2
[INFO] [stderr]    Compiling log v0.4.22
[INFO] [stderr]    Compiling wasm-bindgen-shared v0.2.99
[INFO] [stderr]    Compiling byteorder v1.5.0
[INFO] [stderr]    Compiling icu_locid_transform_data v1.5.0
[INFO] [stderr]    Compiling futures-sink v0.3.31
[INFO] [stderr]    Compiling futures-core v0.3.31
[INFO] [stderr]    Compiling icu_properties_data v1.5.0
[INFO] [stderr]    Compiling syn v1.0.109
[INFO] [stderr]    Compiling bumpalo v3.16.0
[INFO] [stderr]    Compiling futures-channel v0.3.31
[INFO] [stderr]    Compiling cpufeatures v0.2.16
[INFO] [stderr]    Compiling write16 v1.0.0
[INFO] [stderr]    Compiling utf8_iter v1.0.4
[INFO] [stderr]    Compiling futures-task v0.3.31
[INFO] [stderr]    Compiling icu_normalizer_data v1.5.0
[INFO] [stderr]    Compiling utf16_iter v1.0.5
[INFO] [stderr]    Compiling futures-io v0.3.31
[INFO] [stderr]    Compiling pin-utils v0.1.0
[INFO] [stderr]    Compiling thiserror v1.0.69
[INFO] [stderr]    Compiling data-encoding v2.6.0
[INFO] [stderr]    Compiling zeroize v1.8.1
[INFO] [stderr]    Compiling generic-array v0.14.7
[INFO] [stderr]    Compiling signature v2.2.0
[INFO] [stderr]    Compiling tracing-core v0.1.33
[INFO] [stderr]    Compiling slab v0.4.9
[INFO] [stderr]    Compiling lock_api v0.4.12
[INFO] [stderr]    Compiling wasm-bindgen v0.2.99
[INFO] [stderr]    Compiling ed25519 v2.2.3
[INFO] [stderr]    Compiling core2 v0.4.0
[INFO] [stderr]    Compiling unsigned-varint v0.8.0
[INFO] [stderr]    Compiling serde v1.0.216
[INFO] [stderr]    Compiling rustc_version v0.4.1
[INFO] [stderr]    Compiling parking_lot_core v0.9.10
[INFO] [stderr]    Compiling percent-encoding v2.3.1
[INFO] [stderr]    Compiling multihash v0.19.3
[INFO] [stderr]    Compiling quick-protobuf v0.8.1
[INFO] [stderr]    Compiling static_assertions v1.1.0
[INFO] [stderr]    Compiling base-x v0.2.11
[INFO] [stderr]    Compiling form_urlencoded v1.2.1
[INFO] [stderr]    Compiling bs58 v0.5.1
[INFO] [stderr]    Compiling thiserror v2.0.7
[INFO] [stderr]    Compiling scopeguard v1.2.0
[INFO] [stderr]    Compiling bytes v1.9.0
[INFO] [stderr]    Compiling unsigned-varint v0.7.2
[INFO] [stderr]    Compiling quote v1.0.37
[INFO] [stderr]    Compiling arrayref v0.3.9
[INFO] [stderr]    Compiling either v1.13.0
[INFO] [stderr]    Compiling futures-timer v3.0.3
[INFO] [stderr]    Compiling web-time v1.1.0
[INFO] [stderr]    Compiling curve25519-dalek v4.1.3
[INFO] [stderr]    Compiling fnv v1.0.7
[INFO] [stderr]    Compiling send_wrapper v0.6.0
[INFO] [stderr]    Compiling num_cpus v1.16.0
[INFO] [stderr]    Compiling getrandom v0.2.15
[INFO] [stderr]    Compiling syn v2.0.90
[INFO] [stderr]    Compiling rand_core v0.6.4
[INFO] [stderr]    Compiling parking_lot v0.12.3
[INFO] [stderr]    Compiling data-encoding-macro-internal v0.1.13
[INFO] [stderr]    Compiling crypto-common v0.1.6
[INFO] [stderr]    Compiling block-buffer v0.10.4
[INFO] [stderr]    Compiling digest v0.10.7
[INFO] [stderr]    Compiling sha2 v0.10.8
[INFO] [stderr]    Compiling hmac v0.12.1
[INFO] [stderr]    Compiling hkdf v0.12.4
[INFO] [stderr]    Compiling data-encoding-macro v0.1.15
[INFO] [stderr]    Compiling multibase v0.9.1
[INFO] [stderr]    Compiling synstructure v0.13.1
[INFO] [stderr]    Compiling wasm-bindgen-backend v0.2.99
[INFO] [stderr]    Compiling zerovec-derive v0.10.3
[INFO] [stderr]    Compiling displaydoc v0.2.5
[INFO] [stderr]    Compiling icu_provider_macros v1.5.0
[INFO] [stderr]    Compiling futures-macro v0.3.31
[INFO] [stderr]    Compiling curve25519-dalek-derive v0.1.1
[INFO] [stderr]    Compiling zerocopy-derive v0.7.35
[INFO] [stderr]    Compiling thiserror-impl v1.0.69
[INFO] [stderr]    Compiling tracing-attributes v0.1.28
[INFO] [stderr]    Compiling pin-project-internal v1.1.7
[INFO] [stderr]    Compiling thiserror-impl v2.0.7
[INFO] [stderr]    Compiling zerofrom-derive v0.1.5
[INFO] [stderr]    Compiling yoke-derive v0.7.5
[INFO] [stderr]    Compiling wasm-bindgen-macro-support v0.2.99
[INFO] [stderr]    Compiling pin-project v1.1.7
[INFO] [stderr]    Compiling futures-util v0.3.31
[INFO] [stderr]    Compiling zerocopy v0.7.35
[INFO] [stderr]    Compiling wasm-bindgen-macro v0.2.99
[INFO] [stderr]    Compiling tracing v0.1.41
[INFO] [stderr]    Compiling ppv-lite86 v0.2.20
[INFO] [stderr]    Compiling ed25519-dalek v2.1.1
[INFO] [stderr]    Compiling zerofrom v0.1.5
[INFO] [stderr]    Compiling libp2p-identity v0.2.10
[INFO] [stderr]    Compiling rand_chacha v0.3.1
[INFO] [stderr]    Compiling yoke v0.7.5
[INFO] [stderr]    Compiling rand v0.8.5
[INFO] [stderr]    Compiling zerovec v0.10.4
[INFO] [stderr]    Compiling js-sys v0.3.76
[INFO] [stderr]    Compiling tinystr v0.7.6
[INFO] [stderr]    Compiling icu_collections v1.5.0
[INFO] [stderr]    Compiling icu_locid v1.5.0
[INFO] [stderr]    Compiling futures-executor v0.3.31
[INFO] [stderr]    Compiling futures v0.3.31
[INFO] [stderr]    Compiling rw-stream-sink v0.4.0
[INFO] [stderr]    Compiling multistream-select v0.13.0
[INFO] [stderr]    Compiling icu_provider v1.5.0
[INFO] [stderr]    Compiling icu_locid_transform v1.5.0
[INFO] [stderr]    Compiling icu_properties v1.5.1
[INFO] [stderr]    Compiling web-sys v0.3.76
[INFO] [stderr]    Compiling icu_normalizer v1.5.0
[INFO] [stderr]    Compiling idna_adapter v1.2.0
[INFO] [stderr]    Compiling idna v1.0.3
[INFO] [stderr]    Compiling url v2.5.4
[INFO] [stderr]    Compiling multiaddr v0.18.2
[INFO] [stderr]    Compiling ant-libp2p-core v0.42.1
[INFO] [stderr]    Compiling ant-libp2p-websocket-websys v0.4.1 (/opt/rustwide/workdir)
[INFO] [stderr]     Finished `dev` profile [unoptimized + debuginfo] target(s) in 37.99s
[INFO] running `Command { std: "docker" "inspect" "3970680ada8824cf15f0291b62368b4f60f5fa2f33ffb87e55cccdf3f1bede5b", kill_on_drop: false }`
[INFO] running `Command { std: "docker" "rm" "-f" "3970680ada8824cf15f0291b62368b4f60f5fa2f33ffb87e55cccdf3f1bede5b", kill_on_drop: false }`
[INFO] [stdout] 3970680ada8824cf15f0291b62368b4f60f5fa2f33ffb87e55cccdf3f1bede5b
[INFO] running `Command { std: "docker" "create" "-v" "/var/lib/crater-agent-workspace/builds/worker-1-tc2/target:/opt/rustwide/target:rw,Z" "-v" "/var/lib/crater-agent-workspace/builds/worker-1-tc2/source:/opt/rustwide/workdir:ro,Z" "-v" "/var/lib/crater-agent-workspace/cargo-home:/opt/rustwide/cargo-home:ro,Z" "-v" "/var/lib/crater-agent-workspace/rustup-home:/opt/rustwide/rustup-home:ro,Z" "-e" "SOURCE_DIR=/opt/rustwide/workdir" "-e" "CARGO_TARGET_DIR=/opt/rustwide/target" "-e" "CARGO_INCREMENTAL=0" "-e" "RUST_BACKTRACE=full" "-e" "RUSTFLAGS=--cap-lints=warn" "-e" "RUSTDOCFLAGS=--cap-lints=warn" "-e" "CARGO_HOME=/opt/rustwide/cargo-home" "-e" "RUSTUP_HOME=/opt/rustwide/rustup-home" "-w" "/opt/rustwide/workdir" "-m" "1610612736" "--user" "0:0" "--network" "none" "ghcr.io/rust-lang/crates-build-env/linux@sha256:f3a9d4ad9d972b27faf3965f35b62e55ba32bbce8f20bc8fe909558a86702fde" "/opt/rustwide/cargo-home/bin/cargo" "+beta-2024-12-08" "test" "--frozen" "--no-run" "--message-format=json", kill_on_drop: false }`
[INFO] [stdout] 72cb29be43aef470b50c5c86be7956598b243faa61d1f8b88778bc2a40ba40ec
[INFO] running `Command { std: "docker" "start" "-a" "72cb29be43aef470b50c5c86be7956598b243faa61d1f8b88778bc2a40ba40ec", kill_on_drop: false }`
[INFO] [stderr]    Compiling subtle v2.6.1
[INFO] [stderr]    Compiling futures-sink v0.3.31
[INFO] [stderr]    Compiling curve25519-dalek v4.1.3
[INFO] [stderr]    Compiling zeroize_derive v1.4.2
[INFO] [stderr]    Compiling shlex v1.3.0
[INFO] [stderr]    Compiling snow v0.9.6
[INFO] [stderr]    Compiling untrusted v0.9.0
[INFO] [stderr]    Compiling nohash-hasher v0.2.0
[INFO] [stderr]    Compiling spin v0.9.8
[INFO] [stderr]    Compiling futures-channel v0.3.31
[INFO] [stderr]    Compiling digest v0.10.7
[INFO] [stderr]    Compiling cc v1.2.4
[INFO] [stderr]    Compiling futures-util v0.3.31
[INFO] [stderr]    Compiling sha2 v0.10.8
[INFO] [stderr]    Compiling hmac v0.12.1
[INFO] [stderr]    Compiling hkdf v0.12.4
[INFO] [stderr]    Compiling zeroize v1.8.1
[INFO] [stderr]    Compiling ring v0.17.8
[INFO] [stderr]    Compiling ed25519-dalek v2.1.1
[INFO] [stderr]    Compiling x25519-dalek v2.0.1
[INFO] [stderr]    Compiling libp2p-identity v0.2.10
[INFO] [stderr]    Compiling multiaddr v0.18.2
[INFO] [stderr]    Compiling futures-executor v0.3.31
[INFO] [stderr]    Compiling asynchronous-codec v0.7.0
[INFO] [stderr]    Compiling futures v0.3.31
[INFO] [stderr]    Compiling rw-stream-sink v0.4.0
[INFO] [stderr]    Compiling multistream-select v0.13.0
[INFO] [stderr]    Compiling yamux v0.13.4
[INFO] [stderr]    Compiling yamux v0.12.1
[INFO] [stderr]    Compiling ant-libp2p-core v0.42.1
[INFO] [stderr]    Compiling ant-libp2p-yamux v0.46.0
[INFO] [stderr]    Compiling ant-libp2p-websocket-websys v0.4.1 (/opt/rustwide/workdir)
[INFO] [stderr]    Compiling ant-libp2p-noise v0.45.1
[INFO] [stderr]     Finished `test` profile [unoptimized + debuginfo] target(s) in 12.45s
[INFO] running `Command { std: "docker" "inspect" "72cb29be43aef470b50c5c86be7956598b243faa61d1f8b88778bc2a40ba40ec", kill_on_drop: false }`
[INFO] running `Command { std: "docker" "rm" "-f" "72cb29be43aef470b50c5c86be7956598b243faa61d1f8b88778bc2a40ba40ec", kill_on_drop: false }`
[INFO] [stdout] 72cb29be43aef470b50c5c86be7956598b243faa61d1f8b88778bc2a40ba40ec
[INFO] running `Command { std: "docker" "create" "-v" "/var/lib/crater-agent-workspace/builds/worker-1-tc2/target:/opt/rustwide/target:rw,Z" "-v" "/var/lib/crater-agent-workspace/builds/worker-1-tc2/source:/opt/rustwide/workdir:ro,Z" "-v" "/var/lib/crater-agent-workspace/cargo-home:/opt/rustwide/cargo-home:ro,Z" "-v" "/var/lib/crater-agent-workspace/rustup-home:/opt/rustwide/rustup-home:ro,Z" "-e" "SOURCE_DIR=/opt/rustwide/workdir" "-e" "CARGO_TARGET_DIR=/opt/rustwide/target" "-e" "CARGO_INCREMENTAL=0" "-e" "RUST_BACKTRACE=full" "-e" "RUSTFLAGS=--cap-lints=warn" "-e" "RUSTDOCFLAGS=--cap-lints=warn" "-e" "CARGO_HOME=/opt/rustwide/cargo-home" "-e" "RUSTUP_HOME=/opt/rustwide/rustup-home" "-w" "/opt/rustwide/workdir" "-m" "1610612736" "--user" "0:0" "--network" "none" "ghcr.io/rust-lang/crates-build-env/linux@sha256:f3a9d4ad9d972b27faf3965f35b62e55ba32bbce8f20bc8fe909558a86702fde" "/opt/rustwide/cargo-home/bin/cargo" "+beta-2024-12-08" "test" "--frozen", kill_on_drop: false }`
[INFO] [stdout] ac65723103abdde71a2d4a348b90c65289dbabb760b484387bf7d2c8d36224e1
[INFO] running `Command { std: "docker" "start" "-a" "ac65723103abdde71a2d4a348b90c65289dbabb760b484387bf7d2c8d36224e1", kill_on_drop: false }`
[INFO] [stderr]     Finished `test` profile [unoptimized + debuginfo] target(s) in 0.19s
[INFO] [stderr]      Running unittests src/lib.rs (/opt/rustwide/target/debug/deps/ant_libp2p_websocket_websys-59752bb1656f38c4)
[INFO] [stdout] 
[INFO] [stdout] running 1 test
[INFO] [stdout] test tests::extract_url ... ok
[INFO] [stderr]    Doc-tests ant_libp2p_websocket_websys
[INFO] [stdout] 
[INFO] [stdout] test result: ok. 1 passed; 0 failed; 0 ignored; 0 measured; 0 filtered out; finished in 0.01s
[INFO] [stdout] 
[INFO] [stdout] 
[INFO] [stdout] running 1 test
[INFO] [stdout] test src/lib.rs - Transport (line 59) ... FAILED
[INFO] [stdout] 
[INFO] [stdout] failures:
[INFO] [stdout] 
[INFO] [stdout] ---- src/lib.rs - Transport (line 59) stdout ----
[INFO] [stdout] error[E0433]: failed to resolve: use of undeclared crate or module `libp2p_core`
[INFO] [stdout]  --> src/lib.rs:60:5
[INFO] [stdout]   |
[INFO] [stdout] 3 | use libp2p_core::{upgrade::Version, Transport};
[INFO] [stdout]   |     ^^^^^^^^^^^ use of undeclared crate or module `libp2p_core`
[INFO] [stdout] 
[INFO] [stdout] error[E0432]: unresolved import `libp2p_core`
[INFO] [stdout]  --> src/lib.rs:60:5
[INFO] [stdout]   |
[INFO] [stdout] 3 | use libp2p_core::{upgrade::Version, Transport};
[INFO] [stdout]   |     ^^^^^^^^^^^ use of undeclared crate or module `libp2p_core`
[INFO] [stdout] 
[INFO] [stdout] error[E0432]: unresolved import `libp2p_yamux`
[INFO] [stdout]  --> src/lib.rs:62:5
[INFO] [stdout]   |
[INFO] [stdout] 5 | use libp2p_yamux as yamux;
[INFO] [stdout]   |     ^^^^^^^^^^^^^^^^^^^^^ no external crate `libp2p_yamux`
[INFO] [stdout] 
[INFO] [stdout] error[E0432]: unresolved import `libp2p_noise`
[INFO] [stdout]  --> src/lib.rs:63:5
[INFO] [stdout]   |
[INFO] [stdout] 6 | use libp2p_noise as noise;
[INFO] [stdout]   |     ^^^^^^^^^^^^^^^^^^^^^ no external crate `libp2p_noise`
[INFO] [stdout] 
[INFO] [stdout] error[E0433]: failed to resolve: use of undeclared crate or module `libp2p_websocket_websys`
[INFO] [stdout]  --> src/lib.rs:65:17
[INFO] [stdout]   |
[INFO] [stdout] 8 | let transport = libp2p_websocket_websys::Transport::default()
[INFO] [stdout]   |                 ^^^^^^^^^^^^^^^^^^^^^^^ use of undeclared crate or module `libp2p_websocket_websys`
[INFO] [stdout]   |
[INFO] [stdout] help: there is a crate or module with a similar name
[INFO] [stdout]   |
[INFO] [stdout] 8 | let transport = ant_libp2p_websocket_websys::Transport::default()
[INFO] [stdout]   |                 ~~~~~~~~~~~~~~~~~~~~~~~~~~~
[INFO] [stdout] help: consider importing one of these items
[INFO] [stdout]   |
[INFO] [stdout] 2 + use ant_libp2p_core::Transport;
[INFO] [stdout]   |
[INFO] [stdout] 2 + use ant_libp2p_core::transport::global_only::Transport;
[INFO] [stdout]   |
[INFO] [stdout] 2 + use ant_libp2p_websocket_websys::Transport;
[INFO] [stdout]   |
[INFO] [stdout] help: if you import `Transport`, refer to it directly
[INFO] [stdout]   |
[INFO] [stdout] 8 - let transport = libp2p_websocket_websys::Transport::default()
[INFO] [stdout] 8 + let transport = Transport::default()
[INFO] [stdout]   |
[INFO] [stdout] 
[INFO] [stdout] error: aborting due to 5 previous errors
[INFO] [stdout] 
[INFO] [stdout] Some errors have detailed explanations: E0432, E0433.
[INFO] [stdout] For more information about an error, try `rustc --explain E0432`.
[INFO] [stdout] Couldn't compile the test.
[INFO] [stdout] 
[INFO] [stdout] failures:
[INFO] [stdout]     src/lib.rs - Transport (line 59)
[INFO] [stdout] 
[INFO] [stdout] test result: FAILED. 0 passed; 1 failed; 0 ignored; 0 measured; 0 filtered out; finished in 0.13s
[INFO] [stdout] 
[INFO] [stderr] error: doctest failed, to rerun pass `--doc`
[INFO] running `Command { std: "docker" "inspect" "ac65723103abdde71a2d4a348b90c65289dbabb760b484387bf7d2c8d36224e1", kill_on_drop: false }`
[INFO] running `Command { std: "docker" "rm" "-f" "ac65723103abdde71a2d4a348b90c65289dbabb760b484387bf7d2c8d36224e1", kill_on_drop: false }`
[INFO] [stdout] ac65723103abdde71a2d4a348b90c65289dbabb760b484387bf7d2c8d36224e1
