[INFO] fetching crate ansitok-forked 0.2.0...
[INFO] testing ansitok-forked-0.2.0 against beta-2024-12-08 for beta-1.84.0-4-retry
[INFO] extracting crate ansitok-forked 0.2.0 into /workspace/builds/worker-5-tc2/source
[INFO] validating manifest of crates.io crate ansitok-forked 0.2.0 on toolchain beta-2024-12-08
[INFO] running `Command { std: CARGO_HOME="/workspace/cargo-home" RUSTUP_HOME="/workspace/rustup-home" "/workspace/cargo-home/bin/cargo" "+beta-2024-12-08" "metadata" "--manifest-path" "Cargo.toml" "--no-deps", kill_on_drop: false }`
[INFO] started tweaking crates.io crate ansitok-forked 0.2.0
[INFO] removed 0 missing examples
[INFO] removed 0 missing tests
[INFO] finished tweaking crates.io crate ansitok-forked 0.2.0
[INFO] tweaked toml for crates.io crate ansitok-forked 0.2.0 written to /workspace/builds/worker-5-tc2/source/Cargo.toml
[INFO] crate crates.io crate ansitok-forked 0.2.0 already has a lockfile, it will not be regenerated
[INFO] running `Command { std: CARGO_HOME="/workspace/cargo-home" RUSTUP_HOME="/workspace/rustup-home" "/workspace/cargo-home/bin/cargo" "+beta-2024-12-08" "fetch" "--manifest-path" "Cargo.toml", kill_on_drop: false }`
[INFO] running `Command { std: "docker" "create" "-v" "/var/lib/crater-agent-workspace/builds/worker-5-tc2/target:/opt/rustwide/target:rw,Z" "-v" "/var/lib/crater-agent-workspace/builds/worker-5-tc2/source:/opt/rustwide/workdir:ro,Z" "-v" "/var/lib/crater-agent-workspace/cargo-home:/opt/rustwide/cargo-home:ro,Z" "-v" "/var/lib/crater-agent-workspace/rustup-home:/opt/rustwide/rustup-home:ro,Z" "-e" "SOURCE_DIR=/opt/rustwide/workdir" "-e" "CARGO_TARGET_DIR=/opt/rustwide/target" "-e" "CARGO_HOME=/opt/rustwide/cargo-home" "-e" "RUSTUP_HOME=/opt/rustwide/rustup-home" "-w" "/opt/rustwide/workdir" "-m" "1610612736" "--user" "0:0" "--network" "none" "ghcr.io/rust-lang/crates-build-env/linux@sha256:f3a9d4ad9d972b27faf3965f35b62e55ba32bbce8f20bc8fe909558a86702fde" "/opt/rustwide/cargo-home/bin/cargo" "+beta-2024-12-08" "metadata" "--no-deps" "--format-version=1", kill_on_drop: false }`
[INFO] [stdout] 8dea7991ed2f1029803c58fa220cce2faa3438e604a193317cb59945f6a0e3be
[INFO] running `Command { std: "docker" "start" "-a" "8dea7991ed2f1029803c58fa220cce2faa3438e604a193317cb59945f6a0e3be", kill_on_drop: false }`
[INFO] running `Command { std: "docker" "inspect" "8dea7991ed2f1029803c58fa220cce2faa3438e604a193317cb59945f6a0e3be", kill_on_drop: false }`
[INFO] running `Command { std: "docker" "rm" "-f" "8dea7991ed2f1029803c58fa220cce2faa3438e604a193317cb59945f6a0e3be", kill_on_drop: false }`
[INFO] [stdout] 8dea7991ed2f1029803c58fa220cce2faa3438e604a193317cb59945f6a0e3be
[INFO] running `Command { std: "docker" "create" "-v" "/var/lib/crater-agent-workspace/builds/worker-5-tc2/target:/opt/rustwide/target:rw,Z" "-v" "/var/lib/crater-agent-workspace/builds/worker-5-tc2/source:/opt/rustwide/workdir:ro,Z" "-v" "/var/lib/crater-agent-workspace/cargo-home:/opt/rustwide/cargo-home:ro,Z" "-v" "/var/lib/crater-agent-workspace/rustup-home:/opt/rustwide/rustup-home:ro,Z" "-e" "SOURCE_DIR=/opt/rustwide/workdir" "-e" "CARGO_TARGET_DIR=/opt/rustwide/target" "-e" "CARGO_INCREMENTAL=0" "-e" "RUST_BACKTRACE=full" "-e" "RUSTFLAGS=--cap-lints=warn" "-e" "RUSTDOCFLAGS=--cap-lints=warn" "-e" "CARGO_HOME=/opt/rustwide/cargo-home" "-e" "RUSTUP_HOME=/opt/rustwide/rustup-home" "-w" "/opt/rustwide/workdir" "-m" "1610612736" "--user" "0:0" "--network" "none" "ghcr.io/rust-lang/crates-build-env/linux@sha256:f3a9d4ad9d972b27faf3965f35b62e55ba32bbce8f20bc8fe909558a86702fde" "/opt/rustwide/cargo-home/bin/cargo" "+beta-2024-12-08" "build" "--frozen" "--message-format=json", kill_on_drop: false }`
[INFO] [stdout] 0cb7a8f170783dccc67a4eeb20f195ac522c49c7c445bf315e658f58b0fe74c3
[INFO] running `Command { std: "docker" "start" "-a" "0cb7a8f170783dccc67a4eeb20f195ac522c49c7c445bf315e658f58b0fe74c3", kill_on_drop: false }`
[INFO] [stderr]    Compiling proc-macro2 v1.0.86
[INFO] [stderr]    Compiling unicode-ident v1.0.12
[INFO] [stderr]    Compiling utf8parse v0.2.2
[INFO] [stderr]    Compiling minimal-lexical v0.2.1
[INFO] [stderr]    Compiling arrayvec v0.5.2
[INFO] [stderr]    Compiling memchr v2.7.4
[INFO] [stderr]    Compiling nom v7.1.3
[INFO] [stderr]    Compiling quote v1.0.37
[INFO] [stderr]    Compiling vte_generate_state_changes v0.1.2
[INFO] [stderr]    Compiling vte v0.10.1
[INFO] [stderr]    Compiling ansitok-forked v0.2.0 (/opt/rustwide/workdir)
[INFO] [stdout] warning: elided lifetime has a name
[INFO] [stdout]   --> src/parse/ansi_parser.rs:72:49
[INFO] [stdout]    |
[INFO] [stdout] 72 |     fn new<'a>(s: Cow<'a, str>) -> AnsiIterator<'_> {
[INFO] [stdout]    |            -- lifetime `'a` declared here       ^^ this elided lifetime gets resolved as `'a`
[INFO] [stdout]    |
[INFO] [stdout]    = note: `#[warn(elided_named_lifetimes)]` on by default
[INFO] [stdout] 
[INFO] [stdout] 
[INFO] [stderr]     Finished `dev` profile [unoptimized + debuginfo] target(s) in 4.14s
[INFO] running `Command { std: "docker" "inspect" "0cb7a8f170783dccc67a4eeb20f195ac522c49c7c445bf315e658f58b0fe74c3", kill_on_drop: false }`
[INFO] running `Command { std: "docker" "rm" "-f" "0cb7a8f170783dccc67a4eeb20f195ac522c49c7c445bf315e658f58b0fe74c3", kill_on_drop: false }`
[INFO] [stdout] 0cb7a8f170783dccc67a4eeb20f195ac522c49c7c445bf315e658f58b0fe74c3
[INFO] running `Command { std: "docker" "create" "-v" "/var/lib/crater-agent-workspace/builds/worker-5-tc2/target:/opt/rustwide/target:rw,Z" "-v" "/var/lib/crater-agent-workspace/builds/worker-5-tc2/source:/opt/rustwide/workdir:ro,Z" "-v" "/var/lib/crater-agent-workspace/cargo-home:/opt/rustwide/cargo-home:ro,Z" "-v" "/var/lib/crater-agent-workspace/rustup-home:/opt/rustwide/rustup-home:ro,Z" "-e" "SOURCE_DIR=/opt/rustwide/workdir" "-e" "CARGO_TARGET_DIR=/opt/rustwide/target" "-e" "CARGO_INCREMENTAL=0" "-e" "RUST_BACKTRACE=full" "-e" "RUSTFLAGS=--cap-lints=warn" "-e" "RUSTDOCFLAGS=--cap-lints=warn" "-e" "CARGO_HOME=/opt/rustwide/cargo-home" "-e" "RUSTUP_HOME=/opt/rustwide/rustup-home" "-w" "/opt/rustwide/workdir" "-m" "1610612736" "--user" "0:0" "--network" "none" "ghcr.io/rust-lang/crates-build-env/linux@sha256:f3a9d4ad9d972b27faf3965f35b62e55ba32bbce8f20bc8fe909558a86702fde" "/opt/rustwide/cargo-home/bin/cargo" "+beta-2024-12-08" "test" "--frozen" "--no-run" "--message-format=json", kill_on_drop: false }`
[INFO] [stdout] 4c47808c26bae42b22136ef523ff6ee53eecfe61669b18c8117b8817d0e1843a
[INFO] running `Command { std: "docker" "start" "-a" "4c47808c26bae42b22136ef523ff6ee53eecfe61669b18c8117b8817d0e1843a", kill_on_drop: false }`
[INFO] [stderr]    Compiling ansitok-forked v0.2.0 (/opt/rustwide/workdir)
[INFO] [stdout] warning: elided lifetime has a name
[INFO] [stdout]   --> src/parse/ansi_parser.rs:72:49
[INFO] [stdout]    |
[INFO] [stdout] 72 |     fn new<'a>(s: Cow<'a, str>) -> AnsiIterator<'_> {
[INFO] [stdout]    |            -- lifetime `'a` declared here       ^^ this elided lifetime gets resolved as `'a`
[INFO] [stdout]    |
[INFO] [stdout]    = note: `#[warn(elided_named_lifetimes)]` on by default
[INFO] [stdout] 
[INFO] [stdout] 
[INFO] [stdout] warning: elided lifetime has a name
[INFO] [stdout]   --> src/parse/ansi_parser.rs:72:49
[INFO] [stdout]    |
[INFO] [stdout] 72 |     fn new<'a>(s: Cow<'a, str>) -> AnsiIterator<'_> {
[INFO] [stdout]    |            -- lifetime `'a` declared here       ^^ this elided lifetime gets resolved as `'a`
[INFO] [stdout]    |
[INFO] [stdout]    = note: `#[warn(elided_named_lifetimes)]` on by default
[INFO] [stdout] 
[INFO] [stdout] 
[INFO] [stderr]     Finished `test` profile [unoptimized + debuginfo] target(s) in 3.09s
[INFO] running `Command { std: "docker" "inspect" "4c47808c26bae42b22136ef523ff6ee53eecfe61669b18c8117b8817d0e1843a", kill_on_drop: false }`
[INFO] running `Command { std: "docker" "rm" "-f" "4c47808c26bae42b22136ef523ff6ee53eecfe61669b18c8117b8817d0e1843a", kill_on_drop: false }`
[INFO] [stdout] 4c47808c26bae42b22136ef523ff6ee53eecfe61669b18c8117b8817d0e1843a
[INFO] running `Command { std: "docker" "create" "-v" "/var/lib/crater-agent-workspace/builds/worker-5-tc2/target:/opt/rustwide/target:rw,Z" "-v" "/var/lib/crater-agent-workspace/builds/worker-5-tc2/source:/opt/rustwide/workdir:ro,Z" "-v" "/var/lib/crater-agent-workspace/cargo-home:/opt/rustwide/cargo-home:ro,Z" "-v" "/var/lib/crater-agent-workspace/rustup-home:/opt/rustwide/rustup-home:ro,Z" "-e" "SOURCE_DIR=/opt/rustwide/workdir" "-e" "CARGO_TARGET_DIR=/opt/rustwide/target" "-e" "CARGO_INCREMENTAL=0" "-e" "RUST_BACKTRACE=full" "-e" "RUSTFLAGS=--cap-lints=warn" "-e" "RUSTDOCFLAGS=--cap-lints=warn" "-e" "CARGO_HOME=/opt/rustwide/cargo-home" "-e" "RUSTUP_HOME=/opt/rustwide/rustup-home" "-w" "/opt/rustwide/workdir" "-m" "1610612736" "--user" "0:0" "--network" "none" "ghcr.io/rust-lang/crates-build-env/linux@sha256:f3a9d4ad9d972b27faf3965f35b62e55ba32bbce8f20bc8fe909558a86702fde" "/opt/rustwide/cargo-home/bin/cargo" "+beta-2024-12-08" "test" "--frozen", kill_on_drop: false }`
[INFO] [stdout] ffe00f05b9b2afe01bc6ca5b7efefd8df8594eacd1375a910add14fd9e9f7bce
[INFO] running `Command { std: "docker" "start" "-a" "ffe00f05b9b2afe01bc6ca5b7efefd8df8594eacd1375a910add14fd9e9f7bce", kill_on_drop: false }`
[INFO] [stderr] warning: elided lifetime has a name
[INFO] [stderr]   --> src/parse/ansi_parser.rs:72:49
[INFO] [stderr]    |
[INFO] [stderr] 72 |     fn new<'a>(s: Cow<'a, str>) -> AnsiIterator<'_> {
[INFO] [stderr]    |            -- lifetime `'a` declared here       ^^ this elided lifetime gets resolved as `'a`
[INFO] [stderr]    |
[INFO] [stderr]    = note: `#[warn(elided_named_lifetimes)]` on by default
[INFO] [stderr] 
[INFO] [stderr] warning: `ansitok-forked` (lib) generated 1 warning
[INFO] [stderr] warning: `ansitok-forked` (lib test) generated 1 warning (1 duplicate)
[INFO] [stderr]     Finished `test` profile [unoptimized + debuginfo] target(s) in 0.02s
[INFO] [stderr]      Running unittests src/lib.rs (/opt/rustwide/target/debug/deps/ansitok_forked-6ee2aab41da082d7)
[INFO] [stdout] 
[INFO] [stdout] running 61 tests
[INFO] [stdout] test parse::ansi_parser::tests::test_iterator_1 ... ok
[INFO] [stdout] test parse::ansi_parser::tests::test_iterator_erase_in_line ... ok
[INFO] [stdout] test parse::ansi_parser::tests::test_iterator_erase_in_line_without_n ... ok
[INFO] [stdout] test parse::ansi_parser::tests::test_iterator_styled_non_ascii ... ok
[INFO] [stdout] test parse::ansi_parser::tests::test_iterator_osc_hyperlinks_styled_non_ascii ... ok
[INFO] [stdout] test parse::escape_sequence::tests::test_cursor_pos ... ok
[INFO] [stdout] test parse::ansi_parser::tests::test_iterator_2 ... ok
[INFO] [stdout] test parse::parsers::parse_escape_sequence::tests::cursor_backward ... ok
[INFO] [stdout] test parse::parsers::parse_escape_sequence::tests::cursor_down ... ok
[INFO] [stdout] test parse::parsers::parse_escape_sequence::tests::cursor_pos ... ok
[INFO] [stdout] test parse::parsers::parse_escape_sequence::tests::cursor_forward ... ok
[INFO] [stdout] test parse::parsers::parse_escape_sequence::tests::cursor_pos_default ... ok
[INFO] [stdout] test parse::parsers::parse_escape_sequence::tests::cursor_to_app ... ok
[INFO] [stdout] test parse::parsers::parse_escape_sequence::tests::cursor_save ... ok
[INFO] [stdout] test parse::parsers::parse_escape_sequence::tests::cursor_up ... ok
[INFO] [stdout] test parse::parsers::parse_escape_sequence::tests::cursor_up_default ... ok
[INFO] [stdout] test parse::parsers::parse_escape_sequence::tests::erase_display ... ok
[INFO] [stdout] test parse::parsers::parse_escape_sequence::tests::erase_line ... ok
[INFO] [stdout] test parse::parsers::parse_escape_sequence::tests::hide_cursor ... ok
[INFO] [stdout] test parse::parsers::parse_escape_sequence::tests::reset_auto_repeat ... ok
[INFO] [stdout] test parse::parsers::parse_escape_sequence::tests::reset_auto_wrap ... ok
[INFO] [stdout] test parse::parsers::parse_escape_sequence::tests::reset_interlacing ... ok
[INFO] [stdout] test parse::parsers::parse_escape_sequence::tests::reset_mode ... ok
[INFO] [stdout] test parse::parsers::parse_escape_sequence::tests::set_alternate_keypad ... ok
[INFO] [stdout] test parse::parsers::parse_escape_sequence::tests::set_column_132 ... ok
[INFO] [stdout] test parse::parsers::parse_escape_sequence::tests::set_g0_graph ... ok
[INFO] [stdout] test parse::parsers::parse_escape_sequence::tests::set_cursor_key_to_cursor ... ok
[INFO] [stdout] test parse::parsers::parse_escape_sequence::tests::set_g1_alternate ... ok
[INFO] [stdout] test parse::parsers::parse_escape_sequence::tests::set_g1_graph ... ok
[INFO] [stdout] test parse::parsers::parse_escape_sequence::tests::set_g1_special ... ok
[INFO] [stdout] test parse::parsers::parse_escape_sequence::tests::set_jump_scroll ... ok
[INFO] [stdout] test parse::parsers::parse_escape_sequence::tests::set_linefeed ... ok
[INFO] [stdout] test parse::parsers::parse_escape_sequence::tests::set_auto_repeat ... ok
[INFO] [stdout] test parse::parsers::parse_escape_sequence::tests::set_g0_alternate ... ok
[INFO] [stdout] test parse::parsers::parse_escape_sequence::tests::cursor_restore ... ok
[INFO] [stdout] test parse::parsers::parse_escape_sequence::tests::set_interlacing ... ok
[INFO] [stdout] test parse::parsers::parse_escape_sequence::tests::set_auto_wrap ... ok
[INFO] [stdout] test parse::parsers::parse_escape_sequence::tests::set_col80 ... ok
[INFO] [stdout] test parse::parsers::parse_escape_sequence::tests::set_mode ... ok
[INFO] [stdout] test parse::parsers::parse_escape_sequence::tests::set_newline_mode ... ok
[INFO] [stdout] test parse::parsers::parse_escape_sequence::tests::set_normal_video ... ok
[INFO] [stdout] test parse::parsers::parse_escape_sequence::tests::set_numeric_keypad ... ok
[INFO] [stdout] test parse::parsers::parse_escape_sequence::tests::set_origin_abs ... ok
[INFO] [stdout] test parse::parsers::parse_escape_sequence::tests::set_origin_rel ... ok
[INFO] [stdout] test parse::parsers::parse_escape_sequence::tests::set_single_shift2 ... ok
[INFO] [stdout] test parse::parsers::parse_escape_sequence::tests::set_single_shift3 ... ok
[INFO] [stdout] test parse::parsers::parse_escape_sequence::tests::set_uk_g1 ... ok
[INFO] [stdout] test parse::parsers::parse_escape_sequence::tests::set_us_g1 ... ok
[INFO] [stdout] test parse::parsers::parse_escape_sequence::tests::set_video_mode_a ... ok
[INFO] [stdout] test parse::parsers::parse_escape_sequence::tests::set_smooth_scroll ... ok
[INFO] [stdout] test parse::visual_attribute::tests::test_vis_attr_color_display ... ignored, It's a slow function so run only when needed
[INFO] [stdout] test parse::parsers::parse_escape_sequence::tests::set_vt52 ... ok
[INFO] [stdout] test parse::parsers::parse_escape_sequence::tests::set_video_mode_b ... ok
[INFO] [stdout] test parse::parsers::parse_escape_sequence::tests::set_video_mode_d ... ok
[INFO] [stdout] test parse::parsers::parse_escape_sequence::tests::show_cursor ... ok
[INFO] [stdout] test parse::parsers::parse_escape_sequence::tests::set_reverse_video ... ok
[INFO] [stdout] test parse::parsers::parse_escape_sequence::tests::set_us_g0 ... ok
[INFO] [stdout] test parse::visual_attribute::tests::test_vis_attr_display ... ok
[INFO] [stdout] test parse::parsers::parse_escape_sequence::tests::set_uk_g0 ... ok
[INFO] [stdout] test parse::parsers::parse_escape_sequence::tests::set_video_mode_c ... ok
[INFO] [stdout] test parse::parsers::parse_escape_sequence::tests::set_g0_special ... ok
[INFO] [stdout] 
[INFO] [stdout] test result: ok. 60 passed; 0 failed; 1 ignored; 0 measured; 0 filtered out; finished in 0.02s
[INFO] [stdout] 
[INFO] [stderr]      Running tests/ansi_sequence.rs (/opt/rustwide/target/debug/deps/ansi_sequence-bd9ed26b8a99eb5e)
[INFO] [stdout] 
[INFO] [stdout] running 83 tests
[INFO] [stdout] test cur_pos_2 ... ok
[INFO] [stdout] test cur_pos_3 ... ok
[INFO] [stdout] test cur_pos_4 ... ok
[INFO] [stdout] test cur_pos_5 ... ok
[INFO] [stdout] test cur_pos_1 ... ok
[INFO] [stdout] test cur_hide ... ok
[INFO] [stdout] test cur_pos_6 ... ok
[INFO] [stdout] test cur_pos_7 ... ok
[INFO] [stdout] test cur_pos_backward ... ok
[INFO] [stdout] test cur_pos_8 ... ok
[INFO] [stdout] test cur_pos_backward_empty ... ok
[INFO] [stdout] test cur_pos_down_big ... ok
[INFO] [stdout] test cur_pos_down ... ok
[INFO] [stdout] test cur_pos_down_empty ... ok
[INFO] [stdout] test cur_pos_empty_1 ... ok
[INFO] [stdout] test cur_pos_empty_2 ... ok
[INFO] [stdout] test cur_pos_forward_1 ... ok
[INFO] [stdout] test cur_pos_forward_empty ... ok
[INFO] [stdout] test cur_pos_up ... ok
[INFO] [stdout] test cur_pos_up_big ... ok
[INFO] [stdout] test cur_pos_up_empty ... ok
[INFO] [stdout] test cur_show ... ok
[INFO] [stdout] test cur_to_app ... ok
[INFO] [stdout] test empty ... ok
[INFO] [stdout] test erase_dis ... ok
[INFO] [stdout] test parse_0 ... ok
[INFO] [stdout] test parse_1 ... ok
[INFO] [stdout] test parse_3 ... ok
[INFO] [stdout] test parse_escape ... ok
[INFO] [stdout] test cur_pos_backward_1 ... ok
[INFO] [stdout] test erase_line ... ok
[INFO] [stdout] test cur_save ... ok
[INFO] [stdout] test parse_5 ... ok
[INFO] [stdout] test reset_autorepeat ... ok
[INFO] [stdout] test parse_4 ... ok
[INFO] [stdout] test reset_autowrap ... ok
[INFO] [stdout] test cur_res ... ok
[INFO] [stdout] test parse_2 ... ok
[INFO] [stdout] test cur_pos_forward ... ok
[INFO] [stdout] test reset_interlacing ... ok
[INFO] [stdout] test reset_mode ... ok
[INFO] [stdout] test parse_6 ... ok
[INFO] [stdout] test reset_mode_1 ... ok
[INFO] [stdout] test reset_mode_2 ... ok
[INFO] [stdout] test set_alt_keypad ... ok
[INFO] [stdout] test set_auto_repeat ... ok
[INFO] [stdout] test set_auto_wrap ... ok
[INFO] [stdout] test set_col132 ... ok
[INFO] [stdout] test set_cur_key_cur ... ok
[INFO] [stdout] test set_col80 ... ok
[INFO] [stdout] test set_g0_spec_alt_chars ... ok
[INFO] [stdout] test set_g0_alt_chars ... ok
[INFO] [stdout] test set_g0_spec_chars ... ok
[INFO] [stdout] test set_g1_spec_chars ... ok
[INFO] [stdout] test set_jump_scroll ... ok
[INFO] [stdout] test set_line_feed_mode ... ok
[INFO] [stdout] test set_mode ... ok
[INFO] [stdout] test set_mode_1 ... ok
[INFO] [stdout] test set_g1_spec_alt_chars ... ok
[INFO] [stdout] test set_mode_2 ... ok
[INFO] [stdout] test set_g1_alt_chars ... ok
[INFO] [stdout] test set_interlacing ... ok
[INFO] [stdout] test set_n_line_mode ... ok
[INFO] [stdout] test set_num_keypad ... ok
[INFO] [stdout] test set_norm_video ... ok
[INFO] [stdout] test set_origin_abs ... ok
[INFO] [stdout] test set_origin_relative ... ok
[INFO] [stdout] test set_reverse_video ... ok
[INFO] [stdout] test set_smoot_scroll ... ok
[INFO] [stdout] test set_top_bot ... ok
[INFO] [stdout] test set_top_bot_1 ... ok
[INFO] [stdout] test set_top_bot_2 ... ok
[INFO] [stdout] test set_single_shft3 ... ok
[INFO] [stdout] test set_single_shft2 ... ok
[INFO] [stdout] test set_top_bot_3 ... ok
[INFO] [stdout] test set_top_bot_4 ... ok
[INFO] [stdout] test set_ukg1 ... ok
[INFO] [stdout] test set_usg0 ... ok
[INFO] [stdout] test set_top_bot_5 ... ok
[INFO] [stdout] test set_usg1 ... ok
[INFO] [stdout] test set_vt52 ... ok
[INFO] [stdout] test set_top_bot_6 ... ok
[INFO] [stdout] test set_ukg0 ... ok
[INFO] [stdout] 
[INFO] [stdout] test result: ok. 83 passed; 0 failed; 0 ignored; 0 measured; 0 filtered out; finished in 0.04s
[INFO] [stdout] 
[INFO] [stderr]      Running tests/parse_ansi.rs (/opt/rustwide/target/debug/deps/parse_ansi-da4e7ed35a6dbed2)
[INFO] [stdout] 
[INFO] [stdout] running 82 tests
[INFO] [stdout] test cur_hide ... ok
[INFO] [stdout] test cur_pos_3 ... ok
[INFO] [stdout] test cur_pos_4 ... ok
[INFO] [stdout] test cur_pos_2 ... ok
[INFO] [stdout] test cur_pos_5 ... ok
[INFO] [stdout] test cur_pos_7 ... ok
[INFO] [stdout] test cur_pos_1 ... ok
[INFO] [stdout] test cur_pos_6 ... ok
[INFO] [stdout] test cur_pos_backward ... ok
[INFO] [stdout] test cur_pos_backward_1 ... ok
[INFO] [stdout] test cur_pos_8 ... ok
[INFO] [stdout] test cur_pos_down ... ok
[INFO] [stdout] test cur_pos_down_big ... ok
[INFO] [stdout] test cur_pos_backward_empty ... ok
[INFO] [stdout] test cur_pos_down_empty ... ok
[INFO] [stdout] test cur_pos_empty_1 ... ok
[INFO] [stdout] test cur_pos_empty_2 ... ok
[INFO] [stdout] test cur_pos_forward ... ok
[INFO] [stdout] test cur_pos_forward_empty ... ok
[INFO] [stdout] test cur_pos_up ... ok
[INFO] [stdout] test cur_pos_forward_1 ... ok
[INFO] [stdout] test cur_pos_up_big ... ok
[INFO] [stdout] test cur_pos_up_empty ... ok
[INFO] [stdout] test cur_res ... ok
[INFO] [stdout] test cur_save ... ok
[INFO] [stdout] test cur_show ... ok
[INFO] [stdout] test empty ... ok
[INFO] [stdout] test erase_dis ... ok
[INFO] [stdout] test erase_line ... ok
[INFO] [stdout] test parse_0 ... ok
[INFO] [stdout] test parse_1 ... ok
[INFO] [stdout] test parse_2 ... ok
[INFO] [stdout] test parse_4 ... ok
[INFO] [stdout] test parse_6 ... ok
[INFO] [stdout] test cur_to_app ... ok
[INFO] [stdout] test reset_mode_1 ... ok
[INFO] [stdout] test parse_5 ... ok
[INFO] [stdout] test parse_escape ... ok
[INFO] [stdout] test reset_autorepeat ... ok
[INFO] [stdout] test reset_autowrap ... ok
[INFO] [stdout] test reset_mode ... ok
[INFO] [stdout] test reset_interlacing ... ok
[INFO] [stdout] test reset_mode_2 ... ok
[INFO] [stdout] test set_alt_keypad ... ok
[INFO] [stdout] test set_auto_wrap ... ok
[INFO] [stdout] test set_g0_spec_alt_chars ... ok
[INFO] [stdout] test set_g1_alt_chars ... ok
[INFO] [stdout] test set_g1_spec_chars ... ok
[INFO] [stdout] test set_interlacing ... ok
[INFO] [stdout] test set_jump_scroll ... ok
[INFO] [stdout] test set_line_feed_mode ... ok
[INFO] [stdout] test set_cur_key_cur ... ok
[INFO] [stdout] test set_mode_1 ... ok
[INFO] [stdout] test set_num_keypad ... ok
[INFO] [stdout] test set_g0_spec_chars ... ok
[INFO] [stdout] test set_g1_spec_alt_chars ... ok
[INFO] [stdout] test set_mode ... ok
[INFO] [stdout] test set_col80 ... ok
[INFO] [stdout] test set_auto_repeat ... ok
[INFO] [stdout] test set_col132 ... ok
[INFO] [stdout] test set_origin_relative ... ok
[INFO] [stdout] test set_reverse_video ... ok
[INFO] [stdout] test set_n_line_mode ... ok
[INFO] [stdout] test set_g0_alt_chars ... ok
[INFO] [stdout] test set_mode_2 ... ok
[INFO] [stdout] test set_single_shft3 ... ok
[INFO] [stdout] test set_top_bot ... ok
[INFO] [stdout] test set_top_bot_1 ... ok
[INFO] [stdout] test set_norm_video ... ok
[INFO] [stdout] test set_top_bot_3 ... ok
[INFO] [stdout] test set_smoot_scroll ... ok
[INFO] [stdout] test set_ukg0 ... ok
[INFO] [stdout] test set_top_bot_4 ... ok
[INFO] [stdout] test set_ukg1 ... ok
[INFO] [stdout] test set_top_bot_5 ... ok
[INFO] [stdout] test set_usg0 ... ok
[INFO] [stdout] test set_usg1 ... ok
[INFO] [stdout] test set_vt52 ... ok
[INFO] [stdout] test set_top_bot_6 ... ok
[INFO] [stdout] test set_origin_abs ... ok
[INFO] [stdout] test set_single_shft2 ... ok
[INFO] [stdout] test set_top_bot_2 ... ok
[INFO] [stdout] 
[INFO] [stdout] test result: ok. 82 passed; 0 failed; 0 ignored; 0 measured; 0 filtered out; finished in 0.03s
[INFO] [stdout] 
[INFO] [stderr]      Running tests/parse_sgr.rs (/opt/rustwide/target/debug/deps/parse_sgr-c9f1fd0cb6830542)
[INFO] [stdout] 
[INFO] [stdout] running 14 tests
[INFO] [stdout] test parse_1 ... ok
[INFO] [stdout] test parse_2 ... ok
[INFO] [stdout] test parse_4 ... ok
[INFO] [stdout] test parse_empty ... ok
[INFO] [stdout] test parse_invalid_ansi_sequence ... ok
[INFO] [stdout] test parse_valid_ansi_sequence ... ok
[INFO] [stdout] test parse_fg_24bit ... ok
[INFO] [stdout] test parse_invalid_ansi_sequence2 ... ok
[INFO] [stdout] test test_some_sequence_2 ... ok
[INFO] [stdout] test test_some_sequence_1 ... ok
[INFO] [stdout] test test_parsing_single_byte ... ok
[INFO] [stdout] test parse_fg_8bit ... ok
[INFO] [stdout] test parse_3 ... ok
[INFO] [stdout] test parse_5 ... ok
[INFO] [stdout] 
[INFO] [stdout] test result: ok. 14 passed; 0 failed; 0 ignored; 0 measured; 0 filtered out; finished in 0.01s
[INFO] [stdout] 
[INFO] [stderr]    Doc-tests ansitok_forked
[INFO] [stdout] 
[INFO] [stdout] running 3 tests
[INFO] [stdout] test src/lib.rs - (line 33) ... FAILED
[INFO] [stdout] test src/lib.rs - (line 19) ... FAILED
[INFO] [stdout] test src/parse/visual_attribute.rs - parse::visual_attribute::VisualAttribute::parse (line 71) ... FAILED
[INFO] [stdout] 
[INFO] [stdout] failures:
[INFO] [stdout] 
[INFO] [stdout] ---- src/lib.rs - (line 33) stdout ----
[INFO] [stdout] error[E0432]: unresolved import `ansitok`
[INFO] [stdout]  --> src/lib.rs:34:5
[INFO] [stdout]   |
[INFO] [stdout] 3 | use ansitok::{parse_ansi, parse_ansi_sgr, Output, ElementKind};
[INFO] [stdout]   |     ^^^^^^^ use of undeclared crate or module `ansitok`
[INFO] [stdout] 
[INFO] [stdout] error: aborting due to 1 previous error
[INFO] [stdout] 
[INFO] [stdout] For more information about this error, try `rustc --explain E0432`.
[INFO] [stdout] Couldn't compile the test.
[INFO] [stdout] ---- src/lib.rs - (line 19) stdout ----
[INFO] [stdout] error[E0432]: unresolved import `ansitok`
[INFO] [stdout]  --> src/lib.rs:20:5
[INFO] [stdout]   |
[INFO] [stdout] 3 | use ansitok::parse_ansi;
[INFO] [stdout]   |     ^^^^^^^ use of undeclared crate or module `ansitok`
[INFO] [stdout] 
[INFO] [stdout] error: aborting due to 1 previous error
[INFO] [stdout] 
[INFO] [stdout] For more information about this error, try `rustc --explain E0432`.
[INFO] [stdout] Couldn't compile the test.
[INFO] [stdout] ---- src/parse/visual_attribute.rs - parse::visual_attribute::VisualAttribute::parse (line 71) stdout ----
[INFO] [stdout] error[E0432]: unresolved import `ansitok`
[INFO] [stdout]  --> src/parse/visual_attribute.rs:72:5
[INFO] [stdout]   |
[INFO] [stdout] 3 | use ansitok::VisualAttribute;
[INFO] [stdout]   |     ^^^^^^^ use of undeclared crate or module `ansitok`
[INFO] [stdout] 
[INFO] [stdout] error: aborting due to 1 previous error
[INFO] [stdout] 
[INFO] [stdout] For more information about this error, try `rustc --explain E0432`.
[INFO] [stdout] Couldn't compile the test.
[INFO] [stdout] 
[INFO] [stdout] failures:
[INFO] [stdout]     src/lib.rs - (line 19)
[INFO] [stdout]     src/lib.rs - (line 33)
[INFO] [stdout]     src/parse/visual_attribute.rs - parse::visual_attribute::VisualAttribute::parse (line 71)
[INFO] [stdout] 
[INFO] [stdout] test result: FAILED. 0 passed; 3 failed; 0 ignored; 0 measured; 0 filtered out; finished in 0.08s
[INFO] [stdout] 
[INFO] [stderr] error: doctest failed, to rerun pass `--doc`
[INFO] running `Command { std: "docker" "inspect" "ffe00f05b9b2afe01bc6ca5b7efefd8df8594eacd1375a910add14fd9e9f7bce", kill_on_drop: false }`
[INFO] running `Command { std: "docker" "rm" "-f" "ffe00f05b9b2afe01bc6ca5b7efefd8df8594eacd1375a910add14fd9e9f7bce", kill_on_drop: false }`
[INFO] [stdout] ffe00f05b9b2afe01bc6ca5b7efefd8df8594eacd1375a910add14fd9e9f7bce
