[INFO] fetching crate another-tiktoken-rs 0.1.2...
[INFO] testing another-tiktoken-rs-0.1.2 against beta-2024-12-08 for beta-1.84.0-4-retry
[INFO] extracting crate another-tiktoken-rs 0.1.2 into /workspace/builds/worker-3-tc2/source
[INFO] validating manifest of crates.io crate another-tiktoken-rs 0.1.2 on toolchain beta-2024-12-08
[INFO] running `Command { std: CARGO_HOME="/workspace/cargo-home" RUSTUP_HOME="/workspace/rustup-home" "/workspace/cargo-home/bin/cargo" "+beta-2024-12-08" "metadata" "--manifest-path" "Cargo.toml" "--no-deps", kill_on_drop: false }`
[INFO] started tweaking crates.io crate another-tiktoken-rs 0.1.2
[INFO] finished tweaking crates.io crate another-tiktoken-rs 0.1.2
[INFO] tweaked toml for crates.io crate another-tiktoken-rs 0.1.2 written to /workspace/builds/worker-3-tc2/source/Cargo.toml
[INFO] crate crates.io crate another-tiktoken-rs 0.1.2 already has a lockfile, it will not be regenerated
[INFO] running `Command { std: CARGO_HOME="/workspace/cargo-home" RUSTUP_HOME="/workspace/rustup-home" "/workspace/cargo-home/bin/cargo" "+beta-2024-12-08" "fetch" "--manifest-path" "Cargo.toml", kill_on_drop: false }`
[INFO] running `Command { std: "docker" "create" "-v" "/var/lib/crater-agent-workspace/builds/worker-3-tc2/target:/opt/rustwide/target:rw,Z" "-v" "/var/lib/crater-agent-workspace/builds/worker-3-tc2/source:/opt/rustwide/workdir:ro,Z" "-v" "/var/lib/crater-agent-workspace/cargo-home:/opt/rustwide/cargo-home:ro,Z" "-v" "/var/lib/crater-agent-workspace/rustup-home:/opt/rustwide/rustup-home:ro,Z" "-e" "SOURCE_DIR=/opt/rustwide/workdir" "-e" "CARGO_TARGET_DIR=/opt/rustwide/target" "-e" "CARGO_HOME=/opt/rustwide/cargo-home" "-e" "RUSTUP_HOME=/opt/rustwide/rustup-home" "-w" "/opt/rustwide/workdir" "-m" "1610612736" "--user" "0:0" "--network" "none" "ghcr.io/rust-lang/crates-build-env/linux@sha256:f3a9d4ad9d972b27faf3965f35b62e55ba32bbce8f20bc8fe909558a86702fde" "/opt/rustwide/cargo-home/bin/cargo" "+beta-2024-12-08" "metadata" "--no-deps" "--format-version=1", kill_on_drop: false }`
[INFO] [stdout] 1d18106300bac59c0a27798d703766a05bc8ad2463f157e89b0589a08e74a071
[INFO] running `Command { std: "docker" "start" "-a" "1d18106300bac59c0a27798d703766a05bc8ad2463f157e89b0589a08e74a071", kill_on_drop: false }`
[INFO] running `Command { std: "docker" "inspect" "1d18106300bac59c0a27798d703766a05bc8ad2463f157e89b0589a08e74a071", kill_on_drop: false }`
[INFO] running `Command { std: "docker" "rm" "-f" "1d18106300bac59c0a27798d703766a05bc8ad2463f157e89b0589a08e74a071", kill_on_drop: false }`
[INFO] [stdout] 1d18106300bac59c0a27798d703766a05bc8ad2463f157e89b0589a08e74a071
[INFO] running `Command { std: "docker" "create" "-v" "/var/lib/crater-agent-workspace/builds/worker-3-tc2/target:/opt/rustwide/target:rw,Z" "-v" "/var/lib/crater-agent-workspace/builds/worker-3-tc2/source:/opt/rustwide/workdir:ro,Z" "-v" "/var/lib/crater-agent-workspace/cargo-home:/opt/rustwide/cargo-home:ro,Z" "-v" "/var/lib/crater-agent-workspace/rustup-home:/opt/rustwide/rustup-home:ro,Z" "-e" "SOURCE_DIR=/opt/rustwide/workdir" "-e" "CARGO_TARGET_DIR=/opt/rustwide/target" "-e" "CARGO_INCREMENTAL=0" "-e" "RUST_BACKTRACE=full" "-e" "RUSTFLAGS=--cap-lints=warn" "-e" "RUSTDOCFLAGS=--cap-lints=warn" "-e" "CARGO_HOME=/opt/rustwide/cargo-home" "-e" "RUSTUP_HOME=/opt/rustwide/rustup-home" "-w" "/opt/rustwide/workdir" "-m" "1610612736" "--user" "0:0" "--network" "none" "ghcr.io/rust-lang/crates-build-env/linux@sha256:f3a9d4ad9d972b27faf3965f35b62e55ba32bbce8f20bc8fe909558a86702fde" "/opt/rustwide/cargo-home/bin/cargo" "+beta-2024-12-08" "build" "--frozen" "--message-format=json", kill_on_drop: false }`
[INFO] [stdout] eca76d52723915c9873f383fd6112ca91b17a659f62a026cf938ac3a149f3d4d
[INFO] running `Command { std: "docker" "start" "-a" "eca76d52723915c9873f383fd6112ca91b17a659f62a026cf938ac3a149f3d4d", kill_on_drop: false }`
[INFO] [stderr]    Compiling autocfg v1.1.0
[INFO] [stderr]    Compiling proc-macro2 v1.0.66
[INFO] [stderr]    Compiling unicode-ident v1.0.11
[INFO] [stderr]    Compiling memchr v2.6.3
[INFO] [stderr]    Compiling libc v0.2.147
[INFO] [stderr]    Compiling paste v1.0.14
[INFO] [stderr]    Compiling regex-syntax v0.7.5
[INFO] [stderr]    Compiling serde v1.0.188
[INFO] [stderr]    Compiling parking_lot_core v0.9.8
[INFO] [stderr]    Compiling num-traits v0.2.16
[INFO] [stderr]    Compiling lock_api v0.4.10
[INFO] [stderr]    Compiling scopeguard v1.2.0
[INFO] [stderr]    Compiling byteorder v1.4.3
[INFO] [stderr]    Compiling aho-corasick v1.0.5
[INFO] [stderr]    Compiling anyhow v1.0.75
[INFO] [stderr]    Compiling quote v1.0.33
[INFO] [stderr]    Compiling bit-vec v0.6.3
[INFO] [stderr]    Compiling cfg-if v1.0.0
[INFO] [stderr]    Compiling smallvec v1.11.0
[INFO] [stderr]    Compiling syn v2.0.29
[INFO] [stderr]    Compiling bit-set v0.5.3
[INFO] [stderr]    Compiling lazy_static v1.4.0
[INFO] [stderr]    Compiling regex-automata v0.1.10
[INFO] [stderr]    Compiling rustc-hash v1.1.0
[INFO] [stderr]    Compiling base64 v0.21.3
[INFO] [stderr]    Compiling bstr v0.2.17
[INFO] [stderr]    Compiling parking_lot v0.12.1
[INFO] [stderr]    Compiling rmp v0.8.12
[INFO] [stderr]    Compiling regex-automata v0.3.8
[INFO] [stderr]    Compiling serde_derive v1.0.188
[INFO] [stderr]    Compiling regex v1.9.5
[INFO] [stderr]    Compiling fancy-regex v0.11.0
[INFO] [stderr]    Compiling rmp-serde v1.1.2
[INFO] [stderr]    Compiling another-tiktoken-rs v0.1.2 (/opt/rustwide/workdir)
[INFO] [stdout] warning: elided lifetime has a name
[INFO] [stdout]    --> src/vendor_tiktoken.rs:310:42
[INFO] [stdout]     |
[INFO] [stdout] 307 |     fn _decode_native_and_split<'a>(
[INFO] [stdout]     |                                 -- lifetime `'a` declared here
[INFO] [stdout] ...
[INFO] [stdout] 310 |     ) -> impl Iterator<Item = Vec<u8>> + '_ {
[INFO] [stdout]     |                                          ^^ this elided lifetime gets resolved as `'a`
[INFO] [stdout]     |
[INFO] [stdout]     = note: `#[warn(elided_named_lifetimes)]` on by default
[INFO] [stdout] 
[INFO] [stdout] 
[INFO] [stderr]     Finished `dev` profile [unoptimized + debuginfo] target(s) in 35.11s
[INFO] running `Command { std: "docker" "inspect" "eca76d52723915c9873f383fd6112ca91b17a659f62a026cf938ac3a149f3d4d", kill_on_drop: false }`
[INFO] running `Command { std: "docker" "rm" "-f" "eca76d52723915c9873f383fd6112ca91b17a659f62a026cf938ac3a149f3d4d", kill_on_drop: false }`
[INFO] [stdout] eca76d52723915c9873f383fd6112ca91b17a659f62a026cf938ac3a149f3d4d
[INFO] running `Command { std: "docker" "create" "-v" "/var/lib/crater-agent-workspace/builds/worker-3-tc2/target:/opt/rustwide/target:rw,Z" "-v" "/var/lib/crater-agent-workspace/builds/worker-3-tc2/source:/opt/rustwide/workdir:ro,Z" "-v" "/var/lib/crater-agent-workspace/cargo-home:/opt/rustwide/cargo-home:ro,Z" "-v" "/var/lib/crater-agent-workspace/rustup-home:/opt/rustwide/rustup-home:ro,Z" "-e" "SOURCE_DIR=/opt/rustwide/workdir" "-e" "CARGO_TARGET_DIR=/opt/rustwide/target" "-e" "CARGO_INCREMENTAL=0" "-e" "RUST_BACKTRACE=full" "-e" "RUSTFLAGS=--cap-lints=warn" "-e" "RUSTDOCFLAGS=--cap-lints=warn" "-e" "CARGO_HOME=/opt/rustwide/cargo-home" "-e" "RUSTUP_HOME=/opt/rustwide/rustup-home" "-w" "/opt/rustwide/workdir" "-m" "1610612736" "--user" "0:0" "--network" "none" "ghcr.io/rust-lang/crates-build-env/linux@sha256:f3a9d4ad9d972b27faf3965f35b62e55ba32bbce8f20bc8fe909558a86702fde" "/opt/rustwide/cargo-home/bin/cargo" "+beta-2024-12-08" "test" "--frozen" "--no-run" "--message-format=json", kill_on_drop: false }`
[INFO] [stdout] 1e00225f772e3157359a55826460f76badd212a459e3e11773fe493f85124c52
[INFO] running `Command { std: "docker" "start" "-a" "1e00225f772e3157359a55826460f76badd212a459e3e11773fe493f85124c52", kill_on_drop: false }`
[INFO] [stderr]    Compiling another-tiktoken-rs v0.1.2 (/opt/rustwide/workdir)
[INFO] [stdout] warning: elided lifetime has a name
[INFO] [stdout]    --> src/vendor_tiktoken.rs:310:42
[INFO] [stdout]     |
[INFO] [stdout] 307 |     fn _decode_native_and_split<'a>(
[INFO] [stdout]     |                                 -- lifetime `'a` declared here
[INFO] [stdout] ...
[INFO] [stdout] 310 |     ) -> impl Iterator<Item = Vec<u8>> + '_ {
[INFO] [stdout]     |                                          ^^ this elided lifetime gets resolved as `'a`
[INFO] [stdout]     |
[INFO] [stdout]     = note: `#[warn(elided_named_lifetimes)]` on by default
[INFO] [stdout] 
[INFO] [stdout] 
[INFO] [stdout] warning: elided lifetime has a name
[INFO] [stdout]    --> src/vendor_tiktoken.rs:310:42
[INFO] [stdout]     |
[INFO] [stdout] 307 |     fn _decode_native_and_split<'a>(
[INFO] [stdout]     |                                 -- lifetime `'a` declared here
[INFO] [stdout] ...
[INFO] [stdout] 310 |     ) -> impl Iterator<Item = Vec<u8>> + '_ {
[INFO] [stdout]     |                                          ^^ this elided lifetime gets resolved as `'a`
[INFO] [stdout]     |
[INFO] [stdout]     = note: `#[warn(elided_named_lifetimes)]` on by default
[INFO] [stdout] 
[INFO] [stdout] 
[INFO] [stderr]     Finished `test` profile [unoptimized + debuginfo] target(s) in 2.41s
[INFO] running `Command { std: "docker" "inspect" "1e00225f772e3157359a55826460f76badd212a459e3e11773fe493f85124c52", kill_on_drop: false }`
[INFO] running `Command { std: "docker" "rm" "-f" "1e00225f772e3157359a55826460f76badd212a459e3e11773fe493f85124c52", kill_on_drop: false }`
[INFO] [stdout] 1e00225f772e3157359a55826460f76badd212a459e3e11773fe493f85124c52
[INFO] running `Command { std: "docker" "create" "-v" "/var/lib/crater-agent-workspace/builds/worker-3-tc2/target:/opt/rustwide/target:rw,Z" "-v" "/var/lib/crater-agent-workspace/builds/worker-3-tc2/source:/opt/rustwide/workdir:ro,Z" "-v" "/var/lib/crater-agent-workspace/cargo-home:/opt/rustwide/cargo-home:ro,Z" "-v" "/var/lib/crater-agent-workspace/rustup-home:/opt/rustwide/rustup-home:ro,Z" "-e" "SOURCE_DIR=/opt/rustwide/workdir" "-e" "CARGO_TARGET_DIR=/opt/rustwide/target" "-e" "CARGO_INCREMENTAL=0" "-e" "RUST_BACKTRACE=full" "-e" "RUSTFLAGS=--cap-lints=warn" "-e" "RUSTDOCFLAGS=--cap-lints=warn" "-e" "CARGO_HOME=/opt/rustwide/cargo-home" "-e" "RUSTUP_HOME=/opt/rustwide/rustup-home" "-w" "/opt/rustwide/workdir" "-m" "1610612736" "--user" "0:0" "--network" "none" "ghcr.io/rust-lang/crates-build-env/linux@sha256:f3a9d4ad9d972b27faf3965f35b62e55ba32bbce8f20bc8fe909558a86702fde" "/opt/rustwide/cargo-home/bin/cargo" "+beta-2024-12-08" "test" "--frozen", kill_on_drop: false }`
[INFO] [stdout] 3364cc67400831fc1b1ccd0b9a83b7fb7e9820af7054f0a5b82ac2c7978bbccb
[INFO] running `Command { std: "docker" "start" "-a" "3364cc67400831fc1b1ccd0b9a83b7fb7e9820af7054f0a5b82ac2c7978bbccb", kill_on_drop: false }`
[INFO] [stderr] warning: elided lifetime has a name
[INFO] [stderr]    --> src/vendor_tiktoken.rs:310:42
[INFO] [stderr]     |
[INFO] [stderr] 307 |     fn _decode_native_and_split<'a>(
[INFO] [stderr]     |                                 -- lifetime `'a` declared here
[INFO] [stderr] ...
[INFO] [stderr] 310 |     ) -> impl Iterator<Item = Vec<u8>> + '_ {
[INFO] [stderr]     |                                          ^^ this elided lifetime gets resolved as `'a`
[INFO] [stderr]     |
[INFO] [stderr]     = note: `#[warn(elided_named_lifetimes)]` on by default
[INFO] [stderr] 
[INFO] [stderr] warning: `another-tiktoken-rs` (lib) generated 1 warning
[INFO] [stderr] warning: `another-tiktoken-rs` (lib test) generated 1 warning (1 duplicate)
[INFO] [stderr]     Finished `test` profile [unoptimized + debuginfo] target(s) in 0.09s
[INFO] [stderr]      Running unittests src/lib.rs (/opt/rustwide/target/debug/deps/another_tiktoken_rs-6648b3fc4441720b)
[INFO] [stdout] 
[INFO] [stdout] running 6 tests
[INFO] [stdout] test tokenizer::tests::test_get_tokenizer ... ok
[INFO] [stdout] test vendor_tiktoken::tests::very_simple_test ... ok
[INFO] [stdout] test api::tests::test_get_chat_completion_max_tokens ... ok
[INFO] [stdout] test api::tests::test_get_bpe_from_tokenizer ... ok
[INFO] [stdout] test api::tests::test_get_completion_max_tokens ... ok
[INFO] [stdout] test api::tests::test_num_tokens_from_messages ... ok
[INFO] [stdout] 
[INFO] [stdout] test result: ok. 6 passed; 0 failed; 0 ignored; 0 measured; 0 filtered out; finished in 3.32s
[INFO] [stdout] 
[INFO] [stderr]    Doc-tests another_tiktoken_rs
[INFO] [stdout] 
[INFO] [stdout] running 11 tests
[INFO] [stdout] test src/lib.rs - (line 76) ... FAILED
[INFO] [stdout] test src/tokenizer.rs - tokenizer::Tokenizer (line 16) ... ok
[INFO] [stdout] test src/model.rs - model::get_context_size (line 24) ... ok
[INFO] [stdout] test src/tokenizer.rs - tokenizer::get_tokenizer (line 101) ... ok
[INFO] [stdout] test src/lib.rs - (line 33) ... ok
[INFO] [stdout] test src/api.rs - api::get_bpe_from_model (line 213) ... ok
[INFO] [stdout] test src/lib.rs - (line 45) ... ok
[INFO] [stdout] test src/api.rs - api::get_completion_max_tokens (line 30) ... ok
[INFO] [stdout] test src/api.rs - api::get_chat_completion_max_tokens (line 155) ... ok
[INFO] [stdout] test src/api.rs - api::get_bpe_from_tokenizer (line 245) ... ok
[INFO] [stdout] test src/vendor_tiktoken.rs - vendor_tiktoken::CoreBPE::split_by_token (line 635) ... ok
[INFO] [stdout] 
[INFO] [stdout] failures:
[INFO] [stdout] 
[INFO] [stdout] ---- src/lib.rs - (line 76) stdout ----
[INFO] [stdout] error[E0433]: failed to resolve: use of undeclared crate or module `async_openai`
[INFO] [stdout]  --> src/lib.rs:79:5
[INFO] [stdout]   |
[INFO] [stdout] 6 | use async_openai::types::{ChatCompletionRequestMessage, Role};
[INFO] [stdout]   |     ^^^^^^^^^^^^ use of undeclared crate or module `async_openai`
[INFO] [stdout] 
[INFO] [stdout] error[E0432]: unresolved import `another_tiktoken_rs::async_openai`
[INFO] [stdout]  --> src/lib.rs:78:26
[INFO] [stdout]   |
[INFO] [stdout] 5 | use another_tiktoken_rs::async_openai::get_chat_completion_max_tokens;
[INFO] [stdout]   |                          ^^^^^^^^^^^^ could not find `async_openai` in `another_tiktoken_rs`
[INFO] [stdout] 
[INFO] [stdout] error: aborting due to 2 previous errors
[INFO] [stdout] 
[INFO] [stdout] Some errors have detailed explanations: E0432, E0433.
[INFO] [stdout] For more information about an error, try `rustc --explain E0432`.
[INFO] [stdout] Couldn't compile the test.
[INFO] [stdout] 
[INFO] [stdout] failures:
[INFO] [stdout]     src/lib.rs - (line 76)
[INFO] [stdout] 
[INFO] [stdout] test result: FAILED. 10 passed; 1 failed; 0 ignored; 0 measured; 0 filtered out; finished in 13.13s
[INFO] [stdout] 
[INFO] [stderr] error: doctest failed, to rerun pass `--doc`
[INFO] running `Command { std: "docker" "inspect" "3364cc67400831fc1b1ccd0b9a83b7fb7e9820af7054f0a5b82ac2c7978bbccb", kill_on_drop: false }`
[INFO] running `Command { std: "docker" "rm" "-f" "3364cc67400831fc1b1ccd0b9a83b7fb7e9820af7054f0a5b82ac2c7978bbccb", kill_on_drop: false }`
[INFO] [stdout] 3364cc67400831fc1b1ccd0b9a83b7fb7e9820af7054f0a5b82ac2c7978bbccb
