[INFO] fetching crate ankidb 0.4.1...
[INFO] testing ankidb-0.4.1 against 1.83.0 for beta-1.84.0-4-retry
[INFO] extracting crate ankidb 0.4.1 into /workspace/builds/worker-4-tc1/source
[INFO] validating manifest of crates.io crate ankidb 0.4.1 on toolchain 1.83.0
[INFO] running `Command { std: CARGO_HOME="/workspace/cargo-home" RUSTUP_HOME="/workspace/rustup-home" "/workspace/cargo-home/bin/cargo" "+1.83.0" "metadata" "--manifest-path" "Cargo.toml" "--no-deps", kill_on_drop: false }`
[INFO] started tweaking crates.io crate ankidb 0.4.1
[INFO] finished tweaking crates.io crate ankidb 0.4.1
[INFO] tweaked toml for crates.io crate ankidb 0.4.1 written to /workspace/builds/worker-4-tc1/source/Cargo.toml
[INFO] running `Command { std: CARGO_HOME="/workspace/cargo-home" RUSTUP_HOME="/workspace/rustup-home" "/workspace/cargo-home/bin/cargo" "+1.83.0" "generate-lockfile" "--manifest-path" "Cargo.toml", kill_on_drop: false }`
[INFO] [stderr]     Updating crates.io index
[INFO] [stderr]      Locking 69 packages to latest compatible versions
[INFO] [stderr]       Adding rusqlite v0.29.0 (available: v0.32.1)
[INFO] [stderr]       Adding sea-query v0.30.7 (available: v0.32.1)
[INFO] [stderr]       Adding sea-query-rusqlite v0.4.0 (available: v0.7.0)
[INFO] [stderr]       Adding unicase v2.6.0 (available: v2.8.0)
[INFO] running `Command { std: CARGO_HOME="/workspace/cargo-home" RUSTUP_HOME="/workspace/rustup-home" "/workspace/cargo-home/bin/cargo" "+1.83.0" "fetch" "--manifest-path" "Cargo.toml", kill_on_drop: false }`
[INFO] [stderr]  Downloading crates ...
[INFO] [stderr]   Downloaded sea-query-derive v0.4.2
[INFO] [stderr]   Downloaded postgres-derive v0.4.6
[INFO] [stderr]   Downloaded sea-query-rusqlite v0.4.0
[INFO] running `Command { std: "docker" "create" "-v" "/var/lib/crater-agent-workspace/builds/worker-4-tc1/target:/opt/rustwide/target:rw,Z" "-v" "/var/lib/crater-agent-workspace/builds/worker-4-tc1/source:/opt/rustwide/workdir:ro,Z" "-v" "/var/lib/crater-agent-workspace/cargo-home:/opt/rustwide/cargo-home:ro,Z" "-v" "/var/lib/crater-agent-workspace/rustup-home:/opt/rustwide/rustup-home:ro,Z" "-e" "SOURCE_DIR=/opt/rustwide/workdir" "-e" "CARGO_TARGET_DIR=/opt/rustwide/target" "-e" "CARGO_HOME=/opt/rustwide/cargo-home" "-e" "RUSTUP_HOME=/opt/rustwide/rustup-home" "-w" "/opt/rustwide/workdir" "-m" "1610612736" "--user" "0:0" "--network" "none" "ghcr.io/rust-lang/crates-build-env/linux@sha256:f3a9d4ad9d972b27faf3965f35b62e55ba32bbce8f20bc8fe909558a86702fde" "/opt/rustwide/cargo-home/bin/cargo" "+1.83.0" "metadata" "--no-deps" "--format-version=1", kill_on_drop: false }`
[INFO] [stdout] 9ceb393e515441609747d3dfdabab7bbe4a8fa9794016a7be03c77d451f19a2a
[INFO] running `Command { std: "docker" "start" "-a" "9ceb393e515441609747d3dfdabab7bbe4a8fa9794016a7be03c77d451f19a2a", kill_on_drop: false }`
[INFO] running `Command { std: "docker" "inspect" "9ceb393e515441609747d3dfdabab7bbe4a8fa9794016a7be03c77d451f19a2a", kill_on_drop: false }`
[INFO] running `Command { std: "docker" "rm" "-f" "9ceb393e515441609747d3dfdabab7bbe4a8fa9794016a7be03c77d451f19a2a", kill_on_drop: false }`
[INFO] [stdout] 9ceb393e515441609747d3dfdabab7bbe4a8fa9794016a7be03c77d451f19a2a
[INFO] running `Command { std: "docker" "create" "-v" "/var/lib/crater-agent-workspace/builds/worker-4-tc1/target:/opt/rustwide/target:rw,Z" "-v" "/var/lib/crater-agent-workspace/builds/worker-4-tc1/source:/opt/rustwide/workdir:ro,Z" "-v" "/var/lib/crater-agent-workspace/cargo-home:/opt/rustwide/cargo-home:ro,Z" "-v" "/var/lib/crater-agent-workspace/rustup-home:/opt/rustwide/rustup-home:ro,Z" "-e" "SOURCE_DIR=/opt/rustwide/workdir" "-e" "CARGO_TARGET_DIR=/opt/rustwide/target" "-e" "CARGO_INCREMENTAL=0" "-e" "RUST_BACKTRACE=full" "-e" "RUSTFLAGS=--cap-lints=warn" "-e" "RUSTDOCFLAGS=--cap-lints=warn" "-e" "CARGO_HOME=/opt/rustwide/cargo-home" "-e" "RUSTUP_HOME=/opt/rustwide/rustup-home" "-w" "/opt/rustwide/workdir" "-m" "1610612736" "--user" "0:0" "--network" "none" "ghcr.io/rust-lang/crates-build-env/linux@sha256:f3a9d4ad9d972b27faf3965f35b62e55ba32bbce8f20bc8fe909558a86702fde" "/opt/rustwide/cargo-home/bin/cargo" "+1.83.0" "build" "--frozen" "--message-format=json", kill_on_drop: false }`
[INFO] [stdout] 6ce4264bbf2459c36e6ab563d3fbcbc911a86fb8e49a124615ad3fcf85a53622
[INFO] running `Command { std: "docker" "start" "-a" "6ce4264bbf2459c36e6ab563d3fbcbc911a86fb8e49a124615ad3fcf85a53622", kill_on_drop: false }`
[INFO] [stderr]    Compiling proc-macro2 v1.0.92
[INFO] [stderr]    Compiling unicode-ident v1.0.14
[INFO] [stderr]    Compiling version_check v0.9.5
[INFO] [stderr]    Compiling fnv v1.0.7
[INFO] [stderr]    Compiling shlex v1.3.0
[INFO] [stderr]    Compiling ident_case v1.0.1
[INFO] [stderr]    Compiling once_cell v1.20.2
[INFO] [stderr]    Compiling cfg-if v1.0.0
[INFO] [stderr]    Compiling zerocopy v0.7.35
[INFO] [stderr]    Compiling thiserror v1.0.69
[INFO] [stderr]    Compiling pkg-config v0.3.31
[INFO] [stderr]    Compiling vcpkg v0.2.15
[INFO] [stderr]    Compiling cc v1.2.4
[INFO] [stderr]    Compiling allocator-api2 v0.2.21
[INFO] [stderr]    Compiling heck v0.4.1
[INFO] [stderr]    Compiling ahash v0.8.11
[INFO] [stderr]    Compiling unicase v2.6.0
[INFO] [stderr]    Compiling bitflags v2.6.0
[INFO] [stderr]    Compiling fallible-streaming-iterator v0.1.9
[INFO] [stderr]    Compiling fallible-iterator v0.2.0
[INFO] [stderr]    Compiling smallvec v1.13.2
[INFO] [stderr]    Compiling hashbrown v0.14.5
[INFO] [stderr]    Compiling quote v1.0.37
[INFO] [stderr]    Compiling syn v2.0.90
[INFO] [stderr]    Compiling hashlink v0.8.4
[INFO] [stderr]    Compiling libsqlite3-sys v0.26.0
[INFO] [stderr]    Compiling darling_core v0.20.10
[INFO] [stderr]    Compiling thiserror-impl v1.0.69
[INFO] [stderr]    Compiling inherent v1.0.11
[INFO] [stderr]    Compiling darling_macro v0.20.10
[INFO] [stderr]    Compiling darling v0.20.10
[INFO] [stderr]    Compiling sea-query-derive v0.4.2
[INFO] [stderr]    Compiling sea-query v0.30.7
[INFO] [stderr]    Compiling rusqlite v0.29.0
[INFO] [stderr]    Compiling sea-query-rusqlite v0.4.0
[INFO] [stderr]    Compiling ankidb v0.4.1 (/opt/rustwide/workdir)
[INFO] [stderr]     Finished `dev` profile [unoptimized + debuginfo] target(s) in 31.73s
[INFO] running `Command { std: "docker" "inspect" "6ce4264bbf2459c36e6ab563d3fbcbc911a86fb8e49a124615ad3fcf85a53622", kill_on_drop: false }`
[INFO] running `Command { std: "docker" "rm" "-f" "6ce4264bbf2459c36e6ab563d3fbcbc911a86fb8e49a124615ad3fcf85a53622", kill_on_drop: false }`
[INFO] [stdout] 6ce4264bbf2459c36e6ab563d3fbcbc911a86fb8e49a124615ad3fcf85a53622
[INFO] running `Command { std: "docker" "create" "-v" "/var/lib/crater-agent-workspace/builds/worker-4-tc1/target:/opt/rustwide/target:rw,Z" "-v" "/var/lib/crater-agent-workspace/builds/worker-4-tc1/source:/opt/rustwide/workdir:ro,Z" "-v" "/var/lib/crater-agent-workspace/cargo-home:/opt/rustwide/cargo-home:ro,Z" "-v" "/var/lib/crater-agent-workspace/rustup-home:/opt/rustwide/rustup-home:ro,Z" "-e" "SOURCE_DIR=/opt/rustwide/workdir" "-e" "CARGO_TARGET_DIR=/opt/rustwide/target" "-e" "CARGO_INCREMENTAL=0" "-e" "RUST_BACKTRACE=full" "-e" "RUSTFLAGS=--cap-lints=warn" "-e" "RUSTDOCFLAGS=--cap-lints=warn" "-e" "CARGO_HOME=/opt/rustwide/cargo-home" "-e" "RUSTUP_HOME=/opt/rustwide/rustup-home" "-w" "/opt/rustwide/workdir" "-m" "1610612736" "--user" "0:0" "--network" "none" "ghcr.io/rust-lang/crates-build-env/linux@sha256:f3a9d4ad9d972b27faf3965f35b62e55ba32bbce8f20bc8fe909558a86702fde" "/opt/rustwide/cargo-home/bin/cargo" "+1.83.0" "test" "--frozen" "--no-run" "--message-format=json", kill_on_drop: false }`
[INFO] [stdout] fbfd32eb91d28c94d7dfa434b8a1ff33afd9d4f41d4b8e85e0e96ac8862f0b58
[INFO] running `Command { std: "docker" "start" "-a" "fbfd32eb91d28c94d7dfa434b8a1ff33afd9d4f41d4b8e85e0e96ac8862f0b58", kill_on_drop: false }`
[INFO] [stderr]    Compiling ankidb v0.4.1 (/opt/rustwide/workdir)
[INFO] [stderr]     Finished `test` profile [unoptimized + debuginfo] target(s) in 0.65s
[INFO] running `Command { std: "docker" "inspect" "fbfd32eb91d28c94d7dfa434b8a1ff33afd9d4f41d4b8e85e0e96ac8862f0b58", kill_on_drop: false }`
[INFO] running `Command { std: "docker" "rm" "-f" "fbfd32eb91d28c94d7dfa434b8a1ff33afd9d4f41d4b8e85e0e96ac8862f0b58", kill_on_drop: false }`
[INFO] [stdout] fbfd32eb91d28c94d7dfa434b8a1ff33afd9d4f41d4b8e85e0e96ac8862f0b58
[INFO] running `Command { std: "docker" "create" "-v" "/var/lib/crater-agent-workspace/builds/worker-4-tc1/target:/opt/rustwide/target:rw,Z" "-v" "/var/lib/crater-agent-workspace/builds/worker-4-tc1/source:/opt/rustwide/workdir:ro,Z" "-v" "/var/lib/crater-agent-workspace/cargo-home:/opt/rustwide/cargo-home:ro,Z" "-v" "/var/lib/crater-agent-workspace/rustup-home:/opt/rustwide/rustup-home:ro,Z" "-e" "SOURCE_DIR=/opt/rustwide/workdir" "-e" "CARGO_TARGET_DIR=/opt/rustwide/target" "-e" "CARGO_INCREMENTAL=0" "-e" "RUST_BACKTRACE=full" "-e" "RUSTFLAGS=--cap-lints=warn" "-e" "RUSTDOCFLAGS=--cap-lints=warn" "-e" "CARGO_HOME=/opt/rustwide/cargo-home" "-e" "RUSTUP_HOME=/opt/rustwide/rustup-home" "-w" "/opt/rustwide/workdir" "-m" "1610612736" "--user" "0:0" "--network" "none" "ghcr.io/rust-lang/crates-build-env/linux@sha256:f3a9d4ad9d972b27faf3965f35b62e55ba32bbce8f20bc8fe909558a86702fde" "/opt/rustwide/cargo-home/bin/cargo" "+1.83.0" "test" "--frozen", kill_on_drop: false }`
[INFO] [stdout] f1b94dd17adf5dbafd4d4c3c4205bcdac28e77104073f10a50387b50c145d0e3
[INFO] running `Command { std: "docker" "start" "-a" "f1b94dd17adf5dbafd4d4c3c4205bcdac28e77104073f10a50387b50c145d0e3", kill_on_drop: false }`
[INFO] [stderr]     Finished `test` profile [unoptimized + debuginfo] target(s) in 0.06s
[INFO] [stderr]      Running unittests src/lib.rs (/opt/rustwide/target/debug/deps/ankidb-6456eee49e6db056)
[INFO] [stdout] 
[INFO] [stdout] running 0 tests
[INFO] [stdout] 
[INFO] [stdout] test result: ok. 0 passed; 0 failed; 0 ignored; 0 measured; 0 filtered out; finished in 0.00s
[INFO] [stdout] 
[INFO] [stderr]    Doc-tests ankidb
[INFO] [stdout] 
[INFO] [stdout] running 10 tests
[INFO] [stdout] test src/database.rs - database::Database::id_for_notetype (line 166) - compile ... ok
[INFO] [stdout] test src/database.rs - database::Database::id_for_deck (line 148) - compile ... ok
[INFO] [stdout] test src/database.rs - database::Database::notetypes (line 184) - compile ... FAILED
[INFO] [stdout] test src/database.rs - database::Database::open (line 15) - compile ... ok
[INFO] [stdout] test src/database.rs - database::Database::fields_for_notetype (line 204) - compile ... ok
[INFO] [stdout] test src/database.rs - database::Database::prepare (line 56) - compile ... ok
[INFO] [stdout] test src/database.rs - database::Database::prepare_cached (line 84) - compile ... ok
[INFO] [stdout] test src/database.rs - database::Database::prepare_cached_raw (line 130) - compile ... ok
[INFO] [stdout] test src/database.rs - database::Database::prepare_raw (line 112) - compile ... ok
[INFO] [stdout] test src/lib.rs - (line 3) - compile ... ok
[INFO] [stdout] 
[INFO] [stdout] failures:
[INFO] [stdout] 
[INFO] [stdout] ---- src/database.rs - database::Database::notetypes (line 184) stdout ----
[INFO] [stdout] error[E0308]: mismatched types
[INFO] [stdout]  --> src/database.rs:189:26
[INFO] [stdout]   |
[INFO] [stdout] 8 | assert_eq!(notetypes[0], (123, "Basic"));
[INFO] [stdout]   |                          ^^^^^^^^^^^^^^ expected `(NotetypeId, String)`, found `({integer}, &str)`
[INFO] [stdout]   |
[INFO] [stdout]   = note: expected tuple `(NotetypeId, String)`
[INFO] [stdout]              found tuple `({integer}, &str)`
[INFO] [stdout] 
[INFO] [stdout] error[E0308]: mismatched types
[INFO] [stdout]  --> src/database.rs:190:26
[INFO] [stdout]   |
[INFO] [stdout] 9 | assert_eq!(notetypes[1], (456, "Vocabulary"));
[INFO] [stdout]   |                          ^^^^^^^^^^^^^^^^^^^ expected `(NotetypeId, String)`, found `({integer}, &str)`
[INFO] [stdout]   |
[INFO] [stdout]   = note: expected tuple `(NotetypeId, String)`
[INFO] [stdout]              found tuple `({integer}, &str)`
[INFO] [stdout] 
[INFO] [stdout] error: aborting due to 2 previous errors
[INFO] [stdout] 
[INFO] [stdout] For more information about this error, try `rustc --explain E0308`.
[INFO] [stdout] Couldn't compile the test.
[INFO] [stdout] 
[INFO] [stdout] failures:
[INFO] [stdout]     src/database.rs - database::Database::notetypes (line 184)
[INFO] [stdout] 
[INFO] [stdout] test result: FAILED. 9 passed; 1 failed; 0 ignored; 0 measured; 0 filtered out; finished in 0.60s
[INFO] [stdout] 
[INFO] [stderr] error: doctest failed, to rerun pass `--doc`
[INFO] running `Command { std: "docker" "inspect" "f1b94dd17adf5dbafd4d4c3c4205bcdac28e77104073f10a50387b50c145d0e3", kill_on_drop: false }`
[INFO] running `Command { std: "docker" "rm" "-f" "f1b94dd17adf5dbafd4d4c3c4205bcdac28e77104073f10a50387b50c145d0e3", kill_on_drop: false }`
[INFO] [stdout] f1b94dd17adf5dbafd4d4c3c4205bcdac28e77104073f10a50387b50c145d0e3
