[INFO] fetching crate anchor-viz 0.24.2...
[INFO] testing anchor-viz-0.24.2 against 1.83.0 for beta-1.84.0-4-retry
[INFO] extracting crate anchor-viz 0.24.2 into /workspace/builds/worker-1-tc1/source
[INFO] validating manifest of crates.io crate anchor-viz 0.24.2 on toolchain 1.83.0
[INFO] running `Command { std: CARGO_HOME="/workspace/cargo-home" RUSTUP_HOME="/workspace/rustup-home" "/workspace/cargo-home/bin/cargo" "+1.83.0" "metadata" "--manifest-path" "Cargo.toml" "--no-deps", kill_on_drop: false }`
[INFO] started tweaking crates.io crate anchor-viz 0.24.2
[INFO] finished tweaking crates.io crate anchor-viz 0.24.2
[INFO] tweaked toml for crates.io crate anchor-viz 0.24.2 written to /workspace/builds/worker-1-tc1/source/Cargo.toml
[INFO] crate crates.io crate anchor-viz 0.24.2 already has a lockfile, it will not be regenerated
[INFO] running `Command { std: CARGO_HOME="/workspace/cargo-home" RUSTUP_HOME="/workspace/rustup-home" "/workspace/cargo-home/bin/cargo" "+1.83.0" "fetch" "--manifest-path" "Cargo.toml", kill_on_drop: false }`
[INFO] [stderr]     Updating crates.io index
[INFO] [stderr]  Downloading crates ...
[INFO] [stderr]   Downloaded solana-sdk-macro v1.9.18
[INFO] [stderr]   Downloaded solana-config-program v1.9.18
[INFO] [stderr]   Downloaded solana-cli-config v1.9.18
[INFO] [stderr]   Downloaded ouroboros v0.13.0
[INFO] [stderr]   Downloaded solana-compute-budget-program v1.9.18
[INFO] [stderr]   Downloaded anchor-client v0.24.2
[INFO] [stderr]   Downloaded solana-faucet v1.9.18
[INFO] [stderr]   Downloaded solana-frozen-abi v1.9.18
[INFO] [stderr]   Downloaded solana-perf v1.9.18
[INFO] [stderr]   Downloaded index_list v0.2.7
[INFO] [stderr]   Downloaded cargo_toml v0.9.2
[INFO] [stderr]   Downloaded solana-stake-program v1.9.18
[INFO] [stderr]   Downloaded solana-metrics v1.9.18
[INFO] [stderr]   Downloaded solana-vote-program v1.9.18
[INFO] [stderr]   Downloaded solana-sdk v1.9.18
[INFO] [stderr]   Downloaded tungstenite v0.16.0
[INFO] [stderr]   Downloaded clap v3.1.12
[INFO] [stderr]   Downloaded solana-client v1.9.18
[INFO] [stderr]   Downloaded ouroboros_macro v0.13.0
[INFO] [stderr]   Downloaded solana-address-lookup-table-program v1.9.18
[INFO] [stderr]   Downloaded solana-bucket-map v1.9.18
[INFO] [stderr]   Downloaded solana-program-runtime v1.9.18
[INFO] [stderr]   Downloaded solana-remote-wallet v1.9.18
[INFO] [stderr]   Downloaded hidapi v1.4.1
[INFO] [stderr]   Downloaded solana-clap-utils v1.9.18
[INFO] [stderr]   Downloaded solana-net-utils v1.9.18
[INFO] [stderr]   Downloaded solana-account-decoder v1.9.18
[INFO] [stderr]   Downloaded solana-bloom v1.9.18
[INFO] [stderr]   Downloaded solana-rayon-threadlimit v1.9.18
[INFO] [stderr]   Downloaded solana-transaction-status v1.9.18
[INFO] [stderr]   Downloaded solana-runtime v1.9.18
[INFO] [stderr]   Downloaded solana-version v1.9.18
[INFO] [stderr]   Downloaded solana-measure v1.9.18
[INFO] [stderr]   Downloaded solana-frozen-abi-macro v1.9.18
[INFO] [stderr]   Downloaded solana-program v1.9.18
[INFO] [stderr]   Downloaded solana-logger v1.9.18
[INFO] running `Command { std: "docker" "create" "-v" "/var/lib/crater-agent-workspace/builds/worker-1-tc1/target:/opt/rustwide/target:rw,Z" "-v" "/var/lib/crater-agent-workspace/builds/worker-1-tc1/source:/opt/rustwide/workdir:ro,Z" "-v" "/var/lib/crater-agent-workspace/cargo-home:/opt/rustwide/cargo-home:ro,Z" "-v" "/var/lib/crater-agent-workspace/rustup-home:/opt/rustwide/rustup-home:ro,Z" "-e" "SOURCE_DIR=/opt/rustwide/workdir" "-e" "CARGO_TARGET_DIR=/opt/rustwide/target" "-e" "CARGO_HOME=/opt/rustwide/cargo-home" "-e" "RUSTUP_HOME=/opt/rustwide/rustup-home" "-w" "/opt/rustwide/workdir" "-m" "1610612736" "--user" "0:0" "--network" "none" "ghcr.io/rust-lang/crates-build-env/linux@sha256:f3a9d4ad9d972b27faf3965f35b62e55ba32bbce8f20bc8fe909558a86702fde" "/opt/rustwide/cargo-home/bin/cargo" "+1.83.0" "metadata" "--no-deps" "--format-version=1", kill_on_drop: false }`
[INFO] [stdout] d4db9a547ead82badfb8f60086864a60c38c3c5e9a61c9f73f2253e90ed678b4
[INFO] running `Command { std: "docker" "start" "-a" "d4db9a547ead82badfb8f60086864a60c38c3c5e9a61c9f73f2253e90ed678b4", kill_on_drop: false }`
[INFO] running `Command { std: "docker" "inspect" "d4db9a547ead82badfb8f60086864a60c38c3c5e9a61c9f73f2253e90ed678b4", kill_on_drop: false }`
[INFO] running `Command { std: "docker" "rm" "-f" "d4db9a547ead82badfb8f60086864a60c38c3c5e9a61c9f73f2253e90ed678b4", kill_on_drop: false }`
[INFO] [stdout] d4db9a547ead82badfb8f60086864a60c38c3c5e9a61c9f73f2253e90ed678b4
[INFO] running `Command { std: "docker" "create" "-v" "/var/lib/crater-agent-workspace/builds/worker-1-tc1/target:/opt/rustwide/target:rw,Z" "-v" "/var/lib/crater-agent-workspace/builds/worker-1-tc1/source:/opt/rustwide/workdir:ro,Z" "-v" "/var/lib/crater-agent-workspace/cargo-home:/opt/rustwide/cargo-home:ro,Z" "-v" "/var/lib/crater-agent-workspace/rustup-home:/opt/rustwide/rustup-home:ro,Z" "-e" "SOURCE_DIR=/opt/rustwide/workdir" "-e" "CARGO_TARGET_DIR=/opt/rustwide/target" "-e" "CARGO_INCREMENTAL=0" "-e" "RUST_BACKTRACE=full" "-e" "RUSTFLAGS=--cap-lints=warn" "-e" "RUSTDOCFLAGS=--cap-lints=warn" "-e" "CARGO_HOME=/opt/rustwide/cargo-home" "-e" "RUSTUP_HOME=/opt/rustwide/rustup-home" "-w" "/opt/rustwide/workdir" "-m" "1610612736" "--user" "0:0" "--network" "none" "ghcr.io/rust-lang/crates-build-env/linux@sha256:f3a9d4ad9d972b27faf3965f35b62e55ba32bbce8f20bc8fe909558a86702fde" "/opt/rustwide/cargo-home/bin/cargo" "+1.83.0" "build" "--frozen" "--message-format=json", kill_on_drop: false }`
[INFO] [stdout] 6dad866731445d833fb91330fc81b01043828a0b565d2cca505acaed0098bbdf
[INFO] running `Command { std: "docker" "start" "-a" "6dad866731445d833fb91330fc81b01043828a0b565d2cca505acaed0098bbdf", kill_on_drop: false }`
[INFO] [stderr]    Compiling proc-macro2 v1.0.37
[INFO] [stderr]    Compiling unicode-xid v0.2.2
[INFO] [stderr]    Compiling syn v1.0.91
[INFO] [stderr]    Compiling libc v0.2.124
[INFO] [stderr]    Compiling cfg-if v1.0.0
[INFO] [stderr]    Compiling version_check v0.9.4
[INFO] [stderr]    Compiling serde_derive v1.0.136
[INFO] [stderr]    Compiling autocfg v1.1.0
[INFO] [stderr]    Compiling typenum v1.15.0
[INFO] [stderr]    Compiling serde v1.0.136
[INFO] [stderr]    Compiling lazy_static v1.4.0
[INFO] [stderr]    Compiling memchr v2.4.1
[INFO] [stderr]    Compiling once_cell v1.10.0
[INFO] [stderr]    Compiling semver v1.0.7
[INFO] [stderr]    Compiling log v0.4.16
[INFO] [stderr]    Compiling subtle v2.4.1
[INFO] [stderr]    Compiling opaque-debug v0.3.0
[INFO] [stderr]    Compiling cpufeatures v0.2.2
[INFO] [stderr]    Compiling itoa v1.0.1
[INFO] [stderr]    Compiling pkg-config v0.3.25
[INFO] [stderr]    Compiling ryu v1.0.9
[INFO] [stderr]    Compiling bitflags v1.3.2
[INFO] [stderr]    Compiling serde_json v1.0.79
[INFO] [stderr]    Compiling block-padding v0.2.1
[INFO] [stderr]    Compiling getrandom v0.1.16
[INFO] [stderr]    Compiling byteorder v1.4.3
[INFO] [stderr]    Compiling num-traits v0.2.14
[INFO] [stderr]    Compiling ppv-lite86 v0.2.16
[INFO] [stderr]    Compiling regex-syntax v0.6.25
[INFO] [stderr]    Compiling generic-array v0.14.5
[INFO] [stderr]    Compiling ahash v0.7.6
[INFO] [stderr]    Compiling rustc_version v0.4.0
[INFO] [stderr]    Compiling crunchy v0.2.2
[INFO] [stderr]    Compiling wasm-bindgen-shared v0.2.80
[INFO] [stderr]    Compiling scopeguard v1.1.0
[INFO] [stderr]    Compiling termcolor v1.1.3
[INFO] [stderr]    Compiling feature-probe v0.1.1
[INFO] [stderr]    Compiling bumpalo v3.9.1
[INFO] [stderr]    Compiling rustversion v1.0.6
[INFO] [stderr]    Compiling jobserver v0.1.24
[INFO] [stderr]    Compiling aho-corasick v0.7.18
[INFO] [stderr]    Compiling quote v1.0.18
[INFO] [stderr]    Compiling fnv v1.0.7
[INFO] [stderr]    Compiling bv v0.11.1
[INFO] [stderr]    Compiling solana-frozen-abi-macro v1.9.18
[INFO] [stderr]    Compiling num-integer v0.1.44
[INFO] [stderr]    Compiling base64 v0.13.0
[INFO] [stderr]    Compiling humantime v2.1.0
[INFO] [stderr]    Compiling bs58 v0.4.0
[INFO] [stderr]    Compiling cc v1.0.73
[INFO] [stderr]    Compiling either v1.6.1
[INFO] [stderr]    Compiling solana-frozen-abi v1.9.18
[INFO] [stderr]    Compiling percent-encoding v2.1.0
[INFO] [stderr]    Compiling arrayref v0.3.6
[INFO] [stderr]    Compiling wasm-bindgen v0.2.80
[INFO] [stderr]    Compiling solana-program v1.9.18
[INFO] [stderr]    Compiling adler v1.0.2
[INFO] [stderr]    Compiling base64 v0.12.3
[INFO] [stderr]    Compiling arrayvec v0.7.2
[INFO] [stderr]    Compiling keccak v0.1.0
[INFO] [stderr]    Compiling constant_time_eq v0.1.5
[INFO] [stderr]    Compiling miniz_oxide v0.5.1
[INFO] [stderr]    Compiling itertools v0.10.3
[INFO] [stderr]    Compiling gimli v0.26.1
[INFO] [stderr]    Compiling digest v0.9.0
[INFO] [stderr]    Compiling failure_derive v0.1.8
[INFO] [stderr]    Compiling pin-project-lite v0.2.8
[INFO] [stderr]    Compiling object v0.28.3
[INFO] [stderr]    Compiling lock_api v0.4.7
[INFO] [stderr]    Compiling libsecp256k1-core v0.2.2
[INFO] [stderr]    Compiling smallvec v1.8.0
[INFO] [stderr]    Compiling rustc-demangle v0.1.21
[INFO] [stderr]    Compiling getrandom v0.2.6
[INFO] [stderr]    Compiling atty v0.2.14
[INFO] [stderr]    Compiling rand_core v0.5.1
[INFO] [stderr]    Compiling memmap2 v0.5.3
[INFO] [stderr]    Compiling num_cpus v1.13.1
[INFO] [stderr]    Compiling signature v1.5.0
[INFO] [stderr]    Compiling rand_chacha v0.2.2
[INFO] [stderr]    Compiling blake3 v1.3.1
[INFO] [stderr]    Compiling backtrace v0.3.65
[INFO] [stderr]    Compiling ed25519 v1.4.1
[INFO] [stderr]    Compiling time v0.1.44
[INFO] [stderr]    Compiling bytes v1.1.0
[INFO] [stderr]    Compiling hashbrown v0.11.2
[INFO] [stderr]    Compiling regex v1.5.5
[INFO] [stderr]    Compiling rand v0.7.3
[INFO] [stderr]    Compiling futures-core v0.3.21
[INFO] [stderr]    Compiling parking_lot_core v0.9.2
[INFO] [stderr]    Compiling libsecp256k1-gen-genmult v0.2.1
[INFO] [stderr]    Compiling libsecp256k1-gen-ecmult v0.2.1
[INFO] [stderr]    Compiling solana-sdk v1.9.18
[INFO] [stderr]    Compiling ring v0.16.20
[INFO] [stderr]    Compiling qstring v0.7.2
[INFO] [stderr]    Compiling uriparse v0.6.4
[INFO] [stderr]    Compiling assert_matches v1.5.0
[INFO] [stderr]    Compiling futures-sink v0.3.21
[INFO] [stderr]    Compiling libsecp256k1 v0.6.0
[INFO] [stderr]    Compiling futures-task v0.3.21
[INFO] [stderr]    Compiling futures-channel v0.3.21
[INFO] [stderr]    Compiling mio v0.8.2
[INFO] [stderr]    Compiling socket2 v0.4.4
[INFO] [stderr]    Compiling signal-hook-registry v1.4.0
[INFO] [stderr]    Compiling parking_lot v0.12.0
[INFO] [stderr]    Compiling indexmap v1.8.1
[INFO] [stderr]    Compiling futures-util v0.3.21
[INFO] [stderr]    Compiling env_logger v0.9.0
[INFO] [stderr]    Compiling addr2line v0.17.0
[INFO] [stderr]    Compiling openssl-sys v0.9.72
[INFO] [stderr]    Compiling tinyvec_macros v0.1.0
[INFO] [stderr]    Compiling solana-logger v1.9.18
[INFO] [stderr]    Compiling slab v0.4.6
[INFO] [stderr]    Compiling pin-utils v0.1.0
[INFO] [stderr]    Compiling futures-io v0.3.21
[INFO] [stderr]    Compiling untrusted v0.7.1
[INFO] [stderr]    Compiling spin v0.5.2
[INFO] [stderr]    Compiling tinyvec v1.5.1
[INFO] [stderr]    Compiling anyhow v1.0.57
[INFO] [stderr]    Compiling matches v0.1.9
[INFO] [stderr]    Compiling http v0.2.6
[INFO] [stderr]    Compiling memoffset v0.6.5
[INFO] [stderr]    Compiling tracing-core v0.1.26
[INFO] [stderr]    Compiling httparse v1.7.0
[INFO] [stderr]    Compiling form_urlencoded v1.0.1
[INFO] [stderr]    Compiling unicase v2.6.0
[INFO] [stderr]    Compiling crossbeam-utils v0.8.8
[INFO] [stderr]    Compiling rustls v0.20.4
[INFO] [stderr]    Compiling openssl v0.10.38
[INFO] [stderr]    Compiling unicode-bidi v0.3.7
[INFO] [stderr]    Compiling foreign-types-shared v0.1.1
[INFO] [stderr]    Compiling foreign-types v0.3.2
[INFO] [stderr]    Compiling proc-macro2-diagnostics v0.9.1
[INFO] [stderr]    Compiling native-tls v0.2.10
[INFO] [stderr]    Compiling try-lock v0.2.3
[INFO] [stderr]    Compiling unicode-normalization v0.1.19
[INFO] [stderr]    Compiling want v0.3.0
[INFO] [stderr]    Compiling solana-program-runtime v1.9.18
[INFO] [stderr]    Compiling crossbeam-epoch v0.9.8
[INFO] [stderr]    Compiling tower-service v0.3.1
[INFO] [stderr]    Compiling yansi v0.5.1
[INFO] [stderr]    Compiling httpdate v1.0.2
[INFO] [stderr]    Compiling openssl-probe v0.1.5
[INFO] [stderr]    Compiling mime_guess v2.0.4
[INFO] [stderr]    Compiling libloading v0.7.3
[INFO] [stderr]    Compiling rayon-core v1.9.2
[INFO] [stderr]    Compiling unicode-segmentation v1.9.0
[INFO] [stderr]    Compiling encoding_rs v0.8.31
[INFO] [stderr]    Compiling block-buffer v0.9.0
[INFO] [stderr]    Compiling bs58 v0.3.1
[INFO] [stderr]    Compiling heck v0.3.3
[INFO] [stderr]    Compiling mime v0.3.16
[INFO] [stderr]    Compiling idna v0.2.3
[INFO] [stderr]    Compiling sha2 v0.9.9
[INFO] [stderr]    Compiling synstructure v0.12.6
[INFO] [stderr]    Compiling wasm-bindgen-backend v0.2.80
[INFO] [stderr]    Compiling borsh-derive-internal v0.9.3
[INFO] [stderr]    Compiling borsh-schema-derive-internal v0.9.3
[INFO] [stderr]    Compiling crossbeam-deque v0.8.1
[INFO] [stderr]    Compiling url v2.2.2
[INFO] [stderr]    Compiling crossbeam-channel v0.5.4
[INFO] [stderr]    Compiling cmake v0.1.48
[INFO] [stderr]    Compiling rustls-pemfile v0.3.0
[INFO] [stderr]    Compiling rayon v1.5.2
[INFO] [stderr]    Compiling wasm-bindgen-macro-support v0.2.80
[INFO] [stderr]    Compiling http-body v0.4.4
[INFO] [stderr]    Compiling ipnet v2.5.0
[INFO] [stderr]    Compiling gethostname v0.2.3
[INFO] [stderr]    Compiling solana-vote-program v1.9.18
[INFO] [stderr]    Compiling proc-macro-error-attr v1.0.4
[INFO] [stderr]    Compiling proc-macro2 v0.4.30
[INFO] [stderr]    Compiling crc32fast v1.3.2
[INFO] [stderr]    Compiling unicode-width v0.1.9
[INFO] [stderr]    Compiling zstd-sys v1.6.2+zstd.1.5.1
[INFO] [stderr]    Compiling proc-macro-error v1.0.4
[INFO] [stderr]    Compiling remove_dir_all v0.5.3
[INFO] [stderr]    Compiling ucd-trie v0.1.3
[INFO] [stderr]    Compiling fastrand v1.7.0
[INFO] [stderr]    Compiling unicode-xid v0.1.0
[INFO] [stderr]    Compiling solana-bloom v1.9.18
[INFO] [stderr]    Compiling pest v2.1.3
[INFO] [stderr]    Compiling tempfile v3.3.0
[INFO] [stderr]    Compiling syn v0.15.44
[INFO] [stderr]    Compiling freetype-sys v0.13.1
[INFO] [stderr]    Compiling dirs-sys-next v0.1.2
[INFO] [stderr]    Compiling terminal_size v0.1.17
[INFO] [stderr]    Compiling zstd-safe v4.1.3+zstd.1.5.1
[INFO] [stderr]    Compiling same-file v1.0.6
[INFO] [stderr]    Compiling parking_lot_core v0.8.5
[INFO] [stderr]    Compiling semver-parser v0.10.2
[INFO] [stderr]    Compiling quote v0.6.13
[INFO] [stderr]    Compiling walkdir v2.3.2
[INFO] [stderr]    Compiling dirs-next v2.0.0
[INFO] [stderr]    Compiling console v0.15.0
[INFO] [stderr]    Compiling expat-sys v2.1.6
[INFO] [stderr]    Compiling bzip2-sys v0.1.11+1.0.8
[INFO] [stderr]    Compiling hidapi v1.4.1
[INFO] [stderr]    Compiling solana-rayon-threadlimit v1.9.18
[INFO] [stderr]    Compiling instant v0.1.12
[INFO] [stderr]    Compiling textwrap v0.11.0
[INFO] [stderr]    Compiling nix v0.23.1
[INFO] [stderr]    Compiling semver v0.11.0
[INFO] [stderr]    Compiling errno v0.2.8
[INFO] [stderr]    Compiling solana-version v1.9.18
[INFO] [stderr]    Compiling solana-stake-program v1.9.18
[INFO] [stderr]    Compiling solana-address-lookup-table-program v1.9.18
[INFO] [stderr]    Compiling ansi_term v0.12.1
[INFO] [stderr]    Compiling rustc_version v0.3.3
[INFO] [stderr]    Compiling strsim v0.8.0
[INFO] [stderr]    Compiling Inflector v0.11.4
[INFO] [stderr]    Compiling linked-hash-map v0.5.4
[INFO] [stderr]    Compiling adler32 v1.2.0
[INFO] [stderr]    Compiling solana-perf v1.9.18
[INFO] [stderr]    Compiling vec_map v0.8.2
[INFO] [stderr]    Compiling thiserror-impl v1.0.30
[INFO] [stderr]    Compiling zeroize_derive v1.3.2
[INFO] [stderr]    Compiling bytemuck_derive v1.1.0
[INFO] [stderr]    Compiling wasm-bindgen-macro v0.2.80
[INFO] [stderr]    Compiling solana-sdk-macro v1.9.18
[INFO] [stderr]    Compiling num-derive v0.3.3
[INFO] [stderr]    Compiling tokio-macros v1.7.0
[INFO] [stderr]    Compiling futures-macro v0.3.21
[INFO] [stderr]    Compiling tracing-attributes v0.1.20
[INFO] [stderr]    Compiling ouroboros_macro v0.13.0
[INFO] [stderr]    Compiling pathfinder_simd v0.5.1
[INFO] [stderr]    Compiling tokio v1.17.0
[INFO] [stderr]    Compiling bytemuck v1.9.1
[INFO] [stderr]    Compiling zeroize v1.5.4
[INFO] [stderr]    Compiling yaml-rust v0.4.5
[INFO] [stderr]    Compiling failure v0.1.8
[INFO] [stderr]    Compiling dialoguer v0.9.0
[INFO] [stderr]    Compiling clap v2.34.0
[INFO] [stderr]    Compiling derivation-path v0.1.3
[INFO] [stderr]    Compiling parking_lot v0.11.2
[INFO] [stderr]    Compiling rand_core v0.6.3
[INFO] [stderr]    Compiling filetime v0.2.16
[INFO] [stderr]    Compiling xattr v0.2.2
[INFO] [stderr]    Compiling thiserror v1.0.30
[INFO] [stderr]    Compiling solana-runtime v1.9.18
[INFO] [stderr]    Compiling caps v0.5.3
[INFO] [stderr]    Compiling servo-fontconfig-sys v5.1.0
[INFO] [stderr]    Compiling num-iter v0.1.42
[INFO] [stderr]    Compiling num-rational v0.3.2
[INFO] [stderr]    Compiling rustc-hash v1.1.0
[INFO] [stderr]    Compiling stable_deref_trait v1.2.0
[INFO] [stderr]    Compiling base32 v0.4.0
[INFO] [stderr]    Compiling aliasable v0.1.3
[INFO] [stderr]    Compiling fs_extra v1.2.0
[INFO] [stderr]    Compiling dlopen_derive v0.1.4
[INFO] [stderr]    Compiling ouroboros v0.13.0
[INFO] [stderr]    Compiling tar v0.4.38
[INFO] [stderr]    Compiling rand_chacha v0.3.1
[INFO] [stderr]    Compiling dashmap v4.0.2
[INFO] [stderr]    Compiling miniz_oxide v0.3.7
[INFO] [stderr]    Compiling deflate v0.8.6
[INFO] [stderr]    Compiling dir-diff v0.3.2
[INFO] [stderr]    Compiling tracing v0.1.34
[INFO] [stderr]    Compiling flate2 v1.0.23
[INFO] [stderr]    Compiling rpassword v5.0.1
[INFO] [stderr]    Compiling index_list v0.2.7
[INFO] [stderr]    Compiling symlink v0.1.0
[INFO] [stderr]    Compiling color_quant v1.1.0
[INFO] [stderr]    Compiling rand v0.8.5
[INFO] [stderr]    Compiling plotters-backend v0.3.2
[INFO] [stderr]    Compiling jpeg-decoder v0.1.22
[INFO] [stderr]    Compiling dlopen v0.1.8
[INFO] [stderr]    Compiling png v0.16.8
[INFO] [stderr]    Compiling number_prefix v0.4.0
[INFO] [stderr]    Compiling weezl v0.1.6
[INFO] [stderr]    Compiling utf-8 v0.7.6
[INFO] [stderr]    Compiling pathfinder_geometry v0.5.1
[INFO] [stderr]    Compiling indicatif v0.16.2
[INFO] [stderr]    Compiling servo-fontconfig v0.5.1
[INFO] [stderr]    Compiling freetype v0.7.0
[INFO] [stderr]    Compiling gif v0.11.3
[INFO] [stderr]    Compiling image v0.23.14
[INFO] [stderr]    Compiling os_str_bytes v6.0.0
[INFO] [stderr]    Compiling heck v0.4.0
[INFO] [stderr]    Compiling float-ord v0.2.0
[INFO] [stderr]    Compiling plotters-svg v0.3.1
[INFO] [stderr]    Compiling dirs-sys v0.3.7
[INFO] [stderr]    Compiling font-kit v0.10.1
[INFO] [stderr]    Compiling clap_lex v0.1.1
[INFO] [stderr]    Compiling textwrap v0.15.0
[INFO] [stderr]    Compiling clap_derive v3.1.7
[INFO] [stderr]    Compiling ttf-parser v0.12.3
[INFO] [stderr]    Compiling strsim v0.10.0
[INFO] [stderr]    Compiling dirs v3.0.2
[INFO] [stderr]    Compiling shellexpand v2.1.0
[INFO] [stderr]    Compiling pathdiff v0.2.1
[INFO] [stderr]    Compiling futures-executor v0.3.21
[INFO] [stderr]    Compiling tokio-util v0.7.1
[INFO] [stderr]    Compiling tokio-native-tls v0.3.0
[INFO] [stderr]    Compiling bzip2 v0.4.3
[INFO] [stderr]    Compiling futures v0.3.21
[INFO] [stderr]    Compiling webpki v0.22.0
[INFO] [stderr]    Compiling sct v0.7.0
[INFO] [stderr]    Compiling h2 v0.3.13
[INFO] [stderr]    Compiling webpki-roots v0.22.3
[INFO] [stderr]    Compiling plotters-bitmap v0.3.1
[INFO] [stderr]    Compiling clap v3.1.12
[INFO] [stderr]    Compiling toml v0.5.9
[INFO] [stderr]    Compiling crypto-mac v0.8.0
[INFO] [stderr]    Compiling hmac v0.8.1
[INFO] [stderr]    Compiling proc-macro-crate v0.1.5
[INFO] [stderr]    Compiling curve25519-dalek v3.2.0
[INFO] [stderr]    Compiling block-buffer v0.10.2
[INFO] [stderr]    Compiling crypto-common v0.1.3
[INFO] [stderr]    Compiling digest v0.10.3
[INFO] [stderr]    Compiling hmac-drbg v0.3.0
[INFO] [stderr]    Compiling sha3 v0.9.1
[INFO] [stderr]    Compiling bincode v1.3.3
[INFO] [stderr]    Compiling serde_bytes v0.11.5
[INFO] [stderr]    Compiling borsh-derive v0.9.3
[INFO] [stderr]    Compiling crypto-mac v0.9.1
[INFO] [stderr]    Compiling crypto-mac v0.11.1
[INFO] [stderr]    Compiling hmac v0.9.0
[INFO] [stderr]    Compiling ed25519-dalek v1.0.1
[INFO] [stderr]    Compiling chrono v0.4.19
[INFO] [stderr]    Compiling pbkdf2 v0.9.0
[INFO] [stderr]    Compiling hmac v0.11.0
[INFO] [stderr]    Compiling ed25519-dalek-bip32 v0.1.1
[INFO] [stderr]    Compiling hyper v0.14.18
[INFO] [stderr]    Compiling tokio-rustls v0.23.3
[INFO] [stderr]    Compiling serde_urlencoded v0.7.1
[INFO] [stderr]    Compiling anchor-syn v0.24.2
[INFO] [stderr]    Compiling proc-macro-crate v1.1.3
[INFO] [stderr]    Compiling pbkdf2 v0.4.0
[INFO] [stderr]    Compiling tiny-bip39 v0.8.2
[INFO] [stderr]    Compiling borsh v0.9.3
[INFO] [stderr]    Compiling serde_yaml v0.8.23
[INFO] [stderr]    Compiling num_enum_derive v0.5.7
[INFO] [stderr]    Compiling sha-1 v0.9.8
[INFO] [stderr]    Compiling jsonrpc-core v18.0.0
[INFO] [stderr]    Compiling tungstenite v0.16.0
[INFO] [stderr]    Compiling plotters v0.3.1
[INFO] [stderr]    Compiling solana-cli-config v1.9.18
[INFO] [stderr]    Compiling cargo_toml v0.9.2
[INFO] [stderr]    Compiling num_enum v0.5.7
[INFO] [stderr]    Compiling hyper-rustls v0.23.0
[INFO] [stderr]    Compiling hyper-tls v0.5.0
[INFO] [stderr]    Compiling reqwest v0.11.10
[INFO] [stderr]    Compiling anchor-attribute-access-control v0.24.2
[INFO] [stderr]    Compiling anchor-attribute-interface v0.24.2
[INFO] [stderr]    Compiling anchor-attribute-account v0.24.2
[INFO] [stderr]    Compiling anchor-attribute-constant v0.24.2
[INFO] [stderr]    Compiling anchor-derive-accounts v0.24.2
[INFO] [stderr]    Compiling anchor-attribute-state v0.24.2
[INFO] [stderr]    Compiling anchor-attribute-error v0.24.2
[INFO] [stderr]    Compiling anchor-attribute-event v0.24.2
[INFO] [stderr]    Compiling anchor-attribute-program v0.24.2
[INFO] [stderr]    Compiling spl-token v3.2.0
[INFO] [stderr]    Compiling spl-memo v3.0.1
[INFO] [stderr]    Compiling anchor-lang v0.24.2
[INFO] [stderr]    Compiling zstd v0.9.2+zstd.1.5.1
[INFO] [stderr]    Compiling spl-associated-token-account v1.0.3
[INFO] [stderr]    Compiling solana-measure v1.9.18
[INFO] [stderr]    Compiling solana-metrics v1.9.18
[INFO] [stderr]    Compiling solana-remote-wallet v1.9.18
[INFO] [stderr]    Compiling solana-bucket-map v1.9.18
[INFO] [stderr]    Compiling solana-net-utils v1.9.18
[INFO] [stderr]    Compiling solana-config-program v1.9.18
[INFO] [stderr]    Compiling solana-compute-budget-program v1.9.18
[INFO] [stderr]    Compiling solana-account-decoder v1.9.18
[INFO] [stderr]    Compiling solana-clap-utils v1.9.18
[INFO] [stderr]    Compiling solana-faucet v1.9.18
[INFO] [stderr]    Compiling solana-transaction-status v1.9.18
[INFO] [stderr]    Compiling solana-client v1.9.18
[INFO] [stderr]    Compiling anchor-client v0.24.2
[INFO] [stderr]    Compiling anchor-viz v0.24.2 (/opt/rustwide/workdir)
[INFO] [stderr]     Finished `dev` profile [unoptimized + debuginfo] target(s) in 2m 15s
[INFO] [stderr] warning: the following packages contain code that will be rejected by a future version of Rust: fs_extra v1.2.0, wasm-bindgen v0.2.80
[INFO] [stderr] note: to see what the problems were, use the option `--future-incompat-report`, or run `cargo report future-incompatibilities --id 1`
[INFO] running `Command { std: "docker" "inspect" "6dad866731445d833fb91330fc81b01043828a0b565d2cca505acaed0098bbdf", kill_on_drop: false }`
[INFO] running `Command { std: "docker" "rm" "-f" "6dad866731445d833fb91330fc81b01043828a0b565d2cca505acaed0098bbdf", kill_on_drop: false }`
[INFO] [stdout] 6dad866731445d833fb91330fc81b01043828a0b565d2cca505acaed0098bbdf
[INFO] running `Command { std: "docker" "create" "-v" "/var/lib/crater-agent-workspace/builds/worker-1-tc1/target:/opt/rustwide/target:rw,Z" "-v" "/var/lib/crater-agent-workspace/builds/worker-1-tc1/source:/opt/rustwide/workdir:ro,Z" "-v" "/var/lib/crater-agent-workspace/cargo-home:/opt/rustwide/cargo-home:ro,Z" "-v" "/var/lib/crater-agent-workspace/rustup-home:/opt/rustwide/rustup-home:ro,Z" "-e" "SOURCE_DIR=/opt/rustwide/workdir" "-e" "CARGO_TARGET_DIR=/opt/rustwide/target" "-e" "CARGO_INCREMENTAL=0" "-e" "RUST_BACKTRACE=full" "-e" "RUSTFLAGS=--cap-lints=warn" "-e" "RUSTDOCFLAGS=--cap-lints=warn" "-e" "CARGO_HOME=/opt/rustwide/cargo-home" "-e" "RUSTUP_HOME=/opt/rustwide/rustup-home" "-w" "/opt/rustwide/workdir" "-m" "1610612736" "--user" "0:0" "--network" "none" "ghcr.io/rust-lang/crates-build-env/linux@sha256:f3a9d4ad9d972b27faf3965f35b62e55ba32bbce8f20bc8fe909558a86702fde" "/opt/rustwide/cargo-home/bin/cargo" "+1.83.0" "test" "--frozen" "--no-run" "--message-format=json", kill_on_drop: false }`
[INFO] [stdout] 3ba58273a5c0a8f9e9a7b7e287fff292fbec1cd739ee1c9d74ec1d3b5231eba5
[INFO] running `Command { std: "docker" "start" "-a" "3ba58273a5c0a8f9e9a7b7e287fff292fbec1cd739ee1c9d74ec1d3b5231eba5", kill_on_drop: false }`
[INFO] [stderr]    Compiling anchor-viz v0.24.2 (/opt/rustwide/workdir)
[INFO] [stderr]     Finished `test` profile [unoptimized + debuginfo] target(s) in 5.04s
[INFO] [stderr] warning: the following packages contain code that will be rejected by a future version of Rust: fs_extra v1.2.0, wasm-bindgen v0.2.80
[INFO] [stderr] note: to see what the problems were, use the option `--future-incompat-report`, or run `cargo report future-incompatibilities --id 1`
[INFO] running `Command { std: "docker" "inspect" "3ba58273a5c0a8f9e9a7b7e287fff292fbec1cd739ee1c9d74ec1d3b5231eba5", kill_on_drop: false }`
[INFO] running `Command { std: "docker" "rm" "-f" "3ba58273a5c0a8f9e9a7b7e287fff292fbec1cd739ee1c9d74ec1d3b5231eba5", kill_on_drop: false }`
[INFO] [stdout] 3ba58273a5c0a8f9e9a7b7e287fff292fbec1cd739ee1c9d74ec1d3b5231eba5
[INFO] running `Command { std: "docker" "create" "-v" "/var/lib/crater-agent-workspace/builds/worker-1-tc1/target:/opt/rustwide/target:rw,Z" "-v" "/var/lib/crater-agent-workspace/builds/worker-1-tc1/source:/opt/rustwide/workdir:ro,Z" "-v" "/var/lib/crater-agent-workspace/cargo-home:/opt/rustwide/cargo-home:ro,Z" "-v" "/var/lib/crater-agent-workspace/rustup-home:/opt/rustwide/rustup-home:ro,Z" "-e" "SOURCE_DIR=/opt/rustwide/workdir" "-e" "CARGO_TARGET_DIR=/opt/rustwide/target" "-e" "CARGO_INCREMENTAL=0" "-e" "RUST_BACKTRACE=full" "-e" "RUSTFLAGS=--cap-lints=warn" "-e" "RUSTDOCFLAGS=--cap-lints=warn" "-e" "CARGO_HOME=/opt/rustwide/cargo-home" "-e" "RUSTUP_HOME=/opt/rustwide/rustup-home" "-w" "/opt/rustwide/workdir" "-m" "1610612736" "--user" "0:0" "--network" "none" "ghcr.io/rust-lang/crates-build-env/linux@sha256:f3a9d4ad9d972b27faf3965f35b62e55ba32bbce8f20bc8fe909558a86702fde" "/opt/rustwide/cargo-home/bin/cargo" "+1.83.0" "test" "--frozen", kill_on_drop: false }`
[INFO] [stdout] 5a9c50db4c38039cd06c58b0ce287e92a925ce6a8570e4f609d56928eb3fb1c3
[INFO] running `Command { std: "docker" "start" "-a" "5a9c50db4c38039cd06c58b0ce287e92a925ce6a8570e4f609d56928eb3fb1c3", kill_on_drop: false }`
[INFO] [stderr]     Finished `test` profile [unoptimized + debuginfo] target(s) in 0.44s
[INFO] [stderr] warning: the following packages contain code that will be rejected by a future version of Rust: fs_extra v1.2.0, wasm-bindgen v0.2.80
[INFO] [stderr] note: to see what the problems were, use the option `--future-incompat-report`, or run `cargo report future-incompatibilities --id 1`
[INFO] [stderr]      Running unittests src/main.rs (/opt/rustwide/target/debug/deps/anchor_viz-a331b1dec45a7433)
[INFO] [stdout] 
[INFO] [stdout] running 2 tests
[INFO] [stdout] test test_1 ... FAILED
[INFO] [stdout] test test_0 ... FAILED
[INFO] [stdout] 
[INFO] [stdout] failures:
[INFO] [stdout] 
[INFO] [stdout] ---- test_1 stdout ----
[INFO] [stdout] thread 'test_1' panicked at src/viz.rs:144:17:
[INFO] [stdout] 
[INFO] [stdout] 
[INFO] [stdout] 
[INFO] [stdout] 
[INFO] [stdout] No program named test_1/programs/test_1.
[INFO] [stdout] cd into your program's directory or try anchorviz -p PROGRAM again
[INFO] [stdout] 
[INFO] [stdout] 
[INFO] [stdout] 
[INFO] [stdout] 
[INFO] [stdout] stack backtrace:
[INFO] [stdout]    0:     0x58342ce5ef4a - std::backtrace_rs::backtrace::libunwind::trace::h5a5b8284f2d0c266
[INFO] [stdout]                                at /rustc/90b35a6239c3d8bdabc530a6a0816f7ff89a0aaf/library/std/src/../../backtrace/src/backtrace/libunwind.rs:116:5
[INFO] [stdout]    1:     0x58342ce5ef4a - std::backtrace_rs::backtrace::trace_unsynchronized::h76d4f1c9b0b875e3
[INFO] [stdout]                                at /rustc/90b35a6239c3d8bdabc530a6a0816f7ff89a0aaf/library/std/src/../../backtrace/src/backtrace/mod.rs:66:5
[INFO] [stdout]    2:     0x58342ce5ef4a - std::sys::backtrace::_print_fmt::hc4546b8364a537c6
[INFO] [stdout]                                at /rustc/90b35a6239c3d8bdabc530a6a0816f7ff89a0aaf/library/std/src/sys/backtrace.rs:66:9
[INFO] [stdout]    3:     0x58342ce5ef4a - <std::sys::backtrace::BacktraceLock::print::DisplayBacktrace as core::fmt::Display>::fmt::h5b6bd5631a6d1f6b
[INFO] [stdout]                                at /rustc/90b35a6239c3d8bdabc530a6a0816f7ff89a0aaf/library/std/src/sys/backtrace.rs:39:26
[INFO] [stdout]    4:     0x58342ce868d3 - core::fmt::rt::Argument::fmt::h270f6602a2b96f62
[INFO] [stdout]                                at /rustc/90b35a6239c3d8bdabc530a6a0816f7ff89a0aaf/library/core/src/fmt/rt.rs:177:76
[INFO] [stdout]    5:     0x58342ce868d3 - core::fmt::write::h7550c97b06c86515
[INFO] [stdout]                                at /rustc/90b35a6239c3d8bdabc530a6a0816f7ff89a0aaf/library/core/src/fmt/mod.rs:1186:21
[INFO] [stdout]    6:     0x58342ce5bcd3 - std::io::Write::write_fmt::h509ff860e5956e5e
[INFO] [stdout]                                at /rustc/90b35a6239c3d8bdabc530a6a0816f7ff89a0aaf/library/std/src/io/mod.rs:1839:15
[INFO] [stdout]    7:     0x58342ce5ed92 - std::sys::backtrace::BacktraceLock::print::h2395ccd2c84ba3aa
[INFO] [stdout]                                at /rustc/90b35a6239c3d8bdabc530a6a0816f7ff89a0aaf/library/std/src/sys/backtrace.rs:42:9
[INFO] [stdout]    8:     0x58342ce603aa - std::panicking::default_hook::{{closure}}::he19d4c7230e07961
[INFO] [stdout]                                at /rustc/90b35a6239c3d8bdabc530a6a0816f7ff89a0aaf/library/std/src/panicking.rs:268:22
[INFO] [stdout]    9:     0x58342ce601b4 - std::panicking::default_hook::hf614597d3c67bbdb
[INFO] [stdout]                                at /rustc/90b35a6239c3d8bdabc530a6a0816f7ff89a0aaf/library/std/src/panicking.rs:292:9
[INFO] [stdout]   10:     0x58342cb280e9 - <alloc::boxed::Box<F,A> as core::ops::function::Fn<Args>>::call::h39b51ce4599c23d1
[INFO] [stdout]                                at /rustc/90b35a6239c3d8bdabc530a6a0816f7ff89a0aaf/library/alloc/src/boxed.rs:2468:9
[INFO] [stdout]   11:     0x58342cb280e9 - test::test_main::{{closure}}::he977ae839a582784
[INFO] [stdout]                                at /rustc/90b35a6239c3d8bdabc530a6a0816f7ff89a0aaf/library/test/src/lib.rs:133:21
[INFO] [stdout]   12:     0x58342ce60a48 - <alloc::boxed::Box<F,A> as core::ops::function::Fn<Args>>::call::h9455091b6b06f9fb
[INFO] [stdout]                                at /rustc/90b35a6239c3d8bdabc530a6a0816f7ff89a0aaf/library/alloc/src/boxed.rs:2468:9
[INFO] [stdout]   13:     0x58342ce60a48 - std::panicking::rust_panic_with_hook::h8942133a8b252070
[INFO] [stdout]                                at /rustc/90b35a6239c3d8bdabc530a6a0816f7ff89a0aaf/library/std/src/panicking.rs:809:13
[INFO] [stdout]   14:     0x58342ce6080a - std::panicking::begin_panic_handler::{{closure}}::hb5f5963570096b29
[INFO] [stdout]                                at /rustc/90b35a6239c3d8bdabc530a6a0816f7ff89a0aaf/library/std/src/panicking.rs:674:13
[INFO] [stdout]   15:     0x58342ce5f429 - std::sys::backtrace::__rust_end_short_backtrace::h6208cedc1922feda
[INFO] [stdout]                                at /rustc/90b35a6239c3d8bdabc530a6a0816f7ff89a0aaf/library/std/src/sys/backtrace.rs:170:18
[INFO] [stdout]   16:     0x58342ce6049c - rust_begin_unwind
[INFO] [stdout]                                at /rustc/90b35a6239c3d8bdabc530a6a0816f7ff89a0aaf/library/std/src/panicking.rs:665:5
[INFO] [stdout]   17:     0x58342c8bce00 - core::panicking::panic_fmt::h0c3082644d1bf418
[INFO] [stdout]                                at /rustc/90b35a6239c3d8bdabc530a6a0816f7ff89a0aaf/library/core/src/panicking.rs:74:14
[INFO] [stdout]   18:     0x58342c8cd842 - anchor_viz::viz::visual::he4b7c8f8e8317586
[INFO] [stdout]                                at /opt/rustwide/workdir/src/viz.rs:144:17
[INFO] [stdout]   19:     0x58342c8f3377 - anchor_viz::test_1::h8e04520747a00a3f
[INFO] [stdout]                                at /opt/rustwide/workdir/src/main.rs:38:5
[INFO] [stdout]   20:     0x58342c8f3317 - anchor_viz::test_1::{{closure}}::h6e5cb929534e3718
[INFO] [stdout]                                at /opt/rustwide/workdir/src/main.rs:37:12
[INFO] [stdout]   21:     0x58342c9053b6 - core::ops::function::FnOnce::call_once::h4a6eef01c0b1e93d
[INFO] [stdout]                                at /rustc/90b35a6239c3d8bdabc530a6a0816f7ff89a0aaf/library/core/src/ops/function.rs:250:5
[INFO] [stdout]   22:     0x58342cb2caab - core::ops::function::FnOnce::call_once::h109cf8051a59b34e
[INFO] [stdout]                                at /rustc/90b35a6239c3d8bdabc530a6a0816f7ff89a0aaf/library/core/src/ops/function.rs:250:5
[INFO] [stdout]   23:     0x58342cb2caab - test::__rust_begin_short_backtrace::hf4fff89d377446ba
[INFO] [stdout]                                at /rustc/90b35a6239c3d8bdabc530a6a0816f7ff89a0aaf/library/test/src/lib.rs:621:18
[INFO] [stdout]   24:     0x58342cb2c2e7 - test::run_test_in_process::{{closure}}::h0e39181dd7ee5a43
[INFO] [stdout]                                at /rustc/90b35a6239c3d8bdabc530a6a0816f7ff89a0aaf/library/test/src/lib.rs:644:60
[INFO] [stdout]   25:     0x58342cb2c2e7 - <core::panic::unwind_safe::AssertUnwindSafe<F> as core::ops::function::FnOnce<()>>::call_once::hc5a66a30f0bdfd1f
[INFO] [stdout]                                at /rustc/90b35a6239c3d8bdabc530a6a0816f7ff89a0aaf/library/core/src/panic/unwind_safe.rs:272:9
[INFO] [stdout]   26:     0x58342cb2c2e7 - std::panicking::try::do_call::h873b7cf639554a5e
[INFO] [stdout]                                at /rustc/90b35a6239c3d8bdabc530a6a0816f7ff89a0aaf/library/std/src/panicking.rs:557:40
[INFO] [stdout]   27:     0x58342cb2c2e7 - std::panicking::try::hdb19862fad9c8bd1
[INFO] [stdout]                                at /rustc/90b35a6239c3d8bdabc530a6a0816f7ff89a0aaf/library/std/src/panicking.rs:520:19
[INFO] [stdout]   28:     0x58342cb2c2e7 - std::panic::catch_unwind::h281fe732d236d260
[INFO] [stdout]                                at /rustc/90b35a6239c3d8bdabc530a6a0816f7ff89a0aaf/library/std/src/panic.rs:358:14
[INFO] [stdout]   29:     0x58342cb2c2e7 - test::run_test_in_process::h949b6df8457ed338
[INFO] [stdout]                                at /rustc/90b35a6239c3d8bdabc530a6a0816f7ff89a0aaf/library/test/src/lib.rs:644:27
[INFO] [stdout]   30:     0x58342cb2c2e7 - test::run_test::{{closure}}::h52c556a6d4740e10
[INFO] [stdout]                                at /rustc/90b35a6239c3d8bdabc530a6a0816f7ff89a0aaf/library/test/src/lib.rs:565:43
[INFO] [stdout]   31:     0x58342caf15c4 - test::run_test::{{closure}}::h4237f6381c45ccb9
[INFO] [stdout]                                at /rustc/90b35a6239c3d8bdabc530a6a0816f7ff89a0aaf/library/test/src/lib.rs:595:41
[INFO] [stdout]   32:     0x58342caf15c4 - std::sys::backtrace::__rust_begin_short_backtrace::h505c97a579eca628
[INFO] [stdout]                                at /rustc/90b35a6239c3d8bdabc530a6a0816f7ff89a0aaf/library/std/src/sys/backtrace.rs:154:18
[INFO] [stdout]   33:     0x58342caf4c8e - std::thread::Builder::spawn_unchecked_::{{closure}}::{{closure}}::h9e86b2e2bc107ea3
[INFO] [stdout]                                at /rustc/90b35a6239c3d8bdabc530a6a0816f7ff89a0aaf/library/std/src/thread/mod.rs:538:17
[INFO] [stdout]   34:     0x58342caf4c8e - <core::panic::unwind_safe::AssertUnwindSafe<F> as core::ops::function::FnOnce<()>>::call_once::h8b06ddb275ff4a25
[INFO] [stdout]                                at /rustc/90b35a6239c3d8bdabc530a6a0816f7ff89a0aaf/library/core/src/panic/unwind_safe.rs:272:9
[INFO] [stdout]   35:     0x58342caf4c8e - std::panicking::try::do_call::hb26ecd7cd9a9355d
[INFO] [stdout]                                at /rustc/90b35a6239c3d8bdabc530a6a0816f7ff89a0aaf/library/std/src/panicking.rs:557:40
[INFO] [stdout]   36:     0x58342caf4c8e - std::panicking::try::h8ddeca9d705f9069
[INFO] [stdout]                                at /rustc/90b35a6239c3d8bdabc530a6a0816f7ff89a0aaf/library/std/src/panicking.rs:520:19
[INFO] [stdout]   37:     0x58342caf4c8e - std::panic::catch_unwind::h49e1c33078844c46
[INFO] [stdout]                                at /rustc/90b35a6239c3d8bdabc530a6a0816f7ff89a0aaf/library/std/src/panic.rs:358:14
[INFO] [stdout]   38:     0x58342caf4c8e - std::thread::Builder::spawn_unchecked_::{{closure}}::h6073db6ff56ad35d
[INFO] [stdout]                                at /rustc/90b35a6239c3d8bdabc530a6a0816f7ff89a0aaf/library/std/src/thread/mod.rs:537:30
[INFO] [stdout]   39:     0x58342caf4c8e - core::ops::function::FnOnce::call_once{{vtable.shim}}::h2c5a5f3779c774f1
[INFO] [stdout]                                at /rustc/90b35a6239c3d8bdabc530a6a0816f7ff89a0aaf/library/core/src/ops/function.rs:250:5
[INFO] [stdout]   40:     0x58342ce64d6b - <alloc::boxed::Box<F,A> as core::ops::function::FnOnce<Args>>::call_once::hf75717d9f28faebf
[INFO] [stdout]                                at /rustc/90b35a6239c3d8bdabc530a6a0816f7ff89a0aaf/library/alloc/src/boxed.rs:2454:9
[INFO] [stdout]   41:     0x58342ce64d6b - <alloc::boxed::Box<F,A> as core::ops::function::FnOnce<Args>>::call_once::h7bd883a5f3c5f3c1
[INFO] [stdout]                                at /rustc/90b35a6239c3d8bdabc530a6a0816f7ff89a0aaf/library/alloc/src/boxed.rs:2454:9
[INFO] [stdout]   42:     0x58342ce64d6b - std::sys::pal::unix::thread::Thread::new::thread_start::hcc78f3943333fa94
[INFO] [stdout]                                at /rustc/90b35a6239c3d8bdabc530a6a0816f7ff89a0aaf/library/std/src/sys/pal/unix/thread.rs:105:17
[INFO] [stdout]   43:     0x75fedd090ac3 - <unknown>
[INFO] [stdout]   44:     0x75fedd121a04 - clone
[INFO] [stdout]   45:                0x0 - <unknown>
[INFO] [stdout] 
[INFO] [stdout] ---- test_0 stdout ----
[INFO] [stdout] thread 'test_0' panicked at src/viz.rs:144:17:
[INFO] [stdout] 
[INFO] [stdout] 
[INFO] [stdout] 
[INFO] [stdout] 
[INFO] [stdout] No program named test_0/programs/test_0.
[INFO] [stdout] cd into your program's directory or try anchorviz -p PROGRAM again
[INFO] [stdout] 
[INFO] [stdout] 
[INFO] [stdout] 
[INFO] [stdout] 
[INFO] [stdout] stack backtrace:
[INFO] [stdout]    0:     0x58342ce5ef4a - std::backtrace_rs::backtrace::libunwind::trace::h5a5b8284f2d0c266
[INFO] [stdout]                                at /rustc/90b35a6239c3d8bdabc530a6a0816f7ff89a0aaf/library/std/src/../../backtrace/src/backtrace/libunwind.rs:116:5
[INFO] [stdout]    1:     0x58342ce5ef4a - std::backtrace_rs::backtrace::trace_unsynchronized::h76d4f1c9b0b875e3
[INFO] [stdout]                                at /rustc/90b35a6239c3d8bdabc530a6a0816f7ff89a0aaf/library/std/src/../../backtrace/src/backtrace/mod.rs:66:5
[INFO] [stdout]    2:     0x58342ce5ef4a - std::sys::backtrace::_print_fmt::hc4546b8364a537c6
[INFO] [stdout]                                at /rustc/90b35a6239c3d8bdabc530a6a0816f7ff89a0aaf/library/std/src/sys/backtrace.rs:66:9
[INFO] [stdout]    3:     0x58342ce5ef4a - <std::sys::backtrace::BacktraceLock::print::DisplayBacktrace as core::fmt::Display>::fmt::h5b6bd5631a6d1f6b
[INFO] [stdout]                                at /rustc/90b35a6239c3d8bdabc530a6a0816f7ff89a0aaf/library/std/src/sys/backtrace.rs:39:26
[INFO] [stdout]    4:     0x58342ce868d3 - core::fmt::rt::Argument::fmt::h270f6602a2b96f62
[INFO] [stdout]                                at /rustc/90b35a6239c3d8bdabc530a6a0816f7ff89a0aaf/library/core/src/fmt/rt.rs:177:76
[INFO] [stdout]    5:     0x58342ce868d3 - core::fmt::write::h7550c97b06c86515
[INFO] [stdout]                                at /rustc/90b35a6239c3d8bdabc530a6a0816f7ff89a0aaf/library/core/src/fmt/mod.rs:1186:21
[INFO] [stdout]    6:     0x58342ce5bcd3 - std::io::Write::write_fmt::h509ff860e5956e5e
[INFO] [stdout]                                at /rustc/90b35a6239c3d8bdabc530a6a0816f7ff89a0aaf/library/std/src/io/mod.rs:1839:15
[INFO] [stdout]    7:     0x58342ce5ed92 - std::sys::backtrace::BacktraceLock::print::h2395ccd2c84ba3aa
[INFO] [stdout]                                at /rustc/90b35a6239c3d8bdabc530a6a0816f7ff89a0aaf/library/std/src/sys/backtrace.rs:42:9
[INFO] [stdout]    8:     0x58342ce603aa - std::panicking::default_hook::{{closure}}::he19d4c7230e07961
[INFO] [stdout]                                at /rustc/90b35a6239c3d8bdabc530a6a0816f7ff89a0aaf/library/std/src/panicking.rs:268:22
[INFO] [stdout]    9:     0x58342ce601b4 - std::panicking::default_hook::hf614597d3c67bbdb
[INFO] [stdout]                                at /rustc/90b35a6239c3d8bdabc530a6a0816f7ff89a0aaf/library/std/src/panicking.rs:292:9
[INFO] [stdout]   10:     0x58342cb280e9 - <alloc::boxed::Box<F,A> as core::ops::function::Fn<Args>>::call::h39b51ce4599c23d1
[INFO] [stdout]                                at /rustc/90b35a6239c3d8bdabc530a6a0816f7ff89a0aaf/library/alloc/src/boxed.rs:2468:9
[INFO] [stdout]   11:     0x58342cb280e9 - test::test_main::{{closure}}::he977ae839a582784
[INFO] [stdout]                                at /rustc/90b35a6239c3d8bdabc530a6a0816f7ff89a0aaf/library/test/src/lib.rs:133:21
[INFO] [stdout]   12:     0x58342ce60a48 - <alloc::boxed::Box<F,A> as core::ops::function::Fn<Args>>::call::h9455091b6b06f9fb
[INFO] [stdout]                                at /rustc/90b35a6239c3d8bdabc530a6a0816f7ff89a0aaf/library/alloc/src/boxed.rs:2468:9
[INFO] [stdout]   13:     0x58342ce60a48 - std::panicking::rust_panic_with_hook::h8942133a8b252070
[INFO] [stdout]                                at /rustc/90b35a6239c3d8bdabc530a6a0816f7ff89a0aaf/library/std/src/panicking.rs:809:13
[INFO] [stdout]   14:     0x58342ce6080a - std::panicking::begin_panic_handler::{{closure}}::hb5f5963570096b29
[INFO] [stdout]                                at /rustc/90b35a6239c3d8bdabc530a6a0816f7ff89a0aaf/library/std/src/panicking.rs:674:13
[INFO] [stdout]   15:     0x58342ce5f429 - std::sys::backtrace::__rust_end_short_backtrace::h6208cedc1922feda
[INFO] [stdout]                                at /rustc/90b35a6239c3d8bdabc530a6a0816f7ff89a0aaf/library/std/src/sys/backtrace.rs:170:18
[INFO] [stdout]   16:     0x58342ce6049c - rust_begin_unwind
[INFO] [stdout]                                at /rustc/90b35a6239c3d8bdabc530a6a0816f7ff89a0aaf/library/std/src/panicking.rs:665:5
[INFO] [stdout]   17:     0x58342c8bce00 - core::panicking::panic_fmt::h0c3082644d1bf418
[INFO] [stdout]                                at /rustc/90b35a6239c3d8bdabc530a6a0816f7ff89a0aaf/library/core/src/panicking.rs:74:14
[INFO] [stdout]   18:     0x58342c8cd842 - anchor_viz::viz::visual::he4b7c8f8e8317586
[INFO] [stdout]                                at /opt/rustwide/workdir/src/viz.rs:144:17
[INFO] [stdout]   19:     0x58342c8f3277 - anchor_viz::test_0::h10ec2b3350206845
[INFO] [stdout]                                at /opt/rustwide/workdir/src/main.rs:33:5
[INFO] [stdout]   20:     0x58342c8f3217 - anchor_viz::test_0::{{closure}}::hef60bc79a14b8688
[INFO] [stdout]                                at /opt/rustwide/workdir/src/main.rs:32:12
[INFO] [stdout]   21:     0x58342c9053f6 - core::ops::function::FnOnce::call_once::h79e3a51274c19cd3
[INFO] [stdout]                                at /rustc/90b35a6239c3d8bdabc530a6a0816f7ff89a0aaf/library/core/src/ops/function.rs:250:5
[INFO] [stdout]   22:     0x58342cb2caab - core::ops::function::FnOnce::call_once::h109cf8051a59b34e
[INFO] [stdout]                                at /rustc/90b35a6239c3d8bdabc530a6a0816f7ff89a0aaf/library/core/src/ops/function.rs:250:5
[INFO] [stdout]   23:     0x58342cb2caab - test::__rust_begin_short_backtrace::hf4fff89d377446ba
[INFO] [stdout]                                at /rustc/90b35a6239c3d8bdabc530a6a0816f7ff89a0aaf/library/test/src/lib.rs:621:18
[INFO] [stdout]   24:     0x58342cb2c2e7 - test::run_test_in_process::{{closure}}::h0e39181dd7ee5a43
[INFO] [stdout]                                at /rustc/90b35a6239c3d8bdabc530a6a0816f7ff89a0aaf/library/test/src/lib.rs:644:60
[INFO] [stdout]   25:     0x58342cb2c2e7 - <core::panic::unwind_safe::AssertUnwindSafe<F> as core::ops::function::FnOnce<()>>::call_once::hc5a66a30f0bdfd1f
[INFO] [stdout]                                at /rustc/90b35a6239c3d8bdabc530a6a0816f7ff89a0aaf/library/core/src/panic/unwind_safe.rs:272:9
[INFO] [stdout]   26:     0x58342cb2c2e7 - std::panicking::try::do_call::h873b7cf639554a5e
[INFO] [stdout]                                at /rustc/90b35a6239c3d8bdabc530a6a0816f7ff89a0aaf/library/std/src/panicking.rs:557:40
[INFO] [stdout]   27:     0x58342cb2c2e7 - std::panicking::try::hdb19862fad9c8bd1
[INFO] [stdout]                                at /rustc/90b35a6239c3d8bdabc530a6a0816f7ff89a0aaf/library/std/src/panicking.rs:520:19
[INFO] [stdout]   28:     0x58342cb2c2e7 - std::panic::catch_unwind::h281fe732d236d260
[INFO] [stdout]                                at /rustc/90b35a6239c3d8bdabc530a6a0816f7ff89a0aaf/library/std/src/panic.rs:358:14
[INFO] [stdout]   29:     0x58342cb2c2e7 - test::run_test_in_process::h949b6df8457ed338
[INFO] [stdout]                                at /rustc/90b35a6239c3d8bdabc530a6a0816f7ff89a0aaf/library/test/src/lib.rs:644:27
[INFO] [stdout]   30:     0x58342cb2c2e7 - test::run_test::{{closure}}::h52c556a6d4740e10
[INFO] [stdout]                                at /rustc/90b35a6239c3d8bdabc530a6a0816f7ff89a0aaf/library/test/src/lib.rs:565:43
[INFO] [stdout]   31:     0x58342caf15c4 - test::run_test::{{closure}}::h4237f6381c45ccb9
[INFO] [stdout]                                at /rustc/90b35a6239c3d8bdabc530a6a0816f7ff89a0aaf/library/test/src/lib.rs:595:41
[INFO] [stdout]   32:     0x58342caf15c4 - std::sys::backtrace::__rust_begin_short_backtrace::h505c97a579eca628
[INFO] [stdout]                                at /rustc/90b35a6239c3d8bdabc530a6a0816f7ff89a0aaf/library/std/src/sys/backtrace.rs:154:18
[INFO] [stdout]   33:     0x58342caf4c8e - std::thread::Builder::spawn_unchecked_::{{closure}}::{{closure}}::h9e86b2e2bc107ea3
[INFO] [stdout]                                at /rustc/90b35a6239c3d8bdabc530a6a0816f7ff89a0aaf/library/std/src/thread/mod.rs:538:17
[INFO] [stdout]   34:     0x58342caf4c8e - <core::panic::unwind_safe::AssertUnwindSafe<F> as core::ops::function::FnOnce<()>>::call_once::h8b06ddb275ff4a25
[INFO] [stdout]                                at /rustc/90b35a6239c3d8bdabc530a6a0816f7ff89a0aaf/library/core/src/panic/unwind_safe.rs:272:9
[INFO] [stdout]   35:     0x58342caf4c8e - std::panicking::try::do_call::hb26ecd7cd9a9355d
[INFO] [stdout]                                at /rustc/90b35a6239c3d8bdabc530a6a0816f7ff89a0aaf/library/std/src/panicking.rs:557:40
[INFO] [stdout]   36:     0x58342caf4c8e - std::panicking::try::h8ddeca9d705f9069
[INFO] [stdout]                                at /rustc/90b35a6239c3d8bdabc530a6a0816f7ff89a0aaf/library/std/src/panicking.rs:520:19
[INFO] [stdout]   37:     0x58342caf4c8e - std::panic::catch_unwind::h49e1c33078844c46
[INFO] [stdout]                                at /rustc/90b35a6239c3d8bdabc530a6a0816f7ff89a0aaf/library/std/src/panic.rs:358:14
[INFO] [stdout]   38:     0x58342caf4c8e - std::thread::Builder::spawn_unchecked_::{{closure}}::h6073db6ff56ad35d
[INFO] [stdout]                                at /rustc/90b35a6239c3d8bdabc530a6a0816f7ff89a0aaf/library/std/src/thread/mod.rs:537:30
[INFO] [stdout]   39:     0x58342caf4c8e - core::ops::function::FnOnce::call_once{{vtable.shim}}::h2c5a5f3779c774f1
[INFO] [stdout]                                at /rustc/90b35a6239c3d8bdabc530a6a0816f7ff89a0aaf/library/core/src/ops/function.rs:250:5
[INFO] [stdout]   40:     0x58342ce64d6b - <alloc::boxed::Box<F,A> as core::ops::function::FnOnce<Args>>::call_once::hf75717d9f28faebf
[INFO] [stdout]                                at /rustc/90b35a6239c3d8bdabc530a6a0816f7ff89a0aaf/library/alloc/src/boxed.rs:2454:9
[INFO] [stdout]   41:     0x58342ce64d6b - <alloc::boxed::Box<F,A> as core::ops::function::FnOnce<Args>>::call_once::h7bd883a5f3c5f3c1
[INFO] [stdout]                                at /rustc/90b35a6239c3d8bdabc530a6a0816f7ff89a0aaf/library/alloc/src/boxed.rs:2454:9
[INFO] [stdout]   42:     0x58342ce64d6b - std::sys::pal::unix::thread::Thread::new::thread_start::hcc78f3943333fa94
[INFO] [stdout]                                at /rustc/90b35a6239c3d8bdabc530a6a0816f7ff89a0aaf/library/std/src/sys/pal/unix/thread.rs:105:17
[INFO] [stdout]   43:     0x75fedd090ac3 - <unknown>
[INFO] [stdout]   44:     0x75fedd121a04 - clone
[INFO] [stdout]   45:                0x0 - <unknown>
[INFO] [stdout] 
[INFO] [stdout] 
[INFO] [stdout] failures:
[INFO] [stdout]     test_0
[INFO] [stdout]     test_1
[INFO] [stdout] 
[INFO] [stdout] test result: FAILED. 0 passed; 2 failed; 0 ignored; 0 measured; 0 filtered out; finished in 0.05s
[INFO] [stdout] 
[INFO] [stderr] error: test failed, to rerun pass `--bin anchor-viz`
[INFO] running `Command { std: "docker" "inspect" "5a9c50db4c38039cd06c58b0ce287e92a925ce6a8570e4f609d56928eb3fb1c3", kill_on_drop: false }`
[INFO] running `Command { std: "docker" "rm" "-f" "5a9c50db4c38039cd06c58b0ce287e92a925ce6a8570e4f609d56928eb3fb1c3", kill_on_drop: false }`
[INFO] [stdout] 5a9c50db4c38039cd06c58b0ce287e92a925ce6a8570e4f609d56928eb3fb1c3
