[INFO] fetching crate amandine 0.1.2...
[INFO] testing amandine-0.1.2 against 1.83.0 for beta-1.84.0-4-retry
[INFO] extracting crate amandine 0.1.2 into /workspace/builds/worker-4-tc1/source
[INFO] validating manifest of crates.io crate amandine 0.1.2 on toolchain 1.83.0
[INFO] running `Command { std: CARGO_HOME="/workspace/cargo-home" RUSTUP_HOME="/workspace/rustup-home" "/workspace/cargo-home/bin/cargo" "+1.83.0" "metadata" "--manifest-path" "Cargo.toml" "--no-deps", kill_on_drop: false }`
[INFO] started tweaking crates.io crate amandine 0.1.2
[INFO] finished tweaking crates.io crate amandine 0.1.2
[INFO] tweaked toml for crates.io crate amandine 0.1.2 written to /workspace/builds/worker-4-tc1/source/Cargo.toml
[INFO] running `Command { std: CARGO_HOME="/workspace/cargo-home" RUSTUP_HOME="/workspace/rustup-home" "/workspace/cargo-home/bin/cargo" "+1.83.0" "generate-lockfile" "--manifest-path" "Cargo.toml", kill_on_drop: false }`
[INFO] [stderr]     Updating crates.io index
[INFO] [stderr]      Locking 29 packages to latest compatible versions
[INFO] running `Command { std: CARGO_HOME="/workspace/cargo-home" RUSTUP_HOME="/workspace/rustup-home" "/workspace/cargo-home/bin/cargo" "+1.83.0" "fetch" "--manifest-path" "Cargo.toml", kill_on_drop: false }`
[INFO] running `Command { std: "docker" "create" "-v" "/var/lib/crater-agent-workspace/builds/worker-4-tc1/target:/opt/rustwide/target:rw,Z" "-v" "/var/lib/crater-agent-workspace/builds/worker-4-tc1/source:/opt/rustwide/workdir:ro,Z" "-v" "/var/lib/crater-agent-workspace/cargo-home:/opt/rustwide/cargo-home:ro,Z" "-v" "/var/lib/crater-agent-workspace/rustup-home:/opt/rustwide/rustup-home:ro,Z" "-e" "SOURCE_DIR=/opt/rustwide/workdir" "-e" "CARGO_TARGET_DIR=/opt/rustwide/target" "-e" "CARGO_HOME=/opt/rustwide/cargo-home" "-e" "RUSTUP_HOME=/opt/rustwide/rustup-home" "-w" "/opt/rustwide/workdir" "-m" "1610612736" "--user" "0:0" "--network" "none" "ghcr.io/rust-lang/crates-build-env/linux@sha256:f3a9d4ad9d972b27faf3965f35b62e55ba32bbce8f20bc8fe909558a86702fde" "/opt/rustwide/cargo-home/bin/cargo" "+1.83.0" "metadata" "--no-deps" "--format-version=1", kill_on_drop: false }`
[INFO] [stdout] 1305e6bf8c331ccd161467d0c4473cb961510f7e2d3293956918f070084bfd0a
[INFO] running `Command { std: "docker" "start" "-a" "1305e6bf8c331ccd161467d0c4473cb961510f7e2d3293956918f070084bfd0a", kill_on_drop: false }`
[INFO] running `Command { std: "docker" "inspect" "1305e6bf8c331ccd161467d0c4473cb961510f7e2d3293956918f070084bfd0a", kill_on_drop: false }`
[INFO] running `Command { std: "docker" "rm" "-f" "1305e6bf8c331ccd161467d0c4473cb961510f7e2d3293956918f070084bfd0a", kill_on_drop: false }`
[INFO] [stdout] 1305e6bf8c331ccd161467d0c4473cb961510f7e2d3293956918f070084bfd0a
[INFO] running `Command { std: "docker" "create" "-v" "/var/lib/crater-agent-workspace/builds/worker-4-tc1/target:/opt/rustwide/target:rw,Z" "-v" "/var/lib/crater-agent-workspace/builds/worker-4-tc1/source:/opt/rustwide/workdir:ro,Z" "-v" "/var/lib/crater-agent-workspace/cargo-home:/opt/rustwide/cargo-home:ro,Z" "-v" "/var/lib/crater-agent-workspace/rustup-home:/opt/rustwide/rustup-home:ro,Z" "-e" "SOURCE_DIR=/opt/rustwide/workdir" "-e" "CARGO_TARGET_DIR=/opt/rustwide/target" "-e" "CARGO_INCREMENTAL=0" "-e" "RUST_BACKTRACE=full" "-e" "RUSTFLAGS=--cap-lints=warn" "-e" "RUSTDOCFLAGS=--cap-lints=warn" "-e" "CARGO_HOME=/opt/rustwide/cargo-home" "-e" "RUSTUP_HOME=/opt/rustwide/rustup-home" "-w" "/opt/rustwide/workdir" "-m" "1610612736" "--user" "0:0" "--network" "none" "ghcr.io/rust-lang/crates-build-env/linux@sha256:f3a9d4ad9d972b27faf3965f35b62e55ba32bbce8f20bc8fe909558a86702fde" "/opt/rustwide/cargo-home/bin/cargo" "+1.83.0" "build" "--frozen" "--message-format=json", kill_on_drop: false }`
[INFO] [stdout] 61dab5655048dee72d490831420a3e01e9e3ab196a917df77eb4b92aea48c778
[INFO] running `Command { std: "docker" "start" "-a" "61dab5655048dee72d490831420a3e01e9e3ab196a917df77eb4b92aea48c778", kill_on_drop: false }`
[INFO] [stderr]    Compiling proc-macro2 v1.0.92
[INFO] [stderr]    Compiling rustix v0.38.42
[INFO] [stderr]    Compiling serde v1.0.216
[INFO] [stderr]    Compiling serde_json v1.0.133
[INFO] [stderr]    Compiling linux-raw-sys v0.4.14
[INFO] [stderr]    Compiling bitflags v2.6.0
[INFO] [stderr]    Compiling once_cell v1.20.2
[INFO] [stderr]    Compiling itoa v1.0.14
[INFO] [stderr]    Compiling cfg-if v1.0.0
[INFO] [stderr]    Compiling ryu v1.0.18
[INFO] [stderr]    Compiling fastrand v2.3.0
[INFO] [stderr]    Compiling memchr v2.7.4
[INFO] [stderr]    Compiling quote v1.0.37
[INFO] [stderr]    Compiling syn v2.0.90
[INFO] [stderr]    Compiling tempfile v3.14.0
[INFO] [stderr]    Compiling serde_derive v1.0.216
[INFO] [stderr]    Compiling amandine v0.1.2 (/opt/rustwide/workdir)
[INFO] [stderr]     Finished `dev` profile [unoptimized + debuginfo] target(s) in 15.32s
[INFO] running `Command { std: "docker" "inspect" "61dab5655048dee72d490831420a3e01e9e3ab196a917df77eb4b92aea48c778", kill_on_drop: false }`
[INFO] running `Command { std: "docker" "rm" "-f" "61dab5655048dee72d490831420a3e01e9e3ab196a917df77eb4b92aea48c778", kill_on_drop: false }`
[INFO] [stdout] 61dab5655048dee72d490831420a3e01e9e3ab196a917df77eb4b92aea48c778
[INFO] running `Command { std: "docker" "create" "-v" "/var/lib/crater-agent-workspace/builds/worker-4-tc1/target:/opt/rustwide/target:rw,Z" "-v" "/var/lib/crater-agent-workspace/builds/worker-4-tc1/source:/opt/rustwide/workdir:ro,Z" "-v" "/var/lib/crater-agent-workspace/cargo-home:/opt/rustwide/cargo-home:ro,Z" "-v" "/var/lib/crater-agent-workspace/rustup-home:/opt/rustwide/rustup-home:ro,Z" "-e" "SOURCE_DIR=/opt/rustwide/workdir" "-e" "CARGO_TARGET_DIR=/opt/rustwide/target" "-e" "CARGO_INCREMENTAL=0" "-e" "RUST_BACKTRACE=full" "-e" "RUSTFLAGS=--cap-lints=warn" "-e" "RUSTDOCFLAGS=--cap-lints=warn" "-e" "CARGO_HOME=/opt/rustwide/cargo-home" "-e" "RUSTUP_HOME=/opt/rustwide/rustup-home" "-w" "/opt/rustwide/workdir" "-m" "1610612736" "--user" "0:0" "--network" "none" "ghcr.io/rust-lang/crates-build-env/linux@sha256:f3a9d4ad9d972b27faf3965f35b62e55ba32bbce8f20bc8fe909558a86702fde" "/opt/rustwide/cargo-home/bin/cargo" "+1.83.0" "test" "--frozen" "--no-run" "--message-format=json", kill_on_drop: false }`
[INFO] [stdout] 09f7d757ddae7bb4b26bd4e97d0851d2844df4a8fc5422399c6ebce927a4e04c
[INFO] running `Command { std: "docker" "start" "-a" "09f7d757ddae7bb4b26bd4e97d0851d2844df4a8fc5422399c6ebce927a4e04c", kill_on_drop: false }`
[INFO] [stderr]    Compiling amandine v0.1.2 (/opt/rustwide/workdir)
[INFO] [stderr]     Finished `test` profile [unoptimized + debuginfo] target(s) in 1.41s
[INFO] running `Command { std: "docker" "inspect" "09f7d757ddae7bb4b26bd4e97d0851d2844df4a8fc5422399c6ebce927a4e04c", kill_on_drop: false }`
[INFO] running `Command { std: "docker" "rm" "-f" "09f7d757ddae7bb4b26bd4e97d0851d2844df4a8fc5422399c6ebce927a4e04c", kill_on_drop: false }`
[INFO] [stdout] 09f7d757ddae7bb4b26bd4e97d0851d2844df4a8fc5422399c6ebce927a4e04c
[INFO] running `Command { std: "docker" "create" "-v" "/var/lib/crater-agent-workspace/builds/worker-4-tc1/target:/opt/rustwide/target:rw,Z" "-v" "/var/lib/crater-agent-workspace/builds/worker-4-tc1/source:/opt/rustwide/workdir:ro,Z" "-v" "/var/lib/crater-agent-workspace/cargo-home:/opt/rustwide/cargo-home:ro,Z" "-v" "/var/lib/crater-agent-workspace/rustup-home:/opt/rustwide/rustup-home:ro,Z" "-e" "SOURCE_DIR=/opt/rustwide/workdir" "-e" "CARGO_TARGET_DIR=/opt/rustwide/target" "-e" "CARGO_INCREMENTAL=0" "-e" "RUST_BACKTRACE=full" "-e" "RUSTFLAGS=--cap-lints=warn" "-e" "RUSTDOCFLAGS=--cap-lints=warn" "-e" "CARGO_HOME=/opt/rustwide/cargo-home" "-e" "RUSTUP_HOME=/opt/rustwide/rustup-home" "-w" "/opt/rustwide/workdir" "-m" "1610612736" "--user" "0:0" "--network" "none" "ghcr.io/rust-lang/crates-build-env/linux@sha256:f3a9d4ad9d972b27faf3965f35b62e55ba32bbce8f20bc8fe909558a86702fde" "/opt/rustwide/cargo-home/bin/cargo" "+1.83.0" "test" "--frozen", kill_on_drop: false }`
[INFO] [stdout] 3af578707c62d618c14b1adbcded917a259743fcb0439f00fcea26dff6233271
[INFO] running `Command { std: "docker" "start" "-a" "3af578707c62d618c14b1adbcded917a259743fcb0439f00fcea26dff6233271", kill_on_drop: false }`
[INFO] [stderr]     Finished `test` profile [unoptimized + debuginfo] target(s) in 0.05s
[INFO] [stderr]      Running unittests src/lib.rs (/opt/rustwide/target/debug/deps/amandine-16a53dd4373f2e23)
[INFO] [stdout] 
[INFO] [stdout] running 9 tests
[INFO] [stdout] test db::test::test_connect ... ok
[INFO] [stdout] test db::test::test_delete_collection ... ok
[INFO] [stdout] test db::test::test_list_collections ... ok
[INFO] [stdout] test db::test::test_rename_collection ... ok
[INFO] [stdout] test db::test::test_create_collection ... ok
[INFO] [stdout] test db::test::test_update_data ... ok
[INFO] [stdout] test db::test::test_query_data ... ok
[INFO] [stdout] test db::test::test_delete_data ... ok
[INFO] [stdout] test db::test::test_insert_data ... ok
[INFO] [stdout] 
[INFO] [stdout] test result: ok. 9 passed; 0 failed; 0 ignored; 0 measured; 0 filtered out; finished in 0.02s
[INFO] [stdout] 
[INFO] [stderr]      Running tests/integration_test.rs (/opt/rustwide/target/debug/deps/integration_test-7f46b926e211480a)
[INFO] [stdout] 
[INFO] [stdout] running 1 test
[INFO] [stdout] test integration_single_collection ... ok
[INFO] [stdout] 
[INFO] [stdout] test result: ok. 1 passed; 0 failed; 0 ignored; 0 measured; 0 filtered out; finished in 0.00s
[INFO] [stdout] 
[INFO] [stderr]    Doc-tests amandine
[INFO] [stdout] 
[INFO] [stdout] running 1 test
[INFO] [stdout] test src/lib.rs - (line 5) ... FAILED
[INFO] [stdout] 
[INFO] [stdout] failures:
[INFO] [stdout] 
[INFO] [stdout] ---- src/lib.rs - (line 5) stdout ----
[INFO] [stdout] error: expected `;`, found `db`
[INFO] [stdout]   --> src/lib.rs:26:6
[INFO] [stdout]    |
[INFO] [stdout] 23 |     }
[INFO] [stdout]    |      ^ help: add `;` here
[INFO] [stdout] 24 |     db.insert("users", user).unwrap(); // insert data into collection
[INFO] [stdout]    |     -- unexpected token
[INFO] [stdout] 
[INFO] [stdout] error: cannot find derive macro `Data` in this scope
[INFO] [stdout]  --> src/lib.rs:12:48
[INFO] [stdout]   |
[INFO] [stdout] 9 | #[derive(Serialize, Deserialize, Debug, Clone, Data)]
[INFO] [stdout]   |                                                ^^^^
[INFO] [stdout]   |
[INFO] [stdout] note: `Data` is imported here, but it is only a trait, without a derive macro
[INFO] [stdout]  --> src/lib.rs:7:16
[INFO] [stdout]   |
[INFO] [stdout] 4 | use amandine::{Data, Database};
[INFO] [stdout]   |                ^^^^
[INFO] [stdout] 
[INFO] [stdout] error[E0599]: no method named `connect` found for struct `Database` in the current scope
[INFO] [stdout]   --> src/lib.rs:21:8
[INFO] [stdout]    |
[INFO] [stdout] 18 |     db.connect(dbPath.to_path_buf()).unwrap();
[INFO] [stdout]    |        ^^^^^^^ method not found in `Database`
[INFO] [stdout]    |
[INFO] [stdout]   ::: /opt/rustwide/workdir/src/db.rs:15:8
[INFO] [stdout]    |
[INFO] [stdout] 15 |     fn connect(&mut self, path: PathBuf) -> Result<(), DBError>;
[INFO] [stdout]    |        ------- the method is available for `Database` here
[INFO] [stdout]    |
[INFO] [stdout]    = help: items from traits can only be used if the trait is in scope
[INFO] [stdout] help: trait `TDatabase` which provides `connect` is implemented but not in scope; perhaps you want to import it
[INFO] [stdout]    |
[INFO] [stdout] 2  + use crate::amandine::db::TDatabase;
[INFO] [stdout]    |
[INFO] [stdout] 
[INFO] [stdout] error[E0599]: no method named `create_collection` found for struct `Database` in the current scope
[INFO] [stdout]   --> src/lib.rs:22:8
[INFO] [stdout]    |
[INFO] [stdout] 19 |     db.create_collection("users").unwrap(); // create a collection to store data
[INFO] [stdout]    |        ^^^^^^^^^^^^^^^^^
[INFO] [stdout]    |
[INFO] [stdout]   ::: /opt/rustwide/workdir/src/db.rs:16:8
[INFO] [stdout]    |
[INFO] [stdout] 16 |     fn create_collection(&self, name: &str) -> Result<(), DBError>;
[INFO] [stdout]    |        ----------------- the method is available for `Database` here
[INFO] [stdout]    |
[INFO] [stdout]    = help: items from traits can only be used if the trait is in scope
[INFO] [stdout] help: there is a method `rename_collection` with a similar name, but with different arguments
[INFO] [stdout]   --> /opt/rustwide/workdir/src/db.rs:19:5
[INFO] [stdout]    |
[INFO] [stdout] 19 |     fn rename_collection(&self, name: &str, new_name: &str) -> Result<(), DBError>;
[INFO] [stdout]    |     ^^^^^^^^^^^^^^^^^^^^^^^^^^^^^^^^^^^^^^^^^^^^^^^^^^^^^^^^^^^^^^^^^^^^^^^^^^^^^^^
[INFO] [stdout] help: trait `TDatabase` which provides `create_collection` is implemented but not in scope; perhaps you want to import it
[INFO] [stdout]    |
[INFO] [stdout] 2  + use crate::amandine::db::TDatabase;
[INFO] [stdout]    |
[INFO] [stdout] 
[INFO] [stdout] error[E0599]: no method named `insert` found for struct `Database` in the current scope
[INFO] [stdout]   --> src/lib.rs:27:8
[INFO] [stdout]    |
[INFO] [stdout] 24 |     db.insert("users", user).unwrap(); // insert data into collection
[INFO] [stdout]    |        ^^^^^^
[INFO] [stdout]    |
[INFO] [stdout] help: there is a method `insert_data` with a similar name
[INFO] [stdout]    |
[INFO] [stdout] 24 |     db.insert_data("users", user).unwrap(); // insert data into collection
[INFO] [stdout]    |        ~~~~~~~~~~~
[INFO] [stdout] 
[INFO] [stdout] error: aborting due to 5 previous errors
[INFO] [stdout] 
[INFO] [stdout] For more information about this error, try `rustc --explain E0599`.
[INFO] [stdout] Couldn't compile the test.
[INFO] [stdout] 
[INFO] [stdout] failures:
[INFO] [stdout]     src/lib.rs - (line 5)
[INFO] [stdout] 
[INFO] [stdout] test result: FAILED. 0 passed; 1 failed; 0 ignored; 0 measured; 0 filtered out; finished in 0.15s
[INFO] [stdout] 
[INFO] [stderr] error: doctest failed, to rerun pass `--doc`
[INFO] running `Command { std: "docker" "inspect" "3af578707c62d618c14b1adbcded917a259743fcb0439f00fcea26dff6233271", kill_on_drop: false }`
[INFO] running `Command { std: "docker" "rm" "-f" "3af578707c62d618c14b1adbcded917a259743fcb0439f00fcea26dff6233271", kill_on_drop: false }`
[INFO] [stdout] 3af578707c62d618c14b1adbcded917a259743fcb0439f00fcea26dff6233271
