[INFO] fetching crate amadeus-types 0.4.3...
[INFO] testing amadeus-types-0.4.3 against 1.83.0 for beta-1.84.0-4-retry
[INFO] extracting crate amadeus-types 0.4.3 into /workspace/builds/worker-5-tc1/source
[INFO] validating manifest of crates.io crate amadeus-types 0.4.3 on toolchain 1.83.0
[INFO] running `Command { std: CARGO_HOME="/workspace/cargo-home" RUSTUP_HOME="/workspace/rustup-home" "/workspace/cargo-home/bin/cargo" "+1.83.0" "metadata" "--manifest-path" "Cargo.toml" "--no-deps", kill_on_drop: false }`
[INFO] started tweaking crates.io crate amadeus-types 0.4.3
[INFO] finished tweaking crates.io crate amadeus-types 0.4.3
[INFO] tweaked toml for crates.io crate amadeus-types 0.4.3 written to /workspace/builds/worker-5-tc1/source/Cargo.toml
[INFO] running `Command { std: CARGO_HOME="/workspace/cargo-home" RUSTUP_HOME="/workspace/rustup-home" "/workspace/cargo-home/bin/cargo" "+1.83.0" "generate-lockfile" "--manifest-path" "Cargo.toml", kill_on_drop: false }`
[INFO] [stderr]     Updating crates.io index
[INFO] [stderr]      Locking 136 packages to latest compatible versions
[INFO] [stderr]       Adding chrono-tz v0.5.3 (available: v0.10.0)
[INFO] [stderr]       Adding hashlink v0.5.1 (available: v0.10.0)
[INFO] [stderr]       Adding ordered-float v2.10.1 (available: v4.5.0)
[INFO] running `Command { std: CARGO_HOME="/workspace/cargo-home" RUSTUP_HOME="/workspace/rustup-home" "/workspace/cargo-home/bin/cargo" "+1.83.0" "fetch" "--manifest-path" "Cargo.toml", kill_on_drop: false }`
[INFO] [stderr]  Downloading crates ...
[INFO] [stderr]   Downloaded serde_closure v0.3.3
[INFO] [stderr]   Downloaded serde_closure_derive v0.3.3
[INFO] [stderr]   Downloaded sum v0.1.7
[INFO] [stderr]   Downloaded recycle v0.1.0
[INFO] [stderr]   Downloaded owned_chars v0.3.2
[INFO] [stderr]   Downloaded amadeus-core v0.4.3
[INFO] [stderr]   Downloaded amadeus-streaming v0.4.3
[INFO] [stderr]   Downloaded hashlink v0.5.1
[INFO] running `Command { std: "docker" "create" "-v" "/var/lib/crater-agent-workspace/builds/worker-5-tc1/target:/opt/rustwide/target:rw,Z" "-v" "/var/lib/crater-agent-workspace/builds/worker-5-tc1/source:/opt/rustwide/workdir:ro,Z" "-v" "/var/lib/crater-agent-workspace/cargo-home:/opt/rustwide/cargo-home:ro,Z" "-v" "/var/lib/crater-agent-workspace/rustup-home:/opt/rustwide/rustup-home:ro,Z" "-e" "SOURCE_DIR=/opt/rustwide/workdir" "-e" "CARGO_TARGET_DIR=/opt/rustwide/target" "-e" "CARGO_HOME=/opt/rustwide/cargo-home" "-e" "RUSTUP_HOME=/opt/rustwide/rustup-home" "-w" "/opt/rustwide/workdir" "-m" "1610612736" "--user" "0:0" "--network" "none" "ghcr.io/rust-lang/crates-build-env/linux@sha256:f3a9d4ad9d972b27faf3965f35b62e55ba32bbce8f20bc8fe909558a86702fde" "/opt/rustwide/cargo-home/bin/cargo" "+1.83.0" "metadata" "--no-deps" "--format-version=1", kill_on_drop: false }`
[INFO] [stdout] 9d98f0dc8ce62b93875162eafb05038e414de624f4ff0c31d68810835b5d52aa
[INFO] running `Command { std: "docker" "start" "-a" "9d98f0dc8ce62b93875162eafb05038e414de624f4ff0c31d68810835b5d52aa", kill_on_drop: false }`
[INFO] running `Command { std: "docker" "inspect" "9d98f0dc8ce62b93875162eafb05038e414de624f4ff0c31d68810835b5d52aa", kill_on_drop: false }`
[INFO] running `Command { std: "docker" "rm" "-f" "9d98f0dc8ce62b93875162eafb05038e414de624f4ff0c31d68810835b5d52aa", kill_on_drop: false }`
[INFO] [stdout] 9d98f0dc8ce62b93875162eafb05038e414de624f4ff0c31d68810835b5d52aa
[INFO] running `Command { std: "docker" "create" "-v" "/var/lib/crater-agent-workspace/builds/worker-5-tc1/target:/opt/rustwide/target:rw,Z" "-v" "/var/lib/crater-agent-workspace/builds/worker-5-tc1/source:/opt/rustwide/workdir:ro,Z" "-v" "/var/lib/crater-agent-workspace/cargo-home:/opt/rustwide/cargo-home:ro,Z" "-v" "/var/lib/crater-agent-workspace/rustup-home:/opt/rustwide/rustup-home:ro,Z" "-e" "SOURCE_DIR=/opt/rustwide/workdir" "-e" "CARGO_TARGET_DIR=/opt/rustwide/target" "-e" "CARGO_INCREMENTAL=0" "-e" "RUST_BACKTRACE=full" "-e" "RUSTFLAGS=--cap-lints=warn" "-e" "RUSTDOCFLAGS=--cap-lints=warn" "-e" "CARGO_HOME=/opt/rustwide/cargo-home" "-e" "RUSTUP_HOME=/opt/rustwide/rustup-home" "-w" "/opt/rustwide/workdir" "-m" "1610612736" "--user" "0:0" "--network" "none" "ghcr.io/rust-lang/crates-build-env/linux@sha256:f3a9d4ad9d972b27faf3965f35b62e55ba32bbce8f20bc8fe909558a86702fde" "/opt/rustwide/cargo-home/bin/cargo" "+1.83.0" "build" "--frozen" "--message-format=json", kill_on_drop: false }`
[INFO] [stdout] 3431801c3b2866de39d91033f7ebab215116455292de1d4d19b4a6a23a20abd1
[INFO] running `Command { std: "docker" "start" "-a" "3431801c3b2866de39d91033f7ebab215116455292de1d4d19b4a6a23a20abd1", kill_on_drop: false }`
[INFO] [stderr]    Compiling proc-macro2 v1.0.92
[INFO] [stderr]    Compiling unicode-ident v1.0.14
[INFO] [stderr]    Compiling autocfg v1.4.0
[INFO] [stderr]    Compiling libc v0.2.168
[INFO] [stderr]    Compiling rustversion v1.0.18
[INFO] [stderr]    Compiling serde v1.0.216
[INFO] [stderr]    Compiling syn v1.0.109
[INFO] [stderr]    Compiling cfg-if v1.0.0
[INFO] [stderr]    Compiling stable_deref_trait v1.2.0
[INFO] [stderr]    Compiling byteorder v1.5.0
[INFO] [stderr]    Compiling writeable v0.5.5
[INFO] [stderr]    Compiling litemap v0.7.4
[INFO] [stderr]    Compiling getrandom v0.1.16
[INFO] [stderr]    Compiling icu_locid_transform_data v1.5.0
[INFO] [stderr]    Compiling futures-core v0.3.31
[INFO] [stderr]    Compiling regex-syntax v0.8.5
[INFO] [stderr]    Compiling futures-sink v0.3.31
[INFO] [stderr]    Compiling icu_properties_data v1.5.0
[INFO] [stderr]    Compiling memchr v2.7.4
[INFO] [stderr]    Compiling futures-io v0.3.31
[INFO] [stderr]    Compiling pin-utils v0.1.0
[INFO] [stderr]    Compiling pin-project-lite v0.2.15
[INFO] [stderr]    Compiling futures-channel v0.3.31
[INFO] [stderr]    Compiling futures-task v0.3.31
[INFO] [stderr]    Compiling pin-project-internal v0.4.30
[INFO] [stderr]    Compiling write16 v1.0.0
[INFO] [stderr]    Compiling smallvec v1.13.2
[INFO] [stderr]    Compiling utf8_iter v1.0.4
[INFO] [stderr]    Compiling icu_normalizer_data v1.5.0
[INFO] [stderr]    Compiling utf16_iter v1.0.5
[INFO] [stderr]    Compiling static_assertions v1.1.0
[INFO] [stderr]    Compiling replace_with v0.1.7
[INFO] [stderr]    Compiling ahash v0.3.8
[INFO] [stderr]    Compiling same-file v1.0.6
[INFO] [stderr]    Compiling pin-project-lite v0.1.12
[INFO] [stderr]    Compiling bytes v0.5.6
[INFO] [stderr]    Compiling percent-encoding v2.3.1
[INFO] [stderr]    Compiling hashbrown v0.12.3
[INFO] [stderr]    Compiling widestring v0.4.3
[INFO] [stderr]    Compiling fxhash v0.2.1
[INFO] [stderr]    Compiling recycle v0.1.0
[INFO] [stderr]    Compiling walkdir v2.5.0
[INFO] [stderr]    Compiling once_cell v1.20.2
[INFO] [stderr]    Compiling num-traits v0.2.19
[INFO] [stderr]    Compiling slab v0.4.9
[INFO] [stderr]    Compiling indexmap v1.9.3
[INFO] [stderr]    Compiling hashbrown v0.7.2
[INFO] [stderr]    Compiling form_urlencoded v1.2.1
[INFO] [stderr]    Compiling quote v1.0.37
[INFO] [stderr]    Compiling regex-automata v0.4.9
[INFO] [stderr]    Compiling tokio v0.2.25
[INFO] [stderr]    Compiling serde_closure v0.3.3
[INFO] [stderr]    Compiling amadeus-streaming v0.4.3
[INFO] [stderr]    Compiling amadeus-core v0.4.3
[INFO] [stderr]    Compiling amadeus-types v0.4.3 (/opt/rustwide/workdir)
[INFO] [stderr]    Compiling getrandom v0.2.15
[INFO] [stderr]    Compiling syn v2.0.90
[INFO] [stderr]    Compiling rand_core v0.5.1
[INFO] [stderr]    Compiling rand_core v0.6.4
[INFO] [stderr]    Compiling rand_pcg v0.2.1
[INFO] [stderr]    Compiling hashlink v0.5.1
[INFO] [stderr]    Compiling num-integer v0.1.46
[INFO] [stderr]    Compiling ordered-float v2.10.1
[INFO] [stderr]    Compiling num-bigint v0.4.6
[INFO] [stderr]    Compiling regex v1.11.1
[INFO] [stderr]    Compiling parse-zoneinfo v0.3.1
[INFO] [stderr]    Compiling chrono-tz v0.5.3
[INFO] [stderr]    Compiling synstructure v0.13.1
[INFO] [stderr]    Compiling zerofrom-derive v0.1.5
[INFO] [stderr]    Compiling serde_derive v1.0.216
[INFO] [stderr]    Compiling yoke-derive v0.7.5
[INFO] [stderr]    Compiling zerovec-derive v0.10.3
[INFO] [stderr]    Compiling displaydoc v0.2.5
[INFO] [stderr]    Compiling zerocopy-derive v0.7.35
[INFO] [stderr]    Compiling icu_provider_macros v1.5.0
[INFO] [stderr]    Compiling futures-macro v0.3.31
[INFO] [stderr]    Compiling enum-ordinalize v3.1.15
[INFO] [stderr]    Compiling async-trait v0.1.83
[INFO] [stderr]    Compiling zerocopy v0.7.35
[INFO] [stderr]    Compiling futures-util v0.3.31
[INFO] [stderr]    Compiling ppv-lite86 v0.2.20
[INFO] [stderr]    Compiling serde_closure_derive v0.3.3
[INFO] [stderr]    Compiling delegate-attr v0.2.9
[INFO] [stderr]    Compiling educe v0.4.23
[INFO] [stderr]    Compiling derive-new v0.5.9
[INFO] [stderr]    Compiling zerofrom v0.1.5
[INFO] [stderr]    Compiling rand_chacha v0.3.1
[INFO] [stderr]    Compiling rand_chacha v0.2.2
[INFO] [stderr]    Compiling yoke v0.7.5
[INFO] [stderr]    Compiling owned_chars v0.3.2
[INFO] [stderr]    Compiling rand v0.8.5
[INFO] [stderr]    Compiling rand v0.7.3
[INFO] [stderr]    Compiling zerovec v0.10.4
[INFO] [stderr]    Compiling pin-project v0.4.30
[INFO] [stderr]    Compiling twox-hash v1.6.3
[INFO] [stderr]    Compiling futures-executor v0.3.31
[INFO] [stderr]    Compiling futures v0.3.31
[INFO] [stderr]    Compiling tinystr v0.7.6
[INFO] [stderr]    Compiling icu_collections v1.5.0
[INFO] [stderr]    Compiling icu_locid v1.5.0
[INFO] [stderr]    Compiling icu_provider v1.5.0
[INFO] [stderr]    Compiling icu_locid_transform v1.5.0
[INFO] [stderr]    Compiling icu_properties v1.5.1
[INFO] [stderr]    Compiling either v1.13.0
[INFO] [stderr]    Compiling multimap v0.8.3
[INFO] [stderr]    Compiling sum v0.1.7
[INFO] [stderr]    Compiling chrono v0.4.39
[INFO] [stderr]    Compiling itertools v0.9.0
[INFO] [stderr]    Compiling icu_normalizer v1.5.0
[INFO] [stderr]    Compiling idna_adapter v1.2.0
[INFO] [stderr]    Compiling idna v1.0.3
[INFO] [stderr]    Compiling url v2.5.4
[INFO] [stdout] warning: use of deprecated struct `chrono::Date`: Use `NaiveDate` or `DateTime<Tz>` instead
[INFO] [stdout]    --> src/time.rs:363:40
[INFO] [stdout]     |
[INFO] [stdout] 363 |     pub fn from_chrono<Tz>(date: &chrono::Date<Tz>) -> Self
[INFO] [stdout]     |                                           ^^^^
[INFO] [stdout]     |
[INFO] [stdout]     = note: `#[warn(deprecated)]` on by default
[INFO] [stdout] 
[INFO] [stdout] 
[INFO] [stdout] warning: use of deprecated struct `chrono::Date`: Use `NaiveDate` or `DateTime<Tz>` instead
[INFO] [stdout]    --> src/time.rs:376:44
[INFO] [stdout]     |
[INFO] [stdout] 376 |     pub fn as_chrono(&self) -> Option<chrono::Date<ChronoTimezone>> {
[INFO] [stdout]     |                                               ^^^^
[INFO] [stdout] 
[INFO] [stdout] 
[INFO] [stdout] warning: use of deprecated associated function `chrono::FixedOffset::east`: use `east_opt()` instead
[INFO] [stdout]    --> src/time.rs:299:17
[INFO] [stdout]     |
[INFO] [stdout] 299 |             FixedOffset::east(self.0.as_offset_at(&DateTime::from_chrono(
[INFO] [stdout]     |                          ^^^^
[INFO] [stdout] 
[INFO] [stdout] 
[INFO] [stdout] warning: use of deprecated associated function `chrono::DateTime::<Tz>::from_utc`: Use TimeZone::from_utc_datetime() or DateTime::from_naive_utc_and_offset instead
[INFO] [stdout]    --> src/time.rs:300:31
[INFO] [stdout]     |
[INFO] [stdout] 300 |                 &chrono::DateTime::<Utc>::from_utc(*utc, Utc),
[INFO] [stdout]     |                                           ^^^^^^^^
[INFO] [stdout] 
[INFO] [stdout] 
[INFO] [stdout] warning: use of deprecated associated function `chrono::FixedOffset::east`: use `east_opt()` instead
[INFO] [stdout]    --> src/time.rs:314:63
[INFO] [stdout]     |
[INFO] [stdout] 314 |             TimezoneInner::Fixed(offset) => Display::fmt(&FixedOffset::east(offset), f),
[INFO] [stdout]     |                                                                        ^^^^
[INFO] [stdout] 
[INFO] [stdout] 
[INFO] [stdout] warning: use of deprecated method `chrono::TimeZone::ymd`: use `with_ymd_and_hms()` instead
[INFO] [stdout]    --> src/time.rs:378:8
[INFO] [stdout]     |
[INFO] [stdout] 378 |             Utc.ymd(
[INFO] [stdout]     |                 ^^^
[INFO] [stdout] 
[INFO] [stdout] 
[INFO] [stdout] warning: use of deprecated method `chrono::DateTime::<Tz>::date`: Use `date_naive()` instead
[INFO] [stdout]    --> src/time.rs:410:40
[INFO] [stdout]     |
[INFO] [stdout] 410 |             .map(|date| Self::from_chrono(&date.date()))
[INFO] [stdout]     |                                                 ^^^^
[INFO] [stdout] 
[INFO] [stdout] 
[INFO] [stdout] warning: use of deprecated associated function `chrono::DateTime::<Tz>::from_utc`: Use TimeZone::from_utc_datetime() or DateTime::from_naive_utc_and_offset instead
[INFO] [stdout]    --> src/time.rs:569:29
[INFO] [stdout]     |
[INFO] [stdout] 569 |             chrono::DateTime::<Utc>::from_utc(self.date_time.as_chrono()?, Utc)
[INFO] [stdout]     |                                      ^^^^^^^^
[INFO] [stdout] 
[INFO] [stdout] 
[INFO] [stderr]     Finished `dev` profile [unoptimized + debuginfo] target(s) in 49.16s
[INFO] running `Command { std: "docker" "inspect" "3431801c3b2866de39d91033f7ebab215116455292de1d4d19b4a6a23a20abd1", kill_on_drop: false }`
[INFO] running `Command { std: "docker" "rm" "-f" "3431801c3b2866de39d91033f7ebab215116455292de1d4d19b4a6a23a20abd1", kill_on_drop: false }`
[INFO] [stdout] 3431801c3b2866de39d91033f7ebab215116455292de1d4d19b4a6a23a20abd1
[INFO] running `Command { std: "docker" "create" "-v" "/var/lib/crater-agent-workspace/builds/worker-5-tc1/target:/opt/rustwide/target:rw,Z" "-v" "/var/lib/crater-agent-workspace/builds/worker-5-tc1/source:/opt/rustwide/workdir:ro,Z" "-v" "/var/lib/crater-agent-workspace/cargo-home:/opt/rustwide/cargo-home:ro,Z" "-v" "/var/lib/crater-agent-workspace/rustup-home:/opt/rustwide/rustup-home:ro,Z" "-e" "SOURCE_DIR=/opt/rustwide/workdir" "-e" "CARGO_TARGET_DIR=/opt/rustwide/target" "-e" "CARGO_INCREMENTAL=0" "-e" "RUST_BACKTRACE=full" "-e" "RUSTFLAGS=--cap-lints=warn" "-e" "RUSTDOCFLAGS=--cap-lints=warn" "-e" "CARGO_HOME=/opt/rustwide/cargo-home" "-e" "RUSTUP_HOME=/opt/rustwide/rustup-home" "-w" "/opt/rustwide/workdir" "-m" "1610612736" "--user" "0:0" "--network" "none" "ghcr.io/rust-lang/crates-build-env/linux@sha256:f3a9d4ad9d972b27faf3965f35b62e55ba32bbce8f20bc8fe909558a86702fde" "/opt/rustwide/cargo-home/bin/cargo" "+1.83.0" "test" "--frozen" "--no-run" "--message-format=json", kill_on_drop: false }`
[INFO] [stdout] 4866a8becb73cba45e3d4f58a08557f6492135403da6e5117fe6055fd79a2987
[INFO] running `Command { std: "docker" "start" "-a" "4866a8becb73cba45e3d4f58a08557f6492135403da6e5117fe6055fd79a2987", kill_on_drop: false }`
[INFO] [stderr]    Compiling amadeus-types v0.4.3 (/opt/rustwide/workdir)
[INFO] [stdout] warning: use of deprecated struct `chrono::Date`: Use `NaiveDate` or `DateTime<Tz>` instead
[INFO] [stdout]    --> src/time.rs:363:40
[INFO] [stdout]     |
[INFO] [stdout] 363 |     pub fn from_chrono<Tz>(date: &chrono::Date<Tz>) -> Self
[INFO] [stdout]     |                                           ^^^^
[INFO] [stdout]     |
[INFO] [stdout]     = note: `#[warn(deprecated)]` on by default
[INFO] [stdout] 
[INFO] [stdout] 
[INFO] [stdout] warning: use of deprecated struct `chrono::Date`: Use `NaiveDate` or `DateTime<Tz>` instead
[INFO] [stdout]    --> src/time.rs:376:44
[INFO] [stdout]     |
[INFO] [stdout] 376 |     pub fn as_chrono(&self) -> Option<chrono::Date<ChronoTimezone>> {
[INFO] [stdout]     |                                               ^^^^
[INFO] [stdout] 
[INFO] [stdout] 
[INFO] [stdout] warning: use of deprecated associated function `chrono::FixedOffset::east`: use `east_opt()` instead
[INFO] [stdout]    --> src/time.rs:299:17
[INFO] [stdout]     |
[INFO] [stdout] 299 |             FixedOffset::east(self.0.as_offset_at(&DateTime::from_chrono(
[INFO] [stdout]     |                          ^^^^
[INFO] [stdout] 
[INFO] [stdout] 
[INFO] [stdout] warning: use of deprecated associated function `chrono::DateTime::<Tz>::from_utc`: Use TimeZone::from_utc_datetime() or DateTime::from_naive_utc_and_offset instead
[INFO] [stdout]    --> src/time.rs:300:31
[INFO] [stdout]     |
[INFO] [stdout] 300 |                 &chrono::DateTime::<Utc>::from_utc(*utc, Utc),
[INFO] [stdout]     |                                           ^^^^^^^^
[INFO] [stdout] 
[INFO] [stdout] 
[INFO] [stdout] warning: use of deprecated associated function `chrono::FixedOffset::east`: use `east_opt()` instead
[INFO] [stdout]    --> src/time.rs:314:63
[INFO] [stdout]     |
[INFO] [stdout] 314 |             TimezoneInner::Fixed(offset) => Display::fmt(&FixedOffset::east(offset), f),
[INFO] [stdout]     |                                                                        ^^^^
[INFO] [stdout] 
[INFO] [stdout] 
[INFO] [stdout] warning: use of deprecated method `chrono::TimeZone::ymd`: use `with_ymd_and_hms()` instead
[INFO] [stdout]    --> src/time.rs:378:8
[INFO] [stdout]     |
[INFO] [stdout] 378 |             Utc.ymd(
[INFO] [stdout]     |                 ^^^
[INFO] [stdout] 
[INFO] [stdout] 
[INFO] [stdout] warning: use of deprecated method `chrono::DateTime::<Tz>::date`: Use `date_naive()` instead
[INFO] [stdout]    --> src/time.rs:410:40
[INFO] [stdout]     |
[INFO] [stdout] 410 |             .map(|date| Self::from_chrono(&date.date()))
[INFO] [stdout]     |                                                 ^^^^
[INFO] [stdout] 
[INFO] [stdout] 
[INFO] [stdout] warning: use of deprecated associated function `chrono::DateTime::<Tz>::from_utc`: Use TimeZone::from_utc_datetime() or DateTime::from_naive_utc_and_offset instead
[INFO] [stdout]    --> src/time.rs:569:29
[INFO] [stdout]     |
[INFO] [stdout] 569 |             chrono::DateTime::<Utc>::from_utc(self.date_time.as_chrono()?, Utc)
[INFO] [stdout]     |                                      ^^^^^^^^
[INFO] [stdout] 
[INFO] [stdout] 
[INFO] [stdout] warning: use of deprecated struct `chrono::Date`: Use `NaiveDate` or `DateTime<Tz>` instead
[INFO] [stdout]    --> src/time.rs:363:40
[INFO] [stdout]     |
[INFO] [stdout] 363 |     pub fn from_chrono<Tz>(date: &chrono::Date<Tz>) -> Self
[INFO] [stdout]     |                                           ^^^^
[INFO] [stdout]     |
[INFO] [stdout]     = note: `#[warn(deprecated)]` on by default
[INFO] [stdout] 
[INFO] [stdout] 
[INFO] [stdout] warning: use of deprecated struct `chrono::Date`: Use `NaiveDate` or `DateTime<Tz>` instead
[INFO] [stdout]    --> src/time.rs:376:44
[INFO] [stdout]     |
[INFO] [stdout] 376 |     pub fn as_chrono(&self) -> Option<chrono::Date<ChronoTimezone>> {
[INFO] [stdout]     |                                               ^^^^
[INFO] [stdout] 
[INFO] [stdout] 
[INFO] [stdout] warning: use of deprecated associated function `chrono::FixedOffset::east`: use `east_opt()` instead
[INFO] [stdout]    --> src/time.rs:299:17
[INFO] [stdout]     |
[INFO] [stdout] 299 |             FixedOffset::east(self.0.as_offset_at(&DateTime::from_chrono(
[INFO] [stdout]     |                          ^^^^
[INFO] [stdout] 
[INFO] [stdout] 
[INFO] [stdout] warning: use of deprecated associated function `chrono::DateTime::<Tz>::from_utc`: Use TimeZone::from_utc_datetime() or DateTime::from_naive_utc_and_offset instead
[INFO] [stdout]    --> src/time.rs:300:31
[INFO] [stdout]     |
[INFO] [stdout] 300 |                 &chrono::DateTime::<Utc>::from_utc(*utc, Utc),
[INFO] [stdout]     |                                           ^^^^^^^^
[INFO] [stdout] 
[INFO] [stdout] 
[INFO] [stdout] warning: use of deprecated associated function `chrono::FixedOffset::east`: use `east_opt()` instead
[INFO] [stdout]    --> src/time.rs:314:63
[INFO] [stdout]     |
[INFO] [stdout] 314 |             TimezoneInner::Fixed(offset) => Display::fmt(&FixedOffset::east(offset), f),
[INFO] [stdout]     |                                                                        ^^^^
[INFO] [stdout] 
[INFO] [stdout] 
[INFO] [stdout] warning: use of deprecated method `chrono::TimeZone::ymd`: use `with_ymd_and_hms()` instead
[INFO] [stdout]    --> src/time.rs:378:8
[INFO] [stdout]     |
[INFO] [stdout] 378 |             Utc.ymd(
[INFO] [stdout]     |                 ^^^
[INFO] [stdout] 
[INFO] [stdout] 
[INFO] [stdout] warning: use of deprecated method `chrono::DateTime::<Tz>::date`: Use `date_naive()` instead
[INFO] [stdout]    --> src/time.rs:410:40
[INFO] [stdout]     |
[INFO] [stdout] 410 |             .map(|date| Self::from_chrono(&date.date()))
[INFO] [stdout]     |                                                 ^^^^
[INFO] [stdout] 
[INFO] [stdout] 
[INFO] [stdout] warning: use of deprecated associated function `chrono::DateTime::<Tz>::from_utc`: Use TimeZone::from_utc_datetime() or DateTime::from_naive_utc_and_offset instead
[INFO] [stdout]    --> src/time.rs:569:29
[INFO] [stdout]     |
[INFO] [stdout] 569 |             chrono::DateTime::<Utc>::from_utc(self.date_time.as_chrono()?, Utc)
[INFO] [stdout]     |                                      ^^^^^^^^
[INFO] [stdout] 
[INFO] [stdout] 
[INFO] [stdout] warning: use of deprecated associated function `chrono::NaiveDate::from_ymd`: use `from_ymd_opt()` instead
[INFO] [stdout]     --> src/time.rs:1035:33
[INFO] [stdout]      |
[INFO] [stdout] 1035 |             let chrono_date = NaiveDate::from_ymd(y, m, d);
[INFO] [stdout]      |                                          ^^^^^^^^
[INFO] [stdout] 
[INFO] [stdout] 
[INFO] [stdout] warning: use of deprecated method `chrono::NaiveDate::and_hms`: use `and_hms_opt()` instead
[INFO] [stdout]     --> src/time.rs:1036:38
[INFO] [stdout]      |
[INFO] [stdout] 1036 |             let chrono_datetime = chrono_date.and_hms(0, 0, 0);
[INFO] [stdout]      |                                               ^^^^^^^
[INFO] [stdout] 
[INFO] [stdout] 
[INFO] [stdout] warning: use of deprecated method `chrono::NaiveDateTime::timestamp`: use `.and_utc().timestamp()` instead
[INFO] [stdout]     --> src/time.rs:1037:31
[INFO] [stdout]      |
[INFO] [stdout] 1037 |             assert_eq!(chrono_datetime.timestamp() % SECONDS_PER_DAY, 0);
[INFO] [stdout]      |                                        ^^^^^^^^^
[INFO] [stdout] 
[INFO] [stdout] 
[INFO] [stdout] warning: use of deprecated method `chrono::NaiveDateTime::timestamp`: use `.and_utc().timestamp()` instead
[INFO] [stdout]     --> src/time.rs:1039:52
[INFO] [stdout]      |
[INFO] [stdout] 1039 |                 DateWithoutTimezone::from_days(chrono_datetime.timestamp() / SECONDS_PER_DAY)
[INFO] [stdout]      |                                                                ^^^^^^^^^
[INFO] [stdout] 
[INFO] [stdout] 
[INFO] [stdout] warning: use of deprecated associated function `chrono::NaiveTime::from_hms`: use `from_hms_opt()` instead
[INFO] [stdout]     --> src/time.rs:1060:33
[INFO] [stdout]      |
[INFO] [stdout] 1060 |             let chrono_time = NaiveTime::from_hms(h, mi, s);
[INFO] [stdout]      |                                          ^^^^^^^^
[INFO] [stdout] 
[INFO] [stdout] 
[INFO] [stdout] warning: use of deprecated associated function `chrono::NaiveDate::from_ymd`: use `from_ymd_opt()` instead
[INFO] [stdout]     --> src/time.rs:1076:24
[INFO] [stdout]      |
[INFO] [stdout] 1076 |             let dt = NaiveDate::from_ymd(y, m, d).and_hms(h, mi, s);
[INFO] [stdout]      |                                 ^^^^^^^^
[INFO] [stdout] 
[INFO] [stdout] 
[INFO] [stdout] warning: use of deprecated method `chrono::NaiveDate::and_hms`: use `and_hms_opt()` instead
[INFO] [stdout]     --> src/time.rs:1076:42
[INFO] [stdout]      |
[INFO] [stdout] 1076 |             let dt = NaiveDate::from_ymd(y, m, d).and_hms(h, mi, s);
[INFO] [stdout]      |                                                   ^^^^^^^
[INFO] [stdout] 
[INFO] [stdout] 
[INFO] [stderr]     Finished `test` profile [unoptimized + debuginfo] target(s) in 2.86s
[INFO] running `Command { std: "docker" "inspect" "4866a8becb73cba45e3d4f58a08557f6492135403da6e5117fe6055fd79a2987", kill_on_drop: false }`
[INFO] running `Command { std: "docker" "rm" "-f" "4866a8becb73cba45e3d4f58a08557f6492135403da6e5117fe6055fd79a2987", kill_on_drop: false }`
[INFO] [stdout] 4866a8becb73cba45e3d4f58a08557f6492135403da6e5117fe6055fd79a2987
[INFO] running `Command { std: "docker" "create" "-v" "/var/lib/crater-agent-workspace/builds/worker-5-tc1/target:/opt/rustwide/target:rw,Z" "-v" "/var/lib/crater-agent-workspace/builds/worker-5-tc1/source:/opt/rustwide/workdir:ro,Z" "-v" "/var/lib/crater-agent-workspace/cargo-home:/opt/rustwide/cargo-home:ro,Z" "-v" "/var/lib/crater-agent-workspace/rustup-home:/opt/rustwide/rustup-home:ro,Z" "-e" "SOURCE_DIR=/opt/rustwide/workdir" "-e" "CARGO_TARGET_DIR=/opt/rustwide/target" "-e" "CARGO_INCREMENTAL=0" "-e" "RUST_BACKTRACE=full" "-e" "RUSTFLAGS=--cap-lints=warn" "-e" "RUSTDOCFLAGS=--cap-lints=warn" "-e" "CARGO_HOME=/opt/rustwide/cargo-home" "-e" "RUSTUP_HOME=/opt/rustwide/rustup-home" "-w" "/opt/rustwide/workdir" "-m" "1610612736" "--user" "0:0" "--network" "none" "ghcr.io/rust-lang/crates-build-env/linux@sha256:f3a9d4ad9d972b27faf3965f35b62e55ba32bbce8f20bc8fe909558a86702fde" "/opt/rustwide/cargo-home/bin/cargo" "+1.83.0" "test" "--frozen", kill_on_drop: false }`
[INFO] [stdout] bb324171b0c68dfa3b98a29c996194771cd0eb45ca10b18c0c34a6ef55ad0699
[INFO] running `Command { std: "docker" "start" "-a" "bb324171b0c68dfa3b98a29c996194771cd0eb45ca10b18c0c34a6ef55ad0699", kill_on_drop: false }`
[INFO] [stderr] warning: use of deprecated struct `chrono::Date`: Use `NaiveDate` or `DateTime<Tz>` instead
[INFO] [stderr]    --> src/time.rs:363:40
[INFO] [stderr]     |
[INFO] [stderr] 363 |     pub fn from_chrono<Tz>(date: &chrono::Date<Tz>) -> Self
[INFO] [stderr]     |                                           ^^^^
[INFO] [stderr]     |
[INFO] [stderr]     = note: `#[warn(deprecated)]` on by default
[INFO] [stderr] 
[INFO] [stderr] warning: use of deprecated struct `chrono::Date`: Use `NaiveDate` or `DateTime<Tz>` instead
[INFO] [stderr]    --> src/time.rs:376:44
[INFO] [stderr]     |
[INFO] [stderr] 376 |     pub fn as_chrono(&self) -> Option<chrono::Date<ChronoTimezone>> {
[INFO] [stderr]     |                                               ^^^^
[INFO] [stderr] 
[INFO] [stderr] warning: use of deprecated associated function `chrono::FixedOffset::east`: use `east_opt()` instead
[INFO] [stderr]    --> src/time.rs:299:17
[INFO] [stderr]     |
[INFO] [stderr] 299 |             FixedOffset::east(self.0.as_offset_at(&DateTime::from_chrono(
[INFO] [stderr]     |                          ^^^^
[INFO] [stderr] 
[INFO] [stderr] warning: use of deprecated associated function `chrono::DateTime::<Tz>::from_utc`: Use TimeZone::from_utc_datetime() or DateTime::from_naive_utc_and_offset instead
[INFO] [stderr]    --> src/time.rs:300:31
[INFO] [stderr]     |
[INFO] [stderr] 300 |                 &chrono::DateTime::<Utc>::from_utc(*utc, Utc),
[INFO] [stderr]     |                                           ^^^^^^^^
[INFO] [stderr] 
[INFO] [stderr] warning: use of deprecated associated function `chrono::FixedOffset::east`: use `east_opt()` instead
[INFO] [stderr]    --> src/time.rs:314:63
[INFO] [stderr]     |
[INFO] [stderr] 314 |             TimezoneInner::Fixed(offset) => Display::fmt(&FixedOffset::east(offset), f),
[INFO] [stderr]     |                                                                        ^^^^
[INFO] [stderr] 
[INFO] [stderr] warning: use of deprecated method `chrono::TimeZone::ymd`: use `with_ymd_and_hms()` instead
[INFO] [stderr]    --> src/time.rs:378:8
[INFO] [stderr]     |
[INFO] [stderr] 378 |             Utc.ymd(
[INFO] [stderr]     |                 ^^^
[INFO] [stderr] 
[INFO] [stderr] warning: use of deprecated method `chrono::DateTime::<Tz>::date`: Use `date_naive()` instead
[INFO] [stderr]    --> src/time.rs:410:40
[INFO] [stderr]     |
[INFO] [stderr] 410 |             .map(|date| Self::from_chrono(&date.date()))
[INFO] [stderr]     |                                                 ^^^^
[INFO] [stderr] 
[INFO] [stderr] warning: use of deprecated associated function `chrono::DateTime::<Tz>::from_utc`: Use TimeZone::from_utc_datetime() or DateTime::from_naive_utc_and_offset instead
[INFO] [stderr]    --> src/time.rs:569:29
[INFO] [stderr]     |
[INFO] [stderr] 569 |             chrono::DateTime::<Utc>::from_utc(self.date_time.as_chrono()?, Utc)
[INFO] [stderr]     |                                      ^^^^^^^^
[INFO] [stderr] 
[INFO] [stderr] warning: use of deprecated associated function `chrono::NaiveDate::from_ymd`: use `from_ymd_opt()` instead
[INFO] [stderr]     --> src/time.rs:1035:33
[INFO] [stderr]      |
[INFO] [stderr] 1035 |             let chrono_date = NaiveDate::from_ymd(y, m, d);
[INFO] [stderr]      |                                          ^^^^^^^^
[INFO] [stderr] 
[INFO] [stderr] warning: use of deprecated method `chrono::NaiveDate::and_hms`: use `and_hms_opt()` instead
[INFO] [stderr]     --> src/time.rs:1036:38
[INFO] [stderr]      |
[INFO] [stderr] 1036 |             let chrono_datetime = chrono_date.and_hms(0, 0, 0);
[INFO] [stderr]      |                                               ^^^^^^^
[INFO] [stderr] 
[INFO] [stderr] warning: use of deprecated method `chrono::NaiveDateTime::timestamp`: use `.and_utc().timestamp()` instead
[INFO] [stderr]     --> src/time.rs:1037:31
[INFO] [stderr]      |
[INFO] [stderr] 1037 |             assert_eq!(chrono_datetime.timestamp() % SECONDS_PER_DAY, 0);
[INFO] [stderr]      |                                        ^^^^^^^^^
[INFO] [stderr] 
[INFO] [stderr] warning: use of deprecated method `chrono::NaiveDateTime::timestamp`: use `.and_utc().timestamp()` instead
[INFO] [stderr]     --> src/time.rs:1039:52
[INFO] [stderr]      |
[INFO] [stderr] 1039 |                 DateWithoutTimezone::from_days(chrono_datetime.timestamp() / SECONDS_PER_DAY)
[INFO] [stderr]      |                                                                ^^^^^^^^^
[INFO] [stderr] 
[INFO] [stderr] warning: use of deprecated associated function `chrono::NaiveTime::from_hms`: use `from_hms_opt()` instead
[INFO] [stderr]     --> src/time.rs:1060:33
[INFO] [stderr]      |
[INFO] [stderr] 1060 |             let chrono_time = NaiveTime::from_hms(h, mi, s);
[INFO] [stderr]      |                                          ^^^^^^^^
[INFO] [stderr] 
[INFO] [stderr] warning: use of deprecated associated function `chrono::NaiveDate::from_ymd`: use `from_ymd_opt()` instead
[INFO] [stderr]     --> src/time.rs:1076:24
[INFO] [stderr]      |
[INFO] [stderr] 1076 |             let dt = NaiveDate::from_ymd(y, m, d).and_hms(h, mi, s);
[INFO] [stderr]      |                                 ^^^^^^^^
[INFO] [stderr] 
[INFO] [stderr] warning: use of deprecated method `chrono::NaiveDate::and_hms`: use `and_hms_opt()` instead
[INFO] [stderr]     --> src/time.rs:1076:42
[INFO] [stderr]      |
[INFO] [stderr] 1076 |             let dt = NaiveDate::from_ymd(y, m, d).and_hms(h, mi, s);
[INFO] [stderr]      |                                                   ^^^^^^^
[INFO] [stderr] 
[INFO] [stderr] warning: `amadeus-types` (lib) generated 8 warnings
[INFO] [stderr] warning: `amadeus-types` (lib test) generated 15 warnings (8 duplicates)
[INFO] [stderr]     Finished `test` profile [unoptimized + debuginfo] target(s) in 0.14s
[INFO] [stderr]      Running unittests src/lib.rs (/opt/rustwide/target/debug/deps/amadeus_types-42545f2b86f51296)
[INFO] [stdout] 
[INFO] [stdout] running 5 tests
[INFO] [stdout] test list::test::test ... ok
[INFO] [stdout] test time::tests::test_convert_timestamp_to_string ... ok
[INFO] [stdout] test time::tests::timezone ... ok
[INFO] [stdout] test time::tests::test_convert_time_to_string ... ok
[INFO] [stdout] test time::tests::test_convert_date_to_string ... FAILED
[INFO] [stdout] 
[INFO] [stdout] failures:
[INFO] [stdout] 
[INFO] [stdout] ---- time::tests::test_convert_date_to_string stdout ----
[INFO] [stdout] thread 'time::tests::test_convert_date_to_string' panicked at /opt/rustwide/cargo-home/registry/src/index.crates.io-6f17d22bba15001f/chrono-0.4.39/src/lib.rs:706:17:
[INFO] [stdout] invalid or out-of-range date
[INFO] [stdout] stack backtrace:
[INFO] [stdout]    0:     0x629c31c2044a - std::backtrace_rs::backtrace::libunwind::trace::h5a5b8284f2d0c266
[INFO] [stdout]                                at /rustc/90b35a6239c3d8bdabc530a6a0816f7ff89a0aaf/library/std/src/../../backtrace/src/backtrace/libunwind.rs:116:5
[INFO] [stdout]    1:     0x629c31c2044a - std::backtrace_rs::backtrace::trace_unsynchronized::h76d4f1c9b0b875e3
[INFO] [stdout]                                at /rustc/90b35a6239c3d8bdabc530a6a0816f7ff89a0aaf/library/std/src/../../backtrace/src/backtrace/mod.rs:66:5
[INFO] [stdout]    2:     0x629c31c2044a - std::sys::backtrace::_print_fmt::hc4546b8364a537c6
[INFO] [stdout]                                at /rustc/90b35a6239c3d8bdabc530a6a0816f7ff89a0aaf/library/std/src/sys/backtrace.rs:66:9
[INFO] [stdout]    3:     0x629c31c2044a - <std::sys::backtrace::BacktraceLock::print::DisplayBacktrace as core::fmt::Display>::fmt::h5b6bd5631a6d1f6b
[INFO] [stdout]                                at /rustc/90b35a6239c3d8bdabc530a6a0816f7ff89a0aaf/library/std/src/sys/backtrace.rs:39:26
[INFO] [stdout]    4:     0x629c31c47823 - core::fmt::rt::Argument::fmt::h270f6602a2b96f62
[INFO] [stdout]                                at /rustc/90b35a6239c3d8bdabc530a6a0816f7ff89a0aaf/library/core/src/fmt/rt.rs:177:76
[INFO] [stdout]    5:     0x629c31c47823 - core::fmt::write::h7550c97b06c86515
[INFO] [stdout]                                at /rustc/90b35a6239c3d8bdabc530a6a0816f7ff89a0aaf/library/core/src/fmt/mod.rs:1186:21
[INFO] [stdout]    6:     0x629c31c1d613 - std::io::Write::write_fmt::h509ff860e5956e5e
[INFO] [stdout]                                at /rustc/90b35a6239c3d8bdabc530a6a0816f7ff89a0aaf/library/std/src/io/mod.rs:1839:15
[INFO] [stdout]    7:     0x629c31c20292 - std::sys::backtrace::BacktraceLock::print::h2395ccd2c84ba3aa
[INFO] [stdout]                                at /rustc/90b35a6239c3d8bdabc530a6a0816f7ff89a0aaf/library/std/src/sys/backtrace.rs:42:9
[INFO] [stdout]    8:     0x629c31c218aa - std::panicking::default_hook::{{closure}}::he19d4c7230e07961
[INFO] [stdout]                                at /rustc/90b35a6239c3d8bdabc530a6a0816f7ff89a0aaf/library/std/src/panicking.rs:268:22
[INFO] [stdout]    9:     0x629c31c216b4 - std::panicking::default_hook::hf614597d3c67bbdb
[INFO] [stdout]                                at /rustc/90b35a6239c3d8bdabc530a6a0816f7ff89a0aaf/library/std/src/panicking.rs:292:9
[INFO] [stdout]   10:     0x629c31bd3739 - <alloc::boxed::Box<F,A> as core::ops::function::Fn<Args>>::call::h39b51ce4599c23d1
[INFO] [stdout]                                at /rustc/90b35a6239c3d8bdabc530a6a0816f7ff89a0aaf/library/alloc/src/boxed.rs:2468:9
[INFO] [stdout]   11:     0x629c31bd3739 - test::test_main::{{closure}}::he977ae839a582784
[INFO] [stdout]                                at /rustc/90b35a6239c3d8bdabc530a6a0816f7ff89a0aaf/library/test/src/lib.rs:133:21
[INFO] [stdout]   12:     0x629c31c21f48 - <alloc::boxed::Box<F,A> as core::ops::function::Fn<Args>>::call::h9455091b6b06f9fb
[INFO] [stdout]                                at /rustc/90b35a6239c3d8bdabc530a6a0816f7ff89a0aaf/library/alloc/src/boxed.rs:2468:9
[INFO] [stdout]   13:     0x629c31c21f48 - std::panicking::rust_panic_with_hook::h8942133a8b252070
[INFO] [stdout]                                at /rustc/90b35a6239c3d8bdabc530a6a0816f7ff89a0aaf/library/std/src/panicking.rs:809:13
[INFO] [stdout]   14:     0x629c31c21d0a - std::panicking::begin_panic_handler::{{closure}}::hb5f5963570096b29
[INFO] [stdout]                                at /rustc/90b35a6239c3d8bdabc530a6a0816f7ff89a0aaf/library/std/src/panicking.rs:674:13
[INFO] [stdout]   15:     0x629c31c20929 - std::sys::backtrace::__rust_end_short_backtrace::h6208cedc1922feda
[INFO] [stdout]                                at /rustc/90b35a6239c3d8bdabc530a6a0816f7ff89a0aaf/library/std/src/sys/backtrace.rs:170:18
[INFO] [stdout]   16:     0x629c31c2199c - rust_begin_unwind
[INFO] [stdout]                                at /rustc/90b35a6239c3d8bdabc530a6a0816f7ff89a0aaf/library/std/src/panicking.rs:665:5
[INFO] [stdout]   17:     0x629c31b89a60 - core::panicking::panic_fmt::h0c3082644d1bf418
[INFO] [stdout]                                at /rustc/90b35a6239c3d8bdabc530a6a0816f7ff89a0aaf/library/core/src/panicking.rs:74:14
[INFO] [stdout]   18:     0x629c31bef5a3 - core::panicking::panic_display::he6dbd0952a0ed027
[INFO] [stdout]                                at /rustc/90b35a6239c3d8bdabc530a6a0816f7ff89a0aaf/library/core/src/panicking.rs:264:5
[INFO] [stdout]   19:     0x629c31beefde - chrono::expect::panic_cold_display::h1d918317450a8569
[INFO] [stdout]                                at /rustc/90b35a6239c3d8bdabc530a6a0816f7ff89a0aaf/library/core/src/panic.rs:100:13
[INFO] [stdout]   20:     0x629c31beefbd - chrono::expect::h326e733b0795ec0b
[INFO] [stdout]                                at /opt/rustwide/cargo-home/registry/src/index.crates.io-6f17d22bba15001f/chrono-0.4.39/src/lib.rs:706:17
[INFO] [stdout]   21:     0x629c31bedfea - chrono::naive::date::NaiveDate::from_ymd::h0cb3e97d6ede7efa
[INFO] [stdout]                                at /opt/rustwide/cargo-home/registry/src/index.crates.io-6f17d22bba15001f/chrono-0.4.39/src/naive/date/mod.rs:168:9
[INFO] [stdout]   22:     0x629c31b95492 - amadeus_types::time::tests::test_convert_date_to_string::check_date_conversion::h33f9ab2fcdda25f5
[INFO] [stdout]                                at /opt/rustwide/workdir/src/time.rs:1035:22
[INFO] [stdout]   23:     0x629c31b953c2 - amadeus_types::time::tests::test_convert_date_to_string::hfaf1e841d74e7f73
[INFO] [stdout]                                at /opt/rustwide/workdir/src/time.rs:1046:3
[INFO] [stdout]   24:     0x629c31b95397 - amadeus_types::time::tests::test_convert_date_to_string::{{closure}}::h520e3ee50297dcaf
[INFO] [stdout]                                at /opt/rustwide/workdir/src/time.rs:1033:34
[INFO] [stdout]   25:     0x629c31b8b266 - core::ops::function::FnOnce::call_once::h4c48dc93ee04ea06
[INFO] [stdout]                                at /rustc/90b35a6239c3d8bdabc530a6a0816f7ff89a0aaf/library/core/src/ops/function.rs:250:5
[INFO] [stdout]   26:     0x629c31bd80fb - core::ops::function::FnOnce::call_once::h109cf8051a59b34e
[INFO] [stdout]                                at /rustc/90b35a6239c3d8bdabc530a6a0816f7ff89a0aaf/library/core/src/ops/function.rs:250:5
[INFO] [stdout]   27:     0x629c31bd80fb - test::__rust_begin_short_backtrace::hf4fff89d377446ba
[INFO] [stdout]                                at /rustc/90b35a6239c3d8bdabc530a6a0816f7ff89a0aaf/library/test/src/lib.rs:621:18
[INFO] [stdout]   28:     0x629c31bd7937 - test::run_test_in_process::{{closure}}::h0e39181dd7ee5a43
[INFO] [stdout]                                at /rustc/90b35a6239c3d8bdabc530a6a0816f7ff89a0aaf/library/test/src/lib.rs:644:60
[INFO] [stdout]   29:     0x629c31bd7937 - <core::panic::unwind_safe::AssertUnwindSafe<F> as core::ops::function::FnOnce<()>>::call_once::hc5a66a30f0bdfd1f
[INFO] [stdout]                                at /rustc/90b35a6239c3d8bdabc530a6a0816f7ff89a0aaf/library/core/src/panic/unwind_safe.rs:272:9
[INFO] [stdout]   30:     0x629c31bd7937 - std::panicking::try::do_call::h873b7cf639554a5e
[INFO] [stdout]                                at /rustc/90b35a6239c3d8bdabc530a6a0816f7ff89a0aaf/library/std/src/panicking.rs:557:40
[INFO] [stdout]   31:     0x629c31bd7937 - std::panicking::try::hdb19862fad9c8bd1
[INFO] [stdout]                                at /rustc/90b35a6239c3d8bdabc530a6a0816f7ff89a0aaf/library/std/src/panicking.rs:520:19
[INFO] [stdout]   32:     0x629c31bd7937 - std::panic::catch_unwind::h281fe732d236d260
[INFO] [stdout]                                at /rustc/90b35a6239c3d8bdabc530a6a0816f7ff89a0aaf/library/std/src/panic.rs:358:14
[INFO] [stdout]   33:     0x629c31bd7937 - test::run_test_in_process::h949b6df8457ed338
[INFO] [stdout]                                at /rustc/90b35a6239c3d8bdabc530a6a0816f7ff89a0aaf/library/test/src/lib.rs:644:27
[INFO] [stdout]   34:     0x629c31bd7937 - test::run_test::{{closure}}::h52c556a6d4740e10
[INFO] [stdout]                                at /rustc/90b35a6239c3d8bdabc530a6a0816f7ff89a0aaf/library/test/src/lib.rs:565:43
[INFO] [stdout]   35:     0x629c31b9cc14 - test::run_test::{{closure}}::h4237f6381c45ccb9
[INFO] [stdout]                                at /rustc/90b35a6239c3d8bdabc530a6a0816f7ff89a0aaf/library/test/src/lib.rs:595:41
[INFO] [stdout]   36:     0x629c31b9cc14 - std::sys::backtrace::__rust_begin_short_backtrace::h505c97a579eca628
[INFO] [stdout]                                at /rustc/90b35a6239c3d8bdabc530a6a0816f7ff89a0aaf/library/std/src/sys/backtrace.rs:154:18
[INFO] [stdout]   37:     0x629c31ba02de - std::thread::Builder::spawn_unchecked_::{{closure}}::{{closure}}::h9e86b2e2bc107ea3
[INFO] [stdout]                                at /rustc/90b35a6239c3d8bdabc530a6a0816f7ff89a0aaf/library/std/src/thread/mod.rs:538:17
[INFO] [stdout]   38:     0x629c31ba02de - <core::panic::unwind_safe::AssertUnwindSafe<F> as core::ops::function::FnOnce<()>>::call_once::h8b06ddb275ff4a25
[INFO] [stdout]                                at /rustc/90b35a6239c3d8bdabc530a6a0816f7ff89a0aaf/library/core/src/panic/unwind_safe.rs:272:9
[INFO] [stdout]   39:     0x629c31ba02de - std::panicking::try::do_call::hb26ecd7cd9a9355d
[INFO] [stdout]                                at /rustc/90b35a6239c3d8bdabc530a6a0816f7ff89a0aaf/library/std/src/panicking.rs:557:40
[INFO] [stdout]   40:     0x629c31ba02de - std::panicking::try::h8ddeca9d705f9069
[INFO] [stdout]                                at /rustc/90b35a6239c3d8bdabc530a6a0816f7ff89a0aaf/library/std/src/panicking.rs:520:19
[INFO] [stdout]   41:     0x629c31ba02de - std::panic::catch_unwind::h49e1c33078844c46
[INFO] [stdout]                                at /rustc/90b35a6239c3d8bdabc530a6a0816f7ff89a0aaf/library/std/src/panic.rs:358:14
[INFO] [stdout]   42:     0x629c31ba02de - std::thread::Builder::spawn_unchecked_::{{closure}}::h6073db6ff56ad35d
[INFO] [stdout]                                at /rustc/90b35a6239c3d8bdabc530a6a0816f7ff89a0aaf/library/std/src/thread/mod.rs:537:30
[INFO] [stdout]   43:     0x629c31ba02de - core::ops::function::FnOnce::call_once{{vtable.shim}}::h2c5a5f3779c774f1
[INFO] [stdout]                                at /rustc/90b35a6239c3d8bdabc530a6a0816f7ff89a0aaf/library/core/src/ops/function.rs:250:5
[INFO] [stdout]   44:     0x629c31c25c9b - <alloc::boxed::Box<F,A> as core::ops::function::FnOnce<Args>>::call_once::hf75717d9f28faebf
[INFO] [stdout]                                at /rustc/90b35a6239c3d8bdabc530a6a0816f7ff89a0aaf/library/alloc/src/boxed.rs:2454:9
[INFO] [stdout]   45:     0x629c31c25c9b - <alloc::boxed::Box<F,A> as core::ops::function::FnOnce<Args>>::call_once::h7bd883a5f3c5f3c1
[INFO] [stdout]                                at /rustc/90b35a6239c3d8bdabc530a6a0816f7ff89a0aaf/library/alloc/src/boxed.rs:2454:9
[INFO] [stdout]   46:     0x629c31c25c9b - std::sys::pal::unix::thread::Thread::new::thread_start::hcc78f3943333fa94
[INFO] [stdout]                                at /rustc/90b35a6239c3d8bdabc530a6a0816f7ff89a0aaf/library/std/src/sys/pal/unix/thread.rs:105:17
[INFO] [stdout]   47:     0x7bfb6dd8cac3 - <unknown>
[INFO] [stdout]   48:     0x7bfb6de1da04 - clone
[INFO] [stdout]   49:                0x0 - <unknown>
[INFO] [stdout] 
[INFO] [stdout] 
[INFO] [stdout] failures:
[INFO] [stdout]     time::tests::test_convert_date_to_string
[INFO] [stdout] 
[INFO] [stdout] test result: FAILED. 4 passed; 1 failed; 0 ignored; 0 measured; 0 filtered out; finished in 0.04s
[INFO] [stdout] 
[INFO] [stderr] error: test failed, to rerun pass `--lib`
[INFO] running `Command { std: "docker" "inspect" "bb324171b0c68dfa3b98a29c996194771cd0eb45ca10b18c0c34a6ef55ad0699", kill_on_drop: false }`
[INFO] running `Command { std: "docker" "rm" "-f" "bb324171b0c68dfa3b98a29c996194771cd0eb45ca10b18c0c34a6ef55ad0699", kill_on_drop: false }`
[INFO] [stdout] bb324171b0c68dfa3b98a29c996194771cd0eb45ca10b18c0c34a6ef55ad0699
