[INFO] fetching crate alumet 0.6.1...
[INFO] testing alumet-0.6.1 against 1.83.0 for beta-1.84.0-4-retry
[INFO] extracting crate alumet 0.6.1 into /workspace/builds/worker-3-tc1/source
[INFO] validating manifest of crates.io crate alumet 0.6.1 on toolchain 1.83.0
[INFO] running `Command { std: CARGO_HOME="/workspace/cargo-home" RUSTUP_HOME="/workspace/rustup-home" "/workspace/cargo-home/bin/cargo" "+1.83.0" "metadata" "--manifest-path" "Cargo.toml" "--no-deps", kill_on_drop: false }`
[INFO] started tweaking crates.io crate alumet 0.6.1
[INFO] removed 0 missing tests
[INFO] finished tweaking crates.io crate alumet 0.6.1
[INFO] tweaked toml for crates.io crate alumet 0.6.1 written to /workspace/builds/worker-3-tc1/source/Cargo.toml
[INFO] running `Command { std: CARGO_HOME="/workspace/cargo-home" RUSTUP_HOME="/workspace/rustup-home" "/workspace/cargo-home/bin/cargo" "+1.83.0" "generate-lockfile" "--manifest-path" "Cargo.toml", kill_on_drop: false }`
[INFO] [stderr]     Updating crates.io index
[INFO] [stderr]      Locking 102 packages to latest compatible versions
[INFO] [stderr]       Adding fancy-regex v0.13.0 (available: v0.14.0)
[INFO] [stderr]       Adding thiserror v1.0.69 (available: v2.0.7)
[INFO] running `Command { std: CARGO_HOME="/workspace/cargo-home" RUSTUP_HOME="/workspace/rustup-home" "/workspace/cargo-home/bin/cargo" "+1.83.0" "fetch" "--manifest-path" "Cargo.toml", kill_on_drop: false }`
[INFO] [stderr]  Downloading crates ...
[INFO] [stderr]   Downloaded tokio-timerfd v0.2.0
[INFO] [stderr]   Downloaded timerfd v1.6.0
[INFO] running `Command { std: "docker" "create" "-v" "/var/lib/crater-agent-workspace/builds/worker-3-tc1/target:/opt/rustwide/target:rw,Z" "-v" "/var/lib/crater-agent-workspace/builds/worker-3-tc1/source:/opt/rustwide/workdir:ro,Z" "-v" "/var/lib/crater-agent-workspace/cargo-home:/opt/rustwide/cargo-home:ro,Z" "-v" "/var/lib/crater-agent-workspace/rustup-home:/opt/rustwide/rustup-home:ro,Z" "-e" "SOURCE_DIR=/opt/rustwide/workdir" "-e" "CARGO_TARGET_DIR=/opt/rustwide/target" "-e" "CARGO_HOME=/opt/rustwide/cargo-home" "-e" "RUSTUP_HOME=/opt/rustwide/rustup-home" "-w" "/opt/rustwide/workdir" "-m" "1610612736" "--user" "0:0" "--network" "none" "ghcr.io/rust-lang/crates-build-env/linux@sha256:f3a9d4ad9d972b27faf3965f35b62e55ba32bbce8f20bc8fe909558a86702fde" "/opt/rustwide/cargo-home/bin/cargo" "+1.83.0" "metadata" "--no-deps" "--format-version=1", kill_on_drop: false }`
[INFO] [stdout] 00b5ada5e0001cedeef915b52bb9dcd5b839d7a7b20316cc63be0779af75d170
[INFO] running `Command { std: "docker" "start" "-a" "00b5ada5e0001cedeef915b52bb9dcd5b839d7a7b20316cc63be0779af75d170", kill_on_drop: false }`
[INFO] running `Command { std: "docker" "inspect" "00b5ada5e0001cedeef915b52bb9dcd5b839d7a7b20316cc63be0779af75d170", kill_on_drop: false }`
[INFO] running `Command { std: "docker" "rm" "-f" "00b5ada5e0001cedeef915b52bb9dcd5b839d7a7b20316cc63be0779af75d170", kill_on_drop: false }`
[INFO] [stdout] 00b5ada5e0001cedeef915b52bb9dcd5b839d7a7b20316cc63be0779af75d170
[INFO] running `Command { std: "docker" "create" "-v" "/var/lib/crater-agent-workspace/builds/worker-3-tc1/target:/opt/rustwide/target:rw,Z" "-v" "/var/lib/crater-agent-workspace/builds/worker-3-tc1/source:/opt/rustwide/workdir:ro,Z" "-v" "/var/lib/crater-agent-workspace/cargo-home:/opt/rustwide/cargo-home:ro,Z" "-v" "/var/lib/crater-agent-workspace/rustup-home:/opt/rustwide/rustup-home:ro,Z" "-e" "SOURCE_DIR=/opt/rustwide/workdir" "-e" "CARGO_TARGET_DIR=/opt/rustwide/target" "-e" "CARGO_INCREMENTAL=0" "-e" "RUST_BACKTRACE=full" "-e" "RUSTFLAGS=--cap-lints=warn" "-e" "RUSTDOCFLAGS=--cap-lints=warn" "-e" "CARGO_HOME=/opt/rustwide/cargo-home" "-e" "RUSTUP_HOME=/opt/rustwide/rustup-home" "-w" "/opt/rustwide/workdir" "-m" "1610612736" "--user" "0:0" "--network" "none" "ghcr.io/rust-lang/crates-build-env/linux@sha256:f3a9d4ad9d972b27faf3965f35b62e55ba32bbce8f20bc8fe909558a86702fde" "/opt/rustwide/cargo-home/bin/cargo" "+1.83.0" "build" "--frozen" "--message-format=json", kill_on_drop: false }`
[INFO] [stdout] 7adf92838f95d4a705af6841412cc7179c4ee41d2fc19a7294fc24ef18e097ce
[INFO] running `Command { std: "docker" "start" "-a" "7adf92838f95d4a705af6841412cc7179c4ee41d2fc19a7294fc24ef18e097ce", kill_on_drop: false }`
[INFO] [stderr]    Compiling proc-macro2 v1.0.92
[INFO] [stderr]    Compiling unicode-ident v1.0.14
[INFO] [stderr]    Compiling serde v1.0.216
[INFO] [stderr]    Compiling libc v0.2.168
[INFO] [stderr]    Compiling equivalent v1.0.1
[INFO] [stderr]    Compiling linux-raw-sys v0.4.14
[INFO] [stderr]    Compiling hashbrown v0.15.2
[INFO] [stderr]    Compiling bitflags v2.6.0
[INFO] [stderr]    Compiling utf8parse v0.2.2
[INFO] [stderr]    Compiling winnow v0.6.20
[INFO] [stderr]    Compiling autocfg v1.4.0
[INFO] [stderr]    Compiling pin-project-lite v0.2.15
[INFO] [stderr]    Compiling futures-core v0.3.31
[INFO] [stderr]    Compiling anstyle-query v1.1.2
[INFO] [stderr]    Compiling memchr v2.7.4
[INFO] [stderr]    Compiling futures-sink v0.3.31
[INFO] [stderr]    Compiling anstyle-parse v0.2.6
[INFO] [stderr]    Compiling colorchoice v1.0.3
[INFO] [stderr]    Compiling anstyle v1.0.10
[INFO] [stderr]    Compiling is_terminal_polyfill v1.70.1
[INFO] [stderr]    Compiling rustix v0.38.42
[INFO] [stderr]    Compiling clap_lex v0.7.4
[INFO] [stderr]    Compiling cfg-if v1.0.0
[INFO] [stderr]    Compiling strsim v0.11.1
[INFO] [stderr]    Compiling serde_json v1.0.133
[INFO] [stderr]    Compiling anstream v0.6.18
[INFO] [stderr]    Compiling cbindgen v0.27.0
[INFO] [stderr]    Compiling ryu v1.0.18
[INFO] [stderr]    Compiling clap_builder v4.5.23
[INFO] [stderr]    Compiling itoa v1.0.14
[INFO] [stderr]    Compiling once_cell v1.20.2
[INFO] [stderr]    Compiling slab v0.4.9
[INFO] [stderr]    Compiling fastrand v2.3.0
[INFO] [stderr]    Compiling futures-channel v0.3.31
[INFO] [stderr]    Compiling futures-task v0.3.31
[INFO] [stderr]    Compiling log v0.4.22
[INFO] [stderr]    Compiling pin-utils v0.1.0
[INFO] [stderr]    Compiling futures-io v0.3.31
[INFO] [stderr]    Compiling heck v0.4.1
[INFO] [stderr]    Compiling aho-corasick v1.1.3
[INFO] [stderr]    Compiling bit-vec v0.6.3
[INFO] [stderr]    Compiling indexmap v2.7.0
[INFO] [stderr]    Compiling anyhow v1.0.94
[INFO] [stderr]    Compiling regex-syntax v0.8.5
[INFO] [stderr]    Compiling bytes v1.9.0
[INFO] [stderr]    Compiling thiserror v1.0.69
[INFO] [stderr]    Compiling quote v1.0.37
[INFO] [stderr]    Compiling bit-set v0.5.3
[INFO] [stderr]    Compiling byteorder v1.5.0
[INFO] [stderr]    Compiling syn v2.0.90
[INFO] [stderr]    Compiling signal-hook-registry v1.4.2
[INFO] [stderr]    Compiling socket2 v0.5.8
[INFO] [stderr]    Compiling mio v1.0.3
[INFO] [stderr]    Compiling libloading v0.8.6
[INFO] [stderr]    Compiling smallvec v1.13.2
[INFO] [stderr]    Compiling fxhash v0.2.1
[INFO] [stderr]    Compiling indoc v2.0.5
[INFO] [stderr]    Compiling tempfile v3.14.0
[INFO] [stderr]    Compiling clap v4.5.23
[INFO] [stderr]    Compiling timerfd v1.6.0
[INFO] [stderr]    Compiling toml_datetime v0.6.8
[INFO] [stderr]    Compiling serde_spanned v0.6.8
[INFO] [stderr]    Compiling regex-automata v0.4.9
[INFO] [stderr]    Compiling toml_edit v0.22.22
[INFO] [stderr]    Compiling toml v0.8.19
[INFO] [stderr]    Compiling fancy-regex v0.13.0
[INFO] [stderr]    Compiling serde_derive v1.0.216
[INFO] [stderr]    Compiling tokio-macros v2.4.0
[INFO] [stderr]    Compiling futures-macro v0.3.31
[INFO] [stderr]    Compiling thiserror-impl v1.0.69
[INFO] [stderr]    Compiling futures-util v0.3.31
[INFO] [stderr]    Compiling tokio v1.42.0
[INFO] [stderr]    Compiling tokio-util v0.7.13
[INFO] [stderr]    Compiling tokio-timerfd v0.2.0
[INFO] [stderr]    Compiling tokio-stream v0.1.17
[INFO] [stderr]    Compiling futures-executor v0.3.31
[INFO] [stderr]    Compiling futures v0.3.31
[INFO] [stderr]    Compiling alumet v0.6.1 (/opt/rustwide/workdir)
[INFO] [stdout] warning: unused variable: `crate_dir`
[INFO] [stdout]   --> build.rs:12:9
[INFO] [stdout]    |
[INFO] [stdout] 12 |     let crate_dir = env::var("CARGO_MANIFEST_DIR").unwrap();
[INFO] [stdout]    |         ^^^^^^^^^ help: if this is intentional, prefix it with an underscore: `_crate_dir`
[INFO] [stdout]    |
[INFO] [stdout]    = note: `#[warn(unused_variables)]` on by default
[INFO] [stdout] 
[INFO] [stdout] 
[INFO] [stdout] warning: unused variable: `out_file_path`
[INFO] [stdout]   --> build.rs:15:9
[INFO] [stdout]    |
[INFO] [stdout] 15 |     let out_file_path = out_dir.join("alumet-api.h");
[INFO] [stdout]    |         ^^^^^^^^^^^^^ help: if this is intentional, prefix it with an underscore: `_out_file_path`
[INFO] [stdout] 
[INFO] [stdout] 
[INFO] [stdout] warning: function `with_rustc_bootstrap` is never used
[INFO] [stdout]   --> build.rs:60:4
[INFO] [stdout]    |
[INFO] [stdout] 60 | fn with_rustc_bootstrap<R>(f: impl FnOnce() -> R) -> R {
[INFO] [stdout]    |    ^^^^^^^^^^^^^^^^^^^^
[INFO] [stdout]    |
[INFO] [stdout]    = note: `#[warn(dead_code)]` on by default
[INFO] [stdout] 
[INFO] [stdout] 
[INFO] [stderr]     Finished `dev` profile [unoptimized + debuginfo] target(s) in 45.70s
[INFO] running `Command { std: "docker" "inspect" "7adf92838f95d4a705af6841412cc7179c4ee41d2fc19a7294fc24ef18e097ce", kill_on_drop: false }`
[INFO] running `Command { std: "docker" "rm" "-f" "7adf92838f95d4a705af6841412cc7179c4ee41d2fc19a7294fc24ef18e097ce", kill_on_drop: false }`
[INFO] [stdout] 7adf92838f95d4a705af6841412cc7179c4ee41d2fc19a7294fc24ef18e097ce
[INFO] running `Command { std: "docker" "create" "-v" "/var/lib/crater-agent-workspace/builds/worker-3-tc1/target:/opt/rustwide/target:rw,Z" "-v" "/var/lib/crater-agent-workspace/builds/worker-3-tc1/source:/opt/rustwide/workdir:ro,Z" "-v" "/var/lib/crater-agent-workspace/cargo-home:/opt/rustwide/cargo-home:ro,Z" "-v" "/var/lib/crater-agent-workspace/rustup-home:/opt/rustwide/rustup-home:ro,Z" "-e" "SOURCE_DIR=/opt/rustwide/workdir" "-e" "CARGO_TARGET_DIR=/opt/rustwide/target" "-e" "CARGO_INCREMENTAL=0" "-e" "RUST_BACKTRACE=full" "-e" "RUSTFLAGS=--cap-lints=warn" "-e" "RUSTDOCFLAGS=--cap-lints=warn" "-e" "CARGO_HOME=/opt/rustwide/cargo-home" "-e" "RUSTUP_HOME=/opt/rustwide/rustup-home" "-w" "/opt/rustwide/workdir" "-m" "1610612736" "--user" "0:0" "--network" "none" "ghcr.io/rust-lang/crates-build-env/linux@sha256:f3a9d4ad9d972b27faf3965f35b62e55ba32bbce8f20bc8fe909558a86702fde" "/opt/rustwide/cargo-home/bin/cargo" "+1.83.0" "test" "--frozen" "--no-run" "--message-format=json", kill_on_drop: false }`
[INFO] [stdout] 4dce992b39726b8924cb0441b7fb74560c95f70c7c903ad2e3519d5e8d77b3c8
[INFO] running `Command { std: "docker" "start" "-a" "4dce992b39726b8924cb0441b7fb74560c95f70c7c903ad2e3519d5e8d77b3c8", kill_on_drop: false }`
[INFO] [stderr]    Compiling utf8parse v0.2.2
[INFO] [stderr]    Compiling colorchoice v1.0.3
[INFO] [stderr]    Compiling anstyle-query v1.1.2
[INFO] [stderr]    Compiling is_terminal_polyfill v1.70.1
[INFO] [stderr]    Compiling anstyle v1.0.10
[INFO] [stderr]    Compiling serde v1.0.216
[INFO] [stderr]    Compiling log v0.4.22
[INFO] [stderr]    Compiling regex v1.11.1
[INFO] [stderr]    Compiling humantime v2.1.0
[INFO] [stderr]    Compiling anstyle-parse v0.2.6
[INFO] [stderr]    Compiling anstream v0.6.18
[INFO] [stderr]    Compiling env_filter v0.1.2
[INFO] [stderr]    Compiling clap_builder v4.5.23
[INFO] [stderr]    Compiling env_logger v0.11.5
[INFO] [stderr]    Compiling clap v4.5.23
[INFO] [stderr]    Compiling toml_datetime v0.6.8
[INFO] [stderr]    Compiling serde_spanned v0.6.8
[INFO] [stderr]    Compiling serde_json v1.0.133
[INFO] [stderr]    Compiling toml_edit v0.22.22
[INFO] [stderr]    Compiling toml v0.8.19
[INFO] [stderr]    Compiling cbindgen v0.27.0
[INFO] [stderr]    Compiling alumet v0.6.1 (/opt/rustwide/workdir)
[INFO] [stdout] warning: unused variable: `crate_dir`
[INFO] [stdout]   --> build.rs:12:9
[INFO] [stdout]    |
[INFO] [stdout] 12 |     let crate_dir = env::var("CARGO_MANIFEST_DIR").unwrap();
[INFO] [stdout]    |         ^^^^^^^^^ help: if this is intentional, prefix it with an underscore: `_crate_dir`
[INFO] [stdout]    |
[INFO] [stdout]    = note: `#[warn(unused_variables)]` on by default
[INFO] [stdout] 
[INFO] [stdout] 
[INFO] [stdout] warning: unused variable: `out_file_path`
[INFO] [stdout]   --> build.rs:15:9
[INFO] [stdout]    |
[INFO] [stdout] 15 |     let out_file_path = out_dir.join("alumet-api.h");
[INFO] [stdout]    |         ^^^^^^^^^^^^^ help: if this is intentional, prefix it with an underscore: `_out_file_path`
[INFO] [stdout] 
[INFO] [stdout] 
[INFO] [stdout] warning: function `with_rustc_bootstrap` is never used
[INFO] [stdout]   --> build.rs:60:4
[INFO] [stdout]    |
[INFO] [stdout] 60 | fn with_rustc_bootstrap<R>(f: impl FnOnce() -> R) -> R {
[INFO] [stdout]    |    ^^^^^^^^^^^^^^^^^^^^
[INFO] [stdout]    |
[INFO] [stdout]    = note: `#[warn(dead_code)]` on by default
[INFO] [stdout] 
[INFO] [stdout] 
[INFO] [stdout] warning: unexpected `cfg` condition name: `tarpaulin_include`
[INFO] [stdout]  --> tests/common/mod.rs:1:11
[INFO] [stdout]   |
[INFO] [stdout] 1 | #[cfg(not(tarpaulin_include))]
[INFO] [stdout]   |           ^^^^^^^^^^^^^^^^^
[INFO] [stdout]   |
[INFO] [stdout]   = help: expected names are: `clippy`, `debug_assertions`, `doc`, `docsrs`, `doctest`, `feature`, `fmt_debug`, `miri`, `overflow_checks`, `panic`, `proc_macro`, `relocation_model`, `rustfmt`, `sanitize`, `sanitizer_cfi_generalize_pointers`, `sanitizer_cfi_normalize_integers`, `target_abi`, `target_arch`, `target_endian`, `target_env`, `target_family`, `target_feature`, `target_has_atomic`, `target_has_atomic_equal_alignment`, `target_has_atomic_load_store`, `target_os`, `target_pointer_width`, `target_thread_local`, `target_vendor`, `test`, `ub_checks`, `unix`, and `windows`
[INFO] [stdout]   = help: consider using a Cargo feature instead
[INFO] [stdout]   = help: or consider adding in `Cargo.toml` the `check-cfg` lint config for the lint:
[INFO] [stdout]            [lints.rust]
[INFO] [stdout]            unexpected_cfgs = { level = "warn", check-cfg = ['cfg(tarpaulin_include)'] }
[INFO] [stdout]   = help: or consider adding `println!("cargo::rustc-check-cfg=cfg(tarpaulin_include)");` to the top of the `build.rs`
[INFO] [stdout]   = note: see <https://doc.rust-lang.org/nightly/rustc/check-cfg/cargo-specifics.html> for more information about checking conditional configuration
[INFO] [stdout]   = note: `#[warn(unexpected_cfgs)]` on by default
[INFO] [stdout] 
[INFO] [stdout] 
[INFO] [stderr]     Finished `test` profile [unoptimized + debuginfo] target(s) in 20.50s
[INFO] running `Command { std: "docker" "inspect" "4dce992b39726b8924cb0441b7fb74560c95f70c7c903ad2e3519d5e8d77b3c8", kill_on_drop: false }`
[INFO] running `Command { std: "docker" "rm" "-f" "4dce992b39726b8924cb0441b7fb74560c95f70c7c903ad2e3519d5e8d77b3c8", kill_on_drop: false }`
[INFO] [stdout] 4dce992b39726b8924cb0441b7fb74560c95f70c7c903ad2e3519d5e8d77b3c8
[INFO] running `Command { std: "docker" "create" "-v" "/var/lib/crater-agent-workspace/builds/worker-3-tc1/target:/opt/rustwide/target:rw,Z" "-v" "/var/lib/crater-agent-workspace/builds/worker-3-tc1/source:/opt/rustwide/workdir:ro,Z" "-v" "/var/lib/crater-agent-workspace/cargo-home:/opt/rustwide/cargo-home:ro,Z" "-v" "/var/lib/crater-agent-workspace/rustup-home:/opt/rustwide/rustup-home:ro,Z" "-e" "SOURCE_DIR=/opt/rustwide/workdir" "-e" "CARGO_TARGET_DIR=/opt/rustwide/target" "-e" "CARGO_INCREMENTAL=0" "-e" "RUST_BACKTRACE=full" "-e" "RUSTFLAGS=--cap-lints=warn" "-e" "RUSTDOCFLAGS=--cap-lints=warn" "-e" "CARGO_HOME=/opt/rustwide/cargo-home" "-e" "RUSTUP_HOME=/opt/rustwide/rustup-home" "-w" "/opt/rustwide/workdir" "-m" "1610612736" "--user" "0:0" "--network" "none" "ghcr.io/rust-lang/crates-build-env/linux@sha256:f3a9d4ad9d972b27faf3965f35b62e55ba32bbce8f20bc8fe909558a86702fde" "/opt/rustwide/cargo-home/bin/cargo" "+1.83.0" "test" "--frozen", kill_on_drop: false }`
[INFO] [stdout] b0215490fc6726aac22b089f0c5630bc1d314c271ef94fd6d5c4c42065d4139e
[INFO] running `Command { std: "docker" "start" "-a" "b0215490fc6726aac22b089f0c5630bc1d314c271ef94fd6d5c4c42065d4139e", kill_on_drop: false }`
[INFO] [stderr] warning: unused variable: `crate_dir`
[INFO] [stderr]   --> build.rs:12:9
[INFO] [stderr]    |
[INFO] [stderr] 12 |     let crate_dir = env::var("CARGO_MANIFEST_DIR").unwrap();
[INFO] [stderr]    |         ^^^^^^^^^ help: if this is intentional, prefix it with an underscore: `_crate_dir`
[INFO] [stderr]    |
[INFO] [stderr]    = note: `#[warn(unused_variables)]` on by default
[INFO] [stderr] 
[INFO] [stderr] warning: unused variable: `out_file_path`
[INFO] [stderr]   --> build.rs:15:9
[INFO] [stderr]    |
[INFO] [stderr] 15 |     let out_file_path = out_dir.join("alumet-api.h");
[INFO] [stderr]    |         ^^^^^^^^^^^^^ help: if this is intentional, prefix it with an underscore: `_out_file_path`
[INFO] [stderr] 
[INFO] [stderr] warning: function `with_rustc_bootstrap` is never used
[INFO] [stderr]   --> build.rs:60:4
[INFO] [stderr]    |
[INFO] [stderr] 60 | fn with_rustc_bootstrap<R>(f: impl FnOnce() -> R) -> R {
[INFO] [stderr]    |    ^^^^^^^^^^^^^^^^^^^^
[INFO] [stderr]    |
[INFO] [stderr]    = note: `#[warn(dead_code)]` on by default
[INFO] [stderr] 
[INFO] [stderr] warning: `alumet` (build script) generated 3 warnings
[INFO] [stderr] warning: unexpected `cfg` condition name: `tarpaulin_include`
[INFO] [stderr]  --> tests/common/mod.rs:1:11
[INFO] [stderr]   |
[INFO] [stderr] 1 | #[cfg(not(tarpaulin_include))]
[INFO] [stderr]   |           ^^^^^^^^^^^^^^^^^
[INFO] [stderr]   |
[INFO] [stderr]   = help: expected names are: `clippy`, `debug_assertions`, `doc`, `docsrs`, `doctest`, `feature`, `fmt_debug`, `miri`, `overflow_checks`, `panic`, `proc_macro`, `relocation_model`, `rustfmt`, `sanitize`, `sanitizer_cfi_generalize_pointers`, `sanitizer_cfi_normalize_integers`, `target_abi`, `target_arch`, `target_endian`, `target_env`, `target_family`, `target_feature`, `target_has_atomic`, `target_has_atomic_equal_alignment`, `target_has_atomic_load_store`, `target_os`, `target_pointer_width`, `target_thread_local`, `target_vendor`, `test`, `ub_checks`, `unix`, and `windows`
[INFO] [stderr]   = help: consider using a Cargo feature instead
[INFO] [stderr]   = help: or consider adding in `Cargo.toml` the `check-cfg` lint config for the lint:
[INFO] [stderr]            [lints.rust]
[INFO] [stderr]            unexpected_cfgs = { level = "warn", check-cfg = ['cfg(tarpaulin_include)'] }
[INFO] [stderr]   = help: or consider adding `println!("cargo::rustc-check-cfg=cfg(tarpaulin_include)");` to the top of the `build.rs`
[INFO] [stderr]   = note: see <https://doc.rust-lang.org/nightly/rustc/check-cfg/cargo-specifics.html> for more information about checking conditional configuration
[INFO] [stderr]   = note: `#[warn(unexpected_cfgs)]` on by default
[INFO] [stderr] 
[INFO] [stderr] warning: `alumet` (test "agent") generated 1 warning
[INFO] [stderr]     Finished `test` profile [unoptimized + debuginfo] target(s) in 0.12s
[INFO] [stderr]      Running unittests src/lib.rs (/opt/rustwide/target/debug/deps/alumet-dcafe27b8b2eaf65)
[INFO] [stdout] 
[INFO] [stdout] running 29 tests
[INFO] [stdout] test ffi::resources::tests::test_memory_layout ... ok
[INFO] [stdout] test agent::tests::static_plugins_macro ... ok
[INFO] [stdout] test metrics::tests::metric_registry ... ok
[INFO] [stdout] test metrics::tests::register_infallible ... ok
[INFO] [stdout] test ffi::config::tests::test_pointers ... ok
[INFO] [stdout] test pipeline::control::tests::type_constraints ... ok
[INFO] [stdout] test pipeline::trigger::tests::trigger_auto_config ... ok
[INFO] [stdout] test pipeline::util::matching::tests::parse_element_selector ... ok
[INFO] [stdout] test metrics::tests::no_duplicate_metrics ... ok
[INFO] [stdout] test pipeline::util::matching::tests::parse_name_pattern ... ok
[INFO] [stdout] test agent::tests::enable_flag ... ok
[INFO] [stdout] test pipeline::util::stream::tests::empty_controlled_stream ... ok
[INFO] [stdout] test pipeline::util::stream::tests::multi_controlled_stream ... ok
[INFO] [stdout] test agent::tests::create_default_config_file ... ok
[INFO] [stdout] test pipeline::trigger::tests::trigger_constraints ... ok
[INFO] [stdout] test pipeline::util::stream::tests::collect_controlled_stream ... ok
[INFO] [stdout] test pipeline::util::stream::tests::pause_empty_controlled_stream_from_other_thread2 ... ok
[INFO] [stdout] test pipeline::util::stream::tests::pause_empty_controlled_stream ... ok
[INFO] [stdout] test pipeline::util::stream::tests::single_controlled_stream ... ok
[INFO] [stdout] test plugin::event::tests::test ... ok
[INFO] [stdout] test plugin::version::tests::compatibility_comparison ... ok
[INFO] [stdout] test plugin::version::tests::parsing ... ok
[INFO] [stdout] test pipeline::util::stream::tests::pause_empty_controlled_stream_from_other_thread ... ok
[INFO] [stdout] test agent::tests::parse_config_file_with_missing_env_var ... ok
[INFO] [stdout] test agent::tests::parse_config_file_with_env_var ... ok
[INFO] [stdout] test agent::config::tests::regex ... ok
[INFO] [stdout] test agent::tests::parse_config_string_basic ... ok
[INFO] [stdout] test pipeline::util::stream::tests::pause_empty_controlled_stream_from_other_thread3 ... ok
[INFO] [stdout] test pipeline::util::stream::tests::pause_nonempty_controlled_stream ... ok
[INFO] [stderr]      Running tests/agent.rs (/opt/rustwide/target/debug/deps/agent-e8834b66c90a315c)
[INFO] [stdout] 
[INFO] [stdout] test result: ok. 29 passed; 0 failed; 0 ignored; 0 measured; 0 filtered out; finished in 0.43s
[INFO] [stdout] 
[INFO] [stdout] 
[INFO] [stdout] running 4 tests
[INFO] [stdout] test static_plugin_macro ... ok
[INFO] [stdout] test default_config_no_plugin ... ok
[INFO] [stdout] test default_config_1_plugin ... ok
[INFO] [stdout] test test_plugin_lifecycle ... ok
[INFO] [stdout] 
[INFO] [stderr]      Running tests/error_handling.rs (/opt/rustwide/target/debug/deps/error_handling-17486fbbbc7fe0bc)
[INFO] [stdout] test result: ok. 4 passed; 0 failed; 0 ignored; 0 measured; 0 filtered out; finished in 0.03s
[INFO] [stdout] 
[INFO] [stdout] 
[INFO] [stdout] running 16 tests
[INFO] [stderr] [2024-12-15T02:04:13Z ERROR alumet::pipeline::elements::output] Error in output creation requested by plugin errors: output creation failed: test error triggered on point output_build
[INFO] [stdout] test errors::tests::error_output_build ... ok
[INFO] [stdout] test errors::tests::error_plugin_post_pipeline_start ... ok
[INFO] [stdout] test errors::tests::error_default_config ... ok
[INFO] [stderr] [2024-12-15T02:04:14Z ERROR alumet::agent] Error while stopping plugin errors v0.0.1. test error triggered on point stop
[INFO] [stdout] test errors::tests::error_plugin_stop ... ok
[INFO] [stdout] test errors::tests::panic_default_config ... ok
[INFO] [stderr] [2024-12-15T02:04:14Z ERROR alumet::pipeline::elements::source] Error in source creation requested by plugin errors: managed source creation failed: test error triggered on point source1_build
[INFO] [stdout] test errors::tests::error_source1_build ... ok
[INFO] [stdout] test errors::tests::panic_name ... ok
[INFO] [stdout] test errors::tests::panic_plugin_post_pipeline_start ... ok
[INFO] [stderr] [2024-12-15T02:04:15Z ERROR alumet::agent] PANIC while stopping plugin errors v0.0.1. There is probably a bug in the plugin!
[INFO] [stderr]                             Please check the implementation of stop (and drop if Drop is implemented for the plugin type).
[INFO] [stdout] test errors::tests::panic_plugin_stop ... ok
[INFO] [stderr] [2024-12-15T02:04:16Z ERROR alumet::agent] PANIC while stopping plugin errors v0.0.1. There is probably a bug in the plugin!
[INFO] [stderr]                             Please check the implementation of stop (and drop if Drop is implemented for the plugin type).
[INFO] [stdout] test errors::tests::panic_plugin_drop ... ok
[INFO] [stderr] [2024-12-15T02:04:16Z ERROR alumet::pipeline::elements::transform] Error in transform creation requested by plugin errors: transform creation failed: test error triggered on point transf_build
[INFO] [stdout] test errors::tests::error_transform_build ... ok
[INFO] [stderr] [2024-12-15T02:04:16Z ERROR alumet::pipeline::elements::source] Error in source creation requested by plugin errors: managed source creation failed
[INFO] [stderr]     
[INFO] [stderr]     Caused by:
[INFO] [stderr]         test error triggered on point source2_build
[INFO] [stderr]     
[INFO] [stderr]     Stack backtrace:
[INFO] [stderr]        0: anyhow::error::<impl anyhow::Error>::msg
[INFO] [stderr]                  at /opt/rustwide/cargo-home/registry/src/index.crates.io-6f17d22bba15001f/anyhow-1.0.94/src/backtrace.rs:27:14
[INFO] [stderr]        1: <error_handling::errors::plugin::BadPlugin as alumet::plugin::rust::AlumetPlugin>::post_pipeline_start::{{closure}}
[INFO] [stderr]                  at ./tests/errors/points.rs:99:39
[INFO] [stderr]        2: core::ops::function::FnOnce::call_once{{vtable.shim}}
[INFO] [stderr]                  at /rustc/90b35a6239c3d8bdabc530a6a0816f7ff89a0aaf/library/core/src/ops/function.rs:250:5
[INFO] [stderr]        3: <alloc::boxed::Box<F,A> as core::ops::function::FnOnce<Args>>::call_once
[INFO] [stderr]                  at /rustc/90b35a6239c3d8bdabc530a6a0816f7ff89a0aaf/library/alloc/src/boxed.rs:2454:9
[INFO] [stderr]        4: alumet::pipeline::elements::source::TaskManager::create_source
[INFO] [stderr]                  at ./src/pipeline/elements/source.rs:204:31
[INFO] [stderr]        5: alumet::pipeline::elements::source::SourceControl::create_sources::{{closure}}
[INFO] [stderr]                  at ./src/pipeline/elements/source.rs:134:21
[INFO] [stderr]        6: alumet::pipeline::elements::source::SourceControl::handle_message::{{closure}}
[INFO] [stderr]                  at ./src/pipeline/elements/source.rs:152:98
[INFO] [stderr]        7: alumet::pipeline::control::PipelineControl::handle_message::{{closure}}
[INFO] [stderr]                  at ./src/pipeline/control.rs:315:77
[INFO] [stderr]        8: alumet::pipeline::control::PipelineControl::run::{{closure}}
[INFO] [stderr]                  at ./src/pipeline/control.rs:349:70
[INFO] [stderr]        9: tokio::runtime::task::core::Core<T,S>::poll::{{closure}}
[INFO] [stderr]                  at /opt/rustwide/cargo-home/registry/src/index.crates.io-6f17d22bba15001f/tokio-1.42.0/src/runtime/task/core.rs:331:17
[INFO] [stderr]       10: tokio::loom::std::unsafe_cell::UnsafeCell<T>::with_mut
[INFO] [stderr]                  at /opt/rustwide/cargo-home/registry/src/index.crates.io-6f17d22bba15001f/tokio-1.42.0/src/loom/std/unsafe_cell.rs:16:9
[INFO] [stderr]       11: tokio::runtime::task::core::Core<T,S>::poll
[INFO] [stderr]                  at /opt/rustwide/cargo-home/registry/src/index.crates.io-6f17d22bba15001f/tokio-1.42.0/src/runtime/task/core.rs:320:13
[INFO] [stderr]       12: tokio::runtime::task::harness::poll_future::{{closure}}
[INFO] [stderr]                  at /opt/rustwide/cargo-home/registry/src/index.crates.io-6f17d22bba15001f/tokio-1.42.0/src/runtime/task/harness.rs:499:19
[INFO] [stderr]       13: <core::panic::unwind_safe::AssertUnwindSafe<F> as core::ops::function::FnOnce<()>>::call_once
[INFO] [stderr]                  at /rustc/90b35a6239c3d8bdabc530a6a0816f7ff89a0aaf/library/core/src/panic/unwind_safe.rs:272:9
[INFO] [stderr]       14: std::panicking::try::do_call
[INFO] [stderr]                  at /rustc/90b35a6239c3d8bdabc530a6a0816f7ff89a0aaf/library/std/src/panicking.rs:557:40
[INFO] [stderr]       15: __rust_try
[INFO] [stderr]       16: std::panicking::try
[INFO] [stderr]                  at /rustc/90b35a6239c3d8bdabc530a6a0816f7ff89a0aaf/library/std/src/panicking.rs:520:19
[INFO] [stderr]       17: std::panic::catch_unwind
[INFO] [stderr]                  at /rustc/90b35a6239c3d8bdabc530a6a0816f7ff89a0aaf/library/std/src/panic.rs:358:14
[INFO] [stderr]       18: tokio::runtime::task::harness::poll_future
[INFO] [stderr]                  at /opt/rustwide/cargo-home/registry/src/index.crates.io-6f17d22bba15001f/tokio-1.42.0/src/runtime/task/harness.rs:487:18
[INFO] [stderr]       19: tokio::runtime::task::harness::Harness<T,S>::poll_inner
[INFO] [stderr]                  at /opt/rustwide/cargo-home/registry/src/index.crates.io-6f17d22bba15001f/tokio-1.42.0/src/runtime/task/harness.rs:209:27
[INFO] [stderr]       20: tokio::runtime::task::harness::Harness<T,S>::poll
[INFO] [stderr]                  at /opt/rustwide/cargo-home/registry/src/index.crates.io-6f17d22bba15001f/tokio-1.42.0/src/runtime/task/harness.rs:154:15
[INFO] [stderr]       21: tokio::runtime::task::raw::poll
[INFO] [stderr]                  at /opt/rustwide/cargo-home/registry/src/index.crates.io-6f17d22bba15001f/tokio-1.42.0/src/runtime/task/raw.rs:271:5
[INFO] [stderr]       22: tokio::runtime::task::raw::RawTask::poll
[INFO] [stderr]                  at /opt/rustwide/cargo-home/registry/src/index.crates.io-6f17d22bba15001f/tokio-1.42.0/src/runtime/task/raw.rs:201:18
[INFO] [stderr]       23: tokio::runtime::task::LocalNotified<S>::run
[INFO] [stderr]                  at /opt/rustwide/cargo-home/registry/src/index.crates.io-6f17d22bba15001f/tokio-1.42.0/src/runtime/task/mod.rs:435:9
[INFO] [stderr]       24: tokio::runtime::scheduler::multi_thread::worker::Context::run_task::{{closure}}
[INFO] [stderr]                  at /opt/rustwide/cargo-home/registry/src/index.crates.io-6f17d22bba15001f/tokio-1.42.0/src/runtime/scheduler/multi_thread/worker.rs:596:13
[INFO] [stderr]       25: tokio::runtime::coop::with_budget
[INFO] [stderr]                  at /opt/rustwide/cargo-home/registry/src/index.crates.io-6f17d22bba15001f/tokio-1.42.0/src/runtime/coop.rs:107:5
[INFO] [stderr]       26: tokio::runtime::coop::budget
[INFO] [stderr]                  at /opt/rustwide/cargo-home/registry/src/index.crates.io-6f17d22bba15001f/tokio-1.42.0/src/runtime/coop.rs:73:5
[INFO] [stderr]       27: tokio::runtime::scheduler::multi_thread::worker::Context::run_task
[INFO] [stderr]                  at /opt/rustwide/cargo-home/registry/src/index.crates.io-6f17d22bba15001f/tokio-1.42.0/src/runtime/scheduler/multi_thread/worker.rs:595:9
[INFO] [stderr]       28: tokio::runtime::scheduler::multi_thread::worker::Context::run
[INFO] [stderr]                  at /opt/rustwide/cargo-home/registry/src/index.crates.io-6f17d22bba15001f/tokio-1.42.0/src/runtime/scheduler/multi_thread/worker.rs:546:24
[INFO] [stderr]       29: tokio::runtime::scheduler::multi_thread::worker::run::{{closure}}::{{closure}}
[INFO] [stderr]                  at /opt/rustwide/cargo-home/registry/src/index.crates.io-6f17d22bba15001f/tokio-1.42.0/src/runtime/scheduler/multi_thread/worker.rs:511:21
[INFO] [stderr]       30: tokio::runtime::context::scoped::Scoped<T>::set
[INFO] [stderr]                  at /opt/rustwide/cargo-home/registry/src/index.crates.io-6f17d22bba15001f/tokio-1.42.0/src/runtime/context/scoped.rs:40:9
[INFO] [stderr]       31: tokio::runtime::context::set_scheduler::{{closure}}
[INFO] [stderr]                  at /opt/rustwide/cargo-home/registry/src/index.crates.io-6f17d22bba15001f/tokio-1.42.0/src/runtime/context.rs:180:26
[INFO] [stderr]       32: std::thread::local::LocalKey<T>::try_with
[INFO] [stderr]                  at /rustc/90b35a6239c3d8bdabc530a6a0816f7ff89a0aaf/library/std/src/thread/local.rs:283:12
[INFO] [stderr]       33: std::thread::local::LocalKey<T>::with
[INFO] [stderr]                  at /rustc/90b35a6239c3d8bdabc530a6a0816f7ff89a0aaf/library/std/src/thread/local.rs:260:9
[INFO] [stderr]       34: tokio::runtime::context::set_scheduler
[INFO] [stderr]                  at /opt/rustwide/cargo-home/registry/src/index.crates.io-6f17d22bba15001f/tokio-1.42.0/src/runtime/context.rs:180:9
[INFO] [stderr]       35: tokio::runtime::scheduler::multi_thread::worker::run::{{closure}}
[INFO] [stderr]                  at /opt/rustwide/cargo-home/registry/src/index.crates.io-6f17d22bba15001f/tokio-1.42.0/src/runtime/scheduler/multi_thread/worker.rs:506:9
[INFO] [stderr]       36: tokio::runtime::context::runtime::enter_runtime
[INFO] [stderr]                  at /opt/rustwide/cargo-home/registry/src/index.crates.io-6f17d22bba15001f/tokio-1.42.0/src/runtime/context/runtime.rs:65:16
[INFO] [stderr]       37: tokio::runtime::scheduler::multi_thread::worker::run
[INFO] [stderr]                  at /opt/rustwide/cargo-home/registry/src/index.crates.io-6f17d22bba15001f/tokio-1.42.0/src/runtime/scheduler/multi_thread/worker.rs:498:5
[INFO] [stderr]       38: tokio::runtime::scheduler::multi_thread::worker::Launch::launch::{{closure}}
[INFO] [stderr]                  at /opt/rustwide/cargo-home/registry/src/index.crates.io-6f17d22bba15001f/tokio-1.42.0/src/runtime/scheduler/multi_thread/worker.rs:464:45
[INFO] [stderr]       39: <tokio::runtime::blocking::task::BlockingTask<T> as core::future::future::Future>::poll
[INFO] [stderr]                  at /opt/rustwide/cargo-home/registry/src/index.crates.io-6f17d22bba15001f/tokio-1.42.0/src/runtime/blocking/task.rs:42:21
[INFO] [stderr]       40: tokio::runtime::task::core::Core<T,S>::poll::{{closure}}
[INFO] [stderr]                  at /opt/rustwide/cargo-home/registry/src/index.crates.io-6f17d22bba15001f/tokio-1.42.0/src/runtime/task/core.rs:331:17
[INFO] [stderr]       41: tokio::loom::std::unsafe_cell::UnsafeCell<T>::with_mut
[INFO] [stderr]                  at /opt/rustwide/cargo-home/registry/src/index.crates.io-6f17d22bba15001f/tokio-1.42.0/src/loom/std/unsafe_cell.rs:16:9
[INFO] [stderr]       42: tokio::runtime::task::core::Core<T,S>::poll
[INFO] [stderr]                  at /opt/rustwide/cargo-home/registry/src/index.crates.io-6f17d22bba15001f/tokio-1.42.0/src/runtime/task/core.rs:320:13
[INFO] [stderr]       43: tokio::runtime::task::harness::poll_future::{{closure}}
[INFO] [stderr]                  at /opt/rustwide/cargo-home/registry/src/index.crates.io-6f17d22bba15001f/tokio-1.42.0/src/runtime/task/harness.rs:499:19
[INFO] [stderr]       44: <core::panic::unwind_safe::AssertUnwindSafe<F> as core::ops::function::FnOnce<()>>::call_once
[INFO] [stderr]                  at /rustc/90b35a6239c3d8bdabc530a6a0816f7ff89a0aaf/library/core/src/panic/unwind_safe.rs:272:9
[INFO] [stderr]       45: std::panicking::try::do_call
[INFO] [stderr]                  at /rustc/90b35a6239c3d8bdabc530a6a0816f7ff89a0aaf/library/std/src/panicking.rs:557:40
[INFO] [stderr]       46: __rust_try
[INFO] [stderr]       47: std::panicking::try
[INFO] [stderr]                  at /rustc/90b35a6239c3d8bdabc530a6a0816f7ff89a0aaf/library/std/src/panicking.rs:520:19
[INFO] [stderr]       48: std::panic::catch_unwind
[INFO] [stderr]                  at /rustc/90b35a6239c3d8bdabc530a6a0816f7ff89a0aaf/library/std/src/panic.rs:358:14
[INFO] [stderr]       49: tokio::runtime::task::harness::poll_future
[INFO] [stderr]                  at /opt/rustwide/cargo-home/registry/src/index.crates.io-6f17d22bba15001f/tokio-1.42.0/src/runtime/task/harness.rs:487:18
[INFO] [stderr]       50: tokio::runtime::task::harness::Harness<T,S>::poll_inner
[INFO] [stderr]                  at /opt/rustwide/cargo-home/registry/src/index.crates.io-6f17d22bba15001f/tokio-1.42.0/src/runtime/task/harness.rs:209:27
[INFO] [stderr]       51: tokio::runtime::task::harness::Harness<T,S>::poll
[INFO] [stderr]                  at /opt/rustwide/cargo-home/registry/src/index.crates.io-6f17d22bba15001f/tokio-1.42.0/src/runtime/task/harness.rs:154:15
[INFO] [stderr]       52: tokio::runtime::task::raw::poll
[INFO] [stderr]                  at /opt/rustwide/cargo-home/registry/src/index.crates.io-6f17d22bba15001f/tokio-1.42.0/src/runtime/task/raw.rs:271:5
[INFO] [stderr]       53: tokio::runtime::task::raw::RawTask::poll
[INFO] [stderr]                  at /opt/rustwide/cargo-home/registry/src/index.crates.io-6f17d22bba15001f/tokio-1.42.0/src/runtime/task/raw.rs:201:18
[INFO] [stderr]       54: tokio::runtime::task::UnownedTask<S>::run
[INFO] [stderr]                  at /opt/rustwide/cargo-home/registry/src/index.crates.io-6f17d22bba15001f/tokio-1.42.0/src/runtime/task/mod.rs:472:9
[INFO] [stderr]       55: tokio::runtime::blocking::pool::Task::run
[INFO] [stderr]                  at /opt/rustwide/cargo-home/registry/src/index.crates.io-6f17d22bba15001f/tokio-1.42.0/src/runtime/blocking/pool.rs:161:9
[INFO] [stderr]       56: tokio::runtime::blocking::pool::Inner::run
[INFO] [stderr]                  at /opt/rustwide/cargo-home/registry/src/index.crates.io-6f17d22bba15001f/tokio-1.42.0/src/runtime/blocking/pool.rs:511:17
[INFO] [stderr]       57: tokio::runtime::blocking::pool::Spawner::spawn_thread::{{closure}}
[INFO] [stderr]                  at /opt/rustwide/cargo-home/registry/src/index.crates.io-6f17d22bba15001f/tokio-1.42.0/src/runtime/blocking/pool.rs:469:13
[INFO] [stderr]       58: std::sys::backtrace::__rust_begin_short_backtrace
[INFO] [stderr]                  at /rustc/90b35a6239c3d8bdabc530a6a0816f7ff89a0aaf/library/std/src/sys/backtrace.rs:154:18
[INFO] [stderr]       59: std::thread::Builder::spawn_unchecked_::{{closure}}::{{closure}}
[INFO] [stderr]                  at /rustc/90b35a6239c3d8bdabc530a6a0816f7ff89a0aaf/library/std/src/thread/mod.rs:538:17
[INFO] [stderr]       60: <core::panic::unwind_safe::AssertUnwindSafe<F> as core::ops::function::FnOnce<()>>::call_once
[INFO] [stderr]                  at /rustc/90b35a6239c3d8bdabc530a6a0816f7ff89a0aaf/library/core/src/panic/unwind_safe.rs:272:9
[INFO] [stderr]       61: std::panicking::try::do_call
[INFO] [stderr]                  at /rustc/90b35a6239c3d8bdabc530a6a0816f7ff89a0aaf/library/std/src/panicking.rs:557:40
[INFO] [stderr]       62: __rust_try
[INFO] [stderr]       63: std::panicking::try
[INFO] [stderr]                  at /rustc/90b35a6239c3d8bdabc530a6a0816f7ff89a0aaf/library/std/src/panicking.rs:520:19
[INFO] [stderr]       64: std::panic::catch_unwind
[INFO] [stderr]                  at /rustc/90b35a6239c3d8bdabc530a6a0816f7ff89a0aaf/library/std/src/panic.rs:358:14
[INFO] [stderr]       65: std::thread::Builder::spawn_unchecked_::{{closure}}
[INFO] [stderr]                  at /rustc/90b35a6239c3d8bdabc530a6a0816f7ff89a0aaf/library/std/src/thread/mod.rs:537:30
[INFO] [stderr]       66: core::ops::function::FnOnce::call_once{{vtable.shim}}
[INFO] [stderr]                  at /rustc/90b35a6239c3d8bdabc530a6a0816f7ff89a0aaf/library/core/src/ops/function.rs:250:5
[INFO] [stderr]       67: <alloc::boxed::Box<F,A> as core::ops::function::FnOnce<Args>>::call_once
[INFO] [stderr]                  at /rustc/90b35a6239c3d8bdabc530a6a0816f7ff89a0aaf/library/alloc/src/boxed.rs:2454:9
[INFO] [stderr]       68: <alloc::boxed::Box<F,A> as core::ops::function::FnOnce<Args>>::call_once
[INFO] [stderr]                  at /rustc/90b35a6239c3d8bdabc530a6a0816f7ff89a0aaf/library/alloc/src/boxed.rs:2454:9
[INFO] [stderr]       69: std::sys::pal::unix::thread::Thread::new::thread_start
[INFO] [stderr]                  at /rustc/90b35a6239c3d8bdabc530a6a0816f7ff89a0aaf/library/std/src/sys/pal/unix/thread.rs:105:17
[INFO] [stderr]       70: <unknown>
[INFO] [stderr]       71: clone
[INFO] [stderr] [2024-12-15T02:04:16Z ERROR alumet::pipeline::control] error in message handling: plugin errors requested to create 1 sources, 1 failed (see logs above)
[INFO] [stderr]     
[INFO] [stderr]     Stack backtrace:
[INFO] [stderr]        0: anyhow::error::<impl anyhow::Error>::msg
[INFO] [stderr]                  at /opt/rustwide/cargo-home/registry/src/index.crates.io-6f17d22bba15001f/anyhow-1.0.94/src/backtrace.rs:27:14
[INFO] [stderr]        1: anyhow::__private::format_err
[INFO] [stderr]                  at /opt/rustwide/cargo-home/registry/src/index.crates.io-6f17d22bba15001f/anyhow-1.0.94/src/lib.rs:694:13
[INFO] [stderr]        2: alumet::pipeline::elements::source::SourceControl::create_sources::{{closure}}
[INFO] [stderr]                  at ./src/pipeline/elements/source.rs:142:17
[INFO] [stderr]        3: alumet::pipeline::elements::source::SourceControl::handle_message::{{closure}}
[INFO] [stderr]                  at ./src/pipeline/elements/source.rs:152:98
[INFO] [stderr]        4: alumet::pipeline::control::PipelineControl::handle_message::{{closure}}
[INFO] [stderr]                  at ./src/pipeline/control.rs:315:77
[INFO] [stderr]        5: alumet::pipeline::control::PipelineControl::run::{{closure}}
[INFO] [stderr]                  at ./src/pipeline/control.rs:349:70
[INFO] [stderr]        6: tokio::runtime::task::core::Core<T,S>::poll::{{closure}}
[INFO] [stderr]                  at /opt/rustwide/cargo-home/registry/src/index.crates.io-6f17d22bba15001f/tokio-1.42.0/src/runtime/task/core.rs:331:17
[INFO] [stderr]        7: tokio::loom::std::unsafe_cell::UnsafeCell<T>::with_mut
[INFO] [stderr]                  at /opt/rustwide/cargo-home/registry/src/index.crates.io-6f17d22bba15001f/tokio-1.42.0/src/loom/std/unsafe_cell.rs:16:9
[INFO] [stderr]        8: tokio::runtime::task::core::Core<T,S>::poll
[INFO] [stderr]                  at /opt/rustwide/cargo-home/registry/src/index.crates.io-6f17d22bba15001f/tokio-1.42.0/src/runtime/task/core.rs:320:13
[INFO] [stderr]        9: tokio::runtime::task::harness::poll_future::{{closure}}
[INFO] [stderr]                  at /opt/rustwide/cargo-home/registry/src/index.crates.io-6f17d22bba15001f/tokio-1.42.0/src/runtime/task/harness.rs:499:19
[INFO] [stderr]       10: <core::panic::unwind_safe::AssertUnwindSafe<F> as core::ops::function::FnOnce<()>>::call_once
[INFO] [stderr]                  at /rustc/90b35a6239c3d8bdabc530a6a0816f7ff89a0aaf/library/core/src/panic/unwind_safe.rs:272:9
[INFO] [stderr]       11: std::panicking::try::do_call
[INFO] [stderr]                  at /rustc/90b35a6239c3d8bdabc530a6a0816f7ff89a0aaf/library/std/src/panicking.rs:557:40
[INFO] [stderr]       12: __rust_try
[INFO] [stderr]       13: std::panicking::try
[INFO] [stderr]                  at /rustc/90b35a6239c3d8bdabc530a6a0816f7ff89a0aaf/library/std/src/panicking.rs:520:19
[INFO] [stderr]       14: std::panic::catch_unwind
[INFO] [stderr]                  at /rustc/90b35a6239c3d8bdabc530a6a0816f7ff89a0aaf/library/std/src/panic.rs:358:14
[INFO] [stderr]       15: tokio::runtime::task::harness::poll_future
[INFO] [stderr]                  at /opt/rustwide/cargo-home/registry/src/index.crates.io-6f17d22bba15001f/tokio-1.42.0/src/runtime/task/harness.rs:487:18
[INFO] [stderr]       16: tokio::runtime::task::harness::Harness<T,S>::poll_inner
[INFO] [stderr]                  at /opt/rustwide/cargo-home/registry/src/index.crates.io-6f17d22bba15001f/tokio-1.42.0/src/runtime/task/harness.rs:209:27
[INFO] [stderr]       17: tokio::runtime::task::harness::Harness<T,S>::poll
[INFO] [stderr]                  at /opt/rustwide/cargo-home/registry/src/index.crates.io-6f17d22bba15001f/tokio-1.42.0/src/runtime/task/harness.rs:154:15
[INFO] [stderr]       18: tokio::runtime::task::raw::poll
[INFO] [stderr]                  at /opt/rustwide/cargo-home/registry/src/index.crates.io-6f17d22bba15001f/tokio-1.42.0/src/runtime/task/raw.rs:271:5
[INFO] [stderr]       19: tokio::runtime::task::raw::RawTask::poll
[INFO] [stderr]                  at /opt/rustwide/cargo-home/registry/src/index.crates.io-6f17d22bba15001f/tokio-1.42.0/src/runtime/task/raw.rs:201:18
[INFO] [stderr]       20: tokio::runtime::task::LocalNotified<S>::run
[INFO] [stderr]                  at /opt/rustwide/cargo-home/registry/src/index.crates.io-6f17d22bba15001f/tokio-1.42.0/src/runtime/task/mod.rs:435:9
[INFO] [stderr]       21: tokio::runtime::scheduler::multi_thread::worker::Context::run_task::{{closure}}
[INFO] [stderr]                  at /opt/rustwide/cargo-home/registry/src/index.crates.io-6f17d22bba15001f/tokio-1.42.0/src/runtime/scheduler/multi_thread/worker.rs:596:13
[INFO] [stderr]       22: tokio::runtime::coop::with_budget
[INFO] [stderr]                  at /opt/rustwide/cargo-home/registry/src/index.crates.io-6f17d22bba15001f/tokio-1.42.0/src/runtime/coop.rs:107:5
[INFO] [stderr]       23: tokio::runtime::coop::budget
[INFO] [stderr]                  at /opt/rustwide/cargo-home/registry/src/index.crates.io-6f17d22bba15001f/tokio-1.42.0/src/runtime/coop.rs:73:5
[INFO] [stderr]       24: tokio::runtime::scheduler::multi_thread::worker::Context::run_task
[INFO] [stderr]                  at /opt/rustwide/cargo-home/registry/src/index.crates.io-6f17d22bba15001f/tokio-1.42.0/src/runtime/scheduler/multi_thread/worker.rs:595:9
[INFO] [stderr]       25: tokio::runtime::scheduler::multi_thread::worker::Context::run
[INFO] [stderr]                  at /opt/rustwide/cargo-home/registry/src/index.crates.io-6f17d22bba15001f/tokio-1.42.0/src/runtime/scheduler/multi_thread/worker.rs:546:24
[INFO] [stderr]       26: tokio::runtime::scheduler::multi_thread::worker::run::{{closure}}::{{closure}}
[INFO] [stderr]                  at /opt/rustwide/cargo-home/registry/src/index.crates.io-6f17d22bba15001f/tokio-1.42.0/src/runtime/scheduler/multi_thread/worker.rs:511:21
[INFO] [stderr]       27: tokio::runtime::context::scoped::Scoped<T>::set
[INFO] [stderr]                  at /opt/rustwide/cargo-home/registry/src/index.crates.io-6f17d22bba15001f/tokio-1.42.0/src/runtime/context/scoped.rs:40:9
[INFO] [stderr]       28: tokio::runtime::context::set_scheduler::{{closure}}
[INFO] [stderr]                  at /opt/rustwide/cargo-home/registry/src/index.crates.io-6f17d22bba15001f/tokio-1.42.0/src/runtime/context.rs:180:26
[INFO] [stderr]       29: std::thread::local::LocalKey<T>::try_with
[INFO] [stderr]                  at /rustc/90b35a6239c3d8bdabc530a6a0816f7ff89a0aaf/library/std/src/thread/local.rs:283:12
[INFO] [stderr]       30: std::thread::local::LocalKey<T>::with
[INFO] [stderr]                  at /rustc/90b35a6239c3d8bdabc530a6a0816f7ff89a0aaf/library/std/src/thread/local.rs:260:9
[INFO] [stderr]       31: tokio::runtime::context::set_scheduler
[INFO] [stderr]                  at /opt/rustwide/cargo-home/registry/src/index.crates.io-6f17d22bba15001f/tokio-1.42.0/src/runtime/context.rs:180:9
[INFO] [stderr]       32: tokio::runtime::scheduler::multi_thread::worker::run::{{closure}}
[INFO] [stderr]                  at /opt/rustwide/cargo-home/registry/src/index.crates.io-6f17d22bba15001f/tokio-1.42.0/src/runtime/scheduler/multi_thread/worker.rs:506:9
[INFO] [stderr]       33: tokio::runtime::context::runtime::enter_runtime
[INFO] [stderr]                  at /opt/rustwide/cargo-home/registry/src/index.crates.io-6f17d22bba15001f/tokio-1.42.0/src/runtime/context/runtime.rs:65:16
[INFO] [stderr]       34: tokio::runtime::scheduler::multi_thread::worker::run
[INFO] [stderr]                  at /opt/rustwide/cargo-home/registry/src/index.crates.io-6f17d22bba15001f/tokio-1.42.0/src/runtime/scheduler/multi_thread/worker.rs:498:5
[INFO] [stderr]       35: tokio::runtime::scheduler::multi_thread::worker::Launch::launch::{{closure}}
[INFO] [stderr]                  at /opt/rustwide/cargo-home/registry/src/index.crates.io-6f17d22bba15001f/tokio-1.42.0/src/runtime/scheduler/multi_thread/worker.rs:464:45
[INFO] [stderr]       36: <tokio::runtime::blocking::task::BlockingTask<T> as core::future::future::Future>::poll
[INFO] [stderr]                  at /opt/rustwide/cargo-home/registry/src/index.crates.io-6f17d22bba15001f/tokio-1.42.0/src/runtime/blocking/task.rs:42:21
[INFO] [stderr]       37: tokio::runtime::task::core::Core<T,S>::poll::{{closure}}
[INFO] [stderr]                  at /opt/rustwide/cargo-home/registry/src/index.crates.io-6f17d22bba15001f/tokio-1.42.0/src/runtime/task/core.rs:331:17
[INFO] [stderr]       38: tokio::loom::std::unsafe_cell::UnsafeCell<T>::with_mut
[INFO] [stderr]                  at /opt/rustwide/cargo-home/registry/src/index.crates.io-6f17d22bba15001f/tokio-1.42.0/src/loom/std/unsafe_cell.rs:16:9
[INFO] [stderr]       39: tokio::runtime::task::core::Core<T,S>::poll
[INFO] [stderr]                  at /opt/rustwide/cargo-home/registry/src/index.crates.io-6f17d22bba15001f/tokio-1.42.0/src/runtime/task/core.rs:320:13
[INFO] [stderr]       40: tokio::runtime::task::harness::poll_future::{{closure}}
[INFO] [stderr]                  at /opt/rustwide/cargo-home/registry/src/index.crates.io-6f17d22bba15001f/tokio-1.42.0/src/runtime/task/harness.rs:499:19
[INFO] [stderr]       41: <core::panic::unwind_safe::AssertUnwindSafe<F> as core::ops::function::FnOnce<()>>::call_once
[INFO] [stderr]                  at /rustc/90b35a6239c3d8bdabc530a6a0816f7ff89a0aaf/library/core/src/panic/unwind_safe.rs:272:9
[INFO] [stderr]       42: std::panicking::try::do_call
[INFO] [stderr]                  at /rustc/90b35a6239c3d8bdabc530a6a0816f7ff89a0aaf/library/std/src/panicking.rs:557:40
[INFO] [stderr]       43: __rust_try
[INFO] [stderr]       44: std::panicking::try
[INFO] [stderr]                  at /rustc/90b35a6239c3d8bdabc530a6a0816f7ff89a0aaf/library/std/src/panicking.rs:520:19
[INFO] [stderr]       45: std::panic::catch_unwind
[INFO] [stderr]                  at /rustc/90b35a6239c3d8bdabc530a6a0816f7ff89a0aaf/library/std/src/panic.rs:358:14
[INFO] [stderr]       46: tokio::runtime::task::harness::poll_future
[INFO] [stderr]                  at /opt/rustwide/cargo-home/registry/src/index.crates.io-6f17d22bba15001f/tokio-1.42.0/src/runtime/task/harness.rs:487:18
[INFO] [stderr]       47: tokio::runtime::task::harness::Harness<T,S>::poll_inner
[INFO] [stderr]                  at /opt/rustwide/cargo-home/registry/src/index.crates.io-6f17d22bba15001f/tokio-1.42.0/src/runtime/task/harness.rs:209:27
[INFO] [stderr]       48: tokio::runtime::task::harness::Harness<T,S>::poll
[INFO] [stderr]                  at /opt/rustwide/cargo-home/registry/src/index.crates.io-6f17d22bba15001f/tokio-1.42.0/src/runtime/task/harness.rs:154:15
[INFO] [stderr]       49: tokio::runtime::task::raw::poll
[INFO] [stderr]                  at /opt/rustwide/cargo-home/registry/src/index.crates.io-6f17d22bba15001f/tokio-1.42.0/src/runtime/task/raw.rs:271:5
[INFO] [stderr]       50: tokio::runtime::task::raw::RawTask::poll
[INFO] [stderr]                  at /opt/rustwide/cargo-home/registry/src/index.crates.io-6f17d22bba15001f/tokio-1.42.0/src/runtime/task/raw.rs:201:18
[INFO] [stderr]       51: tokio::runtime::task::UnownedTask<S>::run
[INFO] [stderr]                  at /opt/rustwide/cargo-home/registry/src/index.crates.io-6f17d22bba15001f/tokio-1.42.0/src/runtime/task/mod.rs:472:9
[INFO] [stderr]       52: tokio::runtime::blocking::pool::Task::run
[INFO] [stderr]                  at /opt/rustwide/cargo-home/registry/src/index.crates.io-6f17d22bba15001f/tokio-1.42.0/src/runtime/blocking/pool.rs:161:9
[INFO] [stderr]       53: tokio::runtime::blocking::pool::Inner::run
[INFO] [stderr]                  at /opt/rustwide/cargo-home/registry/src/index.crates.io-6f17d22bba15001f/tokio-1.42.0/src/runtime/blocking/pool.rs:511:17
[INFO] [stderr]       54: tokio::runtime::blocking::pool::Spawner::spawn_thread::{{closure}}
[INFO] [stderr]                  at /opt/rustwide/cargo-home/registry/src/index.crates.io-6f17d22bba15001f/tokio-1.42.0/src/runtime/blocking/pool.rs:469:13
[INFO] [stderr]       55: std::sys::backtrace::__rust_begin_short_backtrace
[INFO] [stderr]                  at /rustc/90b35a6239c3d8bdabc530a6a0816f7ff89a0aaf/library/std/src/sys/backtrace.rs:154:18
[INFO] [stderr]       56: std::thread::Builder::spawn_unchecked_::{{closure}}::{{closure}}
[INFO] [stderr]                  at /rustc/90b35a6239c3d8bdabc530a6a0816f7ff89a0aaf/library/std/src/thread/mod.rs:538:17
[INFO] [stderr]       57: <core::panic::unwind_safe::AssertUnwindSafe<F> as core::ops::function::FnOnce<()>>::call_once
[INFO] [stderr]                  at /rustc/90b35a6239c3d8bdabc530a6a0816f7ff89a0aaf/library/core/src/panic/unwind_safe.rs:272:9
[INFO] [stderr]       58: std::panicking::try::do_call
[INFO] [stderr]                  at /rustc/90b35a6239c3d8bdabc530a6a0816f7ff89a0aaf/library/std/src/panicking.rs:557:40
[INFO] [stderr]       59: __rust_try
[INFO] [stderr]       60: std::panicking::try
[INFO] [stderr]                  at /rustc/90b35a6239c3d8bdabc530a6a0816f7ff89a0aaf/library/std/src/panicking.rs:520:19
[INFO] [stderr]       61: std::panic::catch_unwind
[INFO] [stderr]                  at /rustc/90b35a6239c3d8bdabc530a6a0816f7ff89a0aaf/library/std/src/panic.rs:358:14
[INFO] [stderr]       62: std::thread::Builder::spawn_unchecked_::{{closure}}
[INFO] [stderr]                  at /rustc/90b35a6239c3d8bdabc530a6a0816f7ff89a0aaf/library/std/src/thread/mod.rs:537:30
[INFO] [stderr]       63: core::ops::function::FnOnce::call_once{{vtable.shim}}
[INFO] [stderr]                  at /rustc/90b35a6239c3d8bdabc530a6a0816f7ff89a0aaf/library/core/src/ops/function.rs:250:5
[INFO] [stderr]       64: <alloc::boxed::Box<F,A> as core::ops::function::FnOnce<Args>>::call_once
[INFO] [stderr]                  at /rustc/90b35a6239c3d8bdabc530a6a0816f7ff89a0aaf/library/alloc/src/boxed.rs:2454:9
[INFO] [stderr]       65: <alloc::boxed::Box<F,A> as core::ops::function::FnOnce<Args>>::call_once
[INFO] [stderr]                  at /rustc/90b35a6239c3d8bdabc530a6a0816f7ff89a0aaf/library/alloc/src/boxed.rs:2454:9
[INFO] [stderr]       66: std::sys::pal::unix::thread::Thread::new::thread_start
[INFO] [stderr]                  at /rustc/90b35a6239c3d8bdabc530a6a0816f7ff89a0aaf/library/std/src/sys/pal/unix/thread.rs:105:17
[INFO] [stderr]       67: <unknown>
[INFO] [stderr]       68: clone
[INFO] [stdout] test errors::tests::error_source2_build ... ok
[INFO] [stdout] test errors::tests::error_plugin_start ... ok
[INFO] [stdout] test errors::tests::panic_version ... ok
[INFO] [stdout] test errors::tests::panic_plugin_start ... ok
[INFO] [stdout] test errors::tests::panic_source1_build ... ok
[INFO] [stdout] 
[INFO] [stdout] test result: ok. 16 passed; 0 failed; 0 ignored; 0 measured; 0 filtered out; finished in 4.24s
[INFO] [stdout] 
[INFO] [stderr]      Running tests/late_source_creation.rs (/opt/rustwide/target/debug/deps/late_source_creation-d837c11a12598a8d)
[INFO] [stdout] 
[INFO] [stdout] running 1 test
[INFO] [stdout] test late_source_creation_test ... ok
[INFO] [stdout] 
[INFO] [stdout] test result: ok. 1 passed; 0 failed; 0 ignored; 0 measured; 0 filtered out; finished in 1.01s
[INFO] [stdout] 
[INFO] [stderr]    Doc-tests alumet
[INFO] [stdout] 
[INFO] [stdout] running 32 tests
[INFO] [stdout] test src/agent.rs - agent::static_plugins (line 773) ... ignored
[INFO] [stdout] test src/ffi/mod.rs - ffi (line 12) ... ignored
[INFO] [stdout] test src/ffi/mod.rs - ffi (line 5) ... ignored
[INFO] [stdout] test src/plugin/dynload.rs - plugin::dynload::load_cdylib (line 106) ... ignored
[INFO] [stdout] test src/plugin/dynload.rs - plugin::dynload::load_cdylib (line 126) ... ignored
[INFO] [stdout] test src/plugin/dynload.rs - plugin::dynload::load_cdylib (line 151) ... ignored
[INFO] [stdout] test src/plugin/event.rs - plugin::event (line 29) - compile ... ok
[INFO] [stdout] test src/metrics.rs - metrics (line 27) - compile ... ok
[INFO] [stdout] test src/measurement.rs - measurement (line 12) - compile ... ok
[INFO] [stdout] test src/plugin/phases.rs - plugin::phases::AlumetPluginStart<'a>::add_blocking_output (line 240) - compile ... ok
[INFO] [stdout] test src/plugin/phases.rs - plugin::phases::AlumetPluginStart<'a>::add_autonomous_source_builder (line 133) - compile ... ok
[INFO] [stdout] test src/plugin/rust.rs - plugin::rust::AlumetPlugin::default_config (line 32) ... ignored
[INFO] [stdout] test src/agent.rs - agent::Builder (line 48) - compile ... ok
[INFO] [stdout] test src/plugin/version.rs - plugin::version::Version::parse (line 35) ... ignored
[INFO] [stdout] test src/plugin/mod.rs - plugin (line 51) - compile ... ok
[INFO] [stdout] test src/pipeline/control.rs - pipeline::control::SourceCreationBuffer (line 35) - compile ... ok
[INFO] [stdout] test src/plugin/event.rs - plugin::event (line 6) - compile ... ok
[INFO] [stdout] test src/plugin/phases.rs - plugin::phases::AlumetPluginStart<'a>::add_transform (line 180) - compile ... ok
[INFO] [stdout] test src/plugin/phases.rs - plugin::phases::AlumetPluginStart<'a>::add_transform_builder (line 217) - compile ... ok
[INFO] [stdout] test src/plugin/phases.rs - plugin::phases::AlumetPluginStart<'a>::on_pipeline_start (line 304) - compile ... ok
[INFO] [stdout] test src/plugin/phases.rs - plugin::phases::AlumetPluginStart<'a>::create_metric (line 40) - compile ... ok
[INFO] [stdout] test src/resources.rs - resources (line 16) - compile ... ok
[INFO] [stdout] test src/pipeline/elements/output.rs - pipeline::elements::output::builder::BlockingOutputBuilder (line 494) ... FAILED
[INFO] [stdout] test src/pipeline/elements/source.rs - pipeline::elements::source::builder::AutonomousSourceBuilder (line 345) ... FAILED
[INFO] [stdout] test src/pipeline/elements/transform.rs - pipeline::elements::transform::builder::TransformBuilder (line 175) ... FAILED
[INFO] [stdout] test src/units.rs - units::PrefixedUnit (line 68) ... ok
[INFO] [stdout] test src/pipeline/trigger.rs - pipeline::trigger::builder::time_interval (line 89) ... ok
[INFO] [stdout] test src/pipeline/elements/source.rs - pipeline::elements::source::builder::ManagedSourceBuilder (line 315) ... ok
[INFO] [stdout] test src/plugin/util.rs - plugin::util::CounterDiff (line 10) ... ok
[INFO] [stdout] test src/units.rs - units::Unit (line 15) ... ok
[INFO] [stdout] test src/agent.rs - agent (line 5) ... ok
[INFO] [stdout] test src/plugin/mod.rs - plugin::ConfigTable (line 156) ... ok
[INFO] [stdout] 
[INFO] [stdout] failures:
[INFO] [stdout] 
[INFO] [stdout] ---- src/pipeline/elements/output.rs - pipeline::elements::output::builder::BlockingOutputBuilder (line 494) stdout ----
[INFO] [stdout] error: linking with `cc` failed: exit status: 1
[INFO] [stdout]   |
[INFO] [stdout]   = note: LC_ALL="C" PATH="/opt/rustwide/rustup-home/toolchains/1.83.0-x86_64-unknown-linux-gnu/lib/rustlib/x86_64-unknown-linux-gnu/bin:/opt/rustwide/cargo-home/bin:/usr/local/sbin:/usr/local/bin:/usr/sbin:/usr/bin:/sbin:/bin" VSLANG="1033" "cc" "-m64" "/tmp/rustcfoXG5G/symbols.o" "/tmp/rustdoctestxCidNR/rust_out.rust_out.cb03291d53e4e161-cgu.0.rcgu.o" "/tmp/rustdoctestxCidNR/rust_out.1s7umcihpz0t7nkz1uc2ifee9.rcgu.o" "-Wl,--as-needed" "-Wl,-Bstatic" "/opt/rustwide/target/debug/deps/libalumet-f305d04abd25c49b.rlib" "/opt/rustwide/target/debug/deps/libtokio_timerfd-3ce090899e7df574.rlib" "/opt/rustwide/target/debug/deps/libtimerfd-3c839d8f169dc0d0.rlib" "/opt/rustwide/target/debug/deps/librustix-7a7398b58c4c2b5f.rlib" "/opt/rustwide/target/debug/deps/libbitflags-e3f7c5486a00e38a.rlib" "/opt/rustwide/target/debug/deps/liblinux_raw_sys-e828328f9118a1ee.rlib" "/opt/rustwide/target/debug/deps/liblog-6d50fe4853ae55d4.rlib" "/opt/rustwide/target/debug/deps/libtoml-70c894fc831059f3.rlib" "/opt/rustwide/target/debug/deps/libtoml_edit-5e40d06e41bedd3d.rlib" "/opt/rustwide/target/debug/deps/libserde_spanned-5242ca5723af8aac.rlib" "/opt/rustwide/target/debug/deps/libwinnow-44486a17e70ec525.rlib" "/opt/rustwide/target/debug/deps/libtoml_datetime-b53c921131a1d878.rlib" "/opt/rustwide/target/debug/deps/libindexmap-10fc62c8bb74c388.rlib" "/opt/rustwide/target/debug/deps/libequivalent-4d5cfde55792e26d.rlib" "/opt/rustwide/target/debug/deps/libhashbrown-62cdb64ce3ed52bb.rlib" "/opt/rustwide/target/debug/deps/libserde-898db60f558713eb.rlib" "/opt/rustwide/target/debug/deps/liblibloading-45421b2dcaab4db5.rlib" "/opt/rustwide/target/debug/deps/libcfg_if-8217498f8667ada9.rlib" "/opt/rustwide/target/debug/deps/libtokio_stream-a60cdcac9ff43682.rlib" "/opt/rustwide/target/debug/deps/libfutures-e05ac35f343404d3.rlib" "/opt/rustwide/target/debug/deps/libfutures_executor-7d2c9732c8b00c9c.rlib" "/opt/rustwide/target/debug/deps/libfutures_util-d540a4faed391676.rlib" "/opt/rustwide/target/debug/deps/libfutures_io-306100ebd700a899.rlib" "/opt/rustwide/target/debug/deps/libslab-083dd68e0bc19c95.rlib" "/opt/rustwide/target/debug/deps/libfutures_channel-a5d761b9bb71370e.rlib" "/opt/rustwide/target/debug/deps/libfutures_task-b8cf8cc4fcc89c75.rlib" "/opt/rustwide/target/debug/deps/libpin_utils-6bd6355de79f98af.rlib" "/opt/rustwide/target/debug/deps/libthiserror-6b126950d24d259f.rlib" "/opt/rustwide/target/debug/deps/libtokio_util-89634abf0059bf9c.rlib" "/opt/rustwide/target/debug/deps/libbytes-4283fbd60d33408b.rlib" "/opt/rustwide/target/debug/deps/libfutures_core-6acc1f6b4df0dd33.rlib" "/opt/rustwide/target/debug/deps/libfutures_sink-140504a081023950.rlib" "/opt/rustwide/target/debug/deps/libtokio-598eb483d804a5a4.rlib" "/opt/rustwide/target/debug/deps/libsignal_hook_registry-92d753f0bfdc0b99.rlib" "/opt/rustwide/target/debug/deps/libsocket2-cca1afe887309ed0.rlib" "/opt/rustwide/target/debug/deps/libmio-c1a951770e75a1cc.rlib" "/opt/rustwide/target/debug/deps/liblibc-48c07cb418e82d02.rlib" "/opt/rustwide/target/debug/deps/libpin_project_lite-be51d264b86b6c5b.rlib" "/opt/rustwide/target/debug/deps/libsmallvec-5687624699b219e8.rlib" "/opt/rustwide/target/debug/deps/libfxhash-17a7b64bed36dd98.rlib" "/opt/rustwide/target/debug/deps/libbyteorder-f47bc0e1adee4793.rlib" "/opt/rustwide/target/debug/deps/libfancy_regex-ed9be8fa951860f9.rlib" "/opt/rustwide/target/debug/deps/libbit_set-c71a941ee6306da9.rlib" "/opt/rustwide/target/debug/deps/libbit_vec-e5553d8f3d93cba3.rlib" "/opt/rustwide/target/debug/deps/libregex_automata-ef007293addabff2.rlib" "/opt/rustwide/target/debug/deps/libaho_corasick-ca3c2ec2e6ffa0c6.rlib" "/opt/rustwide/target/debug/deps/libmemchr-a61794c77f52d343.rlib" "/opt/rustwide/target/debug/deps/libregex_syntax-faf18525e80cee0d.rlib" "/opt/rustwide/target/debug/deps/libanyhow-4802247df7882e71.rlib" "/opt/rustwide/rustup-home/toolchains/1.83.0-x86_64-unknown-linux-gnu/lib/rustlib/x86_64-unknown-linux-gnu/lib/libstd-ca74a2d9c5166d9f.rlib" "/opt/rustwide/rustup-home/toolchains/1.83.0-x86_64-unknown-linux-gnu/lib/rustlib/x86_64-unknown-linux-gnu/lib/libpanic_unwind-e31ab23316ed5080.rlib" "/opt/rustwide/rustup-home/toolchains/1.83.0-x86_64-unknown-linux-gnu/lib/rustlib/x86_64-unknown-linux-gnu/lib/libobject-27dc4aa955912662.rlib" "/opt/rustwide/rustup-home/toolchains/1.83.0-x86_64-unknown-linux-gnu/lib/rustlib/x86_64-unknown-linux-gnu/lib/libmemchr-bd0d6cccce077b99.rlib" "/opt/rustwide/rustup-home/toolchains/1.83.0-x86_64-unknown-linux-gnu/lib/rustlib/x86_64-unknown-linux-gnu/lib/libaddr2line-8d001680935b5e3c.rlib" "/opt/rustwide/rustup-home/toolchains/1.83.0-x86_64-unknown-linux-gnu/lib/rustlib/x86_64-unknown-linux-gnu/lib/libgimli-ba8ce71964f984f4.rlib" "/opt/rustwide/rustup-home/toolchains/1.83.0-x86_64-unknown-linux-gnu/lib/rustlib/x86_64-unknown-linux-gnu/lib/librustc_demangle-99a73526abcec14b.rlib" "/opt/rustwide/rustup-home/toolchains/1.83.0-x86_64-unknown-linux-gnu/lib/rustlib/x86_64-unknown-linux-gnu/lib/libstd_detect-63ac0d22cff92579.rlib" "/opt/rustwide/rustup-home/toolchains/1.83.0-x86_64-unknown-linux-gnu/lib/rustlib/x86_64-unknown-linux-gnu/lib/libhashbrown-9057355c92c922d5.rlib" "/opt/rustwide/rustup-home/toolchains/1.83.0-x86_64-unknown-linux-gnu/lib/rustlib/x86_64-unknown-linux-gnu/lib/librustc_std_workspace_alloc-358be9bc1f6bab04.rlib" "/opt/rustwide/rustup-home/toolchains/1.83.0-x86_64-unknown-linux-gnu/lib/rustlib/x86_64-unknown-linux-gnu/lib/libminiz_oxide-aca15549d5bff974.rlib" "/opt/rustwide/rustup-home/toolchains/1.83.0-x86_64-unknown-linux-gnu/lib/rustlib/x86_64-unknown-linux-gnu/lib/libadler-8251d2cef7072448.rlib" "/opt/rustwide/rustup-home/toolchains/1.83.0-x86_64-unknown-linux-gnu/lib/rustlib/x86_64-unknown-linux-gnu/lib/libunwind-7d50b86011c66411.rlib" "/opt/rustwide/rustup-home/toolchains/1.83.0-x86_64-unknown-linux-gnu/lib/rustlib/x86_64-unknown-linux-gnu/lib/libcfg_if-51ea098fce5006bf.rlib" "/opt/rustwide/rustup-home/toolchains/1.83.0-x86_64-unknown-linux-gnu/lib/rustlib/x86_64-unknown-linux-gnu/lib/liblibc-5a14e0d0b712e731.rlib" "/opt/rustwide/rustup-home/toolchains/1.83.0-x86_64-unknown-linux-gnu/lib/rustlib/x86_64-unknown-linux-gnu/lib/liballoc-8b83dbf3a7b8f999.rlib" "/opt/rustwide/rustup-home/toolchains/1.83.0-x86_64-unknown-linux-gnu/lib/rustlib/x86_64-unknown-linux-gnu/lib/librustc_std_workspace_core-c6fd227bdc7b39ff.rlib" "/opt/rustwide/rustup-home/toolchains/1.83.0-x86_64-unknown-linux-gnu/lib/rustlib/x86_64-unknown-linux-gnu/lib/libcore-959d3389fa3da8a5.rlib" "/opt/rustwide/rustup-home/toolchains/1.83.0-x86_64-unknown-linux-gnu/lib/rustlib/x86_64-unknown-linux-gnu/lib/libcompiler_builtins-abe05db089cc2c62.rlib" "-Wl,-Bdynamic" "-ldl" "-lgcc_s" "-lutil" "-lrt" "-lpthread" "-lm" "-ldl" "-lc" "-Wl,--eh-frame-hdr" "-Wl,-z,noexecstack" "-L" "/opt/rustwide/rustup-home/toolchains/1.83.0-x86_64-unknown-linux-gnu/lib/rustlib/x86_64-unknown-linux-gnu/lib" "-o" "/tmp/rustdoctestxCidNR/rust_out" "-Wl,--gc-sections" "-pie" "-Wl,-z,relro,-z,now" "-nodefaultlibs"
[INFO] [stdout]   = note: collect2: fatal error: ld terminated with signal 9 [Killed]
[INFO] [stdout]           compilation terminated.
[INFO] [stdout]           
[INFO] [stdout] 
[INFO] [stdout] error: aborting due to 1 previous error
[INFO] [stdout] 
[INFO] [stdout] Couldn't compile the test.
[INFO] [stdout] ---- src/pipeline/elements/source.rs - pipeline::elements::source::builder::AutonomousSourceBuilder (line 345) stdout ----
[INFO] [stdout] error: linking with `cc` failed: exit status: 1
[INFO] [stdout]   |
[INFO] [stdout]   = note: LC_ALL="C" PATH="/opt/rustwide/rustup-home/toolchains/1.83.0-x86_64-unknown-linux-gnu/lib/rustlib/x86_64-unknown-linux-gnu/bin:/opt/rustwide/cargo-home/bin:/usr/local/sbin:/usr/local/bin:/usr/sbin:/usr/bin:/sbin:/bin" VSLANG="1033" "cc" "-m64" "/tmp/rustcJnE0fK/symbols.o" "/tmp/rustdoctestVbyZXU/rust_out.rust_out.cb03291d53e4e161-cgu.0.rcgu.o" "/tmp/rustdoctestVbyZXU/rust_out.1s7umcihpz0t7nkz1uc2ifee9.rcgu.o" "-Wl,--as-needed" "-Wl,-Bstatic" "/opt/rustwide/target/debug/deps/libalumet-f305d04abd25c49b.rlib" "/opt/rustwide/target/debug/deps/libtokio_timerfd-3ce090899e7df574.rlib" "/opt/rustwide/target/debug/deps/libtimerfd-3c839d8f169dc0d0.rlib" "/opt/rustwide/target/debug/deps/librustix-7a7398b58c4c2b5f.rlib" "/opt/rustwide/target/debug/deps/libbitflags-e3f7c5486a00e38a.rlib" "/opt/rustwide/target/debug/deps/liblinux_raw_sys-e828328f9118a1ee.rlib" "/opt/rustwide/target/debug/deps/liblog-6d50fe4853ae55d4.rlib" "/opt/rustwide/target/debug/deps/libtoml-70c894fc831059f3.rlib" "/opt/rustwide/target/debug/deps/libtoml_edit-5e40d06e41bedd3d.rlib" "/opt/rustwide/target/debug/deps/libserde_spanned-5242ca5723af8aac.rlib" "/opt/rustwide/target/debug/deps/libwinnow-44486a17e70ec525.rlib" "/opt/rustwide/target/debug/deps/libtoml_datetime-b53c921131a1d878.rlib" "/opt/rustwide/target/debug/deps/libindexmap-10fc62c8bb74c388.rlib" "/opt/rustwide/target/debug/deps/libequivalent-4d5cfde55792e26d.rlib" "/opt/rustwide/target/debug/deps/libhashbrown-62cdb64ce3ed52bb.rlib" "/opt/rustwide/target/debug/deps/libserde-898db60f558713eb.rlib" "/opt/rustwide/target/debug/deps/liblibloading-45421b2dcaab4db5.rlib" "/opt/rustwide/target/debug/deps/libcfg_if-8217498f8667ada9.rlib" "/opt/rustwide/target/debug/deps/libtokio_stream-a60cdcac9ff43682.rlib" "/opt/rustwide/target/debug/deps/libfutures-e05ac35f343404d3.rlib" "/opt/rustwide/target/debug/deps/libfutures_executor-7d2c9732c8b00c9c.rlib" "/opt/rustwide/target/debug/deps/libfutures_util-d540a4faed391676.rlib" "/opt/rustwide/target/debug/deps/libfutures_io-306100ebd700a899.rlib" "/opt/rustwide/target/debug/deps/libslab-083dd68e0bc19c95.rlib" "/opt/rustwide/target/debug/deps/libfutures_channel-a5d761b9bb71370e.rlib" "/opt/rustwide/target/debug/deps/libfutures_task-b8cf8cc4fcc89c75.rlib" "/opt/rustwide/target/debug/deps/libpin_utils-6bd6355de79f98af.rlib" "/opt/rustwide/target/debug/deps/libthiserror-6b126950d24d259f.rlib" "/opt/rustwide/target/debug/deps/libtokio_util-89634abf0059bf9c.rlib" "/opt/rustwide/target/debug/deps/libbytes-4283fbd60d33408b.rlib" "/opt/rustwide/target/debug/deps/libfutures_core-6acc1f6b4df0dd33.rlib" "/opt/rustwide/target/debug/deps/libfutures_sink-140504a081023950.rlib" "/opt/rustwide/target/debug/deps/libtokio-598eb483d804a5a4.rlib" "/opt/rustwide/target/debug/deps/libsignal_hook_registry-92d753f0bfdc0b99.rlib" "/opt/rustwide/target/debug/deps/libsocket2-cca1afe887309ed0.rlib" "/opt/rustwide/target/debug/deps/libmio-c1a951770e75a1cc.rlib" "/opt/rustwide/target/debug/deps/liblibc-48c07cb418e82d02.rlib" "/opt/rustwide/target/debug/deps/libpin_project_lite-be51d264b86b6c5b.rlib" "/opt/rustwide/target/debug/deps/libsmallvec-5687624699b219e8.rlib" "/opt/rustwide/target/debug/deps/libfxhash-17a7b64bed36dd98.rlib" "/opt/rustwide/target/debug/deps/libbyteorder-f47bc0e1adee4793.rlib" "/opt/rustwide/target/debug/deps/libfancy_regex-ed9be8fa951860f9.rlib" "/opt/rustwide/target/debug/deps/libbit_set-c71a941ee6306da9.rlib" "/opt/rustwide/target/debug/deps/libbit_vec-e5553d8f3d93cba3.rlib" "/opt/rustwide/target/debug/deps/libregex_automata-ef007293addabff2.rlib" "/opt/rustwide/target/debug/deps/libaho_corasick-ca3c2ec2e6ffa0c6.rlib" "/opt/rustwide/target/debug/deps/libmemchr-a61794c77f52d343.rlib" "/opt/rustwide/target/debug/deps/libregex_syntax-faf18525e80cee0d.rlib" "/opt/rustwide/target/debug/deps/libanyhow-4802247df7882e71.rlib" "/opt/rustwide/rustup-home/toolchains/1.83.0-x86_64-unknown-linux-gnu/lib/rustlib/x86_64-unknown-linux-gnu/lib/libstd-ca74a2d9c5166d9f.rlib" "/opt/rustwide/rustup-home/toolchains/1.83.0-x86_64-unknown-linux-gnu/lib/rustlib/x86_64-unknown-linux-gnu/lib/libpanic_unwind-e31ab23316ed5080.rlib" "/opt/rustwide/rustup-home/toolchains/1.83.0-x86_64-unknown-linux-gnu/lib/rustlib/x86_64-unknown-linux-gnu/lib/libobject-27dc4aa955912662.rlib" "/opt/rustwide/rustup-home/toolchains/1.83.0-x86_64-unknown-linux-gnu/lib/rustlib/x86_64-unknown-linux-gnu/lib/libmemchr-bd0d6cccce077b99.rlib" "/opt/rustwide/rustup-home/toolchains/1.83.0-x86_64-unknown-linux-gnu/lib/rustlib/x86_64-unknown-linux-gnu/lib/libaddr2line-8d001680935b5e3c.rlib" "/opt/rustwide/rustup-home/toolchains/1.83.0-x86_64-unknown-linux-gnu/lib/rustlib/x86_64-unknown-linux-gnu/lib/libgimli-ba8ce71964f984f4.rlib" "/opt/rustwide/rustup-home/toolchains/1.83.0-x86_64-unknown-linux-gnu/lib/rustlib/x86_64-unknown-linux-gnu/lib/librustc_demangle-99a73526abcec14b.rlib" "/opt/rustwide/rustup-home/toolchains/1.83.0-x86_64-unknown-linux-gnu/lib/rustlib/x86_64-unknown-linux-gnu/lib/libstd_detect-63ac0d22cff92579.rlib" "/opt/rustwide/rustup-home/toolchains/1.83.0-x86_64-unknown-linux-gnu/lib/rustlib/x86_64-unknown-linux-gnu/lib/libhashbrown-9057355c92c922d5.rlib" "/opt/rustwide/rustup-home/toolchains/1.83.0-x86_64-unknown-linux-gnu/lib/rustlib/x86_64-unknown-linux-gnu/lib/librustc_std_workspace_alloc-358be9bc1f6bab04.rlib" "/opt/rustwide/rustup-home/toolchains/1.83.0-x86_64-unknown-linux-gnu/lib/rustlib/x86_64-unknown-linux-gnu/lib/libminiz_oxide-aca15549d5bff974.rlib" "/opt/rustwide/rustup-home/toolchains/1.83.0-x86_64-unknown-linux-gnu/lib/rustlib/x86_64-unknown-linux-gnu/lib/libadler-8251d2cef7072448.rlib" "/opt/rustwide/rustup-home/toolchains/1.83.0-x86_64-unknown-linux-gnu/lib/rustlib/x86_64-unknown-linux-gnu/lib/libunwind-7d50b86011c66411.rlib" "/opt/rustwide/rustup-home/toolchains/1.83.0-x86_64-unknown-linux-gnu/lib/rustlib/x86_64-unknown-linux-gnu/lib/libcfg_if-51ea098fce5006bf.rlib" "/opt/rustwide/rustup-home/toolchains/1.83.0-x86_64-unknown-linux-gnu/lib/rustlib/x86_64-unknown-linux-gnu/lib/liblibc-5a14e0d0b712e731.rlib" "/opt/rustwide/rustup-home/toolchains/1.83.0-x86_64-unknown-linux-gnu/lib/rustlib/x86_64-unknown-linux-gnu/lib/liballoc-8b83dbf3a7b8f999.rlib" "/opt/rustwide/rustup-home/toolchains/1.83.0-x86_64-unknown-linux-gnu/lib/rustlib/x86_64-unknown-linux-gnu/lib/librustc_std_workspace_core-c6fd227bdc7b39ff.rlib" "/opt/rustwide/rustup-home/toolchains/1.83.0-x86_64-unknown-linux-gnu/lib/rustlib/x86_64-unknown-linux-gnu/lib/libcore-959d3389fa3da8a5.rlib" "/opt/rustwide/rustup-home/toolchains/1.83.0-x86_64-unknown-linux-gnu/lib/rustlib/x86_64-unknown-linux-gnu/lib/libcompiler_builtins-abe05db089cc2c62.rlib" "-Wl,-Bdynamic" "-ldl" "-lgcc_s" "-lutil" "-lrt" "-lpthread" "-lm" "-ldl" "-lc" "-Wl,--eh-frame-hdr" "-Wl,-z,noexecstack" "-L" "/opt/rustwide/rustup-home/toolchains/1.83.0-x86_64-unknown-linux-gnu/lib/rustlib/x86_64-unknown-linux-gnu/lib" "-o" "/tmp/rustdoctestVbyZXU/rust_out" "-Wl,--gc-sections" "-pie" "-Wl,-z,relro,-z,now" "-nodefaultlibs"
[INFO] [stdout]   = note: collect2: fatal error: ld terminated with signal 9 [Killed]
[INFO] [stdout]           compilation terminated.
[INFO] [stdout]           
[INFO] [stdout] 
[INFO] [stdout] error: aborting due to 1 previous error
[INFO] [stdout] 
[INFO] [stdout] Couldn't compile the test.
[INFO] [stdout] ---- src/pipeline/elements/transform.rs - pipeline::elements::transform::builder::TransformBuilder (line 175) stdout ----
[INFO] [stdout] error: linking with `cc` failed: exit status: 1
[INFO] [stdout]   |
[INFO] [stdout]   = note: LC_ALL="C" PATH="/opt/rustwide/rustup-home/toolchains/1.83.0-x86_64-unknown-linux-gnu/lib/rustlib/x86_64-unknown-linux-gnu/bin:/opt/rustwide/cargo-home/bin:/usr/local/sbin:/usr/local/bin:/usr/sbin:/usr/bin:/sbin:/bin" VSLANG="1033" "cc" "-m64" "/tmp/rustcJ6EOcH/symbols.o" "/tmp/rustdoctestVkD5Zf/rust_out.rust_out.cb03291d53e4e161-cgu.0.rcgu.o" "/tmp/rustdoctestVkD5Zf/rust_out.1s7umcihpz0t7nkz1uc2ifee9.rcgu.o" "-Wl,--as-needed" "-Wl,-Bstatic" "/opt/rustwide/target/debug/deps/libalumet-f305d04abd25c49b.rlib" "/opt/rustwide/target/debug/deps/libtokio_timerfd-3ce090899e7df574.rlib" "/opt/rustwide/target/debug/deps/libtimerfd-3c839d8f169dc0d0.rlib" "/opt/rustwide/target/debug/deps/librustix-7a7398b58c4c2b5f.rlib" "/opt/rustwide/target/debug/deps/libbitflags-e3f7c5486a00e38a.rlib" "/opt/rustwide/target/debug/deps/liblinux_raw_sys-e828328f9118a1ee.rlib" "/opt/rustwide/target/debug/deps/liblog-6d50fe4853ae55d4.rlib" "/opt/rustwide/target/debug/deps/libtoml-70c894fc831059f3.rlib" "/opt/rustwide/target/debug/deps/libtoml_edit-5e40d06e41bedd3d.rlib" "/opt/rustwide/target/debug/deps/libserde_spanned-5242ca5723af8aac.rlib" "/opt/rustwide/target/debug/deps/libwinnow-44486a17e70ec525.rlib" "/opt/rustwide/target/debug/deps/libtoml_datetime-b53c921131a1d878.rlib" "/opt/rustwide/target/debug/deps/libindexmap-10fc62c8bb74c388.rlib" "/opt/rustwide/target/debug/deps/libequivalent-4d5cfde55792e26d.rlib" "/opt/rustwide/target/debug/deps/libhashbrown-62cdb64ce3ed52bb.rlib" "/opt/rustwide/target/debug/deps/libserde-898db60f558713eb.rlib" "/opt/rustwide/target/debug/deps/liblibloading-45421b2dcaab4db5.rlib" "/opt/rustwide/target/debug/deps/libcfg_if-8217498f8667ada9.rlib" "/opt/rustwide/target/debug/deps/libtokio_stream-a60cdcac9ff43682.rlib" "/opt/rustwide/target/debug/deps/libfutures-e05ac35f343404d3.rlib" "/opt/rustwide/target/debug/deps/libfutures_executor-7d2c9732c8b00c9c.rlib" "/opt/rustwide/target/debug/deps/libfutures_util-d540a4faed391676.rlib" "/opt/rustwide/target/debug/deps/libfutures_io-306100ebd700a899.rlib" "/opt/rustwide/target/debug/deps/libslab-083dd68e0bc19c95.rlib" "/opt/rustwide/target/debug/deps/libfutures_channel-a5d761b9bb71370e.rlib" "/opt/rustwide/target/debug/deps/libfutures_task-b8cf8cc4fcc89c75.rlib" "/opt/rustwide/target/debug/deps/libpin_utils-6bd6355de79f98af.rlib" "/opt/rustwide/target/debug/deps/libthiserror-6b126950d24d259f.rlib" "/opt/rustwide/target/debug/deps/libtokio_util-89634abf0059bf9c.rlib" "/opt/rustwide/target/debug/deps/libbytes-4283fbd60d33408b.rlib" "/opt/rustwide/target/debug/deps/libfutures_core-6acc1f6b4df0dd33.rlib" "/opt/rustwide/target/debug/deps/libfutures_sink-140504a081023950.rlib" "/opt/rustwide/target/debug/deps/libtokio-598eb483d804a5a4.rlib" "/opt/rustwide/target/debug/deps/libsignal_hook_registry-92d753f0bfdc0b99.rlib" "/opt/rustwide/target/debug/deps/libsocket2-cca1afe887309ed0.rlib" "/opt/rustwide/target/debug/deps/libmio-c1a951770e75a1cc.rlib" "/opt/rustwide/target/debug/deps/liblibc-48c07cb418e82d02.rlib" "/opt/rustwide/target/debug/deps/libpin_project_lite-be51d264b86b6c5b.rlib" "/opt/rustwide/target/debug/deps/libsmallvec-5687624699b219e8.rlib" "/opt/rustwide/target/debug/deps/libfxhash-17a7b64bed36dd98.rlib" "/opt/rustwide/target/debug/deps/libbyteorder-f47bc0e1adee4793.rlib" "/opt/rustwide/target/debug/deps/libfancy_regex-ed9be8fa951860f9.rlib" "/opt/rustwide/target/debug/deps/libbit_set-c71a941ee6306da9.rlib" "/opt/rustwide/target/debug/deps/libbit_vec-e5553d8f3d93cba3.rlib" "/opt/rustwide/target/debug/deps/libregex_automata-ef007293addabff2.rlib" "/opt/rustwide/target/debug/deps/libaho_corasick-ca3c2ec2e6ffa0c6.rlib" "/opt/rustwide/target/debug/deps/libmemchr-a61794c77f52d343.rlib" "/opt/rustwide/target/debug/deps/libregex_syntax-faf18525e80cee0d.rlib" "/opt/rustwide/target/debug/deps/libanyhow-4802247df7882e71.rlib" "/opt/rustwide/rustup-home/toolchains/1.83.0-x86_64-unknown-linux-gnu/lib/rustlib/x86_64-unknown-linux-gnu/lib/libstd-ca74a2d9c5166d9f.rlib" "/opt/rustwide/rustup-home/toolchains/1.83.0-x86_64-unknown-linux-gnu/lib/rustlib/x86_64-unknown-linux-gnu/lib/libpanic_unwind-e31ab23316ed5080.rlib" "/opt/rustwide/rustup-home/toolchains/1.83.0-x86_64-unknown-linux-gnu/lib/rustlib/x86_64-unknown-linux-gnu/lib/libobject-27dc4aa955912662.rlib" "/opt/rustwide/rustup-home/toolchains/1.83.0-x86_64-unknown-linux-gnu/lib/rustlib/x86_64-unknown-linux-gnu/lib/libmemchr-bd0d6cccce077b99.rlib" "/opt/rustwide/rustup-home/toolchains/1.83.0-x86_64-unknown-linux-gnu/lib/rustlib/x86_64-unknown-linux-gnu/lib/libaddr2line-8d001680935b5e3c.rlib" "/opt/rustwide/rustup-home/toolchains/1.83.0-x86_64-unknown-linux-gnu/lib/rustlib/x86_64-unknown-linux-gnu/lib/libgimli-ba8ce71964f984f4.rlib" "/opt/rustwide/rustup-home/toolchains/1.83.0-x86_64-unknown-linux-gnu/lib/rustlib/x86_64-unknown-linux-gnu/lib/librustc_demangle-99a73526abcec14b.rlib" "/opt/rustwide/rustup-home/toolchains/1.83.0-x86_64-unknown-linux-gnu/lib/rustlib/x86_64-unknown-linux-gnu/lib/libstd_detect-63ac0d22cff92579.rlib" "/opt/rustwide/rustup-home/toolchains/1.83.0-x86_64-unknown-linux-gnu/lib/rustlib/x86_64-unknown-linux-gnu/lib/libhashbrown-9057355c92c922d5.rlib" "/opt/rustwide/rustup-home/toolchains/1.83.0-x86_64-unknown-linux-gnu/lib/rustlib/x86_64-unknown-linux-gnu/lib/librustc_std_workspace_alloc-358be9bc1f6bab04.rlib" "/opt/rustwide/rustup-home/toolchains/1.83.0-x86_64-unknown-linux-gnu/lib/rustlib/x86_64-unknown-linux-gnu/lib/libminiz_oxide-aca15549d5bff974.rlib" "/opt/rustwide/rustup-home/toolchains/1.83.0-x86_64-unknown-linux-gnu/lib/rustlib/x86_64-unknown-linux-gnu/lib/libadler-8251d2cef7072448.rlib" "/opt/rustwide/rustup-home/toolchains/1.83.0-x86_64-unknown-linux-gnu/lib/rustlib/x86_64-unknown-linux-gnu/lib/libunwind-7d50b86011c66411.rlib" "/opt/rustwide/rustup-home/toolchains/1.83.0-x86_64-unknown-linux-gnu/lib/rustlib/x86_64-unknown-linux-gnu/lib/libcfg_if-51ea098fce5006bf.rlib" "/opt/rustwide/rustup-home/toolchains/1.83.0-x86_64-unknown-linux-gnu/lib/rustlib/x86_64-unknown-linux-gnu/lib/liblibc-5a14e0d0b712e731.rlib" "/opt/rustwide/rustup-home/toolchains/1.83.0-x86_64-unknown-linux-gnu/lib/rustlib/x86_64-unknown-linux-gnu/lib/liballoc-8b83dbf3a7b8f999.rlib" "/opt/rustwide/rustup-home/toolchains/1.83.0-x86_64-unknown-linux-gnu/lib/rustlib/x86_64-unknown-linux-gnu/lib/librustc_std_workspace_core-c6fd227bdc7b39ff.rlib" "/opt/rustwide/rustup-home/toolchains/1.83.0-x86_64-unknown-linux-gnu/lib/rustlib/x86_64-unknown-linux-gnu/lib/libcore-959d3389fa3da8a5.rlib" "/opt/rustwide/rustup-home/toolchains/1.83.0-x86_64-unknown-linux-gnu/lib/rustlib/x86_64-unknown-linux-gnu/lib/libcompiler_builtins-abe05db089cc2c62.rlib" "-Wl,-Bdynamic" "-ldl" "-lgcc_s" "-lutil" "-lrt" "-lpthread" "-lm" "-ldl" "-lc" "-Wl,--eh-frame-hdr" "-Wl,-z,noexecstack" "-L" "/opt/rustwide/rustup-home/toolchains/1.83.0-x86_64-unknown-linux-gnu/lib/rustlib/x86_64-unknown-linux-gnu/lib" "-o" "/tmp/rustdoctestVkD5Zf/rust_out" "-Wl,--gc-sections" "-pie" "-Wl,-z,relro,-z,now" "-nodefaultlibs"
[INFO] [stdout]   = note: collect2: fatal error: ld terminated with signal 9 [Killed]
[INFO] [stdout]           compilation terminated.
[INFO] [stdout]           
[INFO] [stdout] 
[INFO] [stdout] error: aborting due to 1 previous error
[INFO] [stdout] 
[INFO] [stdout] Couldn't compile the test.
[INFO] [stdout] 
[INFO] [stdout] failures:
[INFO] [stdout]     src/pipeline/elements/output.rs - pipeline::elements::output::builder::BlockingOutputBuilder (line 494)
[INFO] [stdout]     src/pipeline/elements/source.rs - pipeline::elements::source::builder::AutonomousSourceBuilder (line 345)
[INFO] [stdout]     src/pipeline/elements/transform.rs - pipeline::elements::transform::builder::TransformBuilder (line 175)
[INFO] [stdout] 
[INFO] [stdout] test result: FAILED. 21 passed; 3 failed; 8 ignored; 0 measured; 0 filtered out; finished in 8.99s
[INFO] [stdout] 
[INFO] [stderr] error: doctest failed, to rerun pass `--doc`
[INFO] running `Command { std: "docker" "inspect" "b0215490fc6726aac22b089f0c5630bc1d314c271ef94fd6d5c4c42065d4139e", kill_on_drop: false }`
[INFO] running `Command { std: "docker" "rm" "-f" "b0215490fc6726aac22b089f0c5630bc1d314c271ef94fd6d5c4c42065d4139e", kill_on_drop: false }`
[INFO] [stdout] b0215490fc6726aac22b089f0c5630bc1d314c271ef94fd6d5c4c42065d4139e
