[INFO] fetching crate altaway 0.3.5...
[INFO] testing altaway-0.3.5 against beta-2024-12-08 for beta-1.84.0-4-retry
[INFO] extracting crate altaway 0.3.5 into /workspace/builds/worker-2-tc2/source
[INFO] validating manifest of crates.io crate altaway 0.3.5 on toolchain beta-2024-12-08
[INFO] running `Command { std: CARGO_HOME="/workspace/cargo-home" RUSTUP_HOME="/workspace/rustup-home" "/workspace/cargo-home/bin/cargo" "+beta-2024-12-08" "metadata" "--manifest-path" "Cargo.toml" "--no-deps", kill_on_drop: false }`
[INFO] started tweaking crates.io crate altaway 0.3.5
[INFO] finished tweaking crates.io crate altaway 0.3.5
[INFO] tweaked toml for crates.io crate altaway 0.3.5 written to /workspace/builds/worker-2-tc2/source/Cargo.toml
[INFO] running `Command { std: CARGO_HOME="/workspace/cargo-home" RUSTUP_HOME="/workspace/rustup-home" "/workspace/cargo-home/bin/cargo" "+beta-2024-12-08" "generate-lockfile" "--manifest-path" "Cargo.toml", kill_on_drop: false }`
[INFO] running `Command { std: CARGO_HOME="/workspace/cargo-home" RUSTUP_HOME="/workspace/rustup-home" "/workspace/cargo-home/bin/cargo" "+beta-2024-12-08" "fetch" "--manifest-path" "Cargo.toml", kill_on_drop: false }`
[INFO] running `Command { std: "docker" "create" "-v" "/var/lib/crater-agent-workspace/builds/worker-2-tc2/target:/opt/rustwide/target:rw,Z" "-v" "/var/lib/crater-agent-workspace/builds/worker-2-tc2/source:/opt/rustwide/workdir:ro,Z" "-v" "/var/lib/crater-agent-workspace/cargo-home:/opt/rustwide/cargo-home:ro,Z" "-v" "/var/lib/crater-agent-workspace/rustup-home:/opt/rustwide/rustup-home:ro,Z" "-e" "SOURCE_DIR=/opt/rustwide/workdir" "-e" "CARGO_TARGET_DIR=/opt/rustwide/target" "-e" "CARGO_HOME=/opt/rustwide/cargo-home" "-e" "RUSTUP_HOME=/opt/rustwide/rustup-home" "-w" "/opt/rustwide/workdir" "-m" "1610612736" "--user" "0:0" "--network" "none" "ghcr.io/rust-lang/crates-build-env/linux@sha256:f3a9d4ad9d972b27faf3965f35b62e55ba32bbce8f20bc8fe909558a86702fde" "/opt/rustwide/cargo-home/bin/cargo" "+beta-2024-12-08" "metadata" "--no-deps" "--format-version=1", kill_on_drop: false }`
[INFO] [stdout] c1dea9bf6cf37977f56181e23525b748288f44c5e57542428784a604effb6f2b
[INFO] running `Command { std: "docker" "start" "-a" "c1dea9bf6cf37977f56181e23525b748288f44c5e57542428784a604effb6f2b", kill_on_drop: false }`
[INFO] running `Command { std: "docker" "inspect" "c1dea9bf6cf37977f56181e23525b748288f44c5e57542428784a604effb6f2b", kill_on_drop: false }`
[INFO] running `Command { std: "docker" "rm" "-f" "c1dea9bf6cf37977f56181e23525b748288f44c5e57542428784a604effb6f2b", kill_on_drop: false }`
[INFO] [stdout] c1dea9bf6cf37977f56181e23525b748288f44c5e57542428784a604effb6f2b
[INFO] running `Command { std: "docker" "create" "-v" "/var/lib/crater-agent-workspace/builds/worker-2-tc2/target:/opt/rustwide/target:rw,Z" "-v" "/var/lib/crater-agent-workspace/builds/worker-2-tc2/source:/opt/rustwide/workdir:ro,Z" "-v" "/var/lib/crater-agent-workspace/cargo-home:/opt/rustwide/cargo-home:ro,Z" "-v" "/var/lib/crater-agent-workspace/rustup-home:/opt/rustwide/rustup-home:ro,Z" "-e" "SOURCE_DIR=/opt/rustwide/workdir" "-e" "CARGO_TARGET_DIR=/opt/rustwide/target" "-e" "CARGO_INCREMENTAL=0" "-e" "RUST_BACKTRACE=full" "-e" "RUSTFLAGS=--cap-lints=warn" "-e" "RUSTDOCFLAGS=--cap-lints=warn" "-e" "CARGO_HOME=/opt/rustwide/cargo-home" "-e" "RUSTUP_HOME=/opt/rustwide/rustup-home" "-w" "/opt/rustwide/workdir" "-m" "1610612736" "--user" "0:0" "--network" "none" "ghcr.io/rust-lang/crates-build-env/linux@sha256:f3a9d4ad9d972b27faf3965f35b62e55ba32bbce8f20bc8fe909558a86702fde" "/opt/rustwide/cargo-home/bin/cargo" "+beta-2024-12-08" "build" "--frozen" "--message-format=json", kill_on_drop: false }`
[INFO] [stdout] 4bcc1d7eb645102f179e1c42ede9b3632cc7c18d84de447525a3fe2b6ca8e11d
[INFO] running `Command { std: "docker" "start" "-a" "4bcc1d7eb645102f179e1c42ede9b3632cc7c18d84de447525a3fe2b6ca8e11d", kill_on_drop: false }`
[INFO] [stderr]    Compiling altaway v0.3.5 (/opt/rustwide/workdir)
[INFO] [stderr]     Finished `dev` profile [unoptimized + debuginfo] target(s) in 0.24s
[INFO] running `Command { std: "docker" "inspect" "4bcc1d7eb645102f179e1c42ede9b3632cc7c18d84de447525a3fe2b6ca8e11d", kill_on_drop: false }`
[INFO] running `Command { std: "docker" "rm" "-f" "4bcc1d7eb645102f179e1c42ede9b3632cc7c18d84de447525a3fe2b6ca8e11d", kill_on_drop: false }`
[INFO] [stdout] 4bcc1d7eb645102f179e1c42ede9b3632cc7c18d84de447525a3fe2b6ca8e11d
[INFO] running `Command { std: "docker" "create" "-v" "/var/lib/crater-agent-workspace/builds/worker-2-tc2/target:/opt/rustwide/target:rw,Z" "-v" "/var/lib/crater-agent-workspace/builds/worker-2-tc2/source:/opt/rustwide/workdir:ro,Z" "-v" "/var/lib/crater-agent-workspace/cargo-home:/opt/rustwide/cargo-home:ro,Z" "-v" "/var/lib/crater-agent-workspace/rustup-home:/opt/rustwide/rustup-home:ro,Z" "-e" "SOURCE_DIR=/opt/rustwide/workdir" "-e" "CARGO_TARGET_DIR=/opt/rustwide/target" "-e" "CARGO_INCREMENTAL=0" "-e" "RUST_BACKTRACE=full" "-e" "RUSTFLAGS=--cap-lints=warn" "-e" "RUSTDOCFLAGS=--cap-lints=warn" "-e" "CARGO_HOME=/opt/rustwide/cargo-home" "-e" "RUSTUP_HOME=/opt/rustwide/rustup-home" "-w" "/opt/rustwide/workdir" "-m" "1610612736" "--user" "0:0" "--network" "none" "ghcr.io/rust-lang/crates-build-env/linux@sha256:f3a9d4ad9d972b27faf3965f35b62e55ba32bbce8f20bc8fe909558a86702fde" "/opt/rustwide/cargo-home/bin/cargo" "+beta-2024-12-08" "test" "--frozen" "--no-run" "--message-format=json", kill_on_drop: false }`
[INFO] [stdout] a74d41dff30657fde063ab0563eaf2b7706f0bd22a017e185f44d83852939c6c
[INFO] running `Command { std: "docker" "start" "-a" "a74d41dff30657fde063ab0563eaf2b7706f0bd22a017e185f44d83852939c6c", kill_on_drop: false }`
[INFO] [stderr]    Compiling altaway v0.3.5 (/opt/rustwide/workdir)
[INFO] [stderr]     Finished `test` profile [unoptimized + debuginfo] target(s) in 0.40s
[INFO] running `Command { std: "docker" "inspect" "a74d41dff30657fde063ab0563eaf2b7706f0bd22a017e185f44d83852939c6c", kill_on_drop: false }`
[INFO] running `Command { std: "docker" "rm" "-f" "a74d41dff30657fde063ab0563eaf2b7706f0bd22a017e185f44d83852939c6c", kill_on_drop: false }`
[INFO] [stdout] a74d41dff30657fde063ab0563eaf2b7706f0bd22a017e185f44d83852939c6c
[INFO] running `Command { std: "docker" "create" "-v" "/var/lib/crater-agent-workspace/builds/worker-2-tc2/target:/opt/rustwide/target:rw,Z" "-v" "/var/lib/crater-agent-workspace/builds/worker-2-tc2/source:/opt/rustwide/workdir:ro,Z" "-v" "/var/lib/crater-agent-workspace/cargo-home:/opt/rustwide/cargo-home:ro,Z" "-v" "/var/lib/crater-agent-workspace/rustup-home:/opt/rustwide/rustup-home:ro,Z" "-e" "SOURCE_DIR=/opt/rustwide/workdir" "-e" "CARGO_TARGET_DIR=/opt/rustwide/target" "-e" "CARGO_INCREMENTAL=0" "-e" "RUST_BACKTRACE=full" "-e" "RUSTFLAGS=--cap-lints=warn" "-e" "RUSTDOCFLAGS=--cap-lints=warn" "-e" "CARGO_HOME=/opt/rustwide/cargo-home" "-e" "RUSTUP_HOME=/opt/rustwide/rustup-home" "-w" "/opt/rustwide/workdir" "-m" "1610612736" "--user" "0:0" "--network" "none" "ghcr.io/rust-lang/crates-build-env/linux@sha256:f3a9d4ad9d972b27faf3965f35b62e55ba32bbce8f20bc8fe909558a86702fde" "/opt/rustwide/cargo-home/bin/cargo" "+beta-2024-12-08" "test" "--frozen", kill_on_drop: false }`
[INFO] [stdout] 74c79a315b418c7712fc929d09b5c010ca8be962222d900de565106eaaa2b042
[INFO] running `Command { std: "docker" "start" "-a" "74c79a315b418c7712fc929d09b5c010ca8be962222d900de565106eaaa2b042", kill_on_drop: false }`
[INFO] [stderr]     Finished `test` profile [unoptimized + debuginfo] target(s) in 0.01s
[INFO] [stderr]      Running unittests src/lib.rs (/opt/rustwide/target/debug/deps/altaway-77015ed952f9caa4)
[INFO] [stdout] 
[INFO] [stdout] running 0 tests
[INFO] [stdout] 
[INFO] [stdout] test result: ok. 0 passed; 0 failed; 0 ignored; 0 measured; 0 filtered out; finished in 0.00s
[INFO] [stdout] 
[INFO] [stderr]    Doc-tests altaway
[INFO] [stdout] 
[INFO] [stdout] running 2 tests
[INFO] [stdout] test src/lib.rs - dbg (line 43) ... FAILED
[INFO] [stdout] test src/lib.rs - Scanner::next (line 10) ... FAILED
[INFO] [stdout] 
[INFO] [stdout] failures:
[INFO] [stdout] 
[INFO] [stdout] ---- src/lib.rs - dbg (line 43) stdout ----
[INFO] [stdout] error[E0425]: cannot find value `x` in this scope
[INFO] [stdout]  --> src/lib.rs:44:6
[INFO] [stdout]   |
[INFO] [stdout] 3 | dbg!(x, y, z);
[INFO] [stdout]   |      ^ not found in this scope
[INFO] [stdout] 
[INFO] [stdout] error[E0425]: cannot find value `y` in this scope
[INFO] [stdout]  --> src/lib.rs:44:9
[INFO] [stdout]   |
[INFO] [stdout] 3 | dbg!(x, y, z);
[INFO] [stdout]   |         ^ not found in this scope
[INFO] [stdout] 
[INFO] [stdout] error[E0425]: cannot find value `z` in this scope
[INFO] [stdout]  --> src/lib.rs:44:12
[INFO] [stdout]   |
[INFO] [stdout] 3 | dbg!(x, y, z);
[INFO] [stdout]   |            ^ not found in this scope
[INFO] [stdout] 
[INFO] [stdout] error: aborting due to 3 previous errors
[INFO] [stdout] 
[INFO] [stdout] For more information about this error, try `rustc --explain E0425`.
[INFO] [stdout] Couldn't compile the test.
[INFO] [stdout] ---- src/lib.rs - Scanner::next (line 10) stdout ----
[INFO] [stdout] error[E0433]: failed to resolve: use of undeclared type `Scanner`
[INFO] [stdout]  --> src/lib.rs:11:19
[INFO] [stdout]   |
[INFO] [stdout] 3 | let mut scanner = Scanner::new();
[INFO] [stdout]   |                   ^^^^^^^ use of undeclared type `Scanner`
[INFO] [stdout]   |
[INFO] [stdout] help: consider importing this struct
[INFO] [stdout]   |
[INFO] [stdout] 2 + use altaway::Scanner;
[INFO] [stdout]   |
[INFO] [stdout] 
[INFO] [stdout] error: aborting due to 1 previous error
[INFO] [stdout] 
[INFO] [stdout] For more information about this error, try `rustc --explain E0433`.
[INFO] [stdout] Couldn't compile the test.
[INFO] [stdout] 
[INFO] [stdout] failures:
[INFO] [stdout]     src/lib.rs - Scanner::next (line 10)
[INFO] [stdout]     src/lib.rs - dbg (line 43)
[INFO] [stdout] 
[INFO] [stdout] test result: FAILED. 0 passed; 2 failed; 0 ignored; 0 measured; 0 filtered out; finished in 0.17s
[INFO] [stdout] 
[INFO] [stderr] error: doctest failed, to rerun pass `--doc`
[INFO] running `Command { std: "docker" "inspect" "74c79a315b418c7712fc929d09b5c010ca8be962222d900de565106eaaa2b042", kill_on_drop: false }`
[INFO] running `Command { std: "docker" "rm" "-f" "74c79a315b418c7712fc929d09b5c010ca8be962222d900de565106eaaa2b042", kill_on_drop: false }`
[INFO] [stdout] 74c79a315b418c7712fc929d09b5c010ca8be962222d900de565106eaaa2b042
