[INFO] fetching crate alloy-dyn-abi 0.8.15...
[INFO] testing alloy-dyn-abi-0.8.15 against 1.83.0 for beta-1.84.0-4-retry
[INFO] extracting crate alloy-dyn-abi 0.8.15 into /workspace/builds/worker-1-tc1/source
[INFO] validating manifest of crates.io crate alloy-dyn-abi 0.8.15 on toolchain 1.83.0
[INFO] running `Command { std: CARGO_HOME="/workspace/cargo-home" RUSTUP_HOME="/workspace/rustup-home" "/workspace/cargo-home/bin/cargo" "+1.83.0" "metadata" "--manifest-path" "Cargo.toml" "--no-deps", kill_on_drop: false }`
[INFO] started tweaking crates.io crate alloy-dyn-abi 0.8.15
[INFO] finished tweaking crates.io crate alloy-dyn-abi 0.8.15
[INFO] tweaked toml for crates.io crate alloy-dyn-abi 0.8.15 written to /workspace/builds/worker-1-tc1/source/Cargo.toml
[INFO] crate crates.io crate alloy-dyn-abi 0.8.15 already has a lockfile, it will not be regenerated
[INFO] running `Command { std: CARGO_HOME="/workspace/cargo-home" RUSTUP_HOME="/workspace/rustup-home" "/workspace/cargo-home/bin/cargo" "+1.83.0" "fetch" "--manifest-path" "Cargo.toml", kill_on_drop: false }`
[INFO] [stderr]     Updating crates.io index
[INFO] [stderr]  Downloading crates ...
[INFO] [stderr]   Downloaded parity-scale-codec-derive v3.6.5
[INFO] [stderr]   Downloaded elliptic-curve v0.13.7
[INFO] [stderr]   Downloaded arbitrary v1.3.1
[INFO] [stderr]   Downloaded parity-scale-codec v3.6.5
[INFO] [stderr]   Downloaded alloy-dyn-abi v0.8.14
[INFO] [stderr]   Downloaded proptest-derive v0.5.0
[INFO] running `Command { std: "docker" "create" "-v" "/var/lib/crater-agent-workspace/builds/worker-1-tc1/target:/opt/rustwide/target:rw,Z" "-v" "/var/lib/crater-agent-workspace/builds/worker-1-tc1/source:/opt/rustwide/workdir:ro,Z" "-v" "/var/lib/crater-agent-workspace/cargo-home:/opt/rustwide/cargo-home:ro,Z" "-v" "/var/lib/crater-agent-workspace/rustup-home:/opt/rustwide/rustup-home:ro,Z" "-e" "SOURCE_DIR=/opt/rustwide/workdir" "-e" "CARGO_TARGET_DIR=/opt/rustwide/target" "-e" "CARGO_HOME=/opt/rustwide/cargo-home" "-e" "RUSTUP_HOME=/opt/rustwide/rustup-home" "-w" "/opt/rustwide/workdir" "-m" "1610612736" "--user" "0:0" "--network" "none" "ghcr.io/rust-lang/crates-build-env/linux@sha256:f3a9d4ad9d972b27faf3965f35b62e55ba32bbce8f20bc8fe909558a86702fde" "/opt/rustwide/cargo-home/bin/cargo" "+1.83.0" "metadata" "--no-deps" "--format-version=1", kill_on_drop: false }`
[INFO] [stdout] 6396ec7854fe4093fecee708be285a03c5acb2d798f8a6777a38c19be9b27aaf
[INFO] running `Command { std: "docker" "start" "-a" "6396ec7854fe4093fecee708be285a03c5acb2d798f8a6777a38c19be9b27aaf", kill_on_drop: false }`
[INFO] running `Command { std: "docker" "inspect" "6396ec7854fe4093fecee708be285a03c5acb2d798f8a6777a38c19be9b27aaf", kill_on_drop: false }`
[INFO] running `Command { std: "docker" "rm" "-f" "6396ec7854fe4093fecee708be285a03c5acb2d798f8a6777a38c19be9b27aaf", kill_on_drop: false }`
[INFO] [stdout] 6396ec7854fe4093fecee708be285a03c5acb2d798f8a6777a38c19be9b27aaf
[INFO] running `Command { std: "docker" "create" "-v" "/var/lib/crater-agent-workspace/builds/worker-1-tc1/target:/opt/rustwide/target:rw,Z" "-v" "/var/lib/crater-agent-workspace/builds/worker-1-tc1/source:/opt/rustwide/workdir:ro,Z" "-v" "/var/lib/crater-agent-workspace/cargo-home:/opt/rustwide/cargo-home:ro,Z" "-v" "/var/lib/crater-agent-workspace/rustup-home:/opt/rustwide/rustup-home:ro,Z" "-e" "SOURCE_DIR=/opt/rustwide/workdir" "-e" "CARGO_TARGET_DIR=/opt/rustwide/target" "-e" "CARGO_INCREMENTAL=0" "-e" "RUST_BACKTRACE=full" "-e" "RUSTFLAGS=--cap-lints=warn" "-e" "RUSTDOCFLAGS=--cap-lints=warn" "-e" "CARGO_HOME=/opt/rustwide/cargo-home" "-e" "RUSTUP_HOME=/opt/rustwide/rustup-home" "-w" "/opt/rustwide/workdir" "-m" "1610612736" "--user" "0:0" "--network" "none" "ghcr.io/rust-lang/crates-build-env/linux@sha256:f3a9d4ad9d972b27faf3965f35b62e55ba32bbce8f20bc8fe909558a86702fde" "/opt/rustwide/cargo-home/bin/cargo" "+1.83.0" "build" "--frozen" "--message-format=json", kill_on_drop: false }`
[INFO] [stdout] cba6a06a59edfa0c5af42919f64160a7b1f5378f1d99dd28308e8d564f328a29
[INFO] running `Command { std: "docker" "start" "-a" "cba6a06a59edfa0c5af42919f64160a7b1f5378f1d99dd28308e8d564f328a29", kill_on_drop: false }`
[INFO] [stderr]    Compiling proc-macro2 v1.0.86
[INFO] [stderr]    Compiling unicode-ident v1.0.12
[INFO] [stderr]    Compiling paste v1.0.14
[INFO] [stderr]    Compiling serde v1.0.190
[INFO] [stderr]    Compiling cpufeatures v0.2.11
[INFO] [stderr]    Compiling crunchy v0.2.2
[INFO] [stderr]    Compiling cfg-if v1.0.0
[INFO] [stderr]    Compiling tiny-keccak v2.0.2
[INFO] [stderr]    Compiling unicode-xid v0.2.5
[INFO] [stderr]    Compiling ruint-macro v1.2.1
[INFO] [stderr]    Compiling dunce v1.0.4
[INFO] [stderr]    Compiling heck v0.5.0
[INFO] [stderr]    Compiling equivalent v1.0.1
[INFO] [stderr]    Compiling hashbrown v0.15.0
[INFO] [stderr]    Compiling itoa v1.0.9
[INFO] [stderr]    Compiling hex-literal v0.4.1
[INFO] [stderr]    Compiling const-hex v1.14.0
[INFO] [stderr]    Compiling winnow v0.6.5
[INFO] [stderr]    Compiling indexmap v2.6.0
[INFO] [stderr]    Compiling quote v1.0.37
[INFO] [stderr]    Compiling syn v2.0.76
[INFO] [stderr]    Compiling proc-macro-error-attr2 v2.0.0
[INFO] [stderr]    Compiling syn-solidity v0.8.15
[INFO] [stderr]    Compiling proc-macro-error2 v2.0.1
[INFO] [stderr]    Compiling serde_derive v1.0.190
[INFO] [stderr]    Compiling derive_more-impl v1.0.0
[INFO] [stderr]    Compiling alloy-sol-macro-input v0.8.15
[INFO] [stderr]    Compiling alloy-sol-macro-expander v0.8.15
[INFO] [stderr]    Compiling derive_more v1.0.0
[INFO] [stderr]    Compiling alloy-sol-macro v0.8.15
[INFO] [stderr]    Compiling bytes v1.5.0
[INFO] [stderr]    Compiling ruint v1.12.3
[INFO] [stderr]    Compiling alloy-sol-type-parser v0.8.15
[INFO] [stderr]    Compiling alloy-primitives v0.8.15
[INFO] [stderr]    Compiling alloy-json-abi v0.8.15
[INFO] [stderr]    Compiling alloy-sol-types v0.8.15
[INFO] [stderr]    Compiling alloy-dyn-abi v0.8.15 (/opt/rustwide/workdir)
[INFO] [stderr]     Finished `dev` profile [unoptimized + debuginfo] target(s) in 30.53s
[INFO] running `Command { std: "docker" "inspect" "cba6a06a59edfa0c5af42919f64160a7b1f5378f1d99dd28308e8d564f328a29", kill_on_drop: false }`
[INFO] running `Command { std: "docker" "rm" "-f" "cba6a06a59edfa0c5af42919f64160a7b1f5378f1d99dd28308e8d564f328a29", kill_on_drop: false }`
[INFO] [stdout] cba6a06a59edfa0c5af42919f64160a7b1f5378f1d99dd28308e8d564f328a29
[INFO] running `Command { std: "docker" "create" "-v" "/var/lib/crater-agent-workspace/builds/worker-1-tc1/target:/opt/rustwide/target:rw,Z" "-v" "/var/lib/crater-agent-workspace/builds/worker-1-tc1/source:/opt/rustwide/workdir:ro,Z" "-v" "/var/lib/crater-agent-workspace/cargo-home:/opt/rustwide/cargo-home:ro,Z" "-v" "/var/lib/crater-agent-workspace/rustup-home:/opt/rustwide/rustup-home:ro,Z" "-e" "SOURCE_DIR=/opt/rustwide/workdir" "-e" "CARGO_TARGET_DIR=/opt/rustwide/target" "-e" "CARGO_INCREMENTAL=0" "-e" "RUST_BACKTRACE=full" "-e" "RUSTFLAGS=--cap-lints=warn" "-e" "RUSTDOCFLAGS=--cap-lints=warn" "-e" "CARGO_HOME=/opt/rustwide/cargo-home" "-e" "RUSTUP_HOME=/opt/rustwide/rustup-home" "-w" "/opt/rustwide/workdir" "-m" "1610612736" "--user" "0:0" "--network" "none" "ghcr.io/rust-lang/crates-build-env/linux@sha256:f3a9d4ad9d972b27faf3965f35b62e55ba32bbce8f20bc8fe909558a86702fde" "/opt/rustwide/cargo-home/bin/cargo" "+1.83.0" "test" "--frozen" "--no-run" "--message-format=json", kill_on_drop: false }`
[INFO] [stdout] 3c55206970e1ab9d8f13e8a923716b99c618a562539fdcbd8058335f5dffeca7
[INFO] running `Command { std: "docker" "start" "-a" "3c55206970e1ab9d8f13e8a923716b99c618a562539fdcbd8058335f5dffeca7", kill_on_drop: false }`
[INFO] [stderr]    Compiling serde v1.0.190
[INFO] [stderr]    Compiling autocfg v1.1.0
[INFO] [stderr]    Compiling crunchy v0.2.2
[INFO] [stderr]    Compiling libc v0.2.149
[INFO] [stderr]    Compiling tiny-keccak v2.0.2
[INFO] [stderr]    Compiling typenum v1.17.0
[INFO] [stderr]    Compiling version_check v0.9.4
[INFO] [stderr]    Compiling crossbeam-utils v0.8.16
[INFO] [stderr]    Compiling rustc-hex v2.1.0
[INFO] [stderr]    Compiling ppv-lite86 v0.2.17
[INFO] [stderr]    Compiling byteorder v1.5.0
[INFO] [stderr]    Compiling static_assertions v1.1.0
[INFO] [stderr]    Compiling serde_json v1.0.107
[INFO] [stderr]    Compiling scopeguard v1.2.0
[INFO] [stderr]    Compiling memchr v2.6.4
[INFO] [stderr]    Compiling either v1.9.0
[INFO] [stderr]    Compiling rustix v0.38.21
[INFO] [stderr]    Compiling hex v0.4.3
[INFO] [stderr]    Compiling regex-syntax v0.8.2
[INFO] [stderr]    Compiling rayon-core v1.12.0
[INFO] [stderr]    Compiling ryu v1.0.15
[INFO] [stderr]    Compiling plotters-backend v0.3.5
[INFO] [stderr]    Compiling generic-array v0.14.7
[INFO] [stderr]    Compiling alloy-sol-macro-expander v0.8.15
[INFO] [stderr]    Compiling uint v0.9.5
[INFO] [stderr]    Compiling thiserror v1.0.50
[INFO] [stderr]    Compiling memoffset v0.9.0
[INFO] [stderr]    Compiling crossbeam-epoch v0.9.15
[INFO] [stderr]    Compiling num-traits v0.2.17
[INFO] [stderr]    Compiling linux-raw-sys v0.4.10
[INFO] [stderr]    Compiling ciborium-io v0.2.1
[INFO] [stderr]    Compiling anstyle v1.0.4
[INFO] [stderr]    Compiling bitflags v2.4.1
[INFO] [stderr]    Compiling aho-corasick v1.1.2
[INFO] [stderr]    Compiling clap_lex v0.6.0
[INFO] [stderr]    Compiling half v1.8.2
[INFO] [stderr]    Compiling plotters-svg v0.3.5
[INFO] [stderr]    Compiling itertools v0.10.5
[INFO] [stderr]    Compiling thiserror-impl v1.0.50
[INFO] [stderr]    Compiling clap_builder v4.4.7
[INFO] [stderr]    Compiling ciborium-ll v0.2.1
[INFO] [stderr]    Compiling keccak v0.1.4
[INFO] [stderr]    Compiling same-file v1.0.6
[INFO] [stderr]    Compiling cast v0.3.0
[INFO] [stderr]    Compiling getrandom v0.2.10
[INFO] [stderr]    Compiling once_cell v1.18.0
[INFO] [stderr]    Compiling rand_core v0.6.4
[INFO] [stderr]    Compiling crossbeam-deque v0.8.3
[INFO] [stderr]    Compiling walkdir v2.4.0
[INFO] [stderr]    Compiling anes v0.1.6
[INFO] [stderr]    Compiling oorandom v11.1.3
[INFO] [stderr]    Compiling rand_chacha v0.3.1
[INFO] [stderr]    Compiling is-terminal v0.4.9
[INFO] [stderr]    Compiling rand v0.8.5
[INFO] [stderr]    Compiling rayon v1.8.0
[INFO] [stderr]    Compiling crypto-common v0.1.6
[INFO] [stderr]    Compiling block-buffer v0.10.4
[INFO] [stderr]    Compiling digest v0.10.7
[INFO] [stderr]    Compiling plotters v0.3.5
[INFO] [stderr]    Compiling sha3 v0.10.8
[INFO] [stderr]    Compiling fixed-hash v0.8.0
[INFO] [stderr]    Compiling regex-automata v0.4.3
[INFO] [stderr]    Compiling criterion-plot v0.5.0
[INFO] [stderr]    Compiling clap v4.4.7
[INFO] [stderr]    Compiling alloy-sol-macro v0.8.15
[INFO] [stderr]    Compiling bytes v1.5.0
[INFO] [stderr]    Compiling ruint v1.12.3
[INFO] [stderr]    Compiling const-hex v1.14.0
[INFO] [stderr]    Compiling impl-serde v0.4.0
[INFO] [stderr]    Compiling alloy-sol-type-parser v0.8.15
[INFO] [stderr]    Compiling ciborium v0.2.1
[INFO] [stderr]    Compiling tinytemplate v1.2.1
[INFO] [stderr]    Compiling rlp v0.5.2
[INFO] [stderr]    Compiling alloy-primitives v0.8.15
[INFO] [stderr]    Compiling impl-rlp v0.3.0
[INFO] [stderr]    Compiling primitive-types v0.12.2
[INFO] [stderr]    Compiling ethbloom v0.13.0
[INFO] [stderr]    Compiling alloy-sol-types v0.8.15
[INFO] [stderr]    Compiling alloy-json-abi v0.8.15
[INFO] [stderr]    Compiling ethereum-types v0.14.1
[INFO] [stderr]    Compiling regex v1.10.2
[INFO] [stderr]    Compiling ethabi v18.0.0
[INFO] [stderr]    Compiling criterion v0.5.1
[INFO] [stderr]    Compiling alloy-dyn-abi v0.8.14
[INFO] [stderr]    Compiling alloy-dyn-abi v0.8.15 (/opt/rustwide/workdir)
[INFO] [stderr]     Finished `test` profile [unoptimized + debuginfo] target(s) in 39.79s
[INFO] running `Command { std: "docker" "inspect" "3c55206970e1ab9d8f13e8a923716b99c618a562539fdcbd8058335f5dffeca7", kill_on_drop: false }`
[INFO] running `Command { std: "docker" "rm" "-f" "3c55206970e1ab9d8f13e8a923716b99c618a562539fdcbd8058335f5dffeca7", kill_on_drop: false }`
[INFO] [stdout] 3c55206970e1ab9d8f13e8a923716b99c618a562539fdcbd8058335f5dffeca7
[INFO] running `Command { std: "docker" "create" "-v" "/var/lib/crater-agent-workspace/builds/worker-1-tc1/target:/opt/rustwide/target:rw,Z" "-v" "/var/lib/crater-agent-workspace/builds/worker-1-tc1/source:/opt/rustwide/workdir:ro,Z" "-v" "/var/lib/crater-agent-workspace/cargo-home:/opt/rustwide/cargo-home:ro,Z" "-v" "/var/lib/crater-agent-workspace/rustup-home:/opt/rustwide/rustup-home:ro,Z" "-e" "SOURCE_DIR=/opt/rustwide/workdir" "-e" "CARGO_TARGET_DIR=/opt/rustwide/target" "-e" "CARGO_INCREMENTAL=0" "-e" "RUST_BACKTRACE=full" "-e" "RUSTFLAGS=--cap-lints=warn" "-e" "RUSTDOCFLAGS=--cap-lints=warn" "-e" "CARGO_HOME=/opt/rustwide/cargo-home" "-e" "RUSTUP_HOME=/opt/rustwide/rustup-home" "-w" "/opt/rustwide/workdir" "-m" "1610612736" "--user" "0:0" "--network" "none" "ghcr.io/rust-lang/crates-build-env/linux@sha256:f3a9d4ad9d972b27faf3965f35b62e55ba32bbce8f20bc8fe909558a86702fde" "/opt/rustwide/cargo-home/bin/cargo" "+1.83.0" "test" "--frozen", kill_on_drop: false }`
[INFO] [stdout] 409ab42b4156b515dde48a2fd94aef9b8f02cd599566330bed03d31487086430
[INFO] running `Command { std: "docker" "start" "-a" "409ab42b4156b515dde48a2fd94aef9b8f02cd599566330bed03d31487086430", kill_on_drop: false }`
[INFO] [stderr]     Finished `test` profile [unoptimized + debuginfo] target(s) in 0.19s
[INFO] [stderr]      Running unittests src/lib.rs (/opt/rustwide/target/debug/deps/alloy_dyn_abi-3b556df0ff88e03a)
[INFO] [stdout] 
[INFO] [stdout] running 148 tests
[INFO] [stdout] test coerce::tests::coerce_bool ... ok
[INFO] [stdout] test coerce::tests::coerce_bool_array ... ok
[INFO] [stdout] test coerce::tests::coerce_bool_array_of_arrays ... ok
[INFO] [stdout] test coerce::tests::coerce_array_of_bytes_and_strings ... ok
[INFO] [stdout] test coerce::tests::coerce_address ... ok
[INFO] [stdout] test coerce::tests::coerce_bool_fixed_array ... ok
[INFO] [stdout] test coerce::tests::coerce_bytes ... ok
[INFO] [stdout] test coerce::tests::coerce_empty_array ... ok
[INFO] [stdout] test coerce::tests::coerce_function ... ok
[INFO] [stdout] test coerce::tests::coerce_fixed_bytes ... ok
[INFO] [stdout] test coerce::tests::coerce_int ... ok
[INFO] [stdout] test coerce::tests::coerce_int_overflow ... ok
[INFO] [stdout] test coerce::tests::coerce_uint ... ok
[INFO] [stdout] test coerce::tests::coerce_uint_array_ether ... ok
[INFO] [stdout] test coerce::tests::coerce_uint_gwei ... ok
[INFO] [stdout] test coerce::tests::coerce_uint_invalid_units ... ok
[INFO] [stdout] test coerce::tests::coerce_string ... ok
[INFO] [stdout] test coerce::tests::coerce_uint_ether ... ok
[INFO] [stdout] test coerce::tests::coerce_uint_overflow ... ok
[INFO] [stdout] test coerce::tests::coerce_uint_wei ... ok
[INFO] [stdout] test coerce::tests::lotsa_array_nesting ... ok
[INFO] [stdout] test coerce::tests::coerce_strings ... ok
[INFO] [stdout] test dynamic::error::test::decode_panic ... ok
[INFO] [stdout] test dynamic::event::test::it_decodes_a_simple_log ... ok
[INFO] [stdout] test dynamic::event::test::it_decodes_logs_with_indexed_params ... ok
[INFO] [stdout] test dynamic::ty::tests::bool ... ok
[INFO] [stdout] test dynamic::ty::tests::address ... ok
[INFO] [stdout] test coerce::tests::tuples_arrays_mixed ... ok
[INFO] [stdout] test coerce::tests::tuples ... ok
[INFO] [stdout] test coerce::tests::single_quoted_in_array_must_error ... ok
[INFO] [stdout] test coerce::tests::tuple_array_nested ... ok
[INFO] [stdout] test dynamic::error::test::decode_revert_message ... ok
[INFO] [stdout] test dynamic::ty::tests::bool2 ... ok
[INFO] [stdout] test dynamic::ty::tests::bytes ... ok
[INFO] [stdout] test dynamic::ty::tests::bytes_3 ... ok
[INFO] [stdout] test dynamic::ty::tests::complex_tuple ... ok
[INFO] [stdout] test dynamic::ty::tests::dynamic_array_of_bytes ... ok
[INFO] [stdout] test dynamic::ty::tests::dynamic_array_of_addresses ... ok
[INFO] [stdout] test dynamic::ty::tests::dynamic_array_of_bytes2 ... ok
[INFO] [stdout] test dynamic::ty::tests::comprehensive_test2 ... ok
[INFO] [stdout] test dynamic::ty::tests::dynamic_tuple ... ok
[INFO] [stdout] test dynamic::ty::tests::dynamic_tuple_with_nested_static_tuples ... ok
[INFO] [stdout] test dynamic::ty::tests::comprehensive_test ... ok
[INFO] [stdout] test dynamic::ty::tests::fixed_array_of_addresses ... ok
[INFO] [stdout] test dynamic::ty::tests::dynamic_tuple_of_bytes ... ok
[INFO] [stdout] test dynamic::ty::tests::empty_array_2 ... ok
[INFO] [stdout] test dynamic::ty::tests::dynamic_array_of_dynamic_arrays2 ... ok
[INFO] [stdout] test dynamic::ty::tests::fixed_array_of_dynamic_arrays_of_addresses ... ok
[INFO] [stdout] test dynamic::ty::tests::empty_array ... ok
[INFO] [stdout] test dynamic::ty::tests::fixed_array_of_fixed_arrays ... ok
[INFO] [stdout] test dynamic::ty::tests::fixed_array_of_static_tuples_followed_by_dynamic_type ... ok
[INFO] [stdout] test dynamic::ty::tests::empty_array_3 ... ok
[INFO] [stdout] test dynamic::ty::tests::dynamic_array_of_fixed_arrays_of_addresses ... ok
[INFO] [stdout] test dynamic::ty::tests::dynamically_encodes ... ok
[INFO] [stdout] test dynamic::ty::tests::bytes_2 ... ok
[INFO] [stdout] test dynamic::ty::tests::fixed_array_dos ... ok
[INFO] [stdout] test coerce::tests::lotsa_tuple_nesting ... ok
[INFO] [stdout] test dynamic::ty::tests::fixed_bytes ... ok
[INFO] [stdout] test dynamic::ty::tests::nested_tuple ... ok
[INFO] [stdout] test dynamic::ty::tests::packed::address ... ok
[INFO] [stdout] test dynamic::ty::tests::packed::bytes_2 ... ok
[INFO] [stdout] test dynamic::ty::tests::dynamic_array_of_dynamic_arrays ... ok
[INFO] [stdout] test dynamic::ty::tests::packed::bytes_3 ... ok
[INFO] [stdout] test dynamic::ty::tests::packed::dynamic_array_of_dynamic_arrays3 ... ok
[INFO] [stdout] test dynamic::ty::tests::large_dyn_array_dos ... ok
[INFO] [stdout] test dynamic::ty::tests::packed::dynamic_array_of_fixed_arrays_of_addresses ... ok
[INFO] [stdout] test dynamic::ty::tests::nested_tuple_array ... ok
[INFO] [stdout] test dynamic::ty::tests::packed::fbytes_3 ... ok
[INFO] [stdout] test dynamic::ty::tests::packed::fbytes_2 ... ok
[INFO] [stdout] test dynamic::ty::tests::packed::fbytes_1 ... ok
[INFO] [stdout] test dynamic::ty::tests::packed::dynamic_array_of_addresses ... ok
[INFO] [stdout] test dynamic::ty::tests::packed::dynamic_array_of_dynamic_arrays ... ok
[INFO] [stdout] test dynamic::ty::tests::packed::dynamic_array_of_dynamic_arrays2 ... ok
[INFO] [stdout] test dynamic::ty::tests::int ... ok
[INFO] [stdout] test dynamic::ty::tests::packed::fbytes_4 ... ok
[INFO] [stdout] test dynamic::ty::tests::packed::fbytes_5 ... ok
[INFO] [stdout] test dynamic::ty::tests::packed::fixed_array_of_dynamic_arrays_of_addresses ... ok
[INFO] [stdout] test dynamic::ty::tests::packed::fixed_array_of_addresses ... ok
[INFO] [stdout] test dynamic::ty::tests::packed::int16_2 ... ok
[INFO] [stdout] test dynamic::ty::tests::packed::int16_3 ... ok
[INFO] [stdout] test dynamic::ty::tests::packed::bool_false ... ok
[INFO] [stdout] test dynamic::ty::tests::packed::bool_true ... ok
[INFO] [stdout] test dynamic::ty::tests::packed::bytes_1 ... ok
[INFO] [stdout] test dynamic::ty::tests::packed::int128_1 ... ok
[INFO] [stdout] test dynamic::ty::tests::packed::int16_6 ... ok
[INFO] [stdout] test dynamic::ty::tests::packed::int128_2 ... ok
[INFO] [stdout] test dynamic::ty::tests::packed::int256_1 ... ok
[INFO] [stdout] test dynamic::ty::tests::packed::int16_7 ... ok
[INFO] [stdout] test dynamic::ty::tests::packed::int16_4 ... ok
[INFO] [stdout] test dynamic::ty::tests::packed::int16_5 ... ok
[INFO] [stdout] test dynamic::ty::tests::packed::int32_2 ... ok
[INFO] [stdout] test dynamic::ty::tests::packed::int16_1 ... ok
[INFO] [stdout] test dynamic::ty::tests::packed::int32_1 ... ok
[INFO] [stdout] test dynamic::ty::tests::packed::int256_2 ... ok
[INFO] [stdout] test dynamic::ty::tests::packed::int64_1 ... ok
[INFO] [stdout] test dynamic::ty::tests::packed::int64_2 ... ok
[INFO] [stdout] test dynamic::ty::tests::packed::int8_1 ... ok
[INFO] [stdout] test dynamic::ty::tests::packed::neg_int16_1 ... ok
[INFO] [stdout] test dynamic::ty::tests::packed::neg_int16_3 ... ok
[INFO] [stdout] test dynamic::ty::tests::packed::neg_int16_4 ... ok
[INFO] [stdout] test dynamic::ty::tests::packed::neg_int16_5 ... ok
[INFO] [stdout] test dynamic::ty::tests::packed::neg_int16_7 ... ok
[INFO] [stdout] test dynamic::ty::tests::packed::neg_int8_1 ... ok
[INFO] [stdout] test dynamic::ty::tests::packed::neg_int8_3 ... ok
[INFO] [stdout] test dynamic::ty::tests::packed::neg_int8_2 ... ok
[INFO] [stdout] test dynamic::ty::tests::packed::neg_int8_4 ... ok
[INFO] [stdout] test dynamic::ty::tests::packed::string_1 ... ok
[INFO] [stdout] test dynamic::ty::tests::packed::string_3 ... ok
[INFO] [stdout] test dynamic::ty::tests::packed::int8_2 ... ok
[INFO] [stdout] test dynamic::ty::tests::packed::int8_3 ... ok
[INFO] [stdout] test dynamic::ty::tests::packed::int8_4 ... ok
[INFO] [stdout] test dynamic::ty::tests::packed::neg_int16_2 ... ok
[INFO] [stdout] test dynamic::ty::tests::packed::neg_int16_6 ... ok
[INFO] [stdout] test dynamic::ty::tests::packed::uint256_2 ... ok
[INFO] [stdout] test dynamic::ty::tests::packed::string_2 ... ok
[INFO] [stdout] test dynamic::ty::tests::packed::two_addresses ... ok
[INFO] [stdout] test dynamic::ty::tests::packed::uint128 ... ok
[INFO] [stdout] test dynamic::ty::tests::packed::uint16 ... ok
[INFO] [stdout] test dynamic::ty::tests::packed::uint256_1 ... ok
[INFO] [stdout] test dynamic::ty::tests::packed::uint32 ... ok
[INFO] [stdout] test dynamic::ty::tests::packed::uint256_3 ... ok
[INFO] [stdout] test dynamic::ty::tests::params_containing_dynamic_tuple ... ok
[INFO] [stdout] test dynamic::ty::tests::static_tuple_of_addresses ... ok
[INFO] [stdout] test dynamic::ty::tests::string ... ok
[INFO] [stdout] test dynamic::ty::tests::packed::uint64 ... ok
[INFO] [stdout] test dynamic::ty::tests::tuple_array ... ok
[INFO] [stdout] test dynamic::ty::tests::two_bytes ... ok
[INFO] [stdout] test dynamic::ty::tests::zst_dos ... ok
[INFO] [stdout] test dynamic::ty::tests::packed::uint8_2 ... ok
[INFO] [stdout] test dynamic::ty::tests::uint ... ok
[INFO] [stdout] test dynamic::ty::tests::packed::uint8_1 ... ok
[INFO] [stdout] test dynamic::ty::tests::packed::uint8_3 ... ok
[INFO] [stdout] test dynamic::ty::tests::params_containing_static_tuple ... ok
[INFO] [stdout] test ext::abi::tests::empty_bytes_array ... ok
[INFO] [stdout] test ext::abi::tests::can_encode_decode_functions ... ok
[INFO] [stdout] test specifier::tests::extra_open_parents ... ok
[INFO] [stdout] test specifier::tests::it_parses_complex_solidity_types ... ok
[INFO] [stdout] test specifier::tests::extra_close_parens ... ok
[INFO] [stdout] test specifier::tests::it_parses_simple_types ... ok
[INFO] [stdout] test specifier::tests::library_enum_workaround ... ok
[INFO] [stdout] test ext::event::tests::parse_log_whole ... ok
[INFO] [stdout] test ext::event::tests::empty ... ok
[INFO] [stdout] test dynamic::ty::tests::recursive_dos ... ok
[INFO] [stdout] test ext::event::tests::test_decoding_event ... ok
[INFO] [stdout] test dynamic::ty::tests::two_addresses ... ok
[INFO] [stdout] test specifier::tests::empty_tuples ... ok
[INFO] [stdout] test specifier::tests::nested_tuples ... ok
[INFO] [stdout] test specifier::tests::it_parses_tuples ... ok
[INFO] [stdout] 
[INFO] [stdout] test result: ok. 148 passed; 0 failed; 0 ignored; 0 measured; 0 filtered out; finished in 0.06s
[INFO] [stdout] 
[INFO] [stderr]    Doc-tests alloy_dyn_abi
[INFO] [stdout] 
[INFO] [stdout] running 10 tests
[INFO] [stdout] test src/../README.md - (line 50) ... ignored
[INFO] [stdout] test src/dynamic/value.rs - dynamic::value::DynSolValue::abi_encode_params (line 795) ... ignored
[INFO] [stdout] test src/dynamic/ty.rs - dynamic::ty::DynSolType::parse (line 139) ... FAILED
[INFO] [stdout] test src/dynamic/value.rs - dynamic::value::DynSolValue (line 29) ... FAILED
[INFO] [stdout] test src/specifier.rs - specifier::Specifier (line 29) ... FAILED
[INFO] [stdout] test src/dynamic/value.rs - dynamic::value::DynSolValue (line 44) ... FAILED
[INFO] [stdout] test src/dynamic/ty.rs - dynamic::ty::DynSolType (line 37) ... FAILED
[INFO] [stdout] test src/../README.md - (line 22) ... FAILED
[INFO] [stdout] test src/coerce.rs - coerce::DynSolType::coerce_str (line 52) ... FAILED
[INFO] [stdout] test src/dynamic/ty.rs - dynamic::ty::DynSolType (line 58) ... FAILED
[INFO] [stdout] 
[INFO] [stdout] failures:
[INFO] [stdout] 
[INFO] [stdout] ---- src/dynamic/ty.rs - dynamic::ty::DynSolType::parse (line 139) stdout ----
[INFO] [stdout] error[E0464]: multiple candidates for `rlib` dependency `alloy_dyn_abi` found
[INFO] [stdout]  --> src/dynamic/ty.rs:139:1
[INFO] [stdout]   |
[INFO] [stdout] 3 | extern crate r#alloy_dyn_abi;
[INFO] [stdout]   | ^^^^^^^^^^^^^^^^^^^^^^^^^^^^^
[INFO] [stdout]   |
[INFO] [stdout]   = note: candidate #1: /opt/rustwide/target/debug/deps/liballoy_dyn_abi-b98e71d0596ff36a.rlib
[INFO] [stdout]   = note: candidate #2: /opt/rustwide/target/debug/deps/liballoy_dyn_abi-fff3bb1bb962c647.rlib
[INFO] [stdout] 
[INFO] [stdout] error: aborting due to 1 previous error
[INFO] [stdout] 
[INFO] [stdout] For more information about this error, try `rustc --explain E0464`.
[INFO] [stdout] Couldn't compile the test.
[INFO] [stdout] ---- src/dynamic/value.rs - dynamic::value::DynSolValue (line 29) stdout ----
[INFO] [stdout] error[E0464]: multiple candidates for `rlib` dependency `alloy_dyn_abi` found
[INFO] [stdout]  --> src/dynamic/value.rs:29:1
[INFO] [stdout]   |
[INFO] [stdout] 3 | extern crate r#alloy_dyn_abi;
[INFO] [stdout]   | ^^^^^^^^^^^^^^^^^^^^^^^^^^^^^
[INFO] [stdout]   |
[INFO] [stdout]   = note: candidate #1: /opt/rustwide/target/debug/deps/liballoy_dyn_abi-b98e71d0596ff36a.rlib
[INFO] [stdout]   = note: candidate #2: /opt/rustwide/target/debug/deps/liballoy_dyn_abi-fff3bb1bb962c647.rlib
[INFO] [stdout] 
[INFO] [stdout] error: aborting due to 1 previous error
[INFO] [stdout] 
[INFO] [stdout] For more information about this error, try `rustc --explain E0464`.
[INFO] [stdout] Couldn't compile the test.
[INFO] [stdout] ---- src/specifier.rs - specifier::Specifier (line 29) stdout ----
[INFO] [stdout] error[E0464]: multiple candidates for `rlib` dependency `alloy_dyn_abi` found
[INFO] [stdout]  --> src/specifier.rs:29:1
[INFO] [stdout]   |
[INFO] [stdout] 3 | extern crate r#alloy_dyn_abi;
[INFO] [stdout]   | ^^^^^^^^^^^^^^^^^^^^^^^^^^^^^
[INFO] [stdout]   |
[INFO] [stdout]   = note: candidate #1: /opt/rustwide/target/debug/deps/liballoy_dyn_abi-b98e71d0596ff36a.rlib
[INFO] [stdout]   = note: candidate #2: /opt/rustwide/target/debug/deps/liballoy_dyn_abi-fff3bb1bb962c647.rlib
[INFO] [stdout] 
[INFO] [stdout] error[E0599]: no method named `resolve` found for struct `TypeSpecifier` in the current scope
[INFO] [stdout]  --> src/specifier.rs:33:43
[INFO] [stdout]   |
[INFO] [stdout] 7 | let my_ty = TypeSpecifier::parse("bool")?.resolve()?;
[INFO] [stdout]   |                                           ^^^^^^^ method not found in `TypeSpecifier<'_>`
[INFO] [stdout] 
[INFO] [stdout] error[E0599]: no method named `resolve` found for struct `RootType` in the current scope
[INFO] [stdout]   --> src/specifier.rs:36:41
[INFO] [stdout]    |
[INFO] [stdout] 10 | let my_ty = RootType::parse("uint256")?.resolve()?;
[INFO] [stdout]    |                                         ^^^^^^^ method not found in `RootType<'_>`
[INFO] [stdout] 
[INFO] [stdout] error[E0599]: no method named `resolve` found for reference `&'static str` in the current scope
[INFO] [stdout]   --> src/specifier.rs:39:22
[INFO] [stdout]    |
[INFO] [stdout] 13 | assert_eq!("bytes32".resolve()?, DynSolType::FixedBytes(32));
[INFO] [stdout]    |                      ^^^^^^^ method not found in `&str`
[INFO] [stdout] 
[INFO] [stdout] error: aborting due to 4 previous errors
[INFO] [stdout] 
[INFO] [stdout] Some errors have detailed explanations: E0464, E0599.
[INFO] [stdout] For more information about an error, try `rustc --explain E0464`.
[INFO] [stdout] Couldn't compile the test.
[INFO] [stdout] ---- src/dynamic/value.rs - dynamic::value::DynSolValue (line 44) stdout ----
[INFO] [stdout] error[E0464]: multiple candidates for `rlib` dependency `alloy_dyn_abi` found
[INFO] [stdout]  --> src/dynamic/value.rs:44:1
[INFO] [stdout]   |
[INFO] [stdout] 3 | extern crate r#alloy_dyn_abi;
[INFO] [stdout]   | ^^^^^^^^^^^^^^^^^^^^^^^^^^^^^
[INFO] [stdout]   |
[INFO] [stdout]   = note: candidate #1: /opt/rustwide/target/debug/deps/liballoy_dyn_abi-b98e71d0596ff36a.rlib
[INFO] [stdout]   = note: candidate #2: /opt/rustwide/target/debug/deps/liballoy_dyn_abi-fff3bb1bb962c647.rlib
[INFO] [stdout] 
[INFO] [stdout] error: aborting due to 1 previous error
[INFO] [stdout] 
[INFO] [stdout] For more information about this error, try `rustc --explain E0464`.
[INFO] [stdout] Couldn't compile the test.
[INFO] [stdout] ---- src/dynamic/ty.rs - dynamic::ty::DynSolType (line 37) stdout ----
[INFO] [stdout] error[E0464]: multiple candidates for `rlib` dependency `alloy_dyn_abi` found
[INFO] [stdout]  --> src/dynamic/ty.rs:37:1
[INFO] [stdout]   |
[INFO] [stdout] 3 | extern crate r#alloy_dyn_abi;
[INFO] [stdout]   | ^^^^^^^^^^^^^^^^^^^^^^^^^^^^^
[INFO] [stdout]   |
[INFO] [stdout]   = note: candidate #1: /opt/rustwide/target/debug/deps/liballoy_dyn_abi-b98e71d0596ff36a.rlib
[INFO] [stdout]   = note: candidate #2: /opt/rustwide/target/debug/deps/liballoy_dyn_abi-fff3bb1bb962c647.rlib
[INFO] [stdout] 
[INFO] [stdout] error: aborting due to 1 previous error
[INFO] [stdout] 
[INFO] [stdout] For more information about this error, try `rustc --explain E0464`.
[INFO] [stdout] Couldn't compile the test.
[INFO] [stdout] ---- src/../README.md - (line 22) stdout ----
[INFO] [stdout] error[E0464]: multiple candidates for `rlib` dependency `alloy_dyn_abi` found
[INFO] [stdout]  --> src/../README.md:22:1
[INFO] [stdout]   |
[INFO] [stdout] 3 | extern crate r#alloy_dyn_abi;
[INFO] [stdout]   | ^^^^^^^^^^^^^^^^^^^^^^^^^^^^^
[INFO] [stdout]   |
[INFO] [stdout]   = note: candidate #1: /opt/rustwide/target/debug/deps/liballoy_dyn_abi-b98e71d0596ff36a.rlib
[INFO] [stdout]   = note: candidate #2: /opt/rustwide/target/debug/deps/liballoy_dyn_abi-fff3bb1bb962c647.rlib
[INFO] [stdout] 
[INFO] [stdout] error: aborting due to 1 previous error
[INFO] [stdout] 
[INFO] [stdout] For more information about this error, try `rustc --explain E0464`.
[INFO] [stdout] Couldn't compile the test.
[INFO] [stdout] ---- src/coerce.rs - coerce::DynSolType::coerce_str (line 52) stdout ----
[INFO] [stdout] error[E0464]: multiple candidates for `rlib` dependency `alloy_dyn_abi` found
[INFO] [stdout]  --> src/coerce.rs:52:1
[INFO] [stdout]   |
[INFO] [stdout] 3 | extern crate r#alloy_dyn_abi;
[INFO] [stdout]   | ^^^^^^^^^^^^^^^^^^^^^^^^^^^^^
[INFO] [stdout]   |
[INFO] [stdout]   = note: candidate #1: /opt/rustwide/target/debug/deps/liballoy_dyn_abi-b98e71d0596ff36a.rlib
[INFO] [stdout]   = note: candidate #2: /opt/rustwide/target/debug/deps/liballoy_dyn_abi-fff3bb1bb962c647.rlib
[INFO] [stdout] 
[INFO] [stdout] error: aborting due to 1 previous error
[INFO] [stdout] 
[INFO] [stdout] For more information about this error, try `rustc --explain E0464`.
[INFO] [stdout] Couldn't compile the test.
[INFO] [stdout] ---- src/dynamic/ty.rs - dynamic::ty::DynSolType (line 58) stdout ----
[INFO] [stdout] error[E0464]: multiple candidates for `rlib` dependency `alloy_dyn_abi` found
[INFO] [stdout]  --> src/dynamic/ty.rs:58:1
[INFO] [stdout]   |
[INFO] [stdout] 3 | extern crate r#alloy_dyn_abi;
[INFO] [stdout]   | ^^^^^^^^^^^^^^^^^^^^^^^^^^^^^
[INFO] [stdout]   |
[INFO] [stdout]   = note: candidate #1: /opt/rustwide/target/debug/deps/liballoy_dyn_abi-b98e71d0596ff36a.rlib
[INFO] [stdout]   = note: candidate #2: /opt/rustwide/target/debug/deps/liballoy_dyn_abi-fff3bb1bb962c647.rlib
[INFO] [stdout] 
[INFO] [stdout] error: aborting due to 1 previous error
[INFO] [stdout] 
[INFO] [stdout] For more information about this error, try `rustc --explain E0464`.
[INFO] [stdout] Couldn't compile the test.
[INFO] [stdout] 
[INFO] [stdout] failures:
[INFO] [stdout]     src/../README.md - (line 22)
[INFO] [stdout]     src/coerce.rs - coerce::DynSolType::coerce_str (line 52)
[INFO] [stdout]     src/dynamic/ty.rs - dynamic::ty::DynSolType (line 37)
[INFO] [stdout]     src/dynamic/ty.rs - dynamic::ty::DynSolType (line 58)
[INFO] [stdout]     src/dynamic/ty.rs - dynamic::ty::DynSolType::parse (line 139)
[INFO] [stdout]     src/dynamic/value.rs - dynamic::value::DynSolValue (line 29)
[INFO] [stdout]     src/dynamic/value.rs - dynamic::value::DynSolValue (line 44)
[INFO] [stdout]     src/specifier.rs - specifier::Specifier (line 29)
[INFO] [stdout] 
[INFO] [stdout] test result: FAILED. 0 passed; 8 failed; 2 ignored; 0 measured; 0 filtered out; finished in 0.18s
[INFO] [stdout] 
[INFO] [stderr] error: doctest failed, to rerun pass `--doc`
[INFO] running `Command { std: "docker" "inspect" "409ab42b4156b515dde48a2fd94aef9b8f02cd599566330bed03d31487086430", kill_on_drop: false }`
[INFO] running `Command { std: "docker" "rm" "-f" "409ab42b4156b515dde48a2fd94aef9b8f02cd599566330bed03d31487086430", kill_on_drop: false }`
[INFO] [stdout] 409ab42b4156b515dde48a2fd94aef9b8f02cd599566330bed03d31487086430
