[INFO] fetching crate aliyun_dns 0.1.2...
[INFO] testing aliyun_dns-0.1.2 against beta-2024-12-08 for beta-1.84.0-4-retry
[INFO] extracting crate aliyun_dns 0.1.2 into /workspace/builds/worker-0-tc2/source
[INFO] validating manifest of crates.io crate aliyun_dns 0.1.2 on toolchain beta-2024-12-08
[INFO] running `Command { std: CARGO_HOME="/workspace/cargo-home" RUSTUP_HOME="/workspace/rustup-home" "/workspace/cargo-home/bin/cargo" "+beta-2024-12-08" "metadata" "--manifest-path" "Cargo.toml" "--no-deps", kill_on_drop: false }`
[INFO] started tweaking crates.io crate aliyun_dns 0.1.2
[INFO] finished tweaking crates.io crate aliyun_dns 0.1.2
[INFO] tweaked toml for crates.io crate aliyun_dns 0.1.2 written to /workspace/builds/worker-0-tc2/source/Cargo.toml
[INFO] running `Command { std: CARGO_HOME="/workspace/cargo-home" RUSTUP_HOME="/workspace/rustup-home" "/workspace/cargo-home/bin/cargo" "+beta-2024-12-08" "generate-lockfile" "--manifest-path" "Cargo.toml", kill_on_drop: false }`
[INFO] [stderr]     Updating crates.io index
[INFO] [stderr]      Locking 180 packages to latest compatible versions
[INFO] [stderr]       Adding base64 v0.21.7 (available: v0.22.1)
[INFO] [stderr]       Adding reqwest v0.11.27 (available: v0.12.9)
[INFO] running `Command { std: CARGO_HOME="/workspace/cargo-home" RUSTUP_HOME="/workspace/rustup-home" "/workspace/cargo-home/bin/cargo" "+beta-2024-12-08" "fetch" "--manifest-path" "Cargo.toml", kill_on_drop: false }`
[INFO] running `Command { std: "docker" "create" "-v" "/var/lib/crater-agent-workspace/builds/worker-0-tc2/target:/opt/rustwide/target:rw,Z" "-v" "/var/lib/crater-agent-workspace/builds/worker-0-tc2/source:/opt/rustwide/workdir:ro,Z" "-v" "/var/lib/crater-agent-workspace/cargo-home:/opt/rustwide/cargo-home:ro,Z" "-v" "/var/lib/crater-agent-workspace/rustup-home:/opt/rustwide/rustup-home:ro,Z" "-e" "SOURCE_DIR=/opt/rustwide/workdir" "-e" "CARGO_TARGET_DIR=/opt/rustwide/target" "-e" "CARGO_HOME=/opt/rustwide/cargo-home" "-e" "RUSTUP_HOME=/opt/rustwide/rustup-home" "-w" "/opt/rustwide/workdir" "-m" "1610612736" "--user" "0:0" "--network" "none" "ghcr.io/rust-lang/crates-build-env/linux@sha256:f3a9d4ad9d972b27faf3965f35b62e55ba32bbce8f20bc8fe909558a86702fde" "/opt/rustwide/cargo-home/bin/cargo" "+beta-2024-12-08" "metadata" "--no-deps" "--format-version=1", kill_on_drop: false }`
[INFO] [stdout] 56c15b8e3ca5168d4823b069518df04ca45a665e2b3cdacf8698fbbddedfbf99
[INFO] running `Command { std: "docker" "start" "-a" "56c15b8e3ca5168d4823b069518df04ca45a665e2b3cdacf8698fbbddedfbf99", kill_on_drop: false }`
[INFO] running `Command { std: "docker" "inspect" "56c15b8e3ca5168d4823b069518df04ca45a665e2b3cdacf8698fbbddedfbf99", kill_on_drop: false }`
[INFO] running `Command { std: "docker" "rm" "-f" "56c15b8e3ca5168d4823b069518df04ca45a665e2b3cdacf8698fbbddedfbf99", kill_on_drop: false }`
[INFO] [stdout] 56c15b8e3ca5168d4823b069518df04ca45a665e2b3cdacf8698fbbddedfbf99
[INFO] running `Command { std: "docker" "create" "-v" "/var/lib/crater-agent-workspace/builds/worker-0-tc2/target:/opt/rustwide/target:rw,Z" "-v" "/var/lib/crater-agent-workspace/builds/worker-0-tc2/source:/opt/rustwide/workdir:ro,Z" "-v" "/var/lib/crater-agent-workspace/cargo-home:/opt/rustwide/cargo-home:ro,Z" "-v" "/var/lib/crater-agent-workspace/rustup-home:/opt/rustwide/rustup-home:ro,Z" "-e" "SOURCE_DIR=/opt/rustwide/workdir" "-e" "CARGO_TARGET_DIR=/opt/rustwide/target" "-e" "CARGO_INCREMENTAL=0" "-e" "RUST_BACKTRACE=full" "-e" "RUSTFLAGS=--cap-lints=warn" "-e" "RUSTDOCFLAGS=--cap-lints=warn" "-e" "CARGO_HOME=/opt/rustwide/cargo-home" "-e" "RUSTUP_HOME=/opt/rustwide/rustup-home" "-w" "/opt/rustwide/workdir" "-m" "1610612736" "--user" "0:0" "--network" "none" "ghcr.io/rust-lang/crates-build-env/linux@sha256:f3a9d4ad9d972b27faf3965f35b62e55ba32bbce8f20bc8fe909558a86702fde" "/opt/rustwide/cargo-home/bin/cargo" "+beta-2024-12-08" "build" "--frozen" "--message-format=json", kill_on_drop: false }`
[INFO] [stdout] fe1ee38ce299b65a3ad25dbb276235cf0bcf4aa25ff91bf87f0bd984a64129a5
[INFO] running `Command { std: "docker" "start" "-a" "fe1ee38ce299b65a3ad25dbb276235cf0bcf4aa25ff91bf87f0bd984a64129a5", kill_on_drop: false }`
[INFO] [stderr]    Compiling proc-macro2 v1.0.92
[INFO] [stderr]    Compiling unicode-ident v1.0.14
[INFO] [stderr]    Compiling libc v0.2.168
[INFO] [stderr]    Compiling autocfg v1.4.0
[INFO] [stderr]    Compiling cfg-if v1.0.0
[INFO] [stderr]    Compiling smallvec v1.13.2
[INFO] [stderr]    Compiling stable_deref_trait v1.2.0
[INFO] [stderr]    Compiling shlex v1.3.0
[INFO] [stderr]    Compiling parking_lot_core v0.9.10
[INFO] [stderr]    Compiling pkg-config v0.3.31
[INFO] [stderr]    Compiling vcpkg v0.2.15
[INFO] [stderr]    Compiling pin-project-lite v0.2.15
[INFO] [stderr]    Compiling litemap v0.7.4
[INFO] [stderr]    Compiling once_cell v1.20.2
[INFO] [stderr]    Compiling writeable v0.5.5
[INFO] [stderr]    Compiling scopeguard v1.2.0
[INFO] [stderr]    Compiling bytes v1.9.0
[INFO] [stderr]    Compiling itoa v1.0.14
[INFO] [stderr]    Compiling version_check v0.9.5
[INFO] [stderr]    Compiling cc v1.2.4
[INFO] [stderr]    Compiling typenum v1.17.0
[INFO] [stderr]    Compiling icu_locid_transform_data v1.5.0
[INFO] [stderr]    Compiling futures-core v0.3.31
[INFO] [stderr]    Compiling fnv v1.0.7
[INFO] [stderr]    Compiling openssl v0.10.68
[INFO] [stderr]    Compiling icu_properties_data v1.5.0
[INFO] [stderr]    Compiling foreign-types-shared v0.1.1
[INFO] [stderr]    Compiling tracing-core v0.1.33
[INFO] [stderr]    Compiling foreign-types v0.3.2
[INFO] [stderr]    Compiling hashbrown v0.15.2
[INFO] [stderr]    Compiling pin-utils v0.1.0
[INFO] [stderr]    Compiling write16 v1.0.0
[INFO] [stderr]    Compiling futures-sink v0.3.31
[INFO] [stderr]    Compiling bitflags v2.6.0
[INFO] [stderr]    Compiling serde v1.0.216
[INFO] [stderr]    Compiling generic-array v0.14.7
[INFO] [stderr]    Compiling utf8_iter v1.0.4
[INFO] [stderr]    Compiling futures-task v0.3.31
[INFO] [stderr]    Compiling lock_api v0.4.12
[INFO] [stderr]    Compiling slab v0.4.9
[INFO] [stderr]    Compiling native-tls v0.2.12
[INFO] [stderr]    Compiling equivalent v1.0.1
[INFO] [stderr]    Compiling utf16_iter v1.0.5
[INFO] [stderr]    Compiling httparse v1.9.5
[INFO] [stderr]    Compiling icu_normalizer_data v1.5.0
[INFO] [stderr]    Compiling futures-util v0.3.31
[INFO] [stderr]    Compiling try-lock v0.2.5
[INFO] [stderr]    Compiling percent-encoding v2.3.1
[INFO] [stderr]    Compiling openssl-probe v0.1.5
[INFO] [stderr]    Compiling log v0.4.22
[INFO] [stderr]    Compiling http v0.2.12
[INFO] [stderr]    Compiling byteorder v1.5.0
[INFO] [stderr]    Compiling indexmap v2.7.0
[INFO] [stderr]    Compiling form_urlencoded v1.2.1
[INFO] [stderr]    Compiling want v0.3.1
[INFO] [stderr]    Compiling num-traits v0.2.19
[INFO] [stderr]    Compiling tracing v0.1.41
[INFO] [stderr]    Compiling quote v1.0.37
[INFO] [stderr]    Compiling futures-channel v0.3.31
[INFO] [stderr]    Compiling ryu v1.0.18
[INFO] [stderr]    Compiling tower-service v0.3.3
[INFO] [stderr]    Compiling serde_json v1.0.133
[INFO] [stderr]    Compiling httpdate v1.0.3
[INFO] [stderr]    Compiling subtle v2.6.1
[INFO] [stderr]    Compiling syn v2.0.90
[INFO] [stderr]    Compiling anyhow v1.0.94
[INFO] [stderr]    Compiling memchr v2.7.4
[INFO] [stderr]    Compiling base64 v0.21.7
[INFO] [stderr]    Compiling encoding_rs v0.8.35
[INFO] [stderr]    Compiling mime v0.3.17
[INFO] [stderr]    Compiling socket2 v0.5.8
[INFO] [stderr]    Compiling mio v1.0.3
[INFO] [stderr]    Compiling signal-hook-registry v1.4.2
[INFO] [stderr]    Compiling parking_lot v0.12.3
[INFO] [stderr]    Compiling http-body v0.4.6
[INFO] [stderr]    Compiling getrandom v0.2.15
[INFO] [stderr]    Compiling rustls-pemfile v1.0.4
[INFO] [stderr]    Compiling sync_wrapper v0.1.2
[INFO] [stderr]    Compiling openssl-sys v0.9.104
[INFO] [stderr]    Compiling rand_core v0.6.4
[INFO] [stderr]    Compiling cpufeatures v0.2.16
[INFO] [stderr]    Compiling ipnet v2.10.1
[INFO] [stderr]    Compiling iana-time-zone v0.1.61
[INFO] [stderr]    Compiling crypto-common v0.1.6
[INFO] [stderr]    Compiling block-buffer v0.10.4
[INFO] [stderr]    Compiling digest v0.10.7
[INFO] [stderr]    Compiling chrono v0.4.39
[INFO] [stderr]    Compiling sha1 v0.10.6
[INFO] [stderr]    Compiling hmac v0.12.1
[INFO] [stderr]    Compiling synstructure v0.13.1
[INFO] [stderr]    Compiling zerofrom-derive v0.1.5
[INFO] [stderr]    Compiling yoke-derive v0.7.5
[INFO] [stderr]    Compiling zerovec-derive v0.10.3
[INFO] [stderr]    Compiling displaydoc v0.2.5
[INFO] [stderr]    Compiling icu_provider_macros v1.5.0
[INFO] [stderr]    Compiling tokio-macros v2.4.0
[INFO] [stderr]    Compiling openssl-macros v0.1.1
[INFO] [stderr]    Compiling serde_derive v1.0.216
[INFO] [stderr]    Compiling zerocopy-derive v0.7.35
[INFO] [stderr]    Compiling tokio v1.42.0
[INFO] [stderr]    Compiling zerocopy v0.7.35
[INFO] [stderr]    Compiling zerofrom v0.1.5
[INFO] [stderr]    Compiling ppv-lite86 v0.2.20
[INFO] [stderr]    Compiling yoke v0.7.5
[INFO] [stderr]    Compiling zerovec v0.10.4
[INFO] [stderr]    Compiling rand_chacha v0.3.1
[INFO] [stderr]    Compiling rand v0.8.5
[INFO] [stderr]    Compiling tinystr v0.7.6
[INFO] [stderr]    Compiling icu_collections v1.5.0
[INFO] [stderr]    Compiling icu_locid v1.5.0
[INFO] [stderr]    Compiling icu_provider v1.5.0
[INFO] [stderr]    Compiling icu_locid_transform v1.5.0
[INFO] [stderr]    Compiling icu_properties v1.5.1
[INFO] [stderr]    Compiling tokio-util v0.7.13
[INFO] [stderr]    Compiling tokio-native-tls v0.3.1
[INFO] [stderr]    Compiling h2 v0.3.26
[INFO] [stderr]    Compiling icu_normalizer v1.5.0
[INFO] [stderr]    Compiling idna_adapter v1.2.0
[INFO] [stderr]    Compiling idna v1.0.3
[INFO] [stderr]    Compiling serde_urlencoded v0.7.1
[INFO] [stderr]    Compiling url v2.5.4
[INFO] [stderr]    Compiling hyper v0.14.31
[INFO] [stderr]    Compiling hyper-tls v0.5.0
[INFO] [stderr]    Compiling reqwest v0.11.27
[INFO] [stderr]    Compiling aliyun_dns v0.1.2 (/opt/rustwide/workdir)
[INFO] [stderr]     Finished `dev` profile [unoptimized + debuginfo] target(s) in 45.33s
[INFO] running `Command { std: "docker" "inspect" "fe1ee38ce299b65a3ad25dbb276235cf0bcf4aa25ff91bf87f0bd984a64129a5", kill_on_drop: false }`
[INFO] running `Command { std: "docker" "rm" "-f" "fe1ee38ce299b65a3ad25dbb276235cf0bcf4aa25ff91bf87f0bd984a64129a5", kill_on_drop: false }`
[INFO] [stdout] fe1ee38ce299b65a3ad25dbb276235cf0bcf4aa25ff91bf87f0bd984a64129a5
[INFO] running `Command { std: "docker" "create" "-v" "/var/lib/crater-agent-workspace/builds/worker-0-tc2/target:/opt/rustwide/target:rw,Z" "-v" "/var/lib/crater-agent-workspace/builds/worker-0-tc2/source:/opt/rustwide/workdir:ro,Z" "-v" "/var/lib/crater-agent-workspace/cargo-home:/opt/rustwide/cargo-home:ro,Z" "-v" "/var/lib/crater-agent-workspace/rustup-home:/opt/rustwide/rustup-home:ro,Z" "-e" "SOURCE_DIR=/opt/rustwide/workdir" "-e" "CARGO_TARGET_DIR=/opt/rustwide/target" "-e" "CARGO_INCREMENTAL=0" "-e" "RUST_BACKTRACE=full" "-e" "RUSTFLAGS=--cap-lints=warn" "-e" "RUSTDOCFLAGS=--cap-lints=warn" "-e" "CARGO_HOME=/opt/rustwide/cargo-home" "-e" "RUSTUP_HOME=/opt/rustwide/rustup-home" "-w" "/opt/rustwide/workdir" "-m" "1610612736" "--user" "0:0" "--network" "none" "ghcr.io/rust-lang/crates-build-env/linux@sha256:f3a9d4ad9d972b27faf3965f35b62e55ba32bbce8f20bc8fe909558a86702fde" "/opt/rustwide/cargo-home/bin/cargo" "+beta-2024-12-08" "test" "--frozen" "--no-run" "--message-format=json", kill_on_drop: false }`
[INFO] [stdout] befdcabb9fd5e7fa83dcfff8af9aa4583031f4da3e5f4757b0cab479c1c5572a
[INFO] running `Command { std: "docker" "start" "-a" "befdcabb9fd5e7fa83dcfff8af9aa4583031f4da3e5f4757b0cab479c1c5572a", kill_on_drop: false }`
[INFO] [stderr]    Compiling aliyun_dns v0.1.2 (/opt/rustwide/workdir)
[INFO] [stderr]     Finished `test` profile [unoptimized + debuginfo] target(s) in 1.45s
[INFO] running `Command { std: "docker" "inspect" "befdcabb9fd5e7fa83dcfff8af9aa4583031f4da3e5f4757b0cab479c1c5572a", kill_on_drop: false }`
[INFO] running `Command { std: "docker" "rm" "-f" "befdcabb9fd5e7fa83dcfff8af9aa4583031f4da3e5f4757b0cab479c1c5572a", kill_on_drop: false }`
[INFO] [stdout] befdcabb9fd5e7fa83dcfff8af9aa4583031f4da3e5f4757b0cab479c1c5572a
[INFO] running `Command { std: "docker" "create" "-v" "/var/lib/crater-agent-workspace/builds/worker-0-tc2/target:/opt/rustwide/target:rw,Z" "-v" "/var/lib/crater-agent-workspace/builds/worker-0-tc2/source:/opt/rustwide/workdir:ro,Z" "-v" "/var/lib/crater-agent-workspace/cargo-home:/opt/rustwide/cargo-home:ro,Z" "-v" "/var/lib/crater-agent-workspace/rustup-home:/opt/rustwide/rustup-home:ro,Z" "-e" "SOURCE_DIR=/opt/rustwide/workdir" "-e" "CARGO_TARGET_DIR=/opt/rustwide/target" "-e" "CARGO_INCREMENTAL=0" "-e" "RUST_BACKTRACE=full" "-e" "RUSTFLAGS=--cap-lints=warn" "-e" "RUSTDOCFLAGS=--cap-lints=warn" "-e" "CARGO_HOME=/opt/rustwide/cargo-home" "-e" "RUSTUP_HOME=/opt/rustwide/rustup-home" "-w" "/opt/rustwide/workdir" "-m" "1610612736" "--user" "0:0" "--network" "none" "ghcr.io/rust-lang/crates-build-env/linux@sha256:f3a9d4ad9d972b27faf3965f35b62e55ba32bbce8f20bc8fe909558a86702fde" "/opt/rustwide/cargo-home/bin/cargo" "+beta-2024-12-08" "test" "--frozen", kill_on_drop: false }`
[INFO] [stdout] 7a6be04ded0798332ead7c62de2a99cb5e1440cb7101ecab19f0f113a1471d61
[INFO] running `Command { std: "docker" "start" "-a" "7a6be04ded0798332ead7c62de2a99cb5e1440cb7101ecab19f0f113a1471d61", kill_on_drop: false }`
[INFO] [stderr]     Finished `test` profile [unoptimized + debuginfo] target(s) in 0.16s
[INFO] [stderr]      Running unittests src/lib.rs (/opt/rustwide/target/debug/deps/aliyun_dns-df2b0fc34a5b5621)
[INFO] [stdout] 
[INFO] [stdout] running 1 test
[INFO] [stdout] test tests::test_percent_encode ... ok
[INFO] [stdout] 
[INFO] [stdout] test result: ok. 1 passed; 0 failed; 0 ignored; 0 measured; 0 filtered out; finished in 0.00s
[INFO] [stdout] 
[INFO] [stderr]    Doc-tests aliyun_dns
[INFO] [stdout] 
[INFO] [stdout] running 8 tests
[INFO] [stdout] test src/lib.rs - AliyunDns::query_domain_records (line 392) ... FAILED
[INFO] [stdout] test src/lib.rs - (line 43) - compile ... ok
[INFO] [stdout] test src/lib.rs - AliyunDns::new (line 229) ... FAILED
[INFO] [stdout] test src/lib.rs - AliyunDns::delete_subdomain_records (line 294) ... FAILED
[INFO] [stdout] test src/lib.rs - AliyunDns::add_domain_record (line 258) ... FAILED
[INFO] [stdout] test src/lib.rs - AliyunDns::update_domain_record (line 357) ... FAILED
[INFO] [stdout] test src/lib.rs - AliyunDns::delete_domain_record (line 325) ... FAILED
[INFO] [stdout] test src/lib.rs - (line 29) ... ok
[INFO] [stdout] 
[INFO] [stdout] failures:
[INFO] [stdout] 
[INFO] [stdout] ---- src/lib.rs - AliyunDns::query_domain_records (line 392) stdout ----
[INFO] [stdout] error[E0432]: unresolved import `my_crate`
[INFO] [stdout]  --> src/lib.rs:394:5
[INFO] [stdout]   |
[INFO] [stdout] 5 | use my_crate::{AliyunDns, DomainRecordsResponse};
[INFO] [stdout]   |     ^^^^^^^^ use of undeclared crate or module `my_crate`
[INFO] [stdout] 
[INFO] [stdout] error[E0728]: `await` is only allowed inside `async` functions and blocks
[INFO] [stdout]  --> src/lib.rs:397:95
[INFO] [stdout]   |
[INFO] [stdout] 4 | fn main() { #[allow(non_snake_case)] fn _doctest_main_src_lib_rs_392_0() {
[INFO] [stdout]   |                                      ----------------------------------- this is not `async`
[INFO] [stdout] ...
[INFO] [stdout] 8 | let result: Result<DomainRecordsResponse, _> = aliyun_dns.query_domain_records("example.com").await;
[INFO] [stdout]   |                                                                                               ^^^^^ only allowed inside `async` functions and blocks
[INFO] [stdout] 
[INFO] [stdout] error: aborting due to 2 previous errors
[INFO] [stdout] 
[INFO] [stdout] Some errors have detailed explanations: E0432, E0728.
[INFO] [stdout] For more information about an error, try `rustc --explain E0432`.
[INFO] [stdout] Couldn't compile the test.
[INFO] [stdout] ---- src/lib.rs - AliyunDns::new (line 229) stdout ----
[INFO] [stdout] error[E0308]: arguments to this function are incorrect
[INFO] [stdout]    --> src/lib.rs:233:18
[INFO] [stdout]     |
[INFO] [stdout] 7   | let aliyun_dns = AliyunDns::new("your_access_key_id", "your_access_key_secret");
[INFO] [stdout]     |                  ^^^^^^^^^^^^^^ --------------------  ------------------------ expected `String`, found `&str`
[INFO] [stdout]     |                                 |
[INFO] [stdout]     |                                 expected `String`, found `&str`
[INFO] [stdout]     |
[INFO] [stdout] note: associated function defined here
[INFO] [stdout]    --> /opt/rustwide/workdir/src/lib.rs:234:12
[INFO] [stdout]     |
[INFO] [stdout] 234 |     pub fn new(access_key_id: String, access_key_secret: String) -> Self {
[INFO] [stdout]     |            ^^^
[INFO] [stdout] help: try using a conversion method
[INFO] [stdout]     |
[INFO] [stdout] 7   | let aliyun_dns = AliyunDns::new("your_access_key_id".to_string(), "your_access_key_secret");
[INFO] [stdout]     |                                                     ++++++++++++
[INFO] [stdout] help: try using a conversion method
[INFO] [stdout]     |
[INFO] [stdout] 7   | let aliyun_dns = AliyunDns::new("your_access_key_id", "your_access_key_secret".to_string());
[INFO] [stdout]     |                                                                               ++++++++++++
[INFO] [stdout] 
[INFO] [stdout] error: aborting due to 1 previous error
[INFO] [stdout] 
[INFO] [stdout] For more information about this error, try `rustc --explain E0308`.
[INFO] [stdout] Couldn't compile the test.
[INFO] [stdout] ---- src/lib.rs - AliyunDns::delete_subdomain_records (line 294) stdout ----
[INFO] [stdout] error[E0728]: `await` is only allowed inside `async` functions and blocks
[INFO] [stdout]  --> src/lib.rs:299:115
[INFO] [stdout]   |
[INFO] [stdout] 4 | fn main() { #[allow(non_snake_case)] fn _doctest_main_src_lib_rs_294_0() {
[INFO] [stdout]   |                                      ----------------------------------- this is not `async`
[INFO] [stdout] ...
[INFO] [stdout] 8 | let result: Result<DeleteSubDomainRecordsResponse, _> = aliyun_dns.delete_subdomain_records("example.com", "www").await;
[INFO] [stdout]   |                                                                                                                   ^^^^^ only allowed inside `async` functions and blocks
[INFO] [stdout] 
[INFO] [stdout] error[E0308]: arguments to this function are incorrect
[INFO] [stdout]    --> src/lib.rs:298:18
[INFO] [stdout]     |
[INFO] [stdout] 7   | let aliyun_dns = AliyunDns::new("your_access_key_id", "your_access_key_secret");
[INFO] [stdout]     |                  ^^^^^^^^^^^^^^ --------------------  ------------------------ expected `String`, found `&str`
[INFO] [stdout]     |                                 |
[INFO] [stdout]     |                                 expected `String`, found `&str`
[INFO] [stdout]     |
[INFO] [stdout] note: associated function defined here
[INFO] [stdout]    --> /opt/rustwide/workdir/src/lib.rs:234:12
[INFO] [stdout]     |
[INFO] [stdout] 234 |     pub fn new(access_key_id: String, access_key_secret: String) -> Self {
[INFO] [stdout]     |            ^^^
[INFO] [stdout] help: try using a conversion method
[INFO] [stdout]     |
[INFO] [stdout] 7   | let aliyun_dns = AliyunDns::new("your_access_key_id".to_string(), "your_access_key_secret");
[INFO] [stdout]     |                                                     ++++++++++++
[INFO] [stdout] help: try using a conversion method
[INFO] [stdout]     |
[INFO] [stdout] 7   | let aliyun_dns = AliyunDns::new("your_access_key_id", "your_access_key_secret".to_string());
[INFO] [stdout]     |                                                                               ++++++++++++
[INFO] [stdout] 
[INFO] [stdout] error: aborting due to 2 previous errors
[INFO] [stdout] 
[INFO] [stdout] Some errors have detailed explanations: E0308, E0728.
[INFO] [stdout] For more information about an error, try `rustc --explain E0308`.
[INFO] [stdout] Couldn't compile the test.
[INFO] [stdout] ---- src/lib.rs - AliyunDns::add_domain_record (line 258) stdout ----
[INFO] [stdout] error[E0728]: `await` is only allowed inside `async` functions and blocks
[INFO] [stdout]  --> src/lib.rs:263:110
[INFO] [stdout]   |
[INFO] [stdout] 4 | fn main() { #[allow(non_snake_case)] fn _doctest_main_src_lib_rs_258_0() {
[INFO] [stdout]   |                                      ----------------------------------- this is not `async`
[INFO] [stdout] ...
[INFO] [stdout] 8 | let result: Result<RecordResponse, _> = aliyun_dns.add_domain_record("example.com", "www", "A", "192.0.2.1").await;
[INFO] [stdout]   |                                                                                                              ^^^^^ only allowed inside `async` functions and blocks
[INFO] [stdout] 
[INFO] [stdout] error[E0308]: arguments to this function are incorrect
[INFO] [stdout]    --> src/lib.rs:262:18
[INFO] [stdout]     |
[INFO] [stdout] 7   | let aliyun_dns = AliyunDns::new("your_access_key_id", "your_access_key_secret");
[INFO] [stdout]     |                  ^^^^^^^^^^^^^^ --------------------  ------------------------ expected `String`, found `&str`
[INFO] [stdout]     |                                 |
[INFO] [stdout]     |                                 expected `String`, found `&str`
[INFO] [stdout]     |
[INFO] [stdout] note: associated function defined here
[INFO] [stdout]    --> /opt/rustwide/workdir/src/lib.rs:234:12
[INFO] [stdout]     |
[INFO] [stdout] 234 |     pub fn new(access_key_id: String, access_key_secret: String) -> Self {
[INFO] [stdout]     |            ^^^
[INFO] [stdout] help: try using a conversion method
[INFO] [stdout]     |
[INFO] [stdout] 7   | let aliyun_dns = AliyunDns::new("your_access_key_id".to_string(), "your_access_key_secret");
[INFO] [stdout]     |                                                     ++++++++++++
[INFO] [stdout] help: try using a conversion method
[INFO] [stdout]     |
[INFO] [stdout] 7   | let aliyun_dns = AliyunDns::new("your_access_key_id", "your_access_key_secret".to_string());
[INFO] [stdout]     |                                                                               ++++++++++++
[INFO] [stdout] 
[INFO] [stdout] error: aborting due to 2 previous errors
[INFO] [stdout] 
[INFO] [stdout] Some errors have detailed explanations: E0308, E0728.
[INFO] [stdout] For more information about an error, try `rustc --explain E0308`.
[INFO] [stdout] Couldn't compile the test.
[INFO] [stdout] ---- src/lib.rs - AliyunDns::update_domain_record (line 357) stdout ----
[INFO] [stdout] error[E0728]: `await` is only allowed inside `async` functions and blocks
[INFO] [stdout]  --> src/lib.rs:362:111
[INFO] [stdout]   |
[INFO] [stdout] 4 | fn main() { #[allow(non_snake_case)] fn _doctest_main_src_lib_rs_357_0() {
[INFO] [stdout]   |                                      ----------------------------------- this is not `async`
[INFO] [stdout] ...
[INFO] [stdout] 8 | let result: Result<RecordResponse, _> = aliyun_dns.update_domain_record("record_id", "www", "A", "192.0.2.1").await;
[INFO] [stdout]   |                                                                                                               ^^^^^ only allowed inside `async` functions and blocks
[INFO] [stdout] 
[INFO] [stdout] error[E0308]: arguments to this function are incorrect
[INFO] [stdout]    --> src/lib.rs:361:18
[INFO] [stdout]     |
[INFO] [stdout] 7   | let aliyun_dns = AliyunDns::new("your_access_key_id", "your_access_key_secret");
[INFO] [stdout]     |                  ^^^^^^^^^^^^^^ --------------------  ------------------------ expected `String`, found `&str`
[INFO] [stdout]     |                                 |
[INFO] [stdout]     |                                 expected `String`, found `&str`
[INFO] [stdout]     |
[INFO] [stdout] note: associated function defined here
[INFO] [stdout]    --> /opt/rustwide/workdir/src/lib.rs:234:12
[INFO] [stdout]     |
[INFO] [stdout] 234 |     pub fn new(access_key_id: String, access_key_secret: String) -> Self {
[INFO] [stdout]     |            ^^^
[INFO] [stdout] help: try using a conversion method
[INFO] [stdout]     |
[INFO] [stdout] 7   | let aliyun_dns = AliyunDns::new("your_access_key_id".to_string(), "your_access_key_secret");
[INFO] [stdout]     |                                                     ++++++++++++
[INFO] [stdout] help: try using a conversion method
[INFO] [stdout]     |
[INFO] [stdout] 7   | let aliyun_dns = AliyunDns::new("your_access_key_id", "your_access_key_secret".to_string());
[INFO] [stdout]     |                                                                               ++++++++++++
[INFO] [stdout] 
[INFO] [stdout] error: aborting due to 2 previous errors
[INFO] [stdout] 
[INFO] [stdout] Some errors have detailed explanations: E0308, E0728.
[INFO] [stdout] For more information about an error, try `rustc --explain E0308`.
[INFO] [stdout] Couldn't compile the test.
[INFO] [stdout] ---- src/lib.rs - AliyunDns::delete_domain_record (line 325) stdout ----
[INFO] [stdout] error[E0728]: `await` is only allowed inside `async` functions and blocks
[INFO] [stdout]  --> src/lib.rs:330:86
[INFO] [stdout]   |
[INFO] [stdout] 4 | fn main() { #[allow(non_snake_case)] fn _doctest_main_src_lib_rs_325_0() {
[INFO] [stdout]   |                                      ----------------------------------- this is not `async`
[INFO] [stdout] ...
[INFO] [stdout] 8 | let result: Result<RecordResponse, _> = aliyun_dns.delete_domain_record("record_id").await;
[INFO] [stdout]   |                                                                                      ^^^^^ only allowed inside `async` functions and blocks
[INFO] [stdout] 
[INFO] [stdout] error[E0308]: arguments to this function are incorrect
[INFO] [stdout]    --> src/lib.rs:329:18
[INFO] [stdout]     |
[INFO] [stdout] 7   | let aliyun_dns = AliyunDns::new("your_access_key_id", "your_access_key_secret");
[INFO] [stdout]     |                  ^^^^^^^^^^^^^^ --------------------  ------------------------ expected `String`, found `&str`
[INFO] [stdout]     |                                 |
[INFO] [stdout]     |                                 expected `String`, found `&str`
[INFO] [stdout]     |
[INFO] [stdout] note: associated function defined here
[INFO] [stdout]    --> /opt/rustwide/workdir/src/lib.rs:234:12
[INFO] [stdout]     |
[INFO] [stdout] 234 |     pub fn new(access_key_id: String, access_key_secret: String) -> Self {
[INFO] [stdout]     |            ^^^
[INFO] [stdout] help: try using a conversion method
[INFO] [stdout]     |
[INFO] [stdout] 7   | let aliyun_dns = AliyunDns::new("your_access_key_id".to_string(), "your_access_key_secret");
[INFO] [stdout]     |                                                     ++++++++++++
[INFO] [stdout] help: try using a conversion method
[INFO] [stdout]     |
[INFO] [stdout] 7   | let aliyun_dns = AliyunDns::new("your_access_key_id", "your_access_key_secret".to_string());
[INFO] [stdout]     |                                                                               ++++++++++++
[INFO] [stdout] 
[INFO] [stdout] error: aborting due to 2 previous errors
[INFO] [stdout] 
[INFO] [stdout] Some errors have detailed explanations: E0308, E0728.
[INFO] [stdout] For more information about an error, try `rustc --explain E0308`.
[INFO] [stdout] Couldn't compile the test.
[INFO] [stdout] 
[INFO] [stdout] failures:
[INFO] [stdout]     src/lib.rs - AliyunDns::add_domain_record (line 258)
[INFO] [stdout]     src/lib.rs - AliyunDns::delete_domain_record (line 325)
[INFO] [stdout]     src/lib.rs - AliyunDns::delete_subdomain_records (line 294)
[INFO] [stdout]     src/lib.rs - AliyunDns::new (line 229)
[INFO] [stdout]     src/lib.rs - AliyunDns::query_domain_records (line 392)
[INFO] [stdout]     src/lib.rs - AliyunDns::update_domain_record (line 357)
[INFO] [stdout] 
[INFO] [stdout] test result: FAILED. 2 passed; 6 failed; 0 ignored; 0 measured; 0 filtered out; finished in 3.33s
[INFO] [stdout] 
[INFO] [stderr] error: doctest failed, to rerun pass `--doc`
[INFO] running `Command { std: "docker" "inspect" "7a6be04ded0798332ead7c62de2a99cb5e1440cb7101ecab19f0f113a1471d61", kill_on_drop: false }`
[INFO] running `Command { std: "docker" "rm" "-f" "7a6be04ded0798332ead7c62de2a99cb5e1440cb7101ecab19f0f113a1471d61", kill_on_drop: false }`
[INFO] [stdout] 7a6be04ded0798332ead7c62de2a99cb5e1440cb7101ecab19f0f113a1471d61
