[INFO] fetching crate alice 0.1.0-alpha.1...
[INFO] testing alice-0.1.0-alpha.1 against 1.83.0 for beta-1.84.0-4-retry
[INFO] extracting crate alice 0.1.0-alpha.1 into /workspace/builds/worker-5-tc1/source
[INFO] validating manifest of crates.io crate alice 0.1.0-alpha.1 on toolchain 1.83.0
[INFO] running `Command { std: CARGO_HOME="/workspace/cargo-home" RUSTUP_HOME="/workspace/rustup-home" "/workspace/cargo-home/bin/cargo" "+1.83.0" "metadata" "--manifest-path" "Cargo.toml" "--no-deps", kill_on_drop: false }`
[INFO] started tweaking crates.io crate alice 0.1.0-alpha.1
[INFO] finished tweaking crates.io crate alice 0.1.0-alpha.1
[INFO] tweaked toml for crates.io crate alice 0.1.0-alpha.1 written to /workspace/builds/worker-5-tc1/source/Cargo.toml
[INFO] crate crates.io crate alice 0.1.0-alpha.1 already has a lockfile, it will not be regenerated
[INFO] running `Command { std: CARGO_HOME="/workspace/cargo-home" RUSTUP_HOME="/workspace/rustup-home" "/workspace/cargo-home/bin/cargo" "+1.83.0" "fetch" "--manifest-path" "Cargo.toml", kill_on_drop: false }`
[INFO] [stderr]  Downloading crates ...
[INFO] [stderr]   Downloaded array-init v0.1.1
[INFO] [stderr]   Downloaded az v1.1.1
[INFO] [stderr]   Downloaded rug v1.12.0
[INFO] [stderr]   Downloaded gmp-mpfr-sys v1.4.5
[INFO] running `Command { std: "docker" "create" "-v" "/var/lib/crater-agent-workspace/builds/worker-5-tc1/target:/opt/rustwide/target:rw,Z" "-v" "/var/lib/crater-agent-workspace/builds/worker-5-tc1/source:/opt/rustwide/workdir:ro,Z" "-v" "/var/lib/crater-agent-workspace/cargo-home:/opt/rustwide/cargo-home:ro,Z" "-v" "/var/lib/crater-agent-workspace/rustup-home:/opt/rustwide/rustup-home:ro,Z" "-e" "SOURCE_DIR=/opt/rustwide/workdir" "-e" "CARGO_TARGET_DIR=/opt/rustwide/target" "-e" "CARGO_HOME=/opt/rustwide/cargo-home" "-e" "RUSTUP_HOME=/opt/rustwide/rustup-home" "-w" "/opt/rustwide/workdir" "-m" "1610612736" "--user" "0:0" "--network" "none" "ghcr.io/rust-lang/crates-build-env/linux@sha256:f3a9d4ad9d972b27faf3965f35b62e55ba32bbce8f20bc8fe909558a86702fde" "/opt/rustwide/cargo-home/bin/cargo" "+1.83.0" "metadata" "--no-deps" "--format-version=1", kill_on_drop: false }`
[INFO] [stdout] 99cddceb3ca3da71ca542126dbc2961a002f545bd3ec839527a083263a12f6b4
[INFO] running `Command { std: "docker" "start" "-a" "99cddceb3ca3da71ca542126dbc2961a002f545bd3ec839527a083263a12f6b4", kill_on_drop: false }`
[INFO] running `Command { std: "docker" "inspect" "99cddceb3ca3da71ca542126dbc2961a002f545bd3ec839527a083263a12f6b4", kill_on_drop: false }`
[INFO] running `Command { std: "docker" "rm" "-f" "99cddceb3ca3da71ca542126dbc2961a002f545bd3ec839527a083263a12f6b4", kill_on_drop: false }`
[INFO] [stdout] 99cddceb3ca3da71ca542126dbc2961a002f545bd3ec839527a083263a12f6b4
[INFO] running `Command { std: "docker" "create" "-v" "/var/lib/crater-agent-workspace/builds/worker-5-tc1/target:/opt/rustwide/target:rw,Z" "-v" "/var/lib/crater-agent-workspace/builds/worker-5-tc1/source:/opt/rustwide/workdir:ro,Z" "-v" "/var/lib/crater-agent-workspace/cargo-home:/opt/rustwide/cargo-home:ro,Z" "-v" "/var/lib/crater-agent-workspace/rustup-home:/opt/rustwide/rustup-home:ro,Z" "-e" "SOURCE_DIR=/opt/rustwide/workdir" "-e" "CARGO_TARGET_DIR=/opt/rustwide/target" "-e" "CARGO_INCREMENTAL=0" "-e" "RUST_BACKTRACE=full" "-e" "RUSTFLAGS=--cap-lints=warn" "-e" "RUSTDOCFLAGS=--cap-lints=warn" "-e" "CARGO_HOME=/opt/rustwide/cargo-home" "-e" "RUSTUP_HOME=/opt/rustwide/rustup-home" "-w" "/opt/rustwide/workdir" "-m" "1610612736" "--user" "0:0" "--network" "none" "ghcr.io/rust-lang/crates-build-env/linux@sha256:f3a9d4ad9d972b27faf3965f35b62e55ba32bbce8f20bc8fe909558a86702fde" "/opt/rustwide/cargo-home/bin/cargo" "+1.83.0" "build" "--frozen" "--message-format=json", kill_on_drop: false }`
[INFO] [stdout] dbf741c681eb6253ad320185d81d4e3b11710a327bd225fcbf8d54e07f688865
[INFO] running `Command { std: "docker" "start" "-a" "dbf741c681eb6253ad320185d81d4e3b11710a327bd225fcbf8d54e07f688865", kill_on_drop: false }`
[INFO] [stderr]    Compiling libc v0.2.94
[INFO] [stderr]    Compiling version_check v0.9.3
[INFO] [stderr]    Compiling proc-macro2 v1.0.26
[INFO] [stderr]    Compiling unicode-xid v0.2.2
[INFO] [stderr]    Compiling proc-macro-hack v0.5.19
[INFO] [stderr]    Compiling syn v1.0.72
[INFO] [stderr]    Compiling getrandom v0.1.16
[INFO] [stderr]    Compiling gmp-mpfr-sys v1.4.5
[INFO] [stderr]    Compiling cfg-if v1.0.0
[INFO] [stderr]    Compiling const_fn v0.4.7
[INFO] [stderr]    Compiling az v1.1.1
[INFO] [stderr]    Compiling bitflags v1.2.1
[INFO] [stderr]    Compiling ppv-lite86 v0.2.10
[INFO] [stderr]    Compiling unicode-width v0.1.8
[INFO] [stderr]    Compiling rug v1.12.0
[INFO] [stderr]    Compiling ansi_term v0.11.0
[INFO] [stderr]    Compiling strsim v0.8.0
[INFO] [stderr]    Compiling vec_map v0.8.2
[INFO] [stderr]    Compiling textwrap v0.11.0
[INFO] [stderr]    Compiling array-init v0.1.1
[INFO] [stderr]    Compiling standback v0.2.17
[INFO] [stderr]    Compiling time v0.2.26
[INFO] [stderr]    Compiling quote v1.0.9
[INFO] [stderr]    Compiling atty v0.2.14
[INFO] [stderr]    Compiling clap v2.33.3
[INFO] [stderr]    Compiling rand_core v0.5.1
[INFO] [stderr]    Compiling rand_chacha v0.2.2
[INFO] [stderr]    Compiling rand v0.7.3
[INFO] [stderr]    Compiling time-macros-impl v0.1.1
[INFO] [stderr]    Compiling time-macros v0.1.1
[INFO] [stderr]    Compiling alice v0.1.0-alpha.1 (/opt/rustwide/workdir)
[INFO] [stdout] warning: use of deprecated associated function `time::OffsetDateTime::now_local`: UTC is returned if the local offset cannot be determined
[INFO] [stdout]     --> src/main.rs:1467:53
[INFO] [stdout]      |
[INFO] [stdout] 1467 |                     let now = time::OffsetDateTime::now_local();
[INFO] [stdout]      |                                                     ^^^^^^^^^
[INFO] [stdout]      |
[INFO] [stdout]      = note: `#[warn(deprecated)]` on by default
[INFO] [stdout] 
[INFO] [stdout] 
[INFO] [stdout] warning: calls to `std::mem::drop` with a value that implements `Copy` does nothing
[INFO] [stdout]    --> src/main.rs:305:36
[INFO] [stdout]     |
[INFO] [stdout] 305 |                 (b'W', _, None) => drop(returns.pop()),
[INFO] [stdout]     |                                    ^^^^^-------------^
[INFO] [stdout]     |                                         |
[INFO] [stdout]     |                                         argument has type `Option<(isize, isize)>`
[INFO] [stdout]     |
[INFO] [stdout]     = note: `#[warn(dropping_copy_types)]` on by default
[INFO] [stdout] help: use `let _ = ...` to ignore the expression or result
[INFO] [stdout]     |
[INFO] [stdout] 305 -                 (b'W', _, None) => drop(returns.pop()),
[INFO] [stdout] 305 +                 (b'W', _, None) => let _ = returns.pop(),
[INFO] [stdout]     |
[INFO] [stdout] 
[INFO] [stdout] 
[INFO] [stdout] warning: calls to `std::mem::drop` with a value that implements `Copy` does nothing
[INFO] [stdout]    --> src/types.rs:285:37
[INFO] [stdout]     |
[INFO] [stdout] 285 | ...                   drop(chars.next());
[INFO] [stdout]     |                       ^^^^^------------^
[INFO] [stdout]     |                            |
[INFO] [stdout]     |                            argument has type `Option<char>`
[INFO] [stdout]     |
[INFO] [stdout] help: use `let _ = ...` to ignore the expression or result
[INFO] [stdout]     |
[INFO] [stdout] 285 -                                     drop(chars.next());
[INFO] [stdout] 285 +                                     let _ = chars.next();
[INFO] [stdout]     |
[INFO] [stdout] 
[INFO] [stdout] 
[INFO] [stderr]     Finished `dev` profile [unoptimized + debuginfo] target(s) in 2m 07s
[INFO] running `Command { std: "docker" "inspect" "dbf741c681eb6253ad320185d81d4e3b11710a327bd225fcbf8d54e07f688865", kill_on_drop: false }`
[INFO] running `Command { std: "docker" "rm" "-f" "dbf741c681eb6253ad320185d81d4e3b11710a327bd225fcbf8d54e07f688865", kill_on_drop: false }`
[INFO] [stdout] dbf741c681eb6253ad320185d81d4e3b11710a327bd225fcbf8d54e07f688865
[INFO] running `Command { std: "docker" "create" "-v" "/var/lib/crater-agent-workspace/builds/worker-5-tc1/target:/opt/rustwide/target:rw,Z" "-v" "/var/lib/crater-agent-workspace/builds/worker-5-tc1/source:/opt/rustwide/workdir:ro,Z" "-v" "/var/lib/crater-agent-workspace/cargo-home:/opt/rustwide/cargo-home:ro,Z" "-v" "/var/lib/crater-agent-workspace/rustup-home:/opt/rustwide/rustup-home:ro,Z" "-e" "SOURCE_DIR=/opt/rustwide/workdir" "-e" "CARGO_TARGET_DIR=/opt/rustwide/target" "-e" "CARGO_INCREMENTAL=0" "-e" "RUST_BACKTRACE=full" "-e" "RUSTFLAGS=--cap-lints=warn" "-e" "RUSTDOCFLAGS=--cap-lints=warn" "-e" "CARGO_HOME=/opt/rustwide/cargo-home" "-e" "RUSTUP_HOME=/opt/rustwide/rustup-home" "-w" "/opt/rustwide/workdir" "-m" "1610612736" "--user" "0:0" "--network" "none" "ghcr.io/rust-lang/crates-build-env/linux@sha256:f3a9d4ad9d972b27faf3965f35b62e55ba32bbce8f20bc8fe909558a86702fde" "/opt/rustwide/cargo-home/bin/cargo" "+1.83.0" "test" "--frozen" "--no-run" "--message-format=json", kill_on_drop: false }`
[INFO] [stdout] 62c1acd0d5867e74ea5fefcea95e63ea1cb25c913598143e9a32d568d1731402
[INFO] running `Command { std: "docker" "start" "-a" "62c1acd0d5867e74ea5fefcea95e63ea1cb25c913598143e9a32d568d1731402", kill_on_drop: false }`
[INFO] [stderr]    Compiling memchr v2.4.0
[INFO] [stderr]    Compiling doc-comment v0.3.3
[INFO] [stderr]    Compiling predicates-core v1.0.2
[INFO] [stderr]    Compiling byteorder v1.4.3
[INFO] [stderr]    Compiling difference v2.0.0
[INFO] [stderr]    Compiling lazy_static v1.4.0
[INFO] [stderr]    Compiling treeline v0.1.0
[INFO] [stderr]    Compiling wait-timeout v0.2.0
[INFO] [stdout] warning: use of deprecated associated function `time::OffsetDateTime::now_local`: UTC is returned if the local offset cannot be determined
[INFO] [stdout]     --> src/main.rs:1467:53
[INFO] [stdout]      |
[INFO] [stdout] 1467 |                     let now = time::OffsetDateTime::now_local();
[INFO] [stdout]      |                                                     ^^^^^^^^^
[INFO] [stdout]      |
[INFO] [stdout]      = note: `#[warn(deprecated)]` on by default
[INFO] [stdout] 
[INFO] [stdout] 
[INFO] [stdout] warning: calls to `std::mem::drop` with a value that implements `Copy` does nothing
[INFO] [stdout]    --> src/main.rs:305:36
[INFO] [stdout]     |
[INFO] [stdout] 305 |                 (b'W', _, None) => drop(returns.pop()),
[INFO] [stdout]     |                                    ^^^^^-------------^
[INFO] [stdout]     |                                         |
[INFO] [stdout]     |                                         argument has type `Option<(isize, isize)>`
[INFO] [stdout]     |
[INFO] [stdout]     = note: `#[warn(dropping_copy_types)]` on by default
[INFO] [stdout] help: use `let _ = ...` to ignore the expression or result
[INFO] [stdout]     |
[INFO] [stdout] 305 -                 (b'W', _, None) => drop(returns.pop()),
[INFO] [stdout] 305 +                 (b'W', _, None) => let _ = returns.pop(),
[INFO] [stdout]     |
[INFO] [stdout] 
[INFO] [stdout] 
[INFO] [stdout] warning: calls to `std::mem::drop` with a value that implements `Copy` does nothing
[INFO] [stdout]    --> src/types.rs:285:37
[INFO] [stdout]     |
[INFO] [stdout] 285 | ...                   drop(chars.next());
[INFO] [stdout]     |                       ^^^^^------------^
[INFO] [stdout]     |                            |
[INFO] [stdout]     |                            argument has type `Option<char>`
[INFO] [stdout]     |
[INFO] [stdout] help: use `let _ = ...` to ignore the expression or result
[INFO] [stdout]     |
[INFO] [stdout] 285 -                                     drop(chars.next());
[INFO] [stdout] 285 +                                     let _ = chars.next();
[INFO] [stdout]     |
[INFO] [stdout] 
[INFO] [stdout] 
[INFO] [stderr]    Compiling predicates v1.0.8
[INFO] [stderr]    Compiling predicates-tree v1.0.2
[INFO] [stderr]    Compiling regex-automata v0.1.9
[INFO] [stderr]    Compiling bstr v0.2.16
[INFO] [stderr]    Compiling assert_cmd v1.0.3
[INFO] [stderr]    Compiling alice v0.1.0-alpha.1 (/opt/rustwide/workdir)
[INFO] [stdout] warning: use of deprecated associated function `time::OffsetDateTime::now_local`: UTC is returned if the local offset cannot be determined
[INFO] [stdout]     --> src/main.rs:1467:53
[INFO] [stdout]      |
[INFO] [stdout] 1467 |                     let now = time::OffsetDateTime::now_local();
[INFO] [stdout]      |                                                     ^^^^^^^^^
[INFO] [stdout]      |
[INFO] [stdout]      = note: `#[warn(deprecated)]` on by default
[INFO] [stdout] 
[INFO] [stdout] 
[INFO] [stdout] warning: calls to `std::mem::drop` with a value that implements `Copy` does nothing
[INFO] [stdout]    --> src/main.rs:305:36
[INFO] [stdout]     |
[INFO] [stdout] 305 |                 (b'W', _, None) => drop(returns.pop()),
[INFO] [stdout]     |                                    ^^^^^-------------^
[INFO] [stdout]     |                                         |
[INFO] [stdout]     |                                         argument has type `Option<(isize, isize)>`
[INFO] [stdout]     |
[INFO] [stdout]     = note: `#[warn(dropping_copy_types)]` on by default
[INFO] [stdout] help: use `let _ = ...` to ignore the expression or result
[INFO] [stdout]     |
[INFO] [stdout] 305 -                 (b'W', _, None) => drop(returns.pop()),
[INFO] [stdout] 305 +                 (b'W', _, None) => let _ = returns.pop(),
[INFO] [stdout]     |
[INFO] [stdout] 
[INFO] [stdout] 
[INFO] [stdout] warning: calls to `std::mem::drop` with a value that implements `Copy` does nothing
[INFO] [stdout]    --> src/types.rs:285:37
[INFO] [stdout]     |
[INFO] [stdout] 285 | ...                   drop(chars.next());
[INFO] [stdout]     |                       ^^^^^------------^
[INFO] [stdout]     |                            |
[INFO] [stdout]     |                            argument has type `Option<char>`
[INFO] [stdout]     |
[INFO] [stdout] help: use `let _ = ...` to ignore the expression or result
[INFO] [stdout]     |
[INFO] [stdout] 285 -                                     drop(chars.next());
[INFO] [stdout] 285 +                                     let _ = chars.next();
[INFO] [stdout]     |
[INFO] [stdout] 
[INFO] [stdout] 
[INFO] [stderr]     Finished `test` profile [unoptimized + debuginfo] target(s) in 4.70s
[INFO] running `Command { std: "docker" "inspect" "62c1acd0d5867e74ea5fefcea95e63ea1cb25c913598143e9a32d568d1731402", kill_on_drop: false }`
[INFO] running `Command { std: "docker" "rm" "-f" "62c1acd0d5867e74ea5fefcea95e63ea1cb25c913598143e9a32d568d1731402", kill_on_drop: false }`
[INFO] [stdout] 62c1acd0d5867e74ea5fefcea95e63ea1cb25c913598143e9a32d568d1731402
[INFO] running `Command { std: "docker" "create" "-v" "/var/lib/crater-agent-workspace/builds/worker-5-tc1/target:/opt/rustwide/target:rw,Z" "-v" "/var/lib/crater-agent-workspace/builds/worker-5-tc1/source:/opt/rustwide/workdir:ro,Z" "-v" "/var/lib/crater-agent-workspace/cargo-home:/opt/rustwide/cargo-home:ro,Z" "-v" "/var/lib/crater-agent-workspace/rustup-home:/opt/rustwide/rustup-home:ro,Z" "-e" "SOURCE_DIR=/opt/rustwide/workdir" "-e" "CARGO_TARGET_DIR=/opt/rustwide/target" "-e" "CARGO_INCREMENTAL=0" "-e" "RUST_BACKTRACE=full" "-e" "RUSTFLAGS=--cap-lints=warn" "-e" "RUSTDOCFLAGS=--cap-lints=warn" "-e" "CARGO_HOME=/opt/rustwide/cargo-home" "-e" "RUSTUP_HOME=/opt/rustwide/rustup-home" "-w" "/opt/rustwide/workdir" "-m" "1610612736" "--user" "0:0" "--network" "none" "ghcr.io/rust-lang/crates-build-env/linux@sha256:f3a9d4ad9d972b27faf3965f35b62e55ba32bbce8f20bc8fe909558a86702fde" "/opt/rustwide/cargo-home/bin/cargo" "+1.83.0" "test" "--frozen", kill_on_drop: false }`
[INFO] [stdout] a65c68016462542669713b3e3484c32c64bff8085881f09d9ead6089f382f265
[INFO] running `Command { std: "docker" "start" "-a" "a65c68016462542669713b3e3484c32c64bff8085881f09d9ead6089f382f265", kill_on_drop: false }`
[INFO] [stderr] warning: use of deprecated associated function `time::OffsetDateTime::now_local`: UTC is returned if the local offset cannot be determined
[INFO] [stderr]     --> src/main.rs:1467:53
[INFO] [stderr]      |
[INFO] [stderr] 1467 |                     let now = time::OffsetDateTime::now_local();
[INFO] [stderr]      |                                                     ^^^^^^^^^
[INFO] [stderr]      |
[INFO] [stderr]      = note: `#[warn(deprecated)]` on by default
[INFO] [stderr] 
[INFO] [stderr] warning: calls to `std::mem::drop` with a value that implements `Copy` does nothing
[INFO] [stderr]    --> src/main.rs:305:36
[INFO] [stderr]     |
[INFO] [stderr] 305 |                 (b'W', _, None) => drop(returns.pop()),
[INFO] [stderr]     |                                    ^^^^^-------------^
[INFO] [stderr]     |                                         |
[INFO] [stderr]     |                                         argument has type `Option<(isize, isize)>`
[INFO] [stderr]     |
[INFO] [stderr]     = note: `#[warn(dropping_copy_types)]` on by default
[INFO] [stderr] help: use `let _ = ...` to ignore the expression or result
[INFO] [stderr]     |
[INFO] [stderr] 305 -                 (b'W', _, None) => drop(returns.pop()),
[INFO] [stderr] 305 +                 (b'W', _, None) => let _ = returns.pop(),
[INFO] [stderr]     |
[INFO] [stderr] 
[INFO] [stderr] warning: calls to `std::mem::drop` with a value that implements `Copy` does nothing
[INFO] [stderr]    --> src/types.rs:285:37
[INFO] [stderr]     |
[INFO] [stderr] 285 | ...                   drop(chars.next());
[INFO] [stderr]     |                       ^^^^^------------^
[INFO] [stderr]     |                            |
[INFO] [stderr]     |                            argument has type `Option<char>`
[INFO] [stderr]     |
[INFO] [stderr] help: use `let _ = ...` to ignore the expression or result
[INFO] [stderr]     |
[INFO] [stderr] 285 -                                     drop(chars.next());
[INFO] [stderr] 285 +                                     let _ = chars.next();
[INFO] [stderr]     |
[INFO] [stderr] 
[INFO] [stderr] warning: `alice` (bin "alice" test) generated 3 warnings
[INFO] [stderr] warning: `alice` (bin "alice") generated 3 warnings (3 duplicates)
[INFO] [stderr]     Finished `test` profile [unoptimized + debuginfo] target(s) in 0.05s
[INFO] [stderr]      Running unittests src/main.rs (/opt/rustwide/target/debug/deps/alice-3c8099c9c2610917)
[INFO] [stdout] 
[INFO] [stdout] running 0 tests
[INFO] [stdout] 
[INFO] [stdout] test result: ok. 0 passed; 0 failed; 0 ignored; 0 measured; 0 filtered out; finished in 0.00s
[INFO] [stdout] 
[INFO] [stderr]      Running tests/addition.rs (/opt/rustwide/target/debug/deps/addition-921067f7c17b39e6)
[INFO] [stdout] 
[INFO] [stdout] running 6 tests
[INFO] [stdout] test add_e8_e9 ... ok
[INFO] [stdout] test add_e1_8 ... ok
[INFO] [stdout] test add_14_15 ... ok
[INFO] [stdout] test add_7_9 ... ok
[INFO] [stdout] test add_8_e9 ... ok
[INFO] [stdout] test add_1_2 ... ok
[INFO] [stdout] 
[INFO] [stdout] test result: ok. 6 passed; 0 failed; 0 ignored; 0 measured; 0 filtered out; finished in 0.01s
[INFO] [stdout] 
[INFO] [stderr]      Running tests/card_deck_generator.rs (/opt/rustwide/target/debug/deps/card_deck_generator-49c8adb74892cfab)
[INFO] [stdout] 
[INFO] [stdout] running 1 test
[INFO] [stdout] test card_deck_generator ... FAILED
[INFO] [stdout] 
[INFO] [stdout] failures:
[INFO] [stdout] 
[INFO] [stdout] ---- card_deck_generator stdout ----
[INFO] [stdout] thread 'card_deck_generator' panicked at tests/card_deck_generator.rs:17:41:
[INFO] [stdout] called `Result::unwrap()` on an `Err` value: Os { code: 2, kind: NotFound, message: "No such file or directory" }
[INFO] [stdout] stack backtrace:
[INFO] [stdout]    0:     0x55b127cfb21a - std::backtrace_rs::backtrace::libunwind::trace::h5a5b8284f2d0c266
[INFO] [stdout]                                at /rustc/90b35a6239c3d8bdabc530a6a0816f7ff89a0aaf/library/std/src/../../backtrace/src/backtrace/libunwind.rs:116:5
[INFO] [stdout]    1:     0x55b127cfb21a - std::backtrace_rs::backtrace::trace_unsynchronized::h76d4f1c9b0b875e3
[INFO] [stdout]                                at /rustc/90b35a6239c3d8bdabc530a6a0816f7ff89a0aaf/library/std/src/../../backtrace/src/backtrace/mod.rs:66:5
[INFO] [stdout]    2:     0x55b127cfb21a - std::sys::backtrace::_print_fmt::hc4546b8364a537c6
[INFO] [stdout]                                at /rustc/90b35a6239c3d8bdabc530a6a0816f7ff89a0aaf/library/std/src/sys/backtrace.rs:66:9
[INFO] [stdout]    3:     0x55b127cfb21a - <std::sys::backtrace::BacktraceLock::print::DisplayBacktrace as core::fmt::Display>::fmt::h5b6bd5631a6d1f6b
[INFO] [stdout]                                at /rustc/90b35a6239c3d8bdabc530a6a0816f7ff89a0aaf/library/std/src/sys/backtrace.rs:39:26
[INFO] [stdout]    4:     0x55b127d20703 - core::fmt::rt::Argument::fmt::h270f6602a2b96f62
[INFO] [stdout]                                at /rustc/90b35a6239c3d8bdabc530a6a0816f7ff89a0aaf/library/core/src/fmt/rt.rs:177:76
[INFO] [stdout]    5:     0x55b127d20703 - core::fmt::write::h7550c97b06c86515
[INFO] [stdout]                                at /rustc/90b35a6239c3d8bdabc530a6a0816f7ff89a0aaf/library/core/src/fmt/mod.rs:1186:21
[INFO] [stdout]    6:     0x55b127cf83e3 - std::io::Write::write_fmt::h509ff860e5956e5e
[INFO] [stdout]                                at /rustc/90b35a6239c3d8bdabc530a6a0816f7ff89a0aaf/library/std/src/io/mod.rs:1839:15
[INFO] [stdout]    7:     0x55b127cfb062 - std::sys::backtrace::BacktraceLock::print::h2395ccd2c84ba3aa
[INFO] [stdout]                                at /rustc/90b35a6239c3d8bdabc530a6a0816f7ff89a0aaf/library/std/src/sys/backtrace.rs:42:9
[INFO] [stdout]    8:     0x55b127cfc67a - std::panicking::default_hook::{{closure}}::he19d4c7230e07961
[INFO] [stdout]                                at /rustc/90b35a6239c3d8bdabc530a6a0816f7ff89a0aaf/library/std/src/panicking.rs:268:22
[INFO] [stdout]    9:     0x55b127cfc484 - std::panicking::default_hook::hf614597d3c67bbdb
[INFO] [stdout]                                at /rustc/90b35a6239c3d8bdabc530a6a0816f7ff89a0aaf/library/std/src/panicking.rs:292:9
[INFO] [stdout]   10:     0x55b127cc7d69 - <alloc::boxed::Box<F,A> as core::ops::function::Fn<Args>>::call::h39b51ce4599c23d1
[INFO] [stdout]                                at /rustc/90b35a6239c3d8bdabc530a6a0816f7ff89a0aaf/library/alloc/src/boxed.rs:2468:9
[INFO] [stdout]   11:     0x55b127cc7d69 - test::test_main::{{closure}}::he977ae839a582784
[INFO] [stdout]                                at /rustc/90b35a6239c3d8bdabc530a6a0816f7ff89a0aaf/library/test/src/lib.rs:133:21
[INFO] [stdout]   12:     0x55b127cfcd18 - <alloc::boxed::Box<F,A> as core::ops::function::Fn<Args>>::call::h9455091b6b06f9fb
[INFO] [stdout]                                at /rustc/90b35a6239c3d8bdabc530a6a0816f7ff89a0aaf/library/alloc/src/boxed.rs:2468:9
[INFO] [stdout]   13:     0x55b127cfcd18 - std::panicking::rust_panic_with_hook::h8942133a8b252070
[INFO] [stdout]                                at /rustc/90b35a6239c3d8bdabc530a6a0816f7ff89a0aaf/library/std/src/panicking.rs:809:13
[INFO] [stdout]   14:     0x55b127cfcada - std::panicking::begin_panic_handler::{{closure}}::hb5f5963570096b29
[INFO] [stdout]                                at /rustc/90b35a6239c3d8bdabc530a6a0816f7ff89a0aaf/library/std/src/panicking.rs:674:13
[INFO] [stdout]   15:     0x55b127cfb6f9 - std::sys::backtrace::__rust_end_short_backtrace::h6208cedc1922feda
[INFO] [stdout]                                at /rustc/90b35a6239c3d8bdabc530a6a0816f7ff89a0aaf/library/std/src/sys/backtrace.rs:170:18
[INFO] [stdout]   16:     0x55b127cfc76c - rust_begin_unwind
[INFO] [stdout]                                at /rustc/90b35a6239c3d8bdabc530a6a0816f7ff89a0aaf/library/std/src/panicking.rs:665:5
[INFO] [stdout]   17:     0x55b127c83aa0 - core::panicking::panic_fmt::h0c3082644d1bf418
[INFO] [stdout]                                at /rustc/90b35a6239c3d8bdabc530a6a0816f7ff89a0aaf/library/core/src/panicking.rs:74:14
[INFO] [stdout]   18:     0x55b127c83e46 - core::result::unwrap_failed::hd20b4aa073bda1e2
[INFO] [stdout]                                at /rustc/90b35a6239c3d8bdabc530a6a0816f7ff89a0aaf/library/core/src/result.rs:1700:5
[INFO] [stdout]   19:     0x55b127c8cb6b - core::result::Result<T,E>::unwrap::hcd31c122afa1a9cf
[INFO] [stdout]                                at /rustc/90b35a6239c3d8bdabc530a6a0816f7ff89a0aaf/library/core/src/result.rs:1104:23
[INFO] [stdout]   20:     0x55b127c8cb6b - card_deck_generator::card_deck_generator::h6f283940f244baf7
[INFO] [stdout]                                at /opt/rustwide/workdir/tests/card_deck_generator.rs:13:18
[INFO] [stdout]   21:     0x55b127c8ca17 - card_deck_generator::card_deck_generator::{{closure}}::h1300ae252b8aad36
[INFO] [stdout]                                at /opt/rustwide/workdir/tests/card_deck_generator.rs:12:25
[INFO] [stdout]   22:     0x55b127c88b16 - core::ops::function::FnOnce::call_once::h200d1426f9464e44
[INFO] [stdout]                                at /rustc/90b35a6239c3d8bdabc530a6a0816f7ff89a0aaf/library/core/src/ops/function.rs:250:5
[INFO] [stdout]   23:     0x55b127ccc72b - core::ops::function::FnOnce::call_once::h109cf8051a59b34e
[INFO] [stdout]                                at /rustc/90b35a6239c3d8bdabc530a6a0816f7ff89a0aaf/library/core/src/ops/function.rs:250:5
[INFO] [stdout]   24:     0x55b127ccc72b - test::__rust_begin_short_backtrace::hf4fff89d377446ba
[INFO] [stdout]                                at /rustc/90b35a6239c3d8bdabc530a6a0816f7ff89a0aaf/library/test/src/lib.rs:621:18
[INFO] [stdout]   25:     0x55b127ccbf67 - test::run_test_in_process::{{closure}}::h0e39181dd7ee5a43
[INFO] [stdout]                                at /rustc/90b35a6239c3d8bdabc530a6a0816f7ff89a0aaf/library/test/src/lib.rs:644:60
[INFO] [stdout]   26:     0x55b127ccbf67 - <core::panic::unwind_safe::AssertUnwindSafe<F> as core::ops::function::FnOnce<()>>::call_once::hc5a66a30f0bdfd1f
[INFO] [stdout]                                at /rustc/90b35a6239c3d8bdabc530a6a0816f7ff89a0aaf/library/core/src/panic/unwind_safe.rs:272:9
[INFO] [stdout]   27:     0x55b127ccbf67 - std::panicking::try::do_call::h873b7cf639554a5e
[INFO] [stdout]                                at /rustc/90b35a6239c3d8bdabc530a6a0816f7ff89a0aaf/library/std/src/panicking.rs:557:40
[INFO] [stdout]   28:     0x55b127ccbf67 - std::panicking::try::hdb19862fad9c8bd1
[INFO] [stdout]                                at /rustc/90b35a6239c3d8bdabc530a6a0816f7ff89a0aaf/library/std/src/panicking.rs:520:19
[INFO] [stdout]   29:     0x55b127ccbf67 - std::panic::catch_unwind::h281fe732d236d260
[INFO] [stdout]                                at /rustc/90b35a6239c3d8bdabc530a6a0816f7ff89a0aaf/library/std/src/panic.rs:358:14
[INFO] [stdout]   30:     0x55b127ccbf67 - test::run_test_in_process::h949b6df8457ed338
[INFO] [stdout]                                at /rustc/90b35a6239c3d8bdabc530a6a0816f7ff89a0aaf/library/test/src/lib.rs:644:27
[INFO] [stdout]   31:     0x55b127ccbf67 - test::run_test::{{closure}}::h52c556a6d4740e10
[INFO] [stdout]                                at /rustc/90b35a6239c3d8bdabc530a6a0816f7ff89a0aaf/library/test/src/lib.rs:565:43
[INFO] [stdout]   32:     0x55b127c91244 - test::run_test::{{closure}}::h4237f6381c45ccb9
[INFO] [stdout]                                at /rustc/90b35a6239c3d8bdabc530a6a0816f7ff89a0aaf/library/test/src/lib.rs:595:41
[INFO] [stdout]   33:     0x55b127c91244 - std::sys::backtrace::__rust_begin_short_backtrace::h505c97a579eca628
[INFO] [stdout]                                at /rustc/90b35a6239c3d8bdabc530a6a0816f7ff89a0aaf/library/std/src/sys/backtrace.rs:154:18
[INFO] [stdout]   34:     0x55b127c9490e - std::thread::Builder::spawn_unchecked_::{{closure}}::{{closure}}::h9e86b2e2bc107ea3
[INFO] [stdout]                                at /rustc/90b35a6239c3d8bdabc530a6a0816f7ff89a0aaf/library/std/src/thread/mod.rs:538:17
[INFO] [stdout]   35:     0x55b127c9490e - <core::panic::unwind_safe::AssertUnwindSafe<F> as core::ops::function::FnOnce<()>>::call_once::h8b06ddb275ff4a25
[INFO] [stdout]                                at /rustc/90b35a6239c3d8bdabc530a6a0816f7ff89a0aaf/library/core/src/panic/unwind_safe.rs:272:9
[INFO] [stdout]   36:     0x55b127c9490e - std::panicking::try::do_call::hb26ecd7cd9a9355d
[INFO] [stdout]                                at /rustc/90b35a6239c3d8bdabc530a6a0816f7ff89a0aaf/library/std/src/panicking.rs:557:40
[INFO] [stdout]   37:     0x55b127c9490e - std::panicking::try::h8ddeca9d705f9069
[INFO] [stdout]                                at /rustc/90b35a6239c3d8bdabc530a6a0816f7ff89a0aaf/library/std/src/panicking.rs:520:19
[INFO] [stdout]   38:     0x55b127c9490e - std::panic::catch_unwind::h49e1c33078844c46
[INFO] [stdout]                                at /rustc/90b35a6239c3d8bdabc530a6a0816f7ff89a0aaf/library/std/src/panic.rs:358:14
[INFO] [stdout]   39:     0x55b127c9490e - std::thread::Builder::spawn_unchecked_::{{closure}}::h6073db6ff56ad35d
[INFO] [stdout]                                at /rustc/90b35a6239c3d8bdabc530a6a0816f7ff89a0aaf/library/std/src/thread/mod.rs:537:30
[INFO] [stdout]   40:     0x55b127c9490e - core::ops::function::FnOnce::call_once{{vtable.shim}}::h2c5a5f3779c774f1
[INFO] [stdout]                                at /rustc/90b35a6239c3d8bdabc530a6a0816f7ff89a0aaf/library/core/src/ops/function.rs:250:5
[INFO] [stdout]   41:     0x55b127d00b5b - <alloc::boxed::Box<F,A> as core::ops::function::FnOnce<Args>>::call_once::hf75717d9f28faebf
[INFO] [stdout]                                at /rustc/90b35a6239c3d8bdabc530a6a0816f7ff89a0aaf/library/alloc/src/boxed.rs:2454:9
[INFO] [stdout]   42:     0x55b127d00b5b - <alloc::boxed::Box<F,A> as core::ops::function::FnOnce<Args>>::call_once::h7bd883a5f3c5f3c1
[INFO] [stdout]                                at /rustc/90b35a6239c3d8bdabc530a6a0816f7ff89a0aaf/library/alloc/src/boxed.rs:2454:9
[INFO] [stdout]   43:     0x55b127d00b5b - std::sys::pal::unix::thread::Thread::new::thread_start::hcc78f3943333fa94
[INFO] [stdout]                                at /rustc/90b35a6239c3d8bdabc530a6a0816f7ff89a0aaf/library/std/src/sys/pal/unix/thread.rs:105:17
[INFO] [stdout]   44:     0x7da9901ccac3 - <unknown>
[INFO] [stdout]   45:     0x7da99025da04 - clone
[INFO] [stdout]   46:                0x0 - <unknown>
[INFO] [stdout] 
[INFO] [stdout] 
[INFO] [stdout] failures:
[INFO] [stdout]     card_deck_generator
[INFO] [stdout] 
[INFO] [stdout] test result: FAILED. 0 passed; 1 failed; 0 ignored; 0 measured; 0 filtered out; finished in 0.01s
[INFO] [stdout] 
[INFO] [stderr] error: test failed, to rerun pass `--test card_deck_generator`
[INFO] running `Command { std: "docker" "inspect" "a65c68016462542669713b3e3484c32c64bff8085881f09d9ead6089f382f265", kill_on_drop: false }`
[INFO] running `Command { std: "docker" "rm" "-f" "a65c68016462542669713b3e3484c32c64bff8085881f09d9ead6089f382f265", kill_on_drop: false }`
[INFO] [stdout] a65c68016462542669713b3e3484c32c64bff8085881f09d9ead6089f382f265
