[INFO] fetching crate airnode-abi 0.2.0...
[INFO] testing airnode-abi-0.2.0 against 1.83.0 for beta-1.84.0-4-retry
[INFO] extracting crate airnode-abi 0.2.0 into /workspace/builds/worker-2-tc1/source
[INFO] validating manifest of crates.io crate airnode-abi 0.2.0 on toolchain 1.83.0
[INFO] running `Command { std: CARGO_HOME="/workspace/cargo-home" RUSTUP_HOME="/workspace/rustup-home" "/workspace/cargo-home/bin/cargo" "+1.83.0" "metadata" "--manifest-path" "Cargo.toml" "--no-deps", kill_on_drop: false }`
[INFO] started tweaking crates.io crate airnode-abi 0.2.0
[INFO] finished tweaking crates.io crate airnode-abi 0.2.0
[INFO] tweaked toml for crates.io crate airnode-abi 0.2.0 written to /workspace/builds/worker-2-tc1/source/Cargo.toml
[INFO] crate crates.io crate airnode-abi 0.2.0 already has a lockfile, it will not be regenerated
[INFO] running `Command { std: CARGO_HOME="/workspace/cargo-home" RUSTUP_HOME="/workspace/rustup-home" "/workspace/cargo-home/bin/cargo" "+1.83.0" "fetch" "--manifest-path" "Cargo.toml", kill_on_drop: false }`
[INFO] [stderr]  Downloading crates ...
[INFO] [stderr]   Downloaded thiserror-impl v1.0.28
[INFO] [stderr]   Downloaded hex-literal v0.3.3
[INFO] [stderr]   Downloaded parity-scale-codec-derive v2.2.0
[INFO] [stderr]   Downloaded thiserror v1.0.28
[INFO] [stderr]   Downloaded parity-scale-codec v2.2.0
[INFO] [stderr]   Downloaded arrayvec v0.7.1
[INFO] running `Command { std: "docker" "create" "-v" "/var/lib/crater-agent-workspace/builds/worker-2-tc1/target:/opt/rustwide/target:rw,Z" "-v" "/var/lib/crater-agent-workspace/builds/worker-2-tc1/source:/opt/rustwide/workdir:ro,Z" "-v" "/var/lib/crater-agent-workspace/cargo-home:/opt/rustwide/cargo-home:ro,Z" "-v" "/var/lib/crater-agent-workspace/rustup-home:/opt/rustwide/rustup-home:ro,Z" "-e" "SOURCE_DIR=/opt/rustwide/workdir" "-e" "CARGO_TARGET_DIR=/opt/rustwide/target" "-e" "CARGO_HOME=/opt/rustwide/cargo-home" "-e" "RUSTUP_HOME=/opt/rustwide/rustup-home" "-w" "/opt/rustwide/workdir" "-m" "1610612736" "--user" "0:0" "--network" "none" "ghcr.io/rust-lang/crates-build-env/linux@sha256:f3a9d4ad9d972b27faf3965f35b62e55ba32bbce8f20bc8fe909558a86702fde" "/opt/rustwide/cargo-home/bin/cargo" "+1.83.0" "metadata" "--no-deps" "--format-version=1", kill_on_drop: false }`
[INFO] [stdout] 8022dfdc05877d7a0c05ab61933d2b060ed9a469d7ab960c08994d912ed91573
[INFO] running `Command { std: "docker" "start" "-a" "8022dfdc05877d7a0c05ab61933d2b060ed9a469d7ab960c08994d912ed91573", kill_on_drop: false }`
[INFO] running `Command { std: "docker" "inspect" "8022dfdc05877d7a0c05ab61933d2b060ed9a469d7ab960c08994d912ed91573", kill_on_drop: false }`
[INFO] running `Command { std: "docker" "rm" "-f" "8022dfdc05877d7a0c05ab61933d2b060ed9a469d7ab960c08994d912ed91573", kill_on_drop: false }`
[INFO] [stdout] 8022dfdc05877d7a0c05ab61933d2b060ed9a469d7ab960c08994d912ed91573
[INFO] running `Command { std: "docker" "create" "-v" "/var/lib/crater-agent-workspace/builds/worker-2-tc1/target:/opt/rustwide/target:rw,Z" "-v" "/var/lib/crater-agent-workspace/builds/worker-2-tc1/source:/opt/rustwide/workdir:ro,Z" "-v" "/var/lib/crater-agent-workspace/cargo-home:/opt/rustwide/cargo-home:ro,Z" "-v" "/var/lib/crater-agent-workspace/rustup-home:/opt/rustwide/rustup-home:ro,Z" "-e" "SOURCE_DIR=/opt/rustwide/workdir" "-e" "CARGO_TARGET_DIR=/opt/rustwide/target" "-e" "CARGO_INCREMENTAL=0" "-e" "RUST_BACKTRACE=full" "-e" "RUSTFLAGS=--cap-lints=warn" "-e" "RUSTDOCFLAGS=--cap-lints=warn" "-e" "CARGO_HOME=/opt/rustwide/cargo-home" "-e" "RUSTUP_HOME=/opt/rustwide/rustup-home" "-w" "/opt/rustwide/workdir" "-m" "1610612736" "--user" "0:0" "--network" "none" "ghcr.io/rust-lang/crates-build-env/linux@sha256:f3a9d4ad9d972b27faf3965f35b62e55ba32bbce8f20bc8fe909558a86702fde" "/opt/rustwide/cargo-home/bin/cargo" "+1.83.0" "build" "--frozen" "--message-format=json", kill_on_drop: false }`
[INFO] [stdout] 4a1514d249782fb55e344c3ec4a102e25a4de0be8a5b9af979e28fc6e56ec164
[INFO] running `Command { std: "docker" "start" "-a" "4a1514d249782fb55e344c3ec4a102e25a4de0be8a5b9af979e28fc6e56ec164", kill_on_drop: false }`
[INFO] [stderr]    Compiling proc-macro2 v1.0.28
[INFO] [stderr]    Compiling unicode-xid v0.2.2
[INFO] [stderr]    Compiling syn v1.0.75
[INFO] [stderr]    Compiling libc v0.2.101
[INFO] [stderr]    Compiling serde_derive v1.0.130
[INFO] [stderr]    Compiling serde v1.0.130
[INFO] [stderr]    Compiling radium v0.6.2
[INFO] [stderr]    Compiling crunchy v0.2.2
[INFO] [stderr]    Compiling rustc-hex v2.1.0
[INFO] [stderr]    Compiling ppv-lite86 v0.2.10
[INFO] [stderr]    Compiling funty v1.1.0
[INFO] [stderr]    Compiling tap v1.0.1
[INFO] [stderr]    Compiling bytes v1.1.0
[INFO] [stderr]    Compiling byteorder v1.4.3
[INFO] [stderr]    Compiling wyz v0.2.0
[INFO] [stderr]    Compiling arrayvec v0.7.1
[INFO] [stderr]    Compiling byte-slice-cast v1.0.0
[INFO] [stderr]    Compiling ryu v1.0.5
[INFO] [stderr]    Compiling serde_json v1.0.67
[INFO] [stderr]    Compiling anyhow v1.0.57
[INFO] [stderr]    Compiling itoa v0.4.8
[INFO] [stderr]    Compiling hex-literal v0.3.3
[INFO] [stderr]    Compiling tiny-keccak v2.0.2
[INFO] [stderr]    Compiling uint v0.9.1
[INFO] [stderr]    Compiling bitvec v0.20.4
[INFO] [stderr]    Compiling rlp v0.5.1
[INFO] [stderr]    Compiling impl-rlp v0.3.0
[INFO] [stderr]    Compiling quote v1.0.9
[INFO] [stderr]    Compiling getrandom v0.2.3
[INFO] [stderr]    Compiling rand_core v0.6.3
[INFO] [stderr]    Compiling rand_chacha v0.3.1
[INFO] [stderr]    Compiling rand v0.8.4
[INFO] [stderr]    Compiling fixed-hash v0.7.0
[INFO] [stderr]    Compiling toml v0.5.8
[INFO] [stderr]    Compiling thiserror-impl v1.0.28
[INFO] [stderr]    Compiling impl-trait-for-tuples v0.2.1
[INFO] [stderr]    Compiling thiserror v1.0.28
[INFO] [stderr]    Compiling proc-macro-crate v1.0.0
[INFO] [stderr]    Compiling parity-scale-codec-derive v2.2.0
[INFO] [stderr]    Compiling parity-scale-codec v2.2.0
[INFO] [stderr]    Compiling impl-serde v0.3.1
[INFO] [stderr]    Compiling ethbloom v0.11.0
[INFO] [stderr]    Compiling impl-codec v0.5.1
[INFO] [stderr]    Compiling primitive-types v0.10.1
[INFO] [stderr]    Compiling ethereum-types v0.12.1
[INFO] [stderr]    Compiling airnode-abi v0.2.0 (/opt/rustwide/workdir)
[INFO] [stderr]     Finished `dev` profile [unoptimized + debuginfo] target(s) in 35.02s
[INFO] running `Command { std: "docker" "inspect" "4a1514d249782fb55e344c3ec4a102e25a4de0be8a5b9af979e28fc6e56ec164", kill_on_drop: false }`
[INFO] running `Command { std: "docker" "rm" "-f" "4a1514d249782fb55e344c3ec4a102e25a4de0be8a5b9af979e28fc6e56ec164", kill_on_drop: false }`
[INFO] [stdout] 4a1514d249782fb55e344c3ec4a102e25a4de0be8a5b9af979e28fc6e56ec164
[INFO] running `Command { std: "docker" "create" "-v" "/var/lib/crater-agent-workspace/builds/worker-2-tc1/target:/opt/rustwide/target:rw,Z" "-v" "/var/lib/crater-agent-workspace/builds/worker-2-tc1/source:/opt/rustwide/workdir:ro,Z" "-v" "/var/lib/crater-agent-workspace/cargo-home:/opt/rustwide/cargo-home:ro,Z" "-v" "/var/lib/crater-agent-workspace/rustup-home:/opt/rustwide/rustup-home:ro,Z" "-e" "SOURCE_DIR=/opt/rustwide/workdir" "-e" "CARGO_TARGET_DIR=/opt/rustwide/target" "-e" "CARGO_INCREMENTAL=0" "-e" "RUST_BACKTRACE=full" "-e" "RUSTFLAGS=--cap-lints=warn" "-e" "RUSTDOCFLAGS=--cap-lints=warn" "-e" "CARGO_HOME=/opt/rustwide/cargo-home" "-e" "RUSTUP_HOME=/opt/rustwide/rustup-home" "-w" "/opt/rustwide/workdir" "-m" "1610612736" "--user" "0:0" "--network" "none" "ghcr.io/rust-lang/crates-build-env/linux@sha256:f3a9d4ad9d972b27faf3965f35b62e55ba32bbce8f20bc8fe909558a86702fde" "/opt/rustwide/cargo-home/bin/cargo" "+1.83.0" "test" "--frozen" "--no-run" "--message-format=json", kill_on_drop: false }`
[INFO] [stdout] a9faea6bac91198fcb9d2dafe185636560309714dcad2bbd2a9b5583c5f1c4ad
[INFO] running `Command { std: "docker" "start" "-a" "a9faea6bac91198fcb9d2dafe185636560309714dcad2bbd2a9b5583c5f1c4ad", kill_on_drop: false }`
[INFO] [stderr]    Compiling rand v0.8.4
[INFO] [stderr]    Compiling fixed-hash v0.7.0
[INFO] [stderr]    Compiling primitive-types v0.10.1
[INFO] [stderr]    Compiling ethbloom v0.11.0
[INFO] [stderr]    Compiling ethereum-types v0.12.1
[INFO] [stderr]    Compiling airnode-abi v0.2.0 (/opt/rustwide/workdir)
[INFO] [stderr]     Finished `test` profile [unoptimized + debuginfo] target(s) in 8.49s
[INFO] running `Command { std: "docker" "inspect" "a9faea6bac91198fcb9d2dafe185636560309714dcad2bbd2a9b5583c5f1c4ad", kill_on_drop: false }`
[INFO] running `Command { std: "docker" "rm" "-f" "a9faea6bac91198fcb9d2dafe185636560309714dcad2bbd2a9b5583c5f1c4ad", kill_on_drop: false }`
[INFO] [stdout] a9faea6bac91198fcb9d2dafe185636560309714dcad2bbd2a9b5583c5f1c4ad
[INFO] running `Command { std: "docker" "create" "-v" "/var/lib/crater-agent-workspace/builds/worker-2-tc1/target:/opt/rustwide/target:rw,Z" "-v" "/var/lib/crater-agent-workspace/builds/worker-2-tc1/source:/opt/rustwide/workdir:ro,Z" "-v" "/var/lib/crater-agent-workspace/cargo-home:/opt/rustwide/cargo-home:ro,Z" "-v" "/var/lib/crater-agent-workspace/rustup-home:/opt/rustwide/rustup-home:ro,Z" "-e" "SOURCE_DIR=/opt/rustwide/workdir" "-e" "CARGO_TARGET_DIR=/opt/rustwide/target" "-e" "CARGO_INCREMENTAL=0" "-e" "RUST_BACKTRACE=full" "-e" "RUSTFLAGS=--cap-lints=warn" "-e" "RUSTDOCFLAGS=--cap-lints=warn" "-e" "CARGO_HOME=/opt/rustwide/cargo-home" "-e" "RUSTUP_HOME=/opt/rustwide/rustup-home" "-w" "/opt/rustwide/workdir" "-m" "1610612736" "--user" "0:0" "--network" "none" "ghcr.io/rust-lang/crates-build-env/linux@sha256:f3a9d4ad9d972b27faf3965f35b62e55ba32bbce8f20bc8fe909558a86702fde" "/opt/rustwide/cargo-home/bin/cargo" "+1.83.0" "test" "--frozen", kill_on_drop: false }`
[INFO] [stdout] 2fe67169281feddcf80f4a51a8918b90f4cf0efbb54163f9910ae13d68dca5ca
[INFO] running `Command { std: "docker" "start" "-a" "2fe67169281feddcf80f4a51a8918b90f4cf0efbb54163f9910ae13d68dca5ca", kill_on_drop: false }`
[INFO] [stderr]     Finished `test` profile [unoptimized + debuginfo] target(s) in 0.08s
[INFO] [stderr]      Running unittests src/lib.rs (/opt/rustwide/target/debug/deps/airnode_abi-dc1a17665b8321ab)
[INFO] [stdout] 
[INFO] [stdout] running 37 tests
[INFO] [stdout] test decode::tests::it_can_decode_ascii_str ... ok
[INFO] [stdout] test decode::tests::it_can_decode_positive_int ... ok
[INFO] [stdout] test decode::tests::it_can_decode_address ... ok
[INFO] [stdout] test decode::tests::it_can_decode_utf8_str ... ok
[INFO] [stdout] test encode::tests::it_can_encode_negative_int256 ... ok
[INFO] [stdout] test encode::tests::it_can_rpad32 ... ok
[INFO] [stdout] test decode::tests::it_can_decode_negative_int ... ok
[INFO] [stdout] test encode::tests::it_pads_hello ... ok
[INFO] [stdout] test tests::it_decodes_address ... ok
[INFO] [stdout] test tests::it_decodes_date ... ok
[INFO] [stdout] test tests::it_decodes_bytes ... ok
[INFO] [stdout] test decode::tests::it_can_decode_short_vec ... ok
[INFO] [stdout] test tests::it_decodes_bytes32 ... ok
[INFO] [stdout] test tests::it_decodes_int256 ... ok
[INFO] [stdout] test tests::it_decodes_string ... ok
[INFO] [stdout] test tests::it_decodes_uint256 ... ok
[INFO] [stdout] test tests::it_encodes_decodes_bytes ... ok
[INFO] [stdout] test tests::it_encodes_decodes_date ... ok
[INFO] [stdout] test tests::it_encodes_decodes_bytes32 ... ok
[INFO] [stdout] test encode::tests::it_creates_long_string_chunks ... ok
[INFO] [stdout] test tests::it_encodes_decodes_false ... ok
[INFO] [stdout] test tests::it_encodes_decodes_int256_negative ... ok
[INFO] [stdout] test tests::it_decodes_true_from_bytes ... ok
[INFO] [stdout] test tests::it_encodes_decodes_true ... ok
[INFO] [stdout] test tests::it_encodes_decodes_address ... ok
[INFO] [stdout] test tests::it_decodes_multiple ... ok
[INFO] [stdout] test tests::it_encodes_decodes_uint256 ... ok
[INFO] [stdout] test tests::it_encodes_empty ... ok
[INFO] [stdout] test tests::it_shouldnt_decode_invalid_version ... ok
[INFO] [stdout] test tests::it_decodes_string32 ... ok
[INFO] [stdout] test tests::it_encodes_decodes_int256_positive ... ok
[INFO] [stdout] test tests::it_shouldnt_decode_zero - should panic ... FAILED
[INFO] [stdout] test tests::it_encodes_decodes_string ... ok
[INFO] [stdout] test tests::it_encodes_decodes_string32 ... ok
[INFO] [stdout] test tests::it_decodes_false_from_bytes ... ok
[INFO] [stdout] test tests::it_decodes_empty ... FAILED
[INFO] [stdout] test encode::tests::it_fails_on_chunk_over32 - should panic ... ok
[INFO] [stdout] 
[INFO] [stdout] failures:
[INFO] [stdout] 
[INFO] [stdout] ---- tests::it_shouldnt_decode_zero stdout ----
[INFO] [stdout] note: test did not panic as expected
[INFO] [stdout] ---- tests::it_decodes_empty stdout ----
[INFO] [stdout] thread 'tests::it_decodes_empty' panicked at src/lib.rs:677:9:
[INFO] [stdout] assertion `left == right` failed
[INFO] [stdout]   left: ABI { version: 49, schema: "1b", params: [Bytes32 { name: "raw", value: 22163329580580053030292883849319169862539958002407764210677428189014622470144 }] }
[INFO] [stdout]  right: ABI { version: 49, schema: "1", params: [] }
[INFO] [stdout] stack backtrace:
[INFO] [stdout]    0:     0x620fea46426a - std::backtrace_rs::backtrace::libunwind::trace::h5a5b8284f2d0c266
[INFO] [stdout]                                at /rustc/90b35a6239c3d8bdabc530a6a0816f7ff89a0aaf/library/std/src/../../backtrace/src/backtrace/libunwind.rs:116:5
[INFO] [stdout]    1:     0x620fea46426a - std::backtrace_rs::backtrace::trace_unsynchronized::h76d4f1c9b0b875e3
[INFO] [stdout]                                at /rustc/90b35a6239c3d8bdabc530a6a0816f7ff89a0aaf/library/std/src/../../backtrace/src/backtrace/mod.rs:66:5
[INFO] [stdout]    2:     0x620fea46426a - std::sys::backtrace::_print_fmt::hc4546b8364a537c6
[INFO] [stdout]                                at /rustc/90b35a6239c3d8bdabc530a6a0816f7ff89a0aaf/library/std/src/sys/backtrace.rs:66:9
[INFO] [stdout]    3:     0x620fea46426a - <std::sys::backtrace::BacktraceLock::print::DisplayBacktrace as core::fmt::Display>::fmt::h5b6bd5631a6d1f6b
[INFO] [stdout]                                at /rustc/90b35a6239c3d8bdabc530a6a0816f7ff89a0aaf/library/std/src/sys/backtrace.rs:39:26
[INFO] [stdout]    4:     0x620fea4896b3 - core::fmt::rt::Argument::fmt::h270f6602a2b96f62
[INFO] [stdout]                                at /rustc/90b35a6239c3d8bdabc530a6a0816f7ff89a0aaf/library/core/src/fmt/rt.rs:177:76
[INFO] [stdout]    5:     0x620fea4896b3 - core::fmt::write::h7550c97b06c86515
[INFO] [stdout]                                at /rustc/90b35a6239c3d8bdabc530a6a0816f7ff89a0aaf/library/core/src/fmt/mod.rs:1186:21
[INFO] [stdout]    6:     0x620fea461433 - std::io::Write::write_fmt::h509ff860e5956e5e
[INFO] [stdout]                                at /rustc/90b35a6239c3d8bdabc530a6a0816f7ff89a0aaf/library/std/src/io/mod.rs:1839:15
[INFO] [stdout]    7:     0x620fea4640b2 - std::sys::backtrace::BacktraceLock::print::h2395ccd2c84ba3aa
[INFO] [stdout]                                at /rustc/90b35a6239c3d8bdabc530a6a0816f7ff89a0aaf/library/std/src/sys/backtrace.rs:42:9
[INFO] [stdout]    8:     0x620fea4656ca - std::panicking::default_hook::{{closure}}::he19d4c7230e07961
[INFO] [stdout]                                at /rustc/90b35a6239c3d8bdabc530a6a0816f7ff89a0aaf/library/std/src/panicking.rs:268:22
[INFO] [stdout]    9:     0x620fea4654d4 - std::panicking::default_hook::hf614597d3c67bbdb
[INFO] [stdout]                                at /rustc/90b35a6239c3d8bdabc530a6a0816f7ff89a0aaf/library/std/src/panicking.rs:292:9
[INFO] [stdout]   10:     0x620fea3e7e39 - <alloc::boxed::Box<F,A> as core::ops::function::Fn<Args>>::call::h39b51ce4599c23d1
[INFO] [stdout]                                at /rustc/90b35a6239c3d8bdabc530a6a0816f7ff89a0aaf/library/alloc/src/boxed.rs:2468:9
[INFO] [stdout]   11:     0x620fea3e7e39 - test::test_main::{{closure}}::he977ae839a582784
[INFO] [stdout]                                at /rustc/90b35a6239c3d8bdabc530a6a0816f7ff89a0aaf/library/test/src/lib.rs:133:21
[INFO] [stdout]   12:     0x620fea465d68 - <alloc::boxed::Box<F,A> as core::ops::function::Fn<Args>>::call::h9455091b6b06f9fb
[INFO] [stdout]                                at /rustc/90b35a6239c3d8bdabc530a6a0816f7ff89a0aaf/library/alloc/src/boxed.rs:2468:9
[INFO] [stdout]   13:     0x620fea465d68 - std::panicking::rust_panic_with_hook::h8942133a8b252070
[INFO] [stdout]                                at /rustc/90b35a6239c3d8bdabc530a6a0816f7ff89a0aaf/library/std/src/panicking.rs:809:13
[INFO] [stdout]   14:     0x620fea465b2a - std::panicking::begin_panic_handler::{{closure}}::hb5f5963570096b29
[INFO] [stdout]                                at /rustc/90b35a6239c3d8bdabc530a6a0816f7ff89a0aaf/library/std/src/panicking.rs:674:13
[INFO] [stdout]   15:     0x620fea464749 - std::sys::backtrace::__rust_end_short_backtrace::h6208cedc1922feda
[INFO] [stdout]                                at /rustc/90b35a6239c3d8bdabc530a6a0816f7ff89a0aaf/library/std/src/sys/backtrace.rs:170:18
[INFO] [stdout]   16:     0x620fea4657bc - rust_begin_unwind
[INFO] [stdout]                                at /rustc/90b35a6239c3d8bdabc530a6a0816f7ff89a0aaf/library/std/src/panicking.rs:665:5
[INFO] [stdout]   17:     0x620fea37ffe0 - core::panicking::panic_fmt::h0c3082644d1bf418
[INFO] [stdout]                                at /rustc/90b35a6239c3d8bdabc530a6a0816f7ff89a0aaf/library/core/src/panicking.rs:74:14
[INFO] [stdout]   18:     0x620fea3803ab - core::panicking::assert_failed_inner::h2ddf1fcc067fa858
[INFO] [stdout]   19:     0x620fea3a2d4a - core::panicking::assert_failed::h8fe3097135fa9e14
[INFO] [stdout]                                at /rustc/90b35a6239c3d8bdabc530a6a0816f7ff89a0aaf/library/core/src/panicking.rs:367:5
[INFO] [stdout]   20:     0x620fea394101 - airnode_abi::tests::it_decodes_empty::h76fe0116cec77d41
[INFO] [stdout]                                at /opt/rustwide/workdir/src/lib.rs:677:9
[INFO] [stdout]   21:     0x620fea393d67 - airnode_abi::tests::it_decodes_empty::{{closure}}::h45e352ddc82affe6
[INFO] [stdout]                                at /opt/rustwide/workdir/src/lib.rs:673:26
[INFO] [stdout]   22:     0x620fea3814a6 - core::ops::function::FnOnce::call_once::hb7392568b92ed17d
[INFO] [stdout]                                at /rustc/90b35a6239c3d8bdabc530a6a0816f7ff89a0aaf/library/core/src/ops/function.rs:250:5
[INFO] [stdout]   23:     0x620fea3ec7fb - core::ops::function::FnOnce::call_once::h109cf8051a59b34e
[INFO] [stdout]                                at /rustc/90b35a6239c3d8bdabc530a6a0816f7ff89a0aaf/library/core/src/ops/function.rs:250:5
[INFO] [stdout]   24:     0x620fea3ec7fb - test::__rust_begin_short_backtrace::hf4fff89d377446ba
[INFO] [stdout]                                at /rustc/90b35a6239c3d8bdabc530a6a0816f7ff89a0aaf/library/test/src/lib.rs:621:18
[INFO] [stdout]   25:     0x620fea3ec037 - test::run_test_in_process::{{closure}}::h0e39181dd7ee5a43
[INFO] [stdout]                                at /rustc/90b35a6239c3d8bdabc530a6a0816f7ff89a0aaf/library/test/src/lib.rs:644:60
[INFO] [stdout]   26:     0x620fea3ec037 - <core::panic::unwind_safe::AssertUnwindSafe<F> as core::ops::function::FnOnce<()>>::call_once::hc5a66a30f0bdfd1f
[INFO] [stdout]                                at /rustc/90b35a6239c3d8bdabc530a6a0816f7ff89a0aaf/library/core/src/panic/unwind_safe.rs:272:9
[INFO] [stdout]   27:     0x620fea3ec037 - std::panicking::try::do_call::h873b7cf639554a5e
[INFO] [stdout]                                at /rustc/90b35a6239c3d8bdabc530a6a0816f7ff89a0aaf/library/std/src/panicking.rs:557:40
[INFO] [stdout]   28:     0x620fea3ec037 - std::panicking::try::hdb19862fad9c8bd1
[INFO] [stdout]                                at /rustc/90b35a6239c3d8bdabc530a6a0816f7ff89a0aaf/library/std/src/panicking.rs:520:19
[INFO] [stdout]   29:     0x620fea3ec037 - std::panic::catch_unwind::h281fe732d236d260
[INFO] [stdout]                                at /rustc/90b35a6239c3d8bdabc530a6a0816f7ff89a0aaf/library/std/src/panic.rs:358:14
[INFO] [stdout]   30:     0x620fea3ec037 - test::run_test_in_process::h949b6df8457ed338
[INFO] [stdout]                                at /rustc/90b35a6239c3d8bdabc530a6a0816f7ff89a0aaf/library/test/src/lib.rs:644:27
[INFO] [stdout]   31:     0x620fea3ec037 - test::run_test::{{closure}}::h52c556a6d4740e10
[INFO] [stdout]                                at /rustc/90b35a6239c3d8bdabc530a6a0816f7ff89a0aaf/library/test/src/lib.rs:565:43
[INFO] [stdout]   32:     0x620fea3b1314 - test::run_test::{{closure}}::h4237f6381c45ccb9
[INFO] [stdout]                                at /rustc/90b35a6239c3d8bdabc530a6a0816f7ff89a0aaf/library/test/src/lib.rs:595:41
[INFO] [stdout]   33:     0x620fea3b1314 - std::sys::backtrace::__rust_begin_short_backtrace::h505c97a579eca628
[INFO] [stdout]                                at /rustc/90b35a6239c3d8bdabc530a6a0816f7ff89a0aaf/library/std/src/sys/backtrace.rs:154:18
[INFO] [stdout]   34:     0x620fea3b49de - std::thread::Builder::spawn_unchecked_::{{closure}}::{{closure}}::h9e86b2e2bc107ea3
[INFO] [stdout]                                at /rustc/90b35a6239c3d8bdabc530a6a0816f7ff89a0aaf/library/std/src/thread/mod.rs:538:17
[INFO] [stdout]   35:     0x620fea3b49de - <core::panic::unwind_safe::AssertUnwindSafe<F> as core::ops::function::FnOnce<()>>::call_once::h8b06ddb275ff4a25
[INFO] [stdout]                                at /rustc/90b35a6239c3d8bdabc530a6a0816f7ff89a0aaf/library/core/src/panic/unwind_safe.rs:272:9
[INFO] [stdout]   36:     0x620fea3b49de - std::panicking::try::do_call::hb26ecd7cd9a9355d
[INFO] [stdout]                                at /rustc/90b35a6239c3d8bdabc530a6a0816f7ff89a0aaf/library/std/src/panicking.rs:557:40
[INFO] [stdout]   37:     0x620fea3b49de - std::panicking::try::h8ddeca9d705f9069
[INFO] [stdout]                                at /rustc/90b35a6239c3d8bdabc530a6a0816f7ff89a0aaf/library/std/src/panicking.rs:520:19
[INFO] [stdout]   38:     0x620fea3b49de - std::panic::catch_unwind::h49e1c33078844c46
[INFO] [stdout]                                at /rustc/90b35a6239c3d8bdabc530a6a0816f7ff89a0aaf/library/std/src/panic.rs:358:14
[INFO] [stdout]   39:     0x620fea3b49de - std::thread::Builder::spawn_unchecked_::{{closure}}::h6073db6ff56ad35d
[INFO] [stdout]                                at /rustc/90b35a6239c3d8bdabc530a6a0816f7ff89a0aaf/library/std/src/thread/mod.rs:537:30
[INFO] [stdout]   40:     0x620fea3b49de - core::ops::function::FnOnce::call_once{{vtable.shim}}::h2c5a5f3779c774f1
[INFO] [stdout]                                at /rustc/90b35a6239c3d8bdabc530a6a0816f7ff89a0aaf/library/core/src/ops/function.rs:250:5
[INFO] [stdout]   41:     0x620fea469abb - <alloc::boxed::Box<F,A> as core::ops::function::FnOnce<Args>>::call_once::hf75717d9f28faebf
[INFO] [stdout]                                at /rustc/90b35a6239c3d8bdabc530a6a0816f7ff89a0aaf/library/alloc/src/boxed.rs:2454:9
[INFO] [stdout]   42:     0x620fea469abb - <alloc::boxed::Box<F,A> as core::ops::function::FnOnce<Args>>::call_once::h7bd883a5f3c5f3c1
[INFO] [stdout]                                at /rustc/90b35a6239c3d8bdabc530a6a0816f7ff89a0aaf/library/alloc/src/boxed.rs:2454:9
[INFO] [stdout]   43:     0x620fea469abb - std::sys::pal::unix::thread::Thread::new::thread_start::hcc78f3943333fa94
[INFO] [stdout]                                at /rustc/90b35a6239c3d8bdabc530a6a0816f7ff89a0aaf/library/std/src/sys/pal/unix/thread.rs:105:17
[INFO] [stdout]   44:     0x725316cefac3 - <unknown>
[INFO] [stdout]   45:     0x725316d80a04 - clone
[INFO] [stdout]   46:                0x0 - <unknown>
[INFO] [stdout] 
[INFO] [stdout] 
[INFO] [stdout] failures:
[INFO] [stdout]     tests::it_decodes_empty
[INFO] [stdout]     tests::it_shouldnt_decode_zero
[INFO] [stdout] 
[INFO] [stdout] test result: FAILED. 35 passed; 2 failed; 0 ignored; 0 measured; 0 filtered out; finished in 0.05s
[INFO] [stdout] 
[INFO] [stderr] error: test failed, to rerun pass `--lib`
[INFO] running `Command { std: "docker" "inspect" "2fe67169281feddcf80f4a51a8918b90f4cf0efbb54163f9910ae13d68dca5ca", kill_on_drop: false }`
[INFO] running `Command { std: "docker" "rm" "-f" "2fe67169281feddcf80f4a51a8918b90f4cf0efbb54163f9910ae13d68dca5ca", kill_on_drop: false }`
[INFO] [stdout] 2fe67169281feddcf80f4a51a8918b90f4cf0efbb54163f9910ae13d68dca5ca
