[INFO] fetching crate aformat-macros 0.1.6...
[INFO] testing aformat-macros-0.1.6 against beta-2024-12-08 for beta-1.84.0-4-retry
[INFO] extracting crate aformat-macros 0.1.6 into /workspace/builds/worker-1-tc2/source
[INFO] validating manifest of crates.io crate aformat-macros 0.1.6 on toolchain beta-2024-12-08
[INFO] running `Command { std: CARGO_HOME="/workspace/cargo-home" RUSTUP_HOME="/workspace/rustup-home" "/workspace/cargo-home/bin/cargo" "+beta-2024-12-08" "metadata" "--manifest-path" "Cargo.toml" "--no-deps", kill_on_drop: false }`
[INFO] started tweaking crates.io crate aformat-macros 0.1.6
[INFO] finished tweaking crates.io crate aformat-macros 0.1.6
[INFO] tweaked toml for crates.io crate aformat-macros 0.1.6 written to /workspace/builds/worker-1-tc2/source/Cargo.toml
[INFO] running `Command { std: CARGO_HOME="/workspace/cargo-home" RUSTUP_HOME="/workspace/rustup-home" "/workspace/cargo-home/bin/cargo" "+beta-2024-12-08" "generate-lockfile" "--manifest-path" "Cargo.toml", kill_on_drop: false }`
[INFO] [stderr]     Updating crates.io index
[INFO] [stderr]      Locking 6 packages to latest compatible versions
[INFO] running `Command { std: CARGO_HOME="/workspace/cargo-home" RUSTUP_HOME="/workspace/rustup-home" "/workspace/cargo-home/bin/cargo" "+beta-2024-12-08" "fetch" "--manifest-path" "Cargo.toml", kill_on_drop: false }`
[INFO] running `Command { std: "docker" "create" "-v" "/var/lib/crater-agent-workspace/builds/worker-1-tc2/target:/opt/rustwide/target:rw,Z" "-v" "/var/lib/crater-agent-workspace/builds/worker-1-tc2/source:/opt/rustwide/workdir:ro,Z" "-v" "/var/lib/crater-agent-workspace/cargo-home:/opt/rustwide/cargo-home:ro,Z" "-v" "/var/lib/crater-agent-workspace/rustup-home:/opt/rustwide/rustup-home:ro,Z" "-e" "SOURCE_DIR=/opt/rustwide/workdir" "-e" "CARGO_TARGET_DIR=/opt/rustwide/target" "-e" "CARGO_HOME=/opt/rustwide/cargo-home" "-e" "RUSTUP_HOME=/opt/rustwide/rustup-home" "-w" "/opt/rustwide/workdir" "-m" "1610612736" "--user" "0:0" "--network" "none" "ghcr.io/rust-lang/crates-build-env/linux@sha256:f3a9d4ad9d972b27faf3965f35b62e55ba32bbce8f20bc8fe909558a86702fde" "/opt/rustwide/cargo-home/bin/cargo" "+beta-2024-12-08" "metadata" "--no-deps" "--format-version=1", kill_on_drop: false }`
[INFO] [stdout] 31ae2924202d81ba3bc0f3d6929f51ca64f833a92dead089696631ebab52c2cd
[INFO] running `Command { std: "docker" "start" "-a" "31ae2924202d81ba3bc0f3d6929f51ca64f833a92dead089696631ebab52c2cd", kill_on_drop: false }`
[INFO] running `Command { std: "docker" "inspect" "31ae2924202d81ba3bc0f3d6929f51ca64f833a92dead089696631ebab52c2cd", kill_on_drop: false }`
[INFO] running `Command { std: "docker" "rm" "-f" "31ae2924202d81ba3bc0f3d6929f51ca64f833a92dead089696631ebab52c2cd", kill_on_drop: false }`
[INFO] [stdout] 31ae2924202d81ba3bc0f3d6929f51ca64f833a92dead089696631ebab52c2cd
[INFO] running `Command { std: "docker" "create" "-v" "/var/lib/crater-agent-workspace/builds/worker-1-tc2/target:/opt/rustwide/target:rw,Z" "-v" "/var/lib/crater-agent-workspace/builds/worker-1-tc2/source:/opt/rustwide/workdir:ro,Z" "-v" "/var/lib/crater-agent-workspace/cargo-home:/opt/rustwide/cargo-home:ro,Z" "-v" "/var/lib/crater-agent-workspace/rustup-home:/opt/rustwide/rustup-home:ro,Z" "-e" "SOURCE_DIR=/opt/rustwide/workdir" "-e" "CARGO_TARGET_DIR=/opt/rustwide/target" "-e" "CARGO_INCREMENTAL=0" "-e" "RUST_BACKTRACE=full" "-e" "RUSTFLAGS=--cap-lints=warn" "-e" "RUSTDOCFLAGS=--cap-lints=warn" "-e" "CARGO_HOME=/opt/rustwide/cargo-home" "-e" "RUSTUP_HOME=/opt/rustwide/rustup-home" "-w" "/opt/rustwide/workdir" "-m" "1610612736" "--user" "0:0" "--network" "none" "ghcr.io/rust-lang/crates-build-env/linux@sha256:f3a9d4ad9d972b27faf3965f35b62e55ba32bbce8f20bc8fe909558a86702fde" "/opt/rustwide/cargo-home/bin/cargo" "+beta-2024-12-08" "build" "--frozen" "--message-format=json", kill_on_drop: false }`
[INFO] [stdout] 3a5441c2e06ee8cd689efa0746ae6bba3d9b5c98c5b67703b84bd62246bff88b
[INFO] running `Command { std: "docker" "start" "-a" "3a5441c2e06ee8cd689efa0746ae6bba3d9b5c98c5b67703b84bd62246bff88b", kill_on_drop: false }`
[INFO] [stderr]    Compiling proc-macro2 v1.0.92
[INFO] [stderr]    Compiling unicode-ident v1.0.14
[INFO] [stderr]    Compiling bytes v1.9.0
[INFO] [stderr]    Compiling bytestring v1.4.0
[INFO] [stderr]    Compiling quote v1.0.37
[INFO] [stderr]    Compiling syn v2.0.90
[INFO] [stderr]    Compiling aformat-macros v0.1.6 (/opt/rustwide/workdir)
[INFO] [stderr]     Finished `dev` profile [unoptimized + debuginfo] target(s) in 6.02s
[INFO] running `Command { std: "docker" "inspect" "3a5441c2e06ee8cd689efa0746ae6bba3d9b5c98c5b67703b84bd62246bff88b", kill_on_drop: false }`
[INFO] running `Command { std: "docker" "rm" "-f" "3a5441c2e06ee8cd689efa0746ae6bba3d9b5c98c5b67703b84bd62246bff88b", kill_on_drop: false }`
[INFO] [stdout] 3a5441c2e06ee8cd689efa0746ae6bba3d9b5c98c5b67703b84bd62246bff88b
[INFO] running `Command { std: "docker" "create" "-v" "/var/lib/crater-agent-workspace/builds/worker-1-tc2/target:/opt/rustwide/target:rw,Z" "-v" "/var/lib/crater-agent-workspace/builds/worker-1-tc2/source:/opt/rustwide/workdir:ro,Z" "-v" "/var/lib/crater-agent-workspace/cargo-home:/opt/rustwide/cargo-home:ro,Z" "-v" "/var/lib/crater-agent-workspace/rustup-home:/opt/rustwide/rustup-home:ro,Z" "-e" "SOURCE_DIR=/opt/rustwide/workdir" "-e" "CARGO_TARGET_DIR=/opt/rustwide/target" "-e" "CARGO_INCREMENTAL=0" "-e" "RUST_BACKTRACE=full" "-e" "RUSTFLAGS=--cap-lints=warn" "-e" "RUSTDOCFLAGS=--cap-lints=warn" "-e" "CARGO_HOME=/opt/rustwide/cargo-home" "-e" "RUSTUP_HOME=/opt/rustwide/rustup-home" "-w" "/opt/rustwide/workdir" "-m" "1610612736" "--user" "0:0" "--network" "none" "ghcr.io/rust-lang/crates-build-env/linux@sha256:f3a9d4ad9d972b27faf3965f35b62e55ba32bbce8f20bc8fe909558a86702fde" "/opt/rustwide/cargo-home/bin/cargo" "+beta-2024-12-08" "test" "--frozen" "--no-run" "--message-format=json", kill_on_drop: false }`
[INFO] [stdout] 8c1efe7c891bb3c01ccfb991315d5cb2bb007e73be04a270aded3197b389943a
[INFO] running `Command { std: "docker" "start" "-a" "8c1efe7c891bb3c01ccfb991315d5cb2bb007e73be04a270aded3197b389943a", kill_on_drop: false }`
[INFO] [stderr]    Compiling aformat-macros v0.1.6 (/opt/rustwide/workdir)
[INFO] [stderr]     Finished `test` profile [unoptimized + debuginfo] target(s) in 0.83s
[INFO] running `Command { std: "docker" "inspect" "8c1efe7c891bb3c01ccfb991315d5cb2bb007e73be04a270aded3197b389943a", kill_on_drop: false }`
[INFO] running `Command { std: "docker" "rm" "-f" "8c1efe7c891bb3c01ccfb991315d5cb2bb007e73be04a270aded3197b389943a", kill_on_drop: false }`
[INFO] [stdout] 8c1efe7c891bb3c01ccfb991315d5cb2bb007e73be04a270aded3197b389943a
[INFO] running `Command { std: "docker" "create" "-v" "/var/lib/crater-agent-workspace/builds/worker-1-tc2/target:/opt/rustwide/target:rw,Z" "-v" "/var/lib/crater-agent-workspace/builds/worker-1-tc2/source:/opt/rustwide/workdir:ro,Z" "-v" "/var/lib/crater-agent-workspace/cargo-home:/opt/rustwide/cargo-home:ro,Z" "-v" "/var/lib/crater-agent-workspace/rustup-home:/opt/rustwide/rustup-home:ro,Z" "-e" "SOURCE_DIR=/opt/rustwide/workdir" "-e" "CARGO_TARGET_DIR=/opt/rustwide/target" "-e" "CARGO_INCREMENTAL=0" "-e" "RUST_BACKTRACE=full" "-e" "RUSTFLAGS=--cap-lints=warn" "-e" "RUSTDOCFLAGS=--cap-lints=warn" "-e" "CARGO_HOME=/opt/rustwide/cargo-home" "-e" "RUSTUP_HOME=/opt/rustwide/rustup-home" "-w" "/opt/rustwide/workdir" "-m" "1610612736" "--user" "0:0" "--network" "none" "ghcr.io/rust-lang/crates-build-env/linux@sha256:f3a9d4ad9d972b27faf3965f35b62e55ba32bbce8f20bc8fe909558a86702fde" "/opt/rustwide/cargo-home/bin/cargo" "+beta-2024-12-08" "test" "--frozen", kill_on_drop: false }`
[INFO] [stdout] 8f5371adf649f608df2e1de4170db70b35d79d7f566696b9915d864b772e6420
[INFO] running `Command { std: "docker" "start" "-a" "8f5371adf649f608df2e1de4170db70b35d79d7f566696b9915d864b772e6420", kill_on_drop: false }`
[INFO] [stderr]     Finished `test` profile [unoptimized + debuginfo] target(s) in 0.02s
[INFO] [stderr]      Running unittests src/lib.rs (/opt/rustwide/target/debug/deps/aformat_macros-726f2313f70c53a4)
[INFO] [stdout] 
[INFO] [stdout] running 0 tests
[INFO] [stdout] 
[INFO] [stdout] test result: ok. 0 passed; 0 failed; 0 ignored; 0 measured; 0 filtered out; finished in 0.00s
[INFO] [stdout] 
[INFO] [stderr]    Doc-tests aformat_macros
[INFO] [stdout] 
[INFO] [stdout] running 2 tests
[INFO] [stdout] test src/lib.rs - aformat_into (line 311) - compile fail ... ok
[INFO] [stdout] test src/lib.rs - aformat_into (line 302) ... FAILED
[INFO] [stdout] 
[INFO] [stdout] failures:
[INFO] [stdout] 
[INFO] [stdout] ---- src/lib.rs - aformat_into (line 302) stdout ----
[INFO] [stdout] error: cannot find macro `aformat_into` in this scope
[INFO] [stdout]  --> src/lib.rs:306:1
[INFO] [stdout]   |
[INFO] [stdout] 6 | aformat_into!(out_buf, "You are {} years old!", age);
[INFO] [stdout]   | ^^^^^^^^^^^^
[INFO] [stdout]   |
[INFO] [stdout] help: consider importing this macro
[INFO] [stdout]   |
[INFO] [stdout] 2 + use aformat_macros::aformat_into;
[INFO] [stdout]   |
[INFO] [stdout] 
[INFO] [stdout] error[E0433]: failed to resolve: use of undeclared type `ArrayString`
[INFO] [stdout]  --> src/lib.rs:303:19
[INFO] [stdout]   |
[INFO] [stdout] 3 | let mut out_buf = ArrayString::<32>::new();
[INFO] [stdout]   |                   ^^^^^^^^^^^ use of undeclared type `ArrayString`
[INFO] [stdout] 
[INFO] [stdout] error: aborting due to 2 previous errors
[INFO] [stdout] 
[INFO] [stdout] For more information about this error, try `rustc --explain E0433`.
[INFO] [stdout] Couldn't compile the test.
[INFO] [stdout] 
[INFO] [stdout] failures:
[INFO] [stdout]     src/lib.rs - aformat_into (line 302)
[INFO] [stdout] 
[INFO] [stdout] test result: FAILED. 1 passed; 1 failed; 0 ignored; 0 measured; 0 filtered out; finished in 0.10s
[INFO] [stdout] 
[INFO] [stderr] error: doctest failed, to rerun pass `--doc`
[INFO] running `Command { std: "docker" "inspect" "8f5371adf649f608df2e1de4170db70b35d79d7f566696b9915d864b772e6420", kill_on_drop: false }`
[INFO] running `Command { std: "docker" "rm" "-f" "8f5371adf649f608df2e1de4170db70b35d79d7f566696b9915d864b772e6420", kill_on_drop: false }`
[INFO] [stdout] 8f5371adf649f608df2e1de4170db70b35d79d7f566696b9915d864b772e6420
