[INFO] fetching crate aetolia 0.1.0...
[INFO] testing aetolia-0.1.0 against 1.83.0 for beta-1.84.0-4-retry
[INFO] extracting crate aetolia 0.1.0 into /workspace/builds/worker-1-tc1/source
[INFO] validating manifest of crates.io crate aetolia 0.1.0 on toolchain 1.83.0
[INFO] running `Command { std: CARGO_HOME="/workspace/cargo-home" RUSTUP_HOME="/workspace/rustup-home" "/workspace/cargo-home/bin/cargo" "+1.83.0" "metadata" "--manifest-path" "Cargo.toml" "--no-deps", kill_on_drop: false }`
[INFO] removed /workspace/builds/worker-1-tc1/source/rust-toolchain.toml
[INFO] started tweaking crates.io crate aetolia 0.1.0
[INFO] removed 0 missing examples
[INFO] removed 0 missing tests
[INFO] finished tweaking crates.io crate aetolia 0.1.0
[INFO] tweaked toml for crates.io crate aetolia 0.1.0 written to /workspace/builds/worker-1-tc1/source/Cargo.toml
[INFO] crate crates.io crate aetolia 0.1.0 already has a lockfile, it will not be regenerated
[INFO] running `Command { std: CARGO_HOME="/workspace/cargo-home" RUSTUP_HOME="/workspace/rustup-home" "/workspace/cargo-home/bin/cargo" "+1.83.0" "fetch" "--manifest-path" "Cargo.toml", kill_on_drop: false }`
[INFO] [stderr]  Downloading crates ...
[INFO] [stderr]   Downloaded similar-asserts v1.5.0
[INFO] running `Command { std: "docker" "create" "-v" "/var/lib/crater-agent-workspace/builds/worker-1-tc1/target:/opt/rustwide/target:rw,Z" "-v" "/var/lib/crater-agent-workspace/builds/worker-1-tc1/source:/opt/rustwide/workdir:ro,Z" "-v" "/var/lib/crater-agent-workspace/cargo-home:/opt/rustwide/cargo-home:ro,Z" "-v" "/var/lib/crater-agent-workspace/rustup-home:/opt/rustwide/rustup-home:ro,Z" "-e" "SOURCE_DIR=/opt/rustwide/workdir" "-e" "CARGO_TARGET_DIR=/opt/rustwide/target" "-e" "CARGO_HOME=/opt/rustwide/cargo-home" "-e" "RUSTUP_HOME=/opt/rustwide/rustup-home" "-w" "/opt/rustwide/workdir" "-m" "1610612736" "--user" "0:0" "--network" "none" "ghcr.io/rust-lang/crates-build-env/linux@sha256:f3a9d4ad9d972b27faf3965f35b62e55ba32bbce8f20bc8fe909558a86702fde" "/opt/rustwide/cargo-home/bin/cargo" "+1.83.0" "metadata" "--no-deps" "--format-version=1", kill_on_drop: false }`
[INFO] [stdout] b3a47799ff9fd883fdfd067559fb782e0cd2eb186f52748069b2fce33a197a13
[INFO] running `Command { std: "docker" "start" "-a" "b3a47799ff9fd883fdfd067559fb782e0cd2eb186f52748069b2fce33a197a13", kill_on_drop: false }`
[INFO] running `Command { std: "docker" "inspect" "b3a47799ff9fd883fdfd067559fb782e0cd2eb186f52748069b2fce33a197a13", kill_on_drop: false }`
[INFO] running `Command { std: "docker" "rm" "-f" "b3a47799ff9fd883fdfd067559fb782e0cd2eb186f52748069b2fce33a197a13", kill_on_drop: false }`
[INFO] [stdout] b3a47799ff9fd883fdfd067559fb782e0cd2eb186f52748069b2fce33a197a13
[INFO] running `Command { std: "docker" "create" "-v" "/var/lib/crater-agent-workspace/builds/worker-1-tc1/target:/opt/rustwide/target:rw,Z" "-v" "/var/lib/crater-agent-workspace/builds/worker-1-tc1/source:/opt/rustwide/workdir:ro,Z" "-v" "/var/lib/crater-agent-workspace/cargo-home:/opt/rustwide/cargo-home:ro,Z" "-v" "/var/lib/crater-agent-workspace/rustup-home:/opt/rustwide/rustup-home:ro,Z" "-e" "SOURCE_DIR=/opt/rustwide/workdir" "-e" "CARGO_TARGET_DIR=/opt/rustwide/target" "-e" "CARGO_INCREMENTAL=0" "-e" "RUST_BACKTRACE=full" "-e" "RUSTFLAGS=--cap-lints=warn" "-e" "RUSTDOCFLAGS=--cap-lints=warn" "-e" "CARGO_HOME=/opt/rustwide/cargo-home" "-e" "RUSTUP_HOME=/opt/rustwide/rustup-home" "-w" "/opt/rustwide/workdir" "-m" "1610612736" "--user" "0:0" "--network" "none" "ghcr.io/rust-lang/crates-build-env/linux@sha256:f3a9d4ad9d972b27faf3965f35b62e55ba32bbce8f20bc8fe909558a86702fde" "/opt/rustwide/cargo-home/bin/cargo" "+1.83.0" "build" "--frozen" "--message-format=json", kill_on_drop: false }`
[INFO] [stdout] a7123e3b6a52764b1c0ad1b63924db657ce13706e001b1e1574d96aa95d4e62d
[INFO] running `Command { std: "docker" "start" "-a" "a7123e3b6a52764b1c0ad1b63924db657ce13706e001b1e1574d96aa95d4e62d", kill_on_drop: false }`
[INFO] [stderr]    Compiling powerfmt v0.2.0
[INFO] [stderr]    Compiling anyhow v1.0.86
[INFO] [stderr]    Compiling num-conv v0.1.0
[INFO] [stderr]    Compiling time-core v0.1.2
[INFO] [stderr]    Compiling memchr v2.7.2
[INFO] [stderr]    Compiling minimal-lexical v0.2.1
[INFO] [stderr]    Compiling lazy_static v1.4.0
[INFO] [stderr]    Compiling hex v0.4.3
[INFO] [stderr]    Compiling base64 v0.22.1
[INFO] [stderr]    Compiling deranged v0.3.11
[INFO] [stderr]    Compiling nom v7.1.3
[INFO] [stderr]    Compiling time v0.3.36
[INFO] [stderr]    Compiling aetolia v0.1.0 (/opt/rustwide/workdir)
[INFO] [stdout] warning: elided lifetime has a name
[INFO] [stdout]    --> src/parser/property/uri.rs:193:66
[INFO] [stdout]     |
[INFO] [stdout] 193 | fn ip_v_future_addr<'a, E>(input: &'a [u8]) -> IResult<&'a [u8], &[u8], E>
[INFO] [stdout]     |                     -- lifetime `'a` declared here               ^ this elided lifetime gets resolved as `'a`
[INFO] [stdout]     |
[INFO] [stdout]     = note: `#[warn(elided_named_lifetimes)]` on by default
[INFO] [stdout] 
[INFO] [stdout] 
[INFO] [stdout] warning: elided lifetime has a name
[INFO] [stdout]    --> src/parser/property/uri.rs:400:67
[INFO] [stdout]     |
[INFO] [stdout] 400 | fn query_or_fragment<'a, E>(input: &'a [u8]) -> IResult<&'a [u8], &[u8], E>
[INFO] [stdout]     |                      -- lifetime `'a` declared here               ^ this elided lifetime gets resolved as `'a`
[INFO] [stdout] 
[INFO] [stdout] 
[INFO] [stderr]     Finished `dev` profile [unoptimized + debuginfo] target(s) in 14.81s
[INFO] running `Command { std: "docker" "inspect" "a7123e3b6a52764b1c0ad1b63924db657ce13706e001b1e1574d96aa95d4e62d", kill_on_drop: false }`
[INFO] running `Command { std: "docker" "rm" "-f" "a7123e3b6a52764b1c0ad1b63924db657ce13706e001b1e1574d96aa95d4e62d", kill_on_drop: false }`
[INFO] [stdout] a7123e3b6a52764b1c0ad1b63924db657ce13706e001b1e1574d96aa95d4e62d
[INFO] running `Command { std: "docker" "create" "-v" "/var/lib/crater-agent-workspace/builds/worker-1-tc1/target:/opt/rustwide/target:rw,Z" "-v" "/var/lib/crater-agent-workspace/builds/worker-1-tc1/source:/opt/rustwide/workdir:ro,Z" "-v" "/var/lib/crater-agent-workspace/cargo-home:/opt/rustwide/cargo-home:ro,Z" "-v" "/var/lib/crater-agent-workspace/rustup-home:/opt/rustwide/rustup-home:ro,Z" "-e" "SOURCE_DIR=/opt/rustwide/workdir" "-e" "CARGO_TARGET_DIR=/opt/rustwide/target" "-e" "CARGO_INCREMENTAL=0" "-e" "RUST_BACKTRACE=full" "-e" "RUSTFLAGS=--cap-lints=warn" "-e" "RUSTDOCFLAGS=--cap-lints=warn" "-e" "CARGO_HOME=/opt/rustwide/cargo-home" "-e" "RUSTUP_HOME=/opt/rustwide/rustup-home" "-w" "/opt/rustwide/workdir" "-m" "1610612736" "--user" "0:0" "--network" "none" "ghcr.io/rust-lang/crates-build-env/linux@sha256:f3a9d4ad9d972b27faf3965f35b62e55ba32bbce8f20bc8fe909558a86702fde" "/opt/rustwide/cargo-home/bin/cargo" "+1.83.0" "test" "--frozen" "--no-run" "--message-format=json", kill_on_drop: false }`
[INFO] [stdout] 575e1dcf52e3cd4a44b8242ca5dc52b33a450848cc82343ae31338579e1323ad
[INFO] running `Command { std: "docker" "start" "-a" "575e1dcf52e3cd4a44b8242ca5dc52b33a450848cc82343ae31338579e1323ad", kill_on_drop: false }`
[INFO] [stdout] warning: elided lifetime has a name
[INFO] [stdout]    --> src/parser/property/uri.rs:193:66
[INFO] [stdout]     |
[INFO] [stdout] 193 | fn ip_v_future_addr<'a, E>(input: &'a [u8]) -> IResult<&'a [u8], &[u8], E>
[INFO] [stdout]     |                     -- lifetime `'a` declared here               ^ this elided lifetime gets resolved as `'a`
[INFO] [stdout]     |
[INFO] [stdout]     = note: `#[warn(elided_named_lifetimes)]` on by default
[INFO] [stdout] 
[INFO] [stdout] 
[INFO] [stdout] warning: elided lifetime has a name
[INFO] [stdout]    --> src/parser/property/uri.rs:400:67
[INFO] [stdout]     |
[INFO] [stdout] 400 | fn query_or_fragment<'a, E>(input: &'a [u8]) -> IResult<&'a [u8], &[u8], E>
[INFO] [stdout]     |                      -- lifetime `'a` declared here               ^ this elided lifetime gets resolved as `'a`
[INFO] [stdout] 
[INFO] [stdout] 
[INFO] [stderr]    Compiling proc-macro2 v1.0.82
[INFO] [stderr]    Compiling unicode-ident v1.0.12
[INFO] [stderr]    Compiling autocfg v1.3.0
[INFO] [stderr]    Compiling libc v0.2.155
[INFO] [stderr]    Compiling cfg-if v1.0.0
[INFO] [stderr]    Compiling unicode-segmentation v1.11.0
[INFO] [stderr]    Compiling iana-time-zone v0.1.60
[INFO] [stderr]    Compiling num-traits v0.2.19
[INFO] [stderr]    Compiling similar v2.5.0
[INFO] [stderr]    Compiling quote v1.0.36
[INFO] [stderr]    Compiling syn v2.0.61
[INFO] [stderr]    Compiling console v0.15.8
[INFO] [stderr]    Compiling chrono v0.4.38
[INFO] [stderr]    Compiling similar-asserts v1.5.0
[INFO] [stderr]    Compiling test-case-core v3.3.1
[INFO] [stderr]    Compiling test-case-macros v3.3.1
[INFO] [stderr]    Compiling test-case v3.3.1
[INFO] [stderr]    Compiling aetolia v0.1.0 (/opt/rustwide/workdir)
[INFO] [stdout] warning: elided lifetime has a name
[INFO] [stdout]    --> src/parser/property/uri.rs:193:66
[INFO] [stdout]     |
[INFO] [stdout] 193 | fn ip_v_future_addr<'a, E>(input: &'a [u8]) -> IResult<&'a [u8], &[u8], E>
[INFO] [stdout]     |                     -- lifetime `'a` declared here               ^ this elided lifetime gets resolved as `'a`
[INFO] [stdout]     |
[INFO] [stdout]     = note: `#[warn(elided_named_lifetimes)]` on by default
[INFO] [stdout] 
[INFO] [stdout] 
[INFO] [stdout] warning: elided lifetime has a name
[INFO] [stdout]    --> src/parser/property/uri.rs:400:67
[INFO] [stdout]     |
[INFO] [stdout] 400 | fn query_or_fragment<'a, E>(input: &'a [u8]) -> IResult<&'a [u8], &[u8], E>
[INFO] [stdout]     |                      -- lifetime `'a` declared here               ^ this elided lifetime gets resolved as `'a`
[INFO] [stdout] 
[INFO] [stdout] 
[INFO] [stderr]     Finished `test` profile [unoptimized + debuginfo] target(s) in 45.11s
[INFO] running `Command { std: "docker" "inspect" "575e1dcf52e3cd4a44b8242ca5dc52b33a450848cc82343ae31338579e1323ad", kill_on_drop: false }`
[INFO] running `Command { std: "docker" "rm" "-f" "575e1dcf52e3cd4a44b8242ca5dc52b33a450848cc82343ae31338579e1323ad", kill_on_drop: false }`
[INFO] [stdout] 575e1dcf52e3cd4a44b8242ca5dc52b33a450848cc82343ae31338579e1323ad
[INFO] running `Command { std: "docker" "create" "-v" "/var/lib/crater-agent-workspace/builds/worker-1-tc1/target:/opt/rustwide/target:rw,Z" "-v" "/var/lib/crater-agent-workspace/builds/worker-1-tc1/source:/opt/rustwide/workdir:ro,Z" "-v" "/var/lib/crater-agent-workspace/cargo-home:/opt/rustwide/cargo-home:ro,Z" "-v" "/var/lib/crater-agent-workspace/rustup-home:/opt/rustwide/rustup-home:ro,Z" "-e" "SOURCE_DIR=/opt/rustwide/workdir" "-e" "CARGO_TARGET_DIR=/opt/rustwide/target" "-e" "CARGO_INCREMENTAL=0" "-e" "RUST_BACKTRACE=full" "-e" "RUSTFLAGS=--cap-lints=warn" "-e" "RUSTDOCFLAGS=--cap-lints=warn" "-e" "CARGO_HOME=/opt/rustwide/cargo-home" "-e" "RUSTUP_HOME=/opt/rustwide/rustup-home" "-w" "/opt/rustwide/workdir" "-m" "1610612736" "--user" "0:0" "--network" "none" "ghcr.io/rust-lang/crates-build-env/linux@sha256:f3a9d4ad9d972b27faf3965f35b62e55ba32bbce8f20bc8fe909558a86702fde" "/opt/rustwide/cargo-home/bin/cargo" "+1.83.0" "test" "--frozen", kill_on_drop: false }`
[INFO] [stdout] 98a5b348e349bfb78c0de886f49a006504019401155cb30b7b7ecb685f1c2a48
[INFO] running `Command { std: "docker" "start" "-a" "98a5b348e349bfb78c0de886f49a006504019401155cb30b7b7ecb685f1c2a48", kill_on_drop: false }`
[INFO] [stderr] warning: elided lifetime has a name
[INFO] [stderr]    --> src/parser/property/uri.rs:193:66
[INFO] [stderr]     |
[INFO] [stderr] 193 | fn ip_v_future_addr<'a, E>(input: &'a [u8]) -> IResult<&'a [u8], &[u8], E>
[INFO] [stderr]     |                     -- lifetime `'a` declared here               ^ this elided lifetime gets resolved as `'a`
[INFO] [stderr]     |
[INFO] [stderr]     = note: `#[warn(elided_named_lifetimes)]` on by default
[INFO] [stderr] 
[INFO] [stderr] warning: elided lifetime has a name
[INFO] [stderr]    --> src/parser/property/uri.rs:400:67
[INFO] [stderr]     |
[INFO] [stderr] 400 | fn query_or_fragment<'a, E>(input: &'a [u8]) -> IResult<&'a [u8], &[u8], E>
[INFO] [stderr]     |                      -- lifetime `'a` declared here               ^ this elided lifetime gets resolved as `'a`
[INFO] [stderr] 
[INFO] [stderr] warning: `aetolia` (lib) generated 2 warnings
[INFO] [stderr] warning: `aetolia` (lib test) generated 2 warnings (2 duplicates)
[INFO] [stderr]     Finished `test` profile [unoptimized + debuginfo] target(s) in 0.07s
[INFO] [stderr]      Running unittests src/lib.rs (/opt/rustwide/target/debug/deps/aetolia-294ba5833d34b5f3)
[INFO] [stdout] 
[INFO] [stdout] running 298 tests
[INFO] [stdout] test common::tests::add_negative_duration_day ... ok
[INFO] [stdout] test common::tests::add_negative_duration_week ... ok
[INFO] [stdout] test common::tests::add_duration_time_next_day ... ok
[INFO] [stdout] test model::tests::all_cal_props_cal_object ... ok
[INFO] [stdout] test model::tests::event_component_cal_object ... ok
[INFO] [stdout] test common::tests::add_negative_duration_time_same_day ... ok
[INFO] [stdout] test model::tests::x_component_cal_object ... ok
[INFO] [stdout] test parser::component::free_busy::tests::test_component_free_busy ... ok
[INFO] [stdout] test parser::component::alarm::tests::test_component_alarm ... ok
[INFO] [stdout] test parser::component::event::tests::test_component_event ... ok
[INFO] [stdout] test common::tests::add_duration_week ... ok
[INFO] [stdout] test common::tests::add_duration_day ... ok
[INFO] [stdout] test common::tests::add_duration_time_same_day ... ok
[INFO] [stdout] test parser::first_pass::tests::general_line ... ok
[INFO] [stdout] test common::tests::add_negative_duration_time_previous_day ... ok
[INFO] [stdout] test parser::component::journal::tests::test_component_journal ... ok
[INFO] [stdout] test parser::component::timezone::tests::test_component_timezone ... ok
[INFO] [stdout] test parser::language_tag::tests::extended_language_subtags_and_their_primary_language_subtag_counterparts::cantonese_chinese_as_used_in_hong_kong_sar ... ok
[INFO] [stdout] test parser::language_tag::tests::extended_language_subtags_and_their_primary_language_subtag_counterparts::chinese_cantonese_as_used_in_hong_kong_sar ... ok
[INFO] [stdout] test parser::language_tag::tests::extended_language_subtags_and_their_primary_language_subtag_counterparts::mandarin_chinese_simplified_script_as_used_in_china ... ok
[INFO] [stdout] test parser::language_tag::tests::extended_language_subtags_and_their_primary_language_subtag_counterparts::chinese_mandarin_simplified_script_as_used_in_china ... ok
[INFO] [stdout] test parser::language_tag::tests::language_region::spanish_appropriate_for_the_latin_america_and_caribbean_region_using_the_un_region_code ... ok
[INFO] [stdout] test parser::language_tag::tests::language_region::german_for_germany ... ok
[INFO] [stdout] test parser::language_tag::tests::language_region::english_as_used_in_the_united_states ... ok
[INFO] [stdout] test parser::component::todo::tests::test_component_todo ... ok
[INFO] [stdout] test parser::language_tag::tests::language_script_region::chinese_written_using_the_simplified_script_as_used_in_mainland_china ... ok
[INFO] [stdout] test parser::language_tag::tests::language_region_variant::german_as_used_in_switzerland_using_the_1901_variant_orthography_ ... ok
[INFO] [stdout] test parser::language_tag::tests::language_region_variant::slovenian_as_used_in_italy_nadiza_dialect ... ok
[INFO] [stdout] test parser::language_tag::tests::language_script_region::serbian_written_using_the_latin_script_as_used_in_serbia ... ok
[INFO] [stdout] test parser::language_tag::tests::language_script_region_variant::eastern_armenian_written_in_latin_script_as_used_in_italy ... ok
[INFO] [stdout] test parser::language_tag::tests::language_subtag_plug_script_subtag::chinese_written_using_the_simplified_chinese_script ... ok
[INFO] [stdout] test parser::language_tag::tests::language_variant::nadiza_dialect_of_slovenian ... ok
[INFO] [stdout] test parser::language_tag::tests::language_subtag_plug_script_subtag::serbian_written_using_the_cyrillic_script ... ok
[INFO] [stdout] test parser::language_tag::tests::language_variant::resian_dialect_of_slovenian ... ok
[INFO] [stdout] test parser::language_tag::tests::language_variant::san_giorgio_dialect_of_resian_dialect_of_slovenian ... ok
[INFO] [stdout] test parser::language_tag::tests::private_use_registry_values::all_private_tags ... ok
[INFO] [stdout] test parser::language_tag::tests::language_subtag_plug_script_subtag::chinese_written_using_the_traditional_chinese_script ... ok
[INFO] [stdout] test parser::language_tag::tests::language_subtag_plug_script_subtag::serbian_written_using_the_latin_script ... ok
[INFO] [stdout] test parser::language_tag::tests::private_use_registry_values::private_use_using_the_singleton_x_ ... ok
[INFO] [stdout] test parser::language_tag::tests::private_use_subtags::derbend ... ok
[INFO] [stdout] test parser::language_tag::tests::private_use_registry_values::german_with_a_private_script ... ok
[INFO] [stdout] test parser::language_tag::tests::simple_lang_subtag::example_of_a_grandfathered_tag ... ok
[INFO] [stdout] test parser::language_tag::tests::private_use_subtags::phonebk ... ok
[INFO] [stdout] test parser::language_tag::tests::simple_lang_subtag::japanese ... ok
[INFO] [stdout] test parser::language_tag::tests::tags_that_use_extensions::islamcal ... ok
[INFO] [stdout] test parser::language_tag::tests::some_invalid_tags::two_region_tags ... ok
[INFO] [stdout] test parser::language_tag::tests::tags_that_use_extensions::myext_and_another ... ok
[INFO] [stdout] test parser::object::tests::real_file ... ignored, Requires a real file
[INFO] [stdout] test parser::language_tag::tests::tags_that_use_extensions::myext_and_private ... ok
[INFO] [stdout] test parser::object::tests::minimal_ical_stream_test ... ok
[INFO] [stdout] test parser::param::tests::param_altrep ... ok
[INFO] [stdout] test parser::language_tag::tests::private_use_registry_values::serbian_latin_script_private_region ... ok
[INFO] [stdout] test parser::language_tag::tests::simple_lang_subtag::german ... ok
[INFO] [stdout] test parser::param::tests::param_cn ... ok
[INFO] [stdout] test parser::param::tests::param_cn_not_quoted ... ok
[INFO] [stdout] test parser::language_tag::tests::private_use_registry_values::serbian_private_script_for_serbia ... ok
[INFO] [stdout] test parser::language_tag::tests::some_invalid_tags::use_of_a_single_character_subtag_in_primary_position_note_that_there_are_a_few_grandfathered_tags_that_start_with_i_that_are_valid ... ok
[INFO] [stdout] test parser::language_tag::tests::simple_lang_subtag::french ... ok
[INFO] [stdout] test parser::param::tests::param_cu_type_group ... ok
[INFO] [stdout] test parser::param::tests::param_cu_type_individual ... ok
[INFO] [stdout] test parser::param::tests::param_cu_type_x_name ... ok
[INFO] [stdout] test parser::param::tests::param_cu_type_resource ... ok
[INFO] [stdout] test parser::param::tests::param_cu_type_iana_token ... ok
[INFO] [stdout] test parser::param::tests::param_cu_type_room ... ok
[INFO] [stdout] test parser::param::tests::param_delegated_from_multi ... ok
[INFO] [stdout] test parser::param::tests::param_delegated_from ... ok
[INFO] [stdout] test parser::param::tests::param_delegated_to ... ok
[INFO] [stdout] test parser::param::tests::param_delegated_to_multi ... ok
[INFO] [stdout] test parser::param::tests::param_encoding_base64 ... ok
[INFO] [stdout] test parser::param::tests::param_fb_type_busy ... ok
[INFO] [stdout] test parser::param::tests::param_fb_type_busy_tentative ... ok
[INFO] [stdout] test parser::param::tests::param_fb_type_busy_unavailable ... ok
[INFO] [stdout] test parser::param::tests::param_fmt_type ... ok
[INFO] [stdout] test parser::param::tests::param_fb_type_free ... ok
[INFO] [stdout] test parser::param::tests::param_encoding_8bit ... ok
[INFO] [stdout] test parser::param::tests::param_dir ... ok
[INFO] [stdout] test parser::param::tests::param_language ... ok
[INFO] [stdout] test parser::param::tests::param_member ... ok
[INFO] [stdout] test parser::param::tests::param_member_multi ... ok
[INFO] [stdout] test parser::param::tests::param_part_stat_declined ... ok
[INFO] [stdout] test parser::param::tests::param_range ... ok
[INFO] [stdout] test parser::param::tests::param_related_end ... ok
[INFO] [stdout] test parser::param::tests::param_rel_type ... ok
[INFO] [stdout] test parser::param::tests::param_related_start ... ok
[INFO] [stdout] test parser::param::tests::param_role ... ok
[INFO] [stdout] test parser::param::tests::param_rsvp_false ... ok
[INFO] [stdout] test parser::param::tests::param_cu_type_unknown ... ok
[INFO] [stdout] test parser::param::tests::param_rsvp_true ... ok
[INFO] [stdout] test parser::param::tests::param_tz_id ... ok
[INFO] [stdout] test parser::param::tests::param_value_binary ... ok
[INFO] [stdout] test parser::param::tests::param_tz_id_unique ... ok
[INFO] [stdout] test parser::property::component::tests::attach_binary ... ok
[INFO] [stdout] test parser::property::component::tests::action ... ok
[INFO] [stdout] test parser::param::tests::param_sent_by ... ok
[INFO] [stdout] test parser::property::component::tests::attendee ... ok
[INFO] [stdout] test parser::property::component::tests::attach_uri ... ok
[INFO] [stdout] test parser::property::component::tests::classification_public ... ok
[INFO] [stdout] test parser::property::component::tests::categories ... ok
[INFO] [stdout] test parser::property::component::tests::date_time_completed ... ok
[INFO] [stdout] test parser::property::component::tests::created ... ok
[INFO] [stdout] test parser::property::component::tests::date_time_due_date ... ok
[INFO] [stdout] test parser::property::component::tests::date_time_end_datetime ... ok
[INFO] [stdout] test parser::property::component::tests::date_time_start_date ... ok
[INFO] [stdout] test parser::property::component::tests::date_time_due_datetime ... ok
[INFO] [stdout] test parser::property::component::tests::comment ... ok
[INFO] [stdout] test parser::property::component::tests::date_time_stamp ... ok
[INFO] [stdout] test parser::property::component::tests::date_time_start_datetime ... ok
[INFO] [stdout] test parser::property::component::tests::duration ... ok
[INFO] [stdout] test parser::property::component::tests::description ... ok
[INFO] [stdout] test parser::property::component::tests::free_busy ... ok
[INFO] [stdout] test parser::property::component::tests::date_time_end_date ... ok
[INFO] [stdout] test parser::property::component::tests::exception_date_times ... ok
[INFO] [stdout] test parser::property::component::tests::contact ... ok
[INFO] [stdout] test parser::property::component::tests::free_busy_multiple ... ok
[INFO] [stdout] test parser::property::component::tests::geographic_position ... ok
[INFO] [stdout] test parser::property::component::tests::last_modified ... ok
[INFO] [stdout] test parser::property::component::tests::location ... ok
[INFO] [stdout] test parser::property::component::tests::organizer ... ok
[INFO] [stdout] test parser::property::component::tests::location_with_params ... ok
[INFO] [stdout] test parser::property::component::tests::contact_altrep ... ok
[INFO] [stdout] test parser::property::component::tests::organizer_with_sent_by_param ... ok
[INFO] [stdout] test parser::property::component::tests::percent_complete ... ok
[INFO] [stdout] test parser::property::component::tests::recurrence_date_times_periods ... ok
[INFO] [stdout] test parser::property::component::tests::priority ... ok
[INFO] [stdout] test parser::property::component::tests::recurrence_rule ... ok
[INFO] [stdout] test parser::property::component::tests::organizer_with_params ... ok
[INFO] [stdout] test parser::property::component::tests::recurrence_date_times_dates ... ok
[INFO] [stdout] test parser::property::component::tests::recurrence_id_date ... ok
[INFO] [stdout] test parser::property::component::tests::recurrence_date_times_datetime ... ok
[INFO] [stdout] test parser::property::component::tests::related_to ... ok
[INFO] [stdout] test parser::property::component::tests::recurrence_id_datetime ... ok
[INFO] [stdout] test parser::property::component::tests::repeat ... ok
[INFO] [stdout] test parser::property::component::tests::resources ... ok
[INFO] [stdout] test parser::property::component::tests::request_status ... ok
[INFO] [stdout] test parser::property::component::tests::sequence ... ok
[INFO] [stdout] test parser::property::component::tests::request_status_rejected ... ok
[INFO] [stdout] test parser::property::component::tests::time_zone_id ... ok
[INFO] [stdout] test parser::property::component::tests::time_zone_id_custom ... ok
[INFO] [stdout] test parser::property::component::tests::time_zone_offset_from ... ok
[INFO] [stdout] test parser::property::component::tests::time_zone_offset_to ... ok
[INFO] [stdout] test parser::property::component::tests::time_zone_url ... ok
[INFO] [stdout] test parser::property::component::tests::transp_opaque ... ok
[INFO] [stdout] test parser::property::component::tests::trigger_duration ... ok
[INFO] [stdout] test parser::property::component::tests::trigger_duration_related_end ... ok
[INFO] [stdout] test parser::property::component::tests::unique_identifier ... ok
[INFO] [stdout] test parser::property::recur::tests::daily_rule ... ok
[INFO] [stdout] test parser::property::component::tests::url ... ok
[INFO] [stdout] test parser::property::recur::tests::yearly_rule ... ok
[INFO] [stdout] test parser::property::recur::tests::monthly_rule ... ok
[INFO] [stdout] test parser::property::tests::cal_scale ... ok
[INFO] [stdout] test parser::property::tests::cal_scale_with_param ... ok
[INFO] [stdout] test parser::property::tests::iana_prop ... ok
[INFO] [stdout] test parser::property::tests::iana_prop_with_params ... ok
[INFO] [stdout] test parser::property::tests::method_with_param ... ok
[INFO] [stdout] test parser::property::tests::method ... ok
[INFO] [stdout] test parser::property::component::tests::transp_transparent ... ok
[INFO] [stdout] test parser::property::tests::product_id_property ... ok
[INFO] [stdout] test parser::property::component::tests::trigger_date_time ... ok
[INFO] [stdout] test parser::property::tests::version_property ... ok
[INFO] [stdout] test parser::property::tests::product_id_property_with_params ... ok
[INFO] [stdout] test parser::property::tests::version_property_with_param ... ok
[INFO] [stdout] test parser::property::tests::version_property_with_version_range ... ok
[INFO] [stdout] test parser::property::tests::version_property_with_newer_version ... ok
[INFO] [stdout] test parser::property::tests::x_prop ... ok
[INFO] [stdout] test parser::property::uri::tests::ip_v6 ... ok
[INFO] [stdout] test parser::property::uri::tests::ldap ... ok
[INFO] [stdout] test parser::property::uri::tests::mailto ... ok
[INFO] [stdout] test parser::property::uri::tests::news ... ok
[INFO] [stdout] test parser::property::component::tests::time_zone_name ... ok
[INFO] [stdout] test parser::property::uri::tests::tel ... ok
[INFO] [stdout] test parser::property::uri::tests::telnet ... ok
[INFO] [stdout] test parser::property::uri::tests::http ... ok
[INFO] [stdout] test parser::property::component::tests::summary ... ok
[INFO] [stdout] test parser::property::component::tests::time_zone_name_with_params ... ok
[INFO] [stdout] test parser::property::component::tests::status ... ok
[INFO] [stdout] test parser::property::uri::tests::urn ... ok
[INFO] [stdout] test parser::property::uri::tests::ftp ... ok
[INFO] [stdout] test parser::property::value::tests::date ... ok
[INFO] [stdout] test parser::property::value::tests::duration_signed_time ... ok
[INFO] [stdout] test parser::property::value::tests::base64 ... ok
[INFO] [stdout] test parser::property::value::tests::duration_date_and_time ... ok
[INFO] [stdout] test parser::property::value::tests::calendar_user_address ... ok
[INFO] [stdout] test parser::property::value::tests::date_time ... ok
[INFO] [stdout] test parser::property::value::tests::float ... ok
[INFO] [stdout] test parser::property::value::tests::integer ... ok
[INFO] [stdout] test parser::property::value::tests::duration_seven_weeks ... ok
[INFO] [stdout] test parser::property::value::tests::integer_negative ... ok
[INFO] [stdout] test parser::property::value::tests::period ... ok
[INFO] [stdout] test parser::property::value::tests::text_with_quoted_value ... ok
[INFO] [stdout] test parser::property::value::tests::time ... ok
[INFO] [stdout] test parser::property::value::tests::utc_offset_negative ... ok
[INFO] [stdout] test parser::property::value::tests::period_duration ... ok
[INFO] [stdout] test parser::property::value::tests::text ... ok
[INFO] [stdout] test parser::property::value::tests::time_utc ... ok
[INFO] [stdout] test parser::property::value::tests::utc_offset_positive ... ok
[INFO] [stdout] test parser::tests::simple_content_line ... ok
[INFO] [stdout] test parser::tests::iana_token_desc ... ok
[INFO] [stdout] test parser::tests::simple_content_line_utf8 ... ok
[INFO] [stdout] test parser::tests::simple_x_name ... ok
[INFO] [stdout] test parser::tests::simple_x_name_with_vendor ... ok
[INFO] [stdout] test serialize::tests::rtt_alarm ... ok
[INFO] [stdout] test serialize::tests::rtt_event ... ok
[INFO] [stdout] test serialize::tests::rtt_free_busy ... ok
[INFO] [stdout] test parser::property::value::tests::float_negative ... ok
[INFO] [stdout] test serialize::tests::rtt_single_event ... ok
[INFO] [stdout] test tests::valid_utf8 ... ok
[INFO] [stdout] test validate::tests::alarm_duration_and_trigger_not_present_together ... ok
[INFO] [stdout] test tests::invalid_utf8 ... ok
[INFO] [stdout] test validate::tests::alarm_missing_duplicate_optional_once_properties ... ok
[INFO] [stdout] test validate::tests::alarm_with_no_action ... ok
[INFO] [stdout] test serialize::tests::rtt_journal ... ok
[INFO] [stdout] test validate::tests::alarm_missing_action ... ok
[INFO] [stdout] test validate::tests::alarm_missing_required_properties ... ok
[INFO] [stdout] test serialize::tests::rtt_to_do ... ok
[INFO] [stdout] test validate::tests::calendar_with_no_components ... ok
[INFO] [stdout] test validate::tests::audio_alarm_with_duplicate_attach ... ok
[INFO] [stdout] test validate::tests::calendar_user_type_on_description_property ... ok
[INFO] [stdout] test validate::tests::calendar_user_type_on_version_property ... ok
[INFO] [stdout] test validate::tests::common_name_on_version_property ... ok
[INFO] [stdout] test serialize::tests::rtt_time_zone ... ok
[INFO] [stdout] test validate::tests::component_with_no_properties ... ok
[INFO] [stdout] test validate::tests::delegated_to_on_description_property ... ok
[INFO] [stdout] test validate::tests::dir_on_description_property ... ok
[INFO] [stdout] test validate::tests::delegated_from_on_description_property ... ok
[INFO] [stdout] test validate::tests::delegated_to_on_version_property ... ok
[INFO] [stdout] test validate::tests::encoding_not_set_on_binary_value ... ok
[INFO] [stdout] test validate::tests::encoding_set_to_8bit_on_binary_value ... ok
[INFO] [stdout] test validate::tests::default_value_specified ... ok
[INFO] [stdout] test validate::tests::dir_on_version_property ... ok
[INFO] [stdout] test validate::tests::common_name_on_description_property ... ok
[INFO] [stdout] test validate::tests::delegated_from_on_version_property ... ok
[INFO] [stdout] test validate::tests::event_missing_required_properties ... ok
[INFO] [stdout] test validate::tests::event_duplicate_duration ... ok
[INFO] [stdout] test validate::tests::event_both_date_time_end_and_duration ... ok
[INFO] [stdout] test validate::tests::event_duplicate_date_time_end ... ok
[INFO] [stdout] test validate::tests::fmt_type_on_version_property ... ok
[INFO] [stdout] test validate::tests::fmt_type_on_description_property ... ok
[INFO] [stdout] test validate::tests::free_busy_duplicate_optional_once_properties ... ok
[INFO] [stdout] test validate::tests::journal_duplicate_optional_once_properties ... ok
[INFO] [stdout] test validate::tests::free_busy_type_on_description_property ... ok
[INFO] [stdout] test validate::tests::free_busy_type_on_version_property ... ok
[INFO] [stdout] test validate::tests::language_on_version_property ... ok
[INFO] [stdout] test validate::tests::journal_missing_required_properties ... ok
[INFO] [stdout] test validate::tests::member_on_description_property ... ok
[INFO] [stdout] test validate::tests::event_duplicate_optional_once_properties ... ok
[INFO] [stdout] test validate::tests::iana_component ... ok
[INFO] [stdout] test validate::tests::free_busy_missing_required_properties ... ok
[INFO] [stdout] test validate::tests::member_on_version_property ... ok
[INFO] [stdout] test validate::tests::language_on_date_time_start_property ... ok
[INFO] [stdout] test validate::tests::part_stat_on_version_property ... ok
[INFO] [stdout] test validate::tests::iana_prop_declares_boolean_but_is_not_boolean ... ok
[INFO] [stdout] test validate::tests::missing_tz_id ... ok
[INFO] [stdout] test validate::tests::part_stat_wrong_value_in_event ... ok
[INFO] [stdout] test validate::tests::range_on_description_property ... ok
[INFO] [stdout] test validate::tests::recur_logical_violations ... ok
[INFO] [stdout] test validate::tests::recur_invalid_time_range ... ok
[INFO] [stdout] test validate::tests::recur_mismatched_date_time_start_type ... ok
[INFO] [stdout] test validate::tests::range_on_version_property ... ok
[INFO] [stdout] test validate::tests::recur_invalid_freq_with_date_dt_start ... ok
[INFO] [stdout] test validate::tests::related_on_description_property ... ok
[INFO] [stdout] test validate::tests::related_on_version_property ... ok
[INFO] [stdout] test validate::tests::part_stat_wrong_value_in_journal ... ok
[INFO] [stdout] test validate::tests::relationship_type_on_description_property ... ok
[INFO] [stdout] test validate::tests::role_on_description_property ... ok
[INFO] [stdout] test validate::tests::part_stat_on_description_property ... ok
[INFO] [stdout] test validate::tests::role_on_version_property ... ok
[INFO] [stdout] test validate::tests::rsvp_on_description_property ... ok
[INFO] [stdout] test validate::tests::relationship_type_on_version_property ... ok
[INFO] [stdout] test validate::tests::sample_passes_validation ... ok
[INFO] [stdout] test validate::tests::sent_by_on_description_property ... ok
[INFO] [stdout] test validate::tests::recur_invalid_occurrence ... ok
[INFO] [stdout] test validate::tests::rsvp_on_version_property ... ok
[INFO] [stdout] test validate::tests::sent_by_with_invalid_protocol ... ok
[INFO] [stdout] test validate::tests::recur_value_violations ... ok
[INFO] [stdout] test validate::tests::sent_by_on_version_property ... ok
[INFO] [stdout] test validate::tests::time_zone_missing_required_nested_components ... ok
[INFO] [stdout] test validate::tests::standard_at_top_level ... ok
[INFO] [stdout] test validate::tests::todo_both_due_and_duration ... ok
[INFO] [stdout] test validate::tests::time_zone_duplicate_optional_once_properties ... ok
[INFO] [stdout] test validate::tests::todo_duplicate_duration ... ok
[INFO] [stdout] test validate::tests::time_zone_missing_required_properties ... ok
[INFO] [stdout] test validate::tests::time_zone_nested_missing_required_properties ... ok
[INFO] [stdout] test validate::tests::todo_duplicate_due ... ok
[INFO] [stdout] test validate::tests::todo_missing_required_properties ... ok
[INFO] [stdout] test validate::tests::tz_id_specified_on_date_start ... ok
[INFO] [stdout] test validate::tests::todo_duplicate_optional_once_properties ... ok
[INFO] [stdout] test validate::tests::value_on_description_property ... ok
[INFO] [stdout] test validate::tests::tz_id_on_description_property ... ok
[INFO] [stdout] test validate::tests::todo_duration_without_date_time_start ... ok
[INFO] [stdout] test validate::tests::tz_id_on_version_property ... ok
[INFO] [stdout] test validate::tests::tz_id_specified_on_utc_start ... ok
[INFO] [stdout] test validate::tests::value_on_version_property ... ok
[INFO] [stdout] test validate::tests::x_prop_declares_boolean_but_is_not_boolean ... ok
[INFO] [stdout] test validate::tests::x_prop_declares_date_and_is_multi ... ok
[INFO] [stdout] test validate::tests::x_prop_declares_date ... ok
[INFO] [stdout] test validate::tests::x_prop_declares_date_and_is_not ... ok
[INFO] [stdout] test validate::tests::iana_property_value_type_checks ... FAILED
[INFO] [stdout] test validate::tests::x_property_value_type_checks ... FAILED
[INFO] [stdout] 
[INFO] [stdout] failures:
[INFO] [stdout] 
[INFO] [stdout] ---- validate::tests::iana_property_value_type_checks stdout ----
[INFO] [stdout] thread 'validate::tests::iana_property_value_type_checks' panicked at src/validate.rs:2274:9:
[INFO] [stdout] assertion failed: `(left == right)`'
[INFO] [stdout]   left: `"[\"In component \\\"VEVENT\\\" at index 0, in component property \\\"TIME-INVALID-HOUR\\\" at index 2: Found an invalid time at index 0 - Hour must be between 0 and 23\\n\\nStack backtrace:\\n   0: anyhow::error:..."` (truncated)
[INFO] [stdout]  right: `"[\"In component \\\"VEVENT\\\" at index 0, in component property \\\"TIME-INVALID-HOUR\\\" at index 2: Found an invalid time at index 0 - Hour must be between 0 and 23\", \"In component \\\"VEVENT\\\" at index 0, in..."` (truncated)
[INFO] [stdout] 
[INFO] [stdout] Differences (-left|+right):
[INFO] [stdout]  [
[INFO] [stdout] -    "In component \"VEVENT\" at index 0, in component property \"TIME-INVALID-HOUR\" at index 2: Found an invalid time at index 0 - Hour must be between 0 and 23\n\nStack backtrace:\n   0: anyhow::error::<impl anyhow::Error>::msg\n             at /opt/rustwide/cargo-home/registry/src/index.crates.io-6f17d22bba15001f/anyhow-1.0.86/src/backtrace.rs:27:14\n   1: anyhow::__private::format_err\n             at /opt/rustwide/cargo-home/registry/src/index.crates.io-6f17d22bba15001f/anyhow-1.0.86/src/lib.rs:689:13\n   2: aetolia::validate::validate_time\n             at ./src/validate.rs:254:9\n   3: aetolia::validate::value::check_declared_value\n             at ./src/validate/value.rs:830:53\n   4: aetolia::validate::component_properties::validate_component_properties\n             at ./src/validate/component_properties.rs:251:9\n   5: aetolia::validate::validate_model\n             at ./src/validate.rs:88:25\n   6: aetolia::validate::tests::validate_content\n             at ./src/validate.rs:2717:9\n   7: aetolia::validate::tests::iana_property_value_type_checks\n             at ./src/validate.rs:2272:22\n   8: aetolia::validate::tests::iana_property_value_type_checks::{{closure}}\n             at ./src/validate.rs:2240:41\n   9: core::ops::function::FnOnce::call_once\n             at /rustc/90b35a6239c3d8bdabc530a6a0816f7ff89a0aaf/library/core/src/ops/function.rs:250:5\n  10: core::ops::function::FnOnce::call_once\n             at /rustc/90b35a6239c3d8bdabc530a6a0816f7ff89a0aaf/library/core/src/ops/function.rs:250:5\n  11: test::__rust_begin_short_backtrace\n             at /rustc/90b35a6239c3d8bdabc530a6a0816f7ff89a0aaf/library/test/src/lib.rs:621:18\n  12: test::run_test_in_process::{{closure}}\n             at /rustc/90b35a6239c3d8bdabc530a6a0816f7ff89a0aaf/library/test/src/lib.rs:644:60\n  13: <core::panic::unwind_safe::AssertUnwindSafe<F> as core::ops::function::FnOnce<()>>::call_once\n             at /rustc/90b35a6239c3d8bdabc530a6a0816f7ff89a0aaf/library/core/src/panic/unwind_safe.rs:272:9\n  14: std::panicking::try::do_call\n             at /rustc/90b35a6239c3d8bdabc530a6a0816f7ff89a0aaf/library/std/src/panicking.rs:557:40\n  15: std::panicking::try\n             at /rustc/90b35a6239c3d8bdabc530a6a0816f7ff89a0aaf/library/std/src/panicking.rs:520:19\n  16: std::panic::catch_unwind\n             at /rustc/90b35a6239c3d8bdabc530a6a0816f7ff89a0aaf/library/std/src/panic.rs:358:14\n  17: test::run_test_in_process\n             at /rustc/90b35a6239c3d8bdabc530a6a0816f7ff89a0aaf/library/test/src/lib.rs:644:27\n  18: test::run_test::{{closure}}\n             at /rustc/90b35a6239c3d8bdabc530a6a0816f7ff89a0aaf/library/test/src/lib.rs:565:43\n  19: test::run_test::{{closure}}\n             at /rustc/90b35a6239c3d8bdabc530a6a0816f7ff89a0aaf/library/test/src/lib.rs:595:41\n  20: std::sys::backtrace::__rust_begin_short_backtrace\n             at /rustc/90b35a6239c3d8bdabc530a6a0816f7ff89a0aaf/library/std/src/sys/backtrace.rs:154:18\n  21: std::thread::Builder::spawn_unchecked_::{{closure}}::{{closure}}\n             at /rustc/90b35a6239c3d8bdabc530a6a0816f7ff89a0aaf/library/std/src/thread/mod.rs:538:17\n  22: <core::panic::unwind_safe::AssertUnwindSafe<F> as core::ops::function::FnOnce<()>>::call_once\n             at /rustc/90b35a6239c3d8bdabc530a6a0816f7ff89a0aaf/library/core/src/panic/unwind_safe.rs:272:9\n  23: std::panicking::try::do_call\n             at /rustc/90b35a6239c3d8bdabc530a6a0816f7ff89a0aaf/library/std/src/panicking.rs:557:40\n  24: std::panicking::try\n             at /rustc/90b35a6239c3d8bdabc530a6a0816f7ff89a0aaf/library/std/src/panicking.rs:520:19\n  25: std::panic::catch_unwind\n             at /rustc/90b35a6239c3d8bdabc530a6a0816f7ff89a0aaf/library/std/src/panic.rs:358:14\n  26: std::thread::Builder::spawn_unchecked_::{{closure}}\n             at /rustc/90b35a6239c3d8bdabc530a6a0816f7ff89a0aaf/library/std/src/thread/mod.rs:537:30\n  27: core::ops::function::FnOnce::call_once{{vtable.shim}}\n             at /rustc/90b35a6239c3d8bdabc530a6a0816f7ff89a0aaf/library/core/src/ops/function.rs:250:5\n  28: <alloc::boxed::Box<F,A> as core::ops::function::FnOnce<Args>>::call_once\n             at /rustc/90b35a6239c3d8bdabc530a6a0816f7ff89a0aaf/library/alloc/src/boxed.rs:2454:9\n  29: <alloc::boxed::Box<F,A> as core::ops::function::FnOnce<Args>>::call_once\n             at /rustc/90b35a6239c3d8bdabc530a6a0816f7ff89a0aaf/library/alloc/src/boxed.rs:2454:9\n  30: std::sys::pal::unix::thread::Thread::new::thread_start\n             at /rustc/90b35a6239c3d8bdabc530a6a0816f7ff89a0aaf/library/std/src/sys/pal/unix/thread.rs:105:17\n  31: <unknown>\n  32: clone",
[INFO] [stdout] -    "In component \"VEVENT\" at index 0, in component property \"TIME-INVALID-MINUTE\" at index 3: Found an invalid time at index 0 - Minute must be between 0 and 59\n\nStack backtrace:\n   0: anyhow::error::<impl anyhow::Error>::msg\n             at /opt/rustwide/cargo-home/registry/src/index.crates.io-6f17d22bba15001f/anyhow-1.0.86/src/backtrace.rs:27:14\n   1: anyhow::__private::format_err\n             at /opt/rustwide/cargo-home/registry/src/index.crates.io-6f17d22bba15001f/anyhow-1.0.86/src/lib.rs:689:13\n   2: aetolia::validate::validate_time\n             at ./src/validate.rs:258:9\n   3: aetolia::validate::value::check_declared_value\n             at ./src/validate/value.rs:830:53\n   4: aetolia::validate::component_properties::validate_component_properties\n             at ./src/validate/component_properties.rs:251:9\n   5: aetolia::validate::validate_model\n             at ./src/validate.rs:88:25\n   6: aetolia::validate::tests::validate_content\n             at ./src/validate.rs:2717:9\n   7: aetolia::validate::tests::iana_property_value_type_checks\n             at ./src/validate.rs:2272:22\n   8: aetolia::validate::tests::iana_property_value_type_checks::{{closure}}\n             at ./src/validate.rs:2240:41\n   9: core::ops::function::FnOnce::call_once\n             at /rustc/90b35a6239c3d8bdabc530a6a0816f7ff89a0aaf/library/core/src/ops/function.rs:250:5\n  10: core::ops::function::FnOnce::call_once\n             at /rustc/90b35a6239c3d8bdabc530a6a0816f7ff89a0aaf/library/core/src/ops/function.rs:250:5\n  11: test::__rust_begin_short_backtrace\n             at /rustc/90b35a6239c3d8bdabc530a6a0816f7ff89a0aaf/library/test/src/lib.rs:621:18\n  12: test::run_test_in_process::{{closure}}\n             at /rustc/90b35a6239c3d8bdabc530a6a0816f7ff89a0aaf/library/test/src/lib.rs:644:60\n  13: <core::panic::unwind_safe::AssertUnwindSafe<F> as core::ops::function::FnOnce<()>>::call_once\n             at /rustc/90b35a6239c3d8bdabc530a6a0816f7ff89a0aaf/library/core/src/panic/unwind_safe.rs:272:9\n  14: std::panicking::try::do_call\n             at /rustc/90b35a6239c3d8bdabc530a6a0816f7ff89a0aaf/library/std/src/panicking.rs:557:40\n  15: std::panicking::try\n             at /rustc/90b35a6239c3d8bdabc530a6a0816f7ff89a0aaf/library/std/src/panicking.rs:520:19\n  16: std::panic::catch_unwind\n             at /rustc/90b35a6239c3d8bdabc530a6a0816f7ff89a0aaf/library/std/src/panic.rs:358:14\n  17: test::run_test_in_process\n             at /rustc/90b35a6239c3d8bdabc530a6a0816f7ff89a0aaf/library/test/src/lib.rs:644:27\n  18: test::run_test::{{closure}}\n             at /rustc/90b35a6239c3d8bdabc530a6a0816f7ff89a0aaf/library/test/src/lib.rs:565:43\n  19: test::run_test::{{closure}}\n             at /rustc/90b35a6239c3d8bdabc530a6a0816f7ff89a0aaf/library/test/src/lib.rs:595:41\n  20: std::sys::backtrace::__rust_begin_short_backtrace\n             at /rustc/90b35a6239c3d8bdabc530a6a0816f7ff89a0aaf/library/std/src/sys/backtrace.rs:154:18\n  21: std::thread::Builder::spawn_unchecked_::{{closure}}::{{closure}}\n             at /rustc/90b35a6239c3d8bdabc530a6a0816f7ff89a0aaf/library/std/src/thread/mod.rs:538:17\n  22: <core::panic::unwind_safe::AssertUnwindSafe<F> as core::ops::function::FnOnce<()>>::call_once\n             at /rustc/90b35a6239c3d8bdabc530a6a0816f7ff89a0aaf/library/core/src/panic/unwind_safe.rs:272:9\n  23: std::panicking::try::do_call\n             at /rustc/90b35a6239c3d8bdabc530a6a0816f7ff89a0aaf/library/std/src/panicking.rs:557:40\n  24: std::panicking::try\n             at /rustc/90b35a6239c3d8bdabc530a6a0816f7ff89a0aaf/library/std/src/panicking.rs:520:19\n  25: std::panic::catch_unwind\n             at /rustc/90b35a6239c3d8bdabc530a6a0816f7ff89a0aaf/library/std/src/panic.rs:358:14\n  26: std::thread::Builder::spawn_unchecked_::{{closure}}\n             at /rustc/90b35a6239c3d8bdabc530a6a0816f7ff89a0aaf/library/std/src/thread/mod.rs:537:30\n  27: core::ops::function::FnOnce::call_once{{vtable.shim}}\n             at /rustc/90b35a6239c3d8bdabc530a6a0816f7ff89a0aaf/library/core/src/ops/function.rs:250:5\n  28: <alloc::boxed::Box<F,A> as core::ops::function::FnOnce<Args>>::call_once\n             at /rustc/90b35a6239c3d8bdabc530a6a0816f7ff89a0aaf/library/alloc/src/boxed.rs:2454:9\n  29: <alloc::boxed::Box<F,A> as core::ops::function::FnOnce<Args>>::call_once\n             at /rustc/90b35a6239c3d8bdabc530a6a0816f7ff89a0aaf/library/alloc/src/boxed.rs:2454:9\n  30: std::sys::pal::unix::thread::Thread::new::thread_start\n             at /rustc/90b35a6239c3d8bdabc530a6a0816f7ff89a0aaf/library/std/src/sys/pal/unix/thread.rs:105:17\n  31: <unknown>\n  32: clone",
[INFO] [stdout] -    "In component \"VEVENT\" at index 0, in component property \"TIME-INVALID-SECOND\" at index 4: Found an invalid time at index 0 - Second must be between 0 and 60\n\nStack backtrace:\n   0: anyhow::error::<impl anyhow::Error>::msg\n             at /opt/rustwide/cargo-home/registry/src/index.crates.io-6f17d22bba15001f/anyhow-1.0.86/src/backtrace.rs:27:14\n   1: anyhow::__private::format_err\n             at /opt/rustwide/cargo-home/registry/src/index.crates.io-6f17d22bba15001f/anyhow-1.0.86/src/lib.rs:689:13\n   2: aetolia::validate::validate_time\n             at ./src/validate.rs:262:9\n   3: aetolia::validate::value::check_declared_value\n             at ./src/validate/value.rs:830:53\n   4: aetolia::validate::component_properties::validate_component_properties\n             at ./src/validate/component_properties.rs:251:9\n   5: aetolia::validate::validate_model\n             at ./src/validate.rs:88:25\n   6: aetolia::validate::tests::validate_content\n             at ./src/validate.rs:2717:9\n   7: aetolia::validate::tests::iana_property_value_type_checks\n             at ./src/validate.rs:2272:22\n   8: aetolia::validate::tests::iana_property_value_type_checks::{{closure}}\n             at ./src/validate.rs:2240:41\n   9: core::ops::function::FnOnce::call_once\n             at /rustc/90b35a6239c3d8bdabc530a6a0816f7ff89a0aaf/library/core/src/ops/function.rs:250:5\n  10: core::ops::function::FnOnce::call_once\n             at /rustc/90b35a6239c3d8bdabc530a6a0816f7ff89a0aaf/library/core/src/ops/function.rs:250:5\n  11: test::__rust_begin_short_backtrace\n             at /rustc/90b35a6239c3d8bdabc530a6a0816f7ff89a0aaf/library/test/src/lib.rs:621:18\n  12: test::run_test_in_process::{{closure}}\n             at /rustc/90b35a6239c3d8bdabc530a6a0816f7ff89a0aaf/library/test/src/lib.rs:644:60\n  13: <core::panic::unwind_safe::AssertUnwindSafe<F> as core::ops::function::FnOnce<()>>::call_once\n             at /rustc/90b35a6239c3d8bdabc530a6a0816f7ff89a0aaf/library/core/src/panic/unwind_safe.rs:272:9\n  14: std::panicking::try::do_call\n             at /rustc/90b35a6239c3d8bdabc530a6a0816f7ff89a0aaf/library/std/src/panicking.rs:557:40\n  15: std::panicking::try\n             at /rustc/90b35a6239c3d8bdabc530a6a0816f7ff89a0aaf/library/std/src/panicking.rs:520:19\n  16: std::panic::catch_unwind\n             at /rustc/90b35a6239c3d8bdabc530a6a0816f7ff89a0aaf/library/std/src/panic.rs:358:14\n  17: test::run_test_in_process\n             at /rustc/90b35a6239c3d8bdabc530a6a0816f7ff89a0aaf/library/test/src/lib.rs:644:27\n  18: test::run_test::{{closure}}\n             at /rustc/90b35a6239c3d8bdabc530a6a0816f7ff89a0aaf/library/test/src/lib.rs:565:43\n  19: test::run_test::{{closure}}\n             at /rustc/90b35a6239c3d8bdabc530a6a0816f7ff89a0aaf/library/test/src/lib.rs:595:41\n  20: std::sys::backtrace::__rust_begin_short_backtrace\n             at /rustc/90b35a6239c3d8bdabc530a6a0816f7ff89a0aaf/library/std/src/sys/backtrace.rs:154:18\n  21: std::thread::Builder::spawn_unchecked_::{{closure}}::{{closure}}\n             at /rustc/90b35a6239c3d8bdabc530a6a0816f7ff89a0aaf/library/std/src/thread/mod.rs:538:17\n  22: <core::panic::unwind_safe::AssertUnwindSafe<F> as core::ops::function::FnOnce<()>>::call_once\n             at /rustc/90b35a6239c3d8bdabc530a6a0816f7ff89a0aaf/library/core/src/panic/unwind_safe.rs:272:9\n  23: std::panicking::try::do_call\n             at /rustc/90b35a6239c3d8bdabc530a6a0816f7ff89a0aaf/library/std/src/panicking.rs:557:40\n  24: std::panicking::try\n             at /rustc/90b35a6239c3d8bdabc530a6a0816f7ff89a0aaf/library/std/src/panicking.rs:520:19\n  25: std::panic::catch_unwind\n             at /rustc/90b35a6239c3d8bdabc530a6a0816f7ff89a0aaf/library/std/src/panic.rs:358:14\n  26: std::thread::Builder::spawn_unchecked_::{{closure}}\n             at /rustc/90b35a6239c3d8bdabc530a6a0816f7ff89a0aaf/library/std/src/thread/mod.rs:537:30\n  27: core::ops::function::FnOnce::call_once{{vtable.shim}}\n             at /rustc/90b35a6239c3d8bdabc530a6a0816f7ff89a0aaf/library/core/src/ops/function.rs:250:5\n  28: <alloc::boxed::Box<F,A> as core::ops::function::FnOnce<Args>>::call_once\n             at /rustc/90b35a6239c3d8bdabc530a6a0816f7ff89a0aaf/library/alloc/src/boxed.rs:2454:9\n  29: <alloc::boxed::Box<F,A> as core::ops::function::FnOnce<Args>>::call_once\n             at /rustc/90b35a6239c3d8bdabc530a6a0816f7ff89a0aaf/library/alloc/src/boxed.rs:2454:9\n  30: std::sys::pal::unix::thread::Thread::new::thread_start\n             at /rustc/90b35a6239c3d8bdabc530a6a0816f7ff89a0aaf/library/std/src/sys/pal/unix/thread.rs:105:17\n  31: <unknown>\n  32: clone",
[INFO] [stdout] -    "In component \"VEVENT\" at index 0, in component property \"UTC-OFFSET-NEGATIVE-ZERO\" at index 6: Found an invalid UTC offset - UTC offset must have a non-zero value if it is negative\n\nStack backtrace:\n   0: anyhow::error::<impl anyhow::Error>::msg\n             at /opt/rustwide/cargo-home/registry/src/index.crates.io-6f17d22bba15001f/anyhow-1.0.86/src/backtrace.rs:27:14\n   1: anyhow::__private::format_err\n             at /opt/rustwide/cargo-home/registry/src/index.crates.io-6f17d22bba15001f/anyhow-1.0.86/src/lib.rs:689:13\n   2: aetolia::validate::validate_utc_offset\n             at ./src/validate.rs:274:9\n   3: aetolia::validate::value::check_declared_value\n             at ./src/validate/value.rs:957:49\n   4: aetolia::validate::component_properties::validate_component_properties\n             at ./src/validate/component_properties.rs:251:9\n   5: aetolia::validate::validate_model\n             at ./src/validate.rs:88:25\n   6: aetolia::validate::tests::validate_content\n             at ./src/validate.rs:2717:9\n   7: aetolia::validate::tests::iana_property_value_type_checks\n             at ./src/validate.rs:2272:22\n   8: aetolia::validate::tests::iana_property_value_type_checks::{{closure}}\n             at ./src/validate.rs:2240:41\n   9: core::ops::function::FnOnce::call_once\n             at /rustc/90b35a6239c3d8bdabc530a6a0816f7ff89a0aaf/library/core/src/ops/function.rs:250:5\n  10: core::ops::function::FnOnce::call_once\n             at /rustc/90b35a6239c3d8bdabc530a6a0816f7ff89a0aaf/library/core/src/ops/function.rs:250:5\n  11: test::__rust_begin_short_backtrace\n             at /rustc/90b35a6239c3d8bdabc530a6a0816f7ff89a0aaf/library/test/src/lib.rs:621:18\n  12: test::run_test_in_process::{{closure}}\n             at /rustc/90b35a6239c3d8bdabc530a6a0816f7ff89a0aaf/library/test/src/lib.rs:644:60\n  13: <core::panic::unwind_safe::AssertUnwindSafe<F> as core::ops::function::FnOnce<()>>::call_once\n             at /rustc/90b35a6239c3d8bdabc530a6a0816f7ff89a0aaf/library/core/src/panic/unwind_safe.rs:272:9\n  14: std::panicking::try::do_call\n             at /rustc/90b35a6239c3d8bdabc530a6a0816f7ff89a0aaf/library/std/src/panicking.rs:557:40\n  15: std::panicking::try\n             at /rustc/90b35a6239c3d8bdabc530a6a0816f7ff89a0aaf/library/std/src/panicking.rs:520:19\n  16: std::panic::catch_unwind\n             at /rustc/90b35a6239c3d8bdabc530a6a0816f7ff89a0aaf/library/std/src/panic.rs:358:14\n  17: test::run_test_in_process\n             at /rustc/90b35a6239c3d8bdabc530a6a0816f7ff89a0aaf/library/test/src/lib.rs:644:27\n  18: test::run_test::{{closure}}\n             at /rustc/90b35a6239c3d8bdabc530a6a0816f7ff89a0aaf/library/test/src/lib.rs:565:43\n  19: test::run_test::{{closure}}\n             at /rustc/90b35a6239c3d8bdabc530a6a0816f7ff89a0aaf/library/test/src/lib.rs:595:41\n  20: std::sys::backtrace::__rust_begin_short_backtrace\n             at /rustc/90b35a6239c3d8bdabc530a6a0816f7ff89a0aaf/library/std/src/sys/backtrace.rs:154:18\n  21: std::thread::Builder::spawn_unchecked_::{{closure}}::{{closure}}\n             at /rustc/90b35a6239c3d8bdabc530a6a0816f7ff89a0aaf/library/std/src/thread/mod.rs:538:17\n  22: <core::panic::unwind_safe::AssertUnwindSafe<F> as core::ops::function::FnOnce<()>>::call_once\n             at /rustc/90b35a6239c3d8bdabc530a6a0816f7ff89a0aaf/library/core/src/panic/unwind_safe.rs:272:9\n  23: std::panicking::try::do_call\n             at /rustc/90b35a6239c3d8bdabc530a6a0816f7ff89a0aaf/library/std/src/panicking.rs:557:40\n  24: std::panicking::try\n             at /rustc/90b35a6239c3d8bdabc530a6a0816f7ff89a0aaf/library/std/src/panicking.rs:520:19\n  25: std::panic::catch_unwind\n             at /rustc/90b35a6239c3d8bdabc530a6a0816f7ff89a0aaf/library/std/src/panic.rs:358:14\n  26: std::thread::Builder::spawn_unchecked_::{{closure}}\n             at /rustc/90b35a6239c3d8bdabc530a6a0816f7ff89a0aaf/library/std/src/thread/mod.rs:537:30\n  27: core::ops::function::FnOnce::call_once{{vtable.shim}}\n             at /rustc/90b35a6239c3d8bdabc530a6a0816f7ff89a0aaf/library/core/src/ops/function.rs:250:5\n  28: <alloc::boxed::Box<F,A> as core::ops::function::FnOnce<Args>>::call_once\n             at /rustc/90b35a6239c3d8bdabc530a6a0816f7ff89a0aaf/library/alloc/src/boxed.rs:2454:9\n  29: <alloc::boxed::Box<F,A> as core::ops::function::FnOnce<Args>>::call_once\n             at /rustc/90b35a6239c3d8bdabc530a6a0816f7ff89a0aaf/library/alloc/src/boxed.rs:2454:9\n  30: std::sys::pal::unix::thread::Thread::new::thread_start\n             at /rustc/90b35a6239c3d8bdabc530a6a0816f7ff89a0aaf/library/std/src/sys/pal/unix/thread.rs:105:17\n  31: <unknown>\n  32: clone",
[INFO] [stdout] -    "In component \"VEVENT\" at index 0, in component property \"UTC-OFFSET-INVALID-MINUTE\" at index 8: Found an invalid UTC offset - Minutes must be between 0 and 59\n\nStack backtrace:\n   0: anyhow::error::<impl anyhow::Error>::msg\n             at /opt/rustwide/cargo-home/registry/src/index.crates.io-6f17d22bba15001f/anyhow-1.0.86/src/backtrace.rs:27:14\n   1: anyhow::__private::format_err\n             at /opt/rustwide/cargo-home/registry/src/index.crates.io-6f17d22bba15001f/anyhow-1.0.86/src/lib.rs:689:13\n   2: aetolia::validate::validate_utc_offset\n             at ./src/validate.rs:278:9\n   3: aetolia::validate::value::check_declared_value\n             at ./src/validate/value.rs:957:49\n   4: aetolia::validate::component_properties::validate_component_properties\n             at ./src/validate/component_properties.rs:251:9\n   5: aetolia::validate::validate_model\n             at ./src/validate.rs:88:25\n   6: aetolia::validate::tests::validate_content\n             at ./src/validate.rs:2717:9\n   7: aetolia::validate::tests::iana_property_value_type_checks\n             at ./src/validate.rs:2272:22\n   8: aetolia::validate::tests::iana_property_value_type_checks::{{closure}}\n             at ./src/validate.rs:2240:41\n   9: core::ops::function::FnOnce::call_once\n             at /rustc/90b35a6239c3d8bdabc530a6a0816f7ff89a0aaf/library/core/src/ops/function.rs:250:5\n  10: core::ops::function::FnOnce::call_once\n             at /rustc/90b35a6239c3d8bdabc530a6a0816f7ff89a0aaf/library/core/src/ops/function.rs:250:5\n  11: test::__rust_begin_short_backtrace\n             at /rustc/90b35a6239c3d8bdabc530a6a0816f7ff89a0aaf/library/test/src/lib.rs:621:18\n  12: test::run_test_in_process::{{closure}}\n             at /rustc/90b35a6239c3d8bdabc530a6a0816f7ff89a0aaf/library/test/src/lib.rs:644:60\n  13: <core::panic::unwind_safe::AssertUnwindSafe<F> as core::ops::function::FnOnce<()>>::call_once\n             at /rustc/90b35a6239c3d8bdabc530a6a0816f7ff89a0aaf/library/core/src/panic/unwind_safe.rs:272:9\n  14: std::panicking::try::do_call\n             at /rustc/90b35a6239c3d8bdabc530a6a0816f7ff89a0aaf/library/std/src/panicking.rs:557:40\n  15: std::panicking::try\n             at /rustc/90b35a6239c3d8bdabc530a6a0816f7ff89a0aaf/library/std/src/panicking.rs:520:19\n  16: std::panic::catch_unwind\n             at /rustc/90b35a6239c3d8bdabc530a6a0816f7ff89a0aaf/library/std/src/panic.rs:358:14\n  17: test::run_test_in_process\n             at /rustc/90b35a6239c3d8bdabc530a6a0816f7ff89a0aaf/library/test/src/lib.rs:644:27\n  18: test::run_test::{{closure}}\n             at /rustc/90b35a6239c3d8bdabc530a6a0816f7ff89a0aaf/library/test/src/lib.rs:565:43\n  19: test::run_test::{{closure}}\n             at /rustc/90b35a6239c3d8bdabc530a6a0816f7ff89a0aaf/library/test/src/lib.rs:595:41\n  20: std::sys::backtrace::__rust_begin_short_backtrace\n             at /rustc/90b35a6239c3d8bdabc530a6a0816f7ff89a0aaf/library/std/src/sys/backtrace.rs:154:18\n  21: std::thread::Builder::spawn_unchecked_::{{closure}}::{{closure}}\n             at /rustc/90b35a6239c3d8bdabc530a6a0816f7ff89a0aaf/library/std/src/thread/mod.rs:538:17\n  22: <core::panic::unwind_safe::AssertUnwindSafe<F> as core::ops::function::FnOnce<()>>::call_once\n             at /rustc/90b35a6239c3d8bdabc530a6a0816f7ff89a0aaf/library/core/src/panic/unwind_safe.rs:272:9\n  23: std::panicking::try::do_call\n             at /rustc/90b35a6239c3d8bdabc530a6a0816f7ff89a0aaf/library/std/src/panicking.rs:557:40\n  24: std::panicking::try\n             at /rustc/90b35a6239c3d8bdabc530a6a0816f7ff89a0aaf/library/std/src/panicking.rs:520:19\n  25: std::panic::catch_unwind\n             at /rustc/90b35a6239c3d8bdabc530a6a0816f7ff89a0aaf/library/std/src/panic.rs:358:14\n  26: std::thread::Builder::spawn_unchecked_::{{closure}}\n             at /rustc/90b35a6239c3d8bdabc530a6a0816f7ff89a0aaf/library/std/src/thread/mod.rs:537:30\n  27: core::ops::function::FnOnce::call_once{{vtable.shim}}\n             at /rustc/90b35a6239c3d8bdabc530a6a0816f7ff89a0aaf/library/core/src/ops/function.rs:250:5\n  28: <alloc::boxed::Box<F,A> as core::ops::function::FnOnce<Args>>::call_once\n             at /rustc/90b35a6239c3d8bdabc530a6a0816f7ff89a0aaf/library/alloc/src/boxed.rs:2454:9\n  29: <alloc::boxed::Box<F,A> as core::ops::function::FnOnce<Args>>::call_once\n             at /rustc/90b35a6239c3d8bdabc530a6a0816f7ff89a0aaf/library/alloc/src/boxed.rs:2454:9\n  30: std::sys::pal::unix::thread::Thread::new::thread_start\n             at /rustc/90b35a6239c3d8bdabc530a6a0816f7ff89a0aaf/library/std/src/sys/pal/unix/thread.rs:105:17\n  31: <unknown>\n  32: clone",
[INFO] [stdout] +    "In component \"VEVENT\" at index 0, in component property \"TIME-INVALID-HOUR\" at index 2: Found an invalid time at index 0 - Hour must be between 0 and 23",
[INFO] [stdout] +    "In component \"VEVENT\" at index 0, in component property \"TIME-INVALID-MINUTE\" at index 3: Found an invalid time at index 0 - Minute must be between 0 and 59",
[INFO] [stdout] +    "In component \"VEVENT\" at index 0, in component property \"TIME-INVALID-SECOND\" at index 4: Found an invalid time at index 0 - Second must be between 0 and 60",
[INFO] [stdout] +    "In component \"VEVENT\" at index 0, in component property \"UTC-OFFSET-NEGATIVE-ZERO\" at index 6: Found an invalid UTC offset - UTC offset must have a non-zero value if it is negative",
[INFO] [stdout] +    "In component \"VEVENT\" at index 0, in component property \"UTC-OFFSET-INVALID-MINUTE\" at index 8: Found an invalid UTC offset - Minutes must be between 0 and 59",
[INFO] [stdout]      "In component \"VEVENT\" at index 0, in component property \"BASE-64\" at index 9: Property is declared to have a binary value but the encoding is set to 8BIT, instead of BASE64",
[INFO] [stdout]      "In component \"VEVENT\" at index 0, in component property \"BASE-64\" at index 10: Property is declared to have a binary value but the value is not base64",
[INFO] [stdout]      "In component \"VEVENT\" at index 0, in component property \"BOOLEAN\" at index 11: Property is declared to have a boolean value but the value is not a boolean",
[INFO] [stdout]      "In component \"VEVENT\" at index 0, in component property \"CAL-ADDRESS-NOT-URL\" at index 12: Property is declared to have a calendar address value but the value is not a mailto: URI",
[INFO] [stdout] 
[INFO] [stdout] 
[INFO] [stdout] stack backtrace:
[INFO] [stdout]    0:     0x6292426c7bba - std::backtrace_rs::backtrace::libunwind::trace::h5a5b8284f2d0c266
[INFO] [stdout]                                at /rustc/90b35a6239c3d8bdabc530a6a0816f7ff89a0aaf/library/std/src/../../backtrace/src/backtrace/libunwind.rs:116:5
[INFO] [stdout]    1:     0x6292426c7bba - std::backtrace_rs::backtrace::trace_unsynchronized::h76d4f1c9b0b875e3
[INFO] [stdout]                                at /rustc/90b35a6239c3d8bdabc530a6a0816f7ff89a0aaf/library/std/src/../../backtrace/src/backtrace/mod.rs:66:5
[INFO] [stdout]    2:     0x6292426c7bba - std::sys::backtrace::_print_fmt::hc4546b8364a537c6
[INFO] [stdout]                                at /rustc/90b35a6239c3d8bdabc530a6a0816f7ff89a0aaf/library/std/src/sys/backtrace.rs:66:9
[INFO] [stdout]    3:     0x6292426c7bba - <std::sys::backtrace::BacktraceLock::print::DisplayBacktrace as core::fmt::Display>::fmt::h5b6bd5631a6d1f6b
[INFO] [stdout]                                at /rustc/90b35a6239c3d8bdabc530a6a0816f7ff89a0aaf/library/std/src/sys/backtrace.rs:39:26
[INFO] [stdout]    4:     0x6292426ef2f3 - core::fmt::rt::Argument::fmt::h270f6602a2b96f62
[INFO] [stdout]                                at /rustc/90b35a6239c3d8bdabc530a6a0816f7ff89a0aaf/library/core/src/fmt/rt.rs:177:76
[INFO] [stdout]    5:     0x6292426ef2f3 - core::fmt::write::h7550c97b06c86515
[INFO] [stdout]                                at /rustc/90b35a6239c3d8bdabc530a6a0816f7ff89a0aaf/library/core/src/fmt/mod.rs:1186:21
[INFO] [stdout]    6:     0x6292426c4bb3 - std::io::Write::write_fmt::h509ff860e5956e5e
[INFO] [stdout]                                at /rustc/90b35a6239c3d8bdabc530a6a0816f7ff89a0aaf/library/std/src/io/mod.rs:1839:15
[INFO] [stdout]    7:     0x6292426c7a02 - std::sys::backtrace::BacktraceLock::print::h2395ccd2c84ba3aa
[INFO] [stdout]                                at /rustc/90b35a6239c3d8bdabc530a6a0816f7ff89a0aaf/library/std/src/sys/backtrace.rs:42:9
[INFO] [stdout]    8:     0x6292426c901a - std::panicking::default_hook::{{closure}}::he19d4c7230e07961
[INFO] [stdout]                                at /rustc/90b35a6239c3d8bdabc530a6a0816f7ff89a0aaf/library/std/src/panicking.rs:268:22
[INFO] [stdout]    9:     0x6292426c8e24 - std::panicking::default_hook::hf614597d3c67bbdb
[INFO] [stdout]                                at /rustc/90b35a6239c3d8bdabc530a6a0816f7ff89a0aaf/library/std/src/panicking.rs:292:9
[INFO] [stdout]   10:     0x629242671e49 - <alloc::boxed::Box<F,A> as core::ops::function::Fn<Args>>::call::h39b51ce4599c23d1
[INFO] [stdout]                                at /rustc/90b35a6239c3d8bdabc530a6a0816f7ff89a0aaf/library/alloc/src/boxed.rs:2468:9
[INFO] [stdout]   11:     0x629242671e49 - test::test_main::{{closure}}::he977ae839a582784
[INFO] [stdout]                                at /rustc/90b35a6239c3d8bdabc530a6a0816f7ff89a0aaf/library/test/src/lib.rs:133:21
[INFO] [stdout]   12:     0x6292426c96b8 - <alloc::boxed::Box<F,A> as core::ops::function::Fn<Args>>::call::h9455091b6b06f9fb
[INFO] [stdout]                                at /rustc/90b35a6239c3d8bdabc530a6a0816f7ff89a0aaf/library/alloc/src/boxed.rs:2468:9
[INFO] [stdout]   13:     0x6292426c96b8 - std::panicking::rust_panic_with_hook::h8942133a8b252070
[INFO] [stdout]                                at /rustc/90b35a6239c3d8bdabc530a6a0816f7ff89a0aaf/library/std/src/panicking.rs:809:13
[INFO] [stdout]   14:     0x6292426c947a - std::panicking::begin_panic_handler::{{closure}}::hb5f5963570096b29
[INFO] [stdout]                                at /rustc/90b35a6239c3d8bdabc530a6a0816f7ff89a0aaf/library/std/src/panicking.rs:674:13
[INFO] [stdout]   15:     0x6292426c8099 - std::sys::backtrace::__rust_end_short_backtrace::h6208cedc1922feda
[INFO] [stdout]                                at /rustc/90b35a6239c3d8bdabc530a6a0816f7ff89a0aaf/library/std/src/sys/backtrace.rs:170:18
[INFO] [stdout]   16:     0x6292426c910c - rust_begin_unwind
[INFO] [stdout]                                at /rustc/90b35a6239c3d8bdabc530a6a0816f7ff89a0aaf/library/std/src/panicking.rs:665:5
[INFO] [stdout]   17:     0x62924221c070 - core::panicking::panic_fmt::h0c3082644d1bf418
[INFO] [stdout]                                at /rustc/90b35a6239c3d8bdabc530a6a0816f7ff89a0aaf/library/core/src/panicking.rs:74:14
[INFO] [stdout]   18:     0x6292425c7174 - similar_asserts::SimpleDiff::fail_assertion::h123187dbf3f3cd13
[INFO] [stdout]                                at /opt/rustwide/cargo-home/registry/src/index.crates.io-6f17d22bba15001f/similar-asserts-1.5.0/src/lib.rs:186:9
[INFO] [stdout]   19:     0x6292424caba9 - aetolia::validate::tests::iana_property_value_type_checks::hbc36e8b83a5acbbd
[INFO] [stdout]                                at /opt/rustwide/workdir/src/validate.rs:550:13
[INFO] [stdout]   20:     0x6292424ca777 - aetolia::validate::tests::iana_property_value_type_checks::{{closure}}::he3359069fe2de5cb
[INFO] [stdout]                                at /opt/rustwide/workdir/src/validate.rs:2240:41
[INFO] [stdout]   21:     0x62924242da26 - core::ops::function::FnOnce::call_once::h38f94fc5cdca6e39
[INFO] [stdout]                                at /rustc/90b35a6239c3d8bdabc530a6a0816f7ff89a0aaf/library/core/src/ops/function.rs:250:5
[INFO] [stdout]   22:     0x62924267680b - core::ops::function::FnOnce::call_once::h109cf8051a59b34e
[INFO] [stdout]                                at /rustc/90b35a6239c3d8bdabc530a6a0816f7ff89a0aaf/library/core/src/ops/function.rs:250:5
[INFO] [stdout]   23:     0x62924267680b - test::__rust_begin_short_backtrace::hf4fff89d377446ba
[INFO] [stdout]                                at /rustc/90b35a6239c3d8bdabc530a6a0816f7ff89a0aaf/library/test/src/lib.rs:621:18
[INFO] [stdout]   24:     0x629242676047 - test::run_test_in_process::{{closure}}::h0e39181dd7ee5a43
[INFO] [stdout]                                at /rustc/90b35a6239c3d8bdabc530a6a0816f7ff89a0aaf/library/test/src/lib.rs:644:60
[INFO] [stdout]   25:     0x629242676047 - <core::panic::unwind_safe::AssertUnwindSafe<F> as core::ops::function::FnOnce<()>>::call_once::hc5a66a30f0bdfd1f
[INFO] [stdout]                                at /rustc/90b35a6239c3d8bdabc530a6a0816f7ff89a0aaf/library/core/src/panic/unwind_safe.rs:272:9
[INFO] [stdout]   26:     0x629242676047 - std::panicking::try::do_call::h873b7cf639554a5e
[INFO] [stdout]                                at /rustc/90b35a6239c3d8bdabc530a6a0816f7ff89a0aaf/library/std/src/panicking.rs:557:40
[INFO] [stdout]   27:     0x629242676047 - std::panicking::try::hdb19862fad9c8bd1
[INFO] [stdout]                                at /rustc/90b35a6239c3d8bdabc530a6a0816f7ff89a0aaf/library/std/src/panicking.rs:520:19
[INFO] [stdout]   28:     0x629242676047 - std::panic::catch_unwind::h281fe732d236d260
[INFO] [stdout]                                at /rustc/90b35a6239c3d8bdabc530a6a0816f7ff89a0aaf/library/std/src/panic.rs:358:14
[INFO] [stdout]   29:     0x629242676047 - test::run_test_in_process::h949b6df8457ed338
[INFO] [stdout]                                at /rustc/90b35a6239c3d8bdabc530a6a0816f7ff89a0aaf/library/test/src/lib.rs:644:27
[INFO] [stdout]   30:     0x629242676047 - test::run_test::{{closure}}::h52c556a6d4740e10
[INFO] [stdout]                                at /rustc/90b35a6239c3d8bdabc530a6a0816f7ff89a0aaf/library/test/src/lib.rs:565:43
[INFO] [stdout]   31:     0x62924263b324 - test::run_test::{{closure}}::h4237f6381c45ccb9
[INFO] [stdout]                                at /rustc/90b35a6239c3d8bdabc530a6a0816f7ff89a0aaf/library/test/src/lib.rs:595:41
[INFO] [stdout]   32:     0x62924263b324 - std::sys::backtrace::__rust_begin_short_backtrace::h505c97a579eca628
[INFO] [stdout]                                at /rustc/90b35a6239c3d8bdabc530a6a0816f7ff89a0aaf/library/std/src/sys/backtrace.rs:154:18
[INFO] [stdout]   33:     0x62924263e9ee - std::thread::Builder::spawn_unchecked_::{{closure}}::{{closure}}::h9e86b2e2bc107ea3
[INFO] [stdout]                                at /rustc/90b35a6239c3d8bdabc530a6a0816f7ff89a0aaf/library/std/src/thread/mod.rs:538:17
[INFO] [stdout]   34:     0x62924263e9ee - <core::panic::unwind_safe::AssertUnwindSafe<F> as core::ops::function::FnOnce<()>>::call_once::h8b06ddb275ff4a25
[INFO] [stdout]                                at /rustc/90b35a6239c3d8bdabc530a6a0816f7ff89a0aaf/library/core/src/panic/unwind_safe.rs:272:9
[INFO] [stdout]   35:     0x62924263e9ee - std::panicking::try::do_call::hb26ecd7cd9a9355d
[INFO] [stdout]                                at /rustc/90b35a6239c3d8bdabc530a6a0816f7ff89a0aaf/library/std/src/panicking.rs:557:40
[INFO] [stdout]   36:     0x62924263e9ee - std::panicking::try::h8ddeca9d705f9069
[INFO] [stdout]                                at /rustc/90b35a6239c3d8bdabc530a6a0816f7ff89a0aaf/library/std/src/panicking.rs:520:19
[INFO] [stdout]   37:     0x62924263e9ee - std::panic::catch_unwind::h49e1c33078844c46
[INFO] [stdout]                                at /rustc/90b35a6239c3d8bdabc530a6a0816f7ff89a0aaf/library/std/src/panic.rs:358:14
[INFO] [stdout]   38:     0x62924263e9ee - std::thread::Builder::spawn_unchecked_::{{closure}}::h6073db6ff56ad35d
[INFO] [stdout]                                at /rustc/90b35a6239c3d8bdabc530a6a0816f7ff89a0aaf/library/std/src/thread/mod.rs:537:30
[INFO] [stdout]   39:     0x62924263e9ee - core::ops::function::FnOnce::call_once{{vtable.shim}}::h2c5a5f3779c774f1
[INFO] [stdout]                                at /rustc/90b35a6239c3d8bdabc530a6a0816f7ff89a0aaf/library/core/src/ops/function.rs:250:5
[INFO] [stdout]   40:     0x6292426cd40b - <alloc::boxed::Box<F,A> as core::ops::function::FnOnce<Args>>::call_once::hf75717d9f28faebf
[INFO] [stdout]                                at /rustc/90b35a6239c3d8bdabc530a6a0816f7ff89a0aaf/library/alloc/src/boxed.rs:2454:9
[INFO] [stdout]   41:     0x6292426cd40b - <alloc::boxed::Box<F,A> as core::ops::function::FnOnce<Args>>::call_once::h7bd883a5f3c5f3c1
[INFO] [stdout]                                at /rustc/90b35a6239c3d8bdabc530a6a0816f7ff89a0aaf/library/alloc/src/boxed.rs:2454:9
[INFO] [stdout]   42:     0x6292426cd40b - std::sys::pal::unix::thread::Thread::new::thread_start::hcc78f3943333fa94
[INFO] [stdout]                                at /rustc/90b35a6239c3d8bdabc530a6a0816f7ff89a0aaf/library/std/src/sys/pal/unix/thread.rs:105:17
[INFO] [stdout]   43:     0x7b65c2faeac3 - <unknown>
[INFO] [stdout]   44:     0x7b65c303fa04 - clone
[INFO] [stdout]   45:                0x0 - <unknown>
[INFO] [stdout] 
[INFO] [stdout] ---- validate::tests::x_property_value_type_checks stdout ----
[INFO] [stdout] thread 'validate::tests::x_property_value_type_checks' panicked at src/validate.rs:2216:9:
[INFO] [stdout] assertion failed: `(left == right)`'
[INFO] [stdout]   left: `"[\"In component \\\"VEVENT\\\" at index 0, in component property \\\"X-TIME-INVALID-HOUR\\\" at index 2: Found an invalid time at index 0 - Hour must be between 0 and 23\\n\\nStack backtrace:\\n   0: anyhow::erro..."` (truncated)
[INFO] [stdout]  right: `"[\"In component \\\"VEVENT\\\" at index 0, in component property \\\"X-TIME-INVALID-HOUR\\\" at index 2: Found an invalid time at index 0 - Hour must be between 0 and 23\", \"In component \\\"VEVENT\\\" at index 0, ..."` (truncated)
[INFO] [stdout] 
[INFO] [stdout] Differences (-left|+right):
[INFO] [stdout]  [
[INFO] [stdout] -    "In component \"VEVENT\" at index 0, in component property \"X-TIME-INVALID-HOUR\" at index 2: Found an invalid time at index 0 - Hour must be between 0 and 23\n\nStack backtrace:\n   0: anyhow::error::<impl anyhow::Error>::msg\n             at /opt/rustwide/cargo-home/registry/src/index.crates.io-6f17d22bba15001f/anyhow-1.0.86/src/backtrace.rs:27:14\n   1: anyhow::__private::format_err\n             at /opt/rustwide/cargo-home/registry/src/index.crates.io-6f17d22bba15001f/anyhow-1.0.86/src/lib.rs:689:13\n   2: aetolia::validate::validate_time\n             at ./src/validate.rs:254:9\n   3: aetolia::validate::value::check_declared_value\n             at ./src/validate/value.rs:806:49\n   4: aetolia::validate::component_properties::validate_component_properties\n             at ./src/validate/component_properties.rs:251:9\n   5: aetolia::validate::validate_model\n             at ./src/validate.rs:88:25\n   6: aetolia::validate::tests::validate_content\n             at ./src/validate.rs:2717:9\n   7: aetolia::validate::tests::x_property_value_type_checks\n             at ./src/validate.rs:2214:22\n   8: aetolia::validate::tests::x_property_value_type_checks::{{closure}}\n             at ./src/validate.rs:2182:38\n   9: core::ops::function::FnOnce::call_once\n             at /rustc/90b35a6239c3d8bdabc530a6a0816f7ff89a0aaf/library/core/src/ops/function.rs:250:5\n  10: core::ops::function::FnOnce::call_once\n             at /rustc/90b35a6239c3d8bdabc530a6a0816f7ff89a0aaf/library/core/src/ops/function.rs:250:5\n  11: test::__rust_begin_short_backtrace\n             at /rustc/90b35a6239c3d8bdabc530a6a0816f7ff89a0aaf/library/test/src/lib.rs:621:18\n  12: test::run_test_in_process::{{closure}}\n             at /rustc/90b35a6239c3d8bdabc530a6a0816f7ff89a0aaf/library/test/src/lib.rs:644:60\n  13: <core::panic::unwind_safe::AssertUnwindSafe<F> as core::ops::function::FnOnce<()>>::call_once\n             at /rustc/90b35a6239c3d8bdabc530a6a0816f7ff89a0aaf/library/core/src/panic/unwind_safe.rs:272:9\n  14: std::panicking::try::do_call\n             at /rustc/90b35a6239c3d8bdabc530a6a0816f7ff89a0aaf/library/std/src/panicking.rs:557:40\n  15: std::panicking::try\n             at /rustc/90b35a6239c3d8bdabc530a6a0816f7ff89a0aaf/library/std/src/panicking.rs:520:19\n  16: std::panic::catch_unwind\n             at /rustc/90b35a6239c3d8bdabc530a6a0816f7ff89a0aaf/library/std/src/panic.rs:358:14\n  17: test::run_test_in_process\n             at /rustc/90b35a6239c3d8bdabc530a6a0816f7ff89a0aaf/library/test/src/lib.rs:644:27\n  18: test::run_test::{{closure}}\n             at /rustc/90b35a6239c3d8bdabc530a6a0816f7ff89a0aaf/library/test/src/lib.rs:565:43\n  19: test::run_test::{{closure}}\n             at /rustc/90b35a6239c3d8bdabc530a6a0816f7ff89a0aaf/library/test/src/lib.rs:595:41\n  20: std::sys::backtrace::__rust_begin_short_backtrace\n             at /rustc/90b35a6239c3d8bdabc530a6a0816f7ff89a0aaf/library/std/src/sys/backtrace.rs:154:18\n  21: std::thread::Builder::spawn_unchecked_::{{closure}}::{{closure}}\n             at /rustc/90b35a6239c3d8bdabc530a6a0816f7ff89a0aaf/library/std/src/thread/mod.rs:538:17\n  22: <core::panic::unwind_safe::AssertUnwindSafe<F> as core::ops::function::FnOnce<()>>::call_once\n             at /rustc/90b35a6239c3d8bdabc530a6a0816f7ff89a0aaf/library/core/src/panic/unwind_safe.rs:272:9\n  23: std::panicking::try::do_call\n             at /rustc/90b35a6239c3d8bdabc530a6a0816f7ff89a0aaf/library/std/src/panicking.rs:557:40\n  24: std::panicking::try\n             at /rustc/90b35a6239c3d8bdabc530a6a0816f7ff89a0aaf/library/std/src/panicking.rs:520:19\n  25: std::panic::catch_unwind\n             at /rustc/90b35a6239c3d8bdabc530a6a0816f7ff89a0aaf/library/std/src/panic.rs:358:14\n  26: std::thread::Builder::spawn_unchecked_::{{closure}}\n             at /rustc/90b35a6239c3d8bdabc530a6a0816f7ff89a0aaf/library/std/src/thread/mod.rs:537:30\n  27: core::ops::function::FnOnce::call_once{{vtable.shim}}\n             at /rustc/90b35a6239c3d8bdabc530a6a0816f7ff89a0aaf/library/core/src/ops/function.rs:250:5\n  28: <alloc::boxed::Box<F,A> as core::ops::function::FnOnce<Args>>::call_once\n             at /rustc/90b35a6239c3d8bdabc530a6a0816f7ff89a0aaf/library/alloc/src/boxed.rs:2454:9\n  29: <alloc::boxed::Box<F,A> as core::ops::function::FnOnce<Args>>::call_once\n             at /rustc/90b35a6239c3d8bdabc530a6a0816f7ff89a0aaf/library/alloc/src/boxed.rs:2454:9\n  30: std::sys::pal::unix::thread::Thread::new::thread_start\n             at /rustc/90b35a6239c3d8bdabc530a6a0816f7ff89a0aaf/library/std/src/sys/pal/unix/thread.rs:105:17\n  31: <unknown>\n  32: clone",
[INFO] [stdout] -    "In component \"VEVENT\" at index 0, in component property \"X-TIME-INVALID-MINUTE\" at index 3: Found an invalid time at index 0 - Minute must be between 0 and 59\n\nStack backtrace:\n   0: anyhow::error::<impl anyhow::Error>::msg\n             at /opt/rustwide/cargo-home/registry/src/index.crates.io-6f17d22bba15001f/anyhow-1.0.86/src/backtrace.rs:27:14\n   1: anyhow::__private::format_err\n             at /opt/rustwide/cargo-home/registry/src/index.crates.io-6f17d22bba15001f/anyhow-1.0.86/src/lib.rs:689:13\n   2: aetolia::validate::validate_time\n             at ./src/validate.rs:258:9\n   3: aetolia::validate::value::check_declared_value\n             at ./src/validate/value.rs:806:49\n   4: aetolia::validate::component_properties::validate_component_properties\n             at ./src/validate/component_properties.rs:251:9\n   5: aetolia::validate::validate_model\n             at ./src/validate.rs:88:25\n   6: aetolia::validate::tests::validate_content\n             at ./src/validate.rs:2717:9\n   7: aetolia::validate::tests::x_property_value_type_checks\n             at ./src/validate.rs:2214:22\n   8: aetolia::validate::tests::x_property_value_type_checks::{{closure}}\n             at ./src/validate.rs:2182:38\n   9: core::ops::function::FnOnce::call_once\n             at /rustc/90b35a6239c3d8bdabc530a6a0816f7ff89a0aaf/library/core/src/ops/function.rs:250:5\n  10: core::ops::function::FnOnce::call_once\n             at /rustc/90b35a6239c3d8bdabc530a6a0816f7ff89a0aaf/library/core/src/ops/function.rs:250:5\n  11: test::__rust_begin_short_backtrace\n             at /rustc/90b35a6239c3d8bdabc530a6a0816f7ff89a0aaf/library/test/src/lib.rs:621:18\n  12: test::run_test_in_process::{{closure}}\n             at /rustc/90b35a6239c3d8bdabc530a6a0816f7ff89a0aaf/library/test/src/lib.rs:644:60\n  13: <core::panic::unwind_safe::AssertUnwindSafe<F> as core::ops::function::FnOnce<()>>::call_once\n             at /rustc/90b35a6239c3d8bdabc530a6a0816f7ff89a0aaf/library/core/src/panic/unwind_safe.rs:272:9\n  14: std::panicking::try::do_call\n             at /rustc/90b35a6239c3d8bdabc530a6a0816f7ff89a0aaf/library/std/src/panicking.rs:557:40\n  15: std::panicking::try\n             at /rustc/90b35a6239c3d8bdabc530a6a0816f7ff89a0aaf/library/std/src/panicking.rs:520:19\n  16: std::panic::catch_unwind\n             at /rustc/90b35a6239c3d8bdabc530a6a0816f7ff89a0aaf/library/std/src/panic.rs:358:14\n  17: test::run_test_in_process\n             at /rustc/90b35a6239c3d8bdabc530a6a0816f7ff89a0aaf/library/test/src/lib.rs:644:27\n  18: test::run_test::{{closure}}\n             at /rustc/90b35a6239c3d8bdabc530a6a0816f7ff89a0aaf/library/test/src/lib.rs:565:43\n  19: test::run_test::{{closure}}\n             at /rustc/90b35a6239c3d8bdabc530a6a0816f7ff89a0aaf/library/test/src/lib.rs:595:41\n  20: std::sys::backtrace::__rust_begin_short_backtrace\n             at /rustc/90b35a6239c3d8bdabc530a6a0816f7ff89a0aaf/library/std/src/sys/backtrace.rs:154:18\n  21: std::thread::Builder::spawn_unchecked_::{{closure}}::{{closure}}\n             at /rustc/90b35a6239c3d8bdabc530a6a0816f7ff89a0aaf/library/std/src/thread/mod.rs:538:17\n  22: <core::panic::unwind_safe::AssertUnwindSafe<F> as core::ops::function::FnOnce<()>>::call_once\n             at /rustc/90b35a6239c3d8bdabc530a6a0816f7ff89a0aaf/library/core/src/panic/unwind_safe.rs:272:9\n  23: std::panicking::try::do_call\n             at /rustc/90b35a6239c3d8bdabc530a6a0816f7ff89a0aaf/library/std/src/panicking.rs:557:40\n  24: std::panicking::try\n             at /rustc/90b35a6239c3d8bdabc530a6a0816f7ff89a0aaf/library/std/src/panicking.rs:520:19\n  25: std::panic::catch_unwind\n             at /rustc/90b35a6239c3d8bdabc530a6a0816f7ff89a0aaf/library/std/src/panic.rs:358:14\n  26: std::thread::Builder::spawn_unchecked_::{{closure}}\n             at /rustc/90b35a6239c3d8bdabc530a6a0816f7ff89a0aaf/library/std/src/thread/mod.rs:537:30\n  27: core::ops::function::FnOnce::call_once{{vtable.shim}}\n             at /rustc/90b35a6239c3d8bdabc530a6a0816f7ff89a0aaf/library/core/src/ops/function.rs:250:5\n  28: <alloc::boxed::Box<F,A> as core::ops::function::FnOnce<Args>>::call_once\n             at /rustc/90b35a6239c3d8bdabc530a6a0816f7ff89a0aaf/library/alloc/src/boxed.rs:2454:9\n  29: <alloc::boxed::Box<F,A> as core::ops::function::FnOnce<Args>>::call_once\n             at /rustc/90b35a6239c3d8bdabc530a6a0816f7ff89a0aaf/library/alloc/src/boxed.rs:2454:9\n  30: std::sys::pal::unix::thread::Thread::new::thread_start\n             at /rustc/90b35a6239c3d8bdabc530a6a0816f7ff89a0aaf/library/std/src/sys/pal/unix/thread.rs:105:17\n  31: <unknown>\n  32: clone",
[INFO] [stdout] -    "In component \"VEVENT\" at index 0, in component property \"X-TIME-INVALID-SECOND\" at index 4: Found an invalid time at index 0 - Second must be between 0 and 60\n\nStack backtrace:\n   0: anyhow::error::<impl anyhow::Error>::msg\n             at /opt/rustwide/cargo-home/registry/src/index.crates.io-6f17d22bba15001f/anyhow-1.0.86/src/backtrace.rs:27:14\n   1: anyhow::__private::format_err\n             at /opt/rustwide/cargo-home/registry/src/index.crates.io-6f17d22bba15001f/anyhow-1.0.86/src/lib.rs:689:13\n   2: aetolia::validate::validate_time\n             at ./src/validate.rs:262:9\n   3: aetolia::validate::value::check_declared_value\n             at ./src/validate/value.rs:806:49\n   4: aetolia::validate::component_properties::validate_component_properties\n             at ./src/validate/component_properties.rs:251:9\n   5: aetolia::validate::validate_model\n             at ./src/validate.rs:88:25\n   6: aetolia::validate::tests::validate_content\n             at ./src/validate.rs:2717:9\n   7: aetolia::validate::tests::x_property_value_type_checks\n             at ./src/validate.rs:2214:22\n   8: aetolia::validate::tests::x_property_value_type_checks::{{closure}}\n             at ./src/validate.rs:2182:38\n   9: core::ops::function::FnOnce::call_once\n             at /rustc/90b35a6239c3d8bdabc530a6a0816f7ff89a0aaf/library/core/src/ops/function.rs:250:5\n  10: core::ops::function::FnOnce::call_once\n             at /rustc/90b35a6239c3d8bdabc530a6a0816f7ff89a0aaf/library/core/src/ops/function.rs:250:5\n  11: test::__rust_begin_short_backtrace\n             at /rustc/90b35a6239c3d8bdabc530a6a0816f7ff89a0aaf/library/test/src/lib.rs:621:18\n  12: test::run_test_in_process::{{closure}}\n             at /rustc/90b35a6239c3d8bdabc530a6a0816f7ff89a0aaf/library/test/src/lib.rs:644:60\n  13: <core::panic::unwind_safe::AssertUnwindSafe<F> as core::ops::function::FnOnce<()>>::call_once\n             at /rustc/90b35a6239c3d8bdabc530a6a0816f7ff89a0aaf/library/core/src/panic/unwind_safe.rs:272:9\n  14: std::panicking::try::do_call\n             at /rustc/90b35a6239c3d8bdabc530a6a0816f7ff89a0aaf/library/std/src/panicking.rs:557:40\n  15: std::panicking::try\n             at /rustc/90b35a6239c3d8bdabc530a6a0816f7ff89a0aaf/library/std/src/panicking.rs:520:19\n  16: std::panic::catch_unwind\n             at /rustc/90b35a6239c3d8bdabc530a6a0816f7ff89a0aaf/library/std/src/panic.rs:358:14\n  17: test::run_test_in_process\n             at /rustc/90b35a6239c3d8bdabc530a6a0816f7ff89a0aaf/library/test/src/lib.rs:644:27\n  18: test::run_test::{{closure}}\n             at /rustc/90b35a6239c3d8bdabc530a6a0816f7ff89a0aaf/library/test/src/lib.rs:565:43\n  19: test::run_test::{{closure}}\n             at /rustc/90b35a6239c3d8bdabc530a6a0816f7ff89a0aaf/library/test/src/lib.rs:595:41\n  20: std::sys::backtrace::__rust_begin_short_backtrace\n             at /rustc/90b35a6239c3d8bdabc530a6a0816f7ff89a0aaf/library/std/src/sys/backtrace.rs:154:18\n  21: std::thread::Builder::spawn_unchecked_::{{closure}}::{{closure}}\n             at /rustc/90b35a6239c3d8bdabc530a6a0816f7ff89a0aaf/library/std/src/thread/mod.rs:538:17\n  22: <core::panic::unwind_safe::AssertUnwindSafe<F> as core::ops::function::FnOnce<()>>::call_once\n             at /rustc/90b35a6239c3d8bdabc530a6a0816f7ff89a0aaf/library/core/src/panic/unwind_safe.rs:272:9\n  23: std::panicking::try::do_call\n             at /rustc/90b35a6239c3d8bdabc530a6a0816f7ff89a0aaf/library/std/src/panicking.rs:557:40\n  24: std::panicking::try\n             at /rustc/90b35a6239c3d8bdabc530a6a0816f7ff89a0aaf/library/std/src/panicking.rs:520:19\n  25: std::panic::catch_unwind\n             at /rustc/90b35a6239c3d8bdabc530a6a0816f7ff89a0aaf/library/std/src/panic.rs:358:14\n  26: std::thread::Builder::spawn_unchecked_::{{closure}}\n             at /rustc/90b35a6239c3d8bdabc530a6a0816f7ff89a0aaf/library/std/src/thread/mod.rs:537:30\n  27: core::ops::function::FnOnce::call_once{{vtable.shim}}\n             at /rustc/90b35a6239c3d8bdabc530a6a0816f7ff89a0aaf/library/core/src/ops/function.rs:250:5\n  28: <alloc::boxed::Box<F,A> as core::ops::function::FnOnce<Args>>::call_once\n             at /rustc/90b35a6239c3d8bdabc530a6a0816f7ff89a0aaf/library/alloc/src/boxed.rs:2454:9\n  29: <alloc::boxed::Box<F,A> as core::ops::function::FnOnce<Args>>::call_once\n             at /rustc/90b35a6239c3d8bdabc530a6a0816f7ff89a0aaf/library/alloc/src/boxed.rs:2454:9\n  30: std::sys::pal::unix::thread::Thread::new::thread_start\n             at /rustc/90b35a6239c3d8bdabc530a6a0816f7ff89a0aaf/library/std/src/sys/pal/unix/thread.rs:105:17\n  31: <unknown>\n  32: clone",
[INFO] [stdout] -    "In component \"VEVENT\" at index 0, in component property \"X-UTC-OFFSET-NEGATIVE-ZERO\" at index 6: Found an invalid UTC offset - UTC offset must have a non-zero value if it is negative\n\nStack backtrace:\n   0: anyhow::error::<impl anyhow::Error>::msg\n             at /opt/rustwide/cargo-home/registry/src/index.crates.io-6f17d22bba15001f/anyhow-1.0.86/src/backtrace.rs:27:14\n   1: anyhow::__private::format_err\n             at /opt/rustwide/cargo-home/registry/src/index.crates.io-6f17d22bba15001f/anyhow-1.0.86/src/lib.rs:689:13\n   2: aetolia::validate::validate_utc_offset\n             at ./src/validate.rs:274:9\n   3: aetolia::validate::value::check_declared_value\n             at ./src/validate/value.rs:937:49\n   4: aetolia::validate::component_properties::validate_component_properties\n             at ./src/validate/component_properties.rs:251:9\n   5: aetolia::validate::validate_model\n             at ./src/validate.rs:88:25\n   6: aetolia::validate::tests::validate_content\n             at ./src/validate.rs:2717:9\n   7: aetolia::validate::tests::x_property_value_type_checks\n             at ./src/validate.rs:2214:22\n   8: aetolia::validate::tests::x_property_value_type_checks::{{closure}}\n             at ./src/validate.rs:2182:38\n   9: core::ops::function::FnOnce::call_once\n             at /rustc/90b35a6239c3d8bdabc530a6a0816f7ff89a0aaf/library/core/src/ops/function.rs:250:5\n  10: core::ops::function::FnOnce::call_once\n             at /rustc/90b35a6239c3d8bdabc530a6a0816f7ff89a0aaf/library/core/src/ops/function.rs:250:5\n  11: test::__rust_begin_short_backtrace\n             at /rustc/90b35a6239c3d8bdabc530a6a0816f7ff89a0aaf/library/test/src/lib.rs:621:18\n  12: test::run_test_in_process::{{closure}}\n             at /rustc/90b35a6239c3d8bdabc530a6a0816f7ff89a0aaf/library/test/src/lib.rs:644:60\n  13: <core::panic::unwind_safe::AssertUnwindSafe<F> as core::ops::function::FnOnce<()>>::call_once\n             at /rustc/90b35a6239c3d8bdabc530a6a0816f7ff89a0aaf/library/core/src/panic/unwind_safe.rs:272:9\n  14: std::panicking::try::do_call\n             at /rustc/90b35a6239c3d8bdabc530a6a0816f7ff89a0aaf/library/std/src/panicking.rs:557:40\n  15: std::panicking::try\n             at /rustc/90b35a6239c3d8bdabc530a6a0816f7ff89a0aaf/library/std/src/panicking.rs:520:19\n  16: std::panic::catch_unwind\n             at /rustc/90b35a6239c3d8bdabc530a6a0816f7ff89a0aaf/library/std/src/panic.rs:358:14\n  17: test::run_test_in_process\n             at /rustc/90b35a6239c3d8bdabc530a6a0816f7ff89a0aaf/library/test/src/lib.rs:644:27\n  18: test::run_test::{{closure}}\n             at /rustc/90b35a6239c3d8bdabc530a6a0816f7ff89a0aaf/library/test/src/lib.rs:565:43\n  19: test::run_test::{{closure}}\n             at /rustc/90b35a6239c3d8bdabc530a6a0816f7ff89a0aaf/library/test/src/lib.rs:595:41\n  20: std::sys::backtrace::__rust_begin_short_backtrace\n             at /rustc/90b35a6239c3d8bdabc530a6a0816f7ff89a0aaf/library/std/src/sys/backtrace.rs:154:18\n  21: std::thread::Builder::spawn_unchecked_::{{closure}}::{{closure}}\n             at /rustc/90b35a6239c3d8bdabc530a6a0816f7ff89a0aaf/library/std/src/thread/mod.rs:538:17\n  22: <core::panic::unwind_safe::AssertUnwindSafe<F> as core::ops::function::FnOnce<()>>::call_once\n             at /rustc/90b35a6239c3d8bdabc530a6a0816f7ff89a0aaf/library/core/src/panic/unwind_safe.rs:272:9\n  23: std::panicking::try::do_call\n             at /rustc/90b35a6239c3d8bdabc530a6a0816f7ff89a0aaf/library/std/src/panicking.rs:557:40\n  24: std::panicking::try\n             at /rustc/90b35a6239c3d8bdabc530a6a0816f7ff89a0aaf/library/std/src/panicking.rs:520:19\n  25: std::panic::catch_unwind\n             at /rustc/90b35a6239c3d8bdabc530a6a0816f7ff89a0aaf/library/std/src/panic.rs:358:14\n  26: std::thread::Builder::spawn_unchecked_::{{closure}}\n             at /rustc/90b35a6239c3d8bdabc530a6a0816f7ff89a0aaf/library/std/src/thread/mod.rs:537:30\n  27: core::ops::function::FnOnce::call_once{{vtable.shim}}\n             at /rustc/90b35a6239c3d8bdabc530a6a0816f7ff89a0aaf/library/core/src/ops/function.rs:250:5\n  28: <alloc::boxed::Box<F,A> as core::ops::function::FnOnce<Args>>::call_once\n             at /rustc/90b35a6239c3d8bdabc530a6a0816f7ff89a0aaf/library/alloc/src/boxed.rs:2454:9\n  29: <alloc::boxed::Box<F,A> as core::ops::function::FnOnce<Args>>::call_once\n             at /rustc/90b35a6239c3d8bdabc530a6a0816f7ff89a0aaf/library/alloc/src/boxed.rs:2454:9\n  30: std::sys::pal::unix::thread::Thread::new::thread_start\n             at /rustc/90b35a6239c3d8bdabc530a6a0816f7ff89a0aaf/library/std/src/sys/pal/unix/thread.rs:105:17\n  31: <unknown>\n  32: clone",
[INFO] [stdout] -    "In component \"VEVENT\" at index 0, in component property \"X-UTC-OFFSET-INVALID-MINUTE\" at index 8: Found an invalid UTC offset - Minutes must be between 0 and 59\n\nStack backtrace:\n   0: anyhow::error::<impl anyhow::Error>::msg\n             at /opt/rustwide/cargo-home/registry/src/index.crates.io-6f17d22bba15001f/anyhow-1.0.86/src/backtrace.rs:27:14\n   1: anyhow::__private::format_err\n             at /opt/rustwide/cargo-home/registry/src/index.crates.io-6f17d22bba15001f/anyhow-1.0.86/src/lib.rs:689:13\n   2: aetolia::validate::validate_utc_offset\n             at ./src/validate.rs:278:9\n   3: aetolia::validate::value::check_declared_value\n             at ./src/validate/value.rs:937:49\n   4: aetolia::validate::component_properties::validate_component_properties\n             at ./src/validate/component_properties.rs:251:9\n   5: aetolia::validate::validate_model\n             at ./src/validate.rs:88:25\n   6: aetolia::validate::tests::validate_content\n             at ./src/validate.rs:2717:9\n   7: aetolia::validate::tests::x_property_value_type_checks\n             at ./src/validate.rs:2214:22\n   8: aetolia::validate::tests::x_property_value_type_checks::{{closure}}\n             at ./src/validate.rs:2182:38\n   9: core::ops::function::FnOnce::call_once\n             at /rustc/90b35a6239c3d8bdabc530a6a0816f7ff89a0aaf/library/core/src/ops/function.rs:250:5\n  10: core::ops::function::FnOnce::call_once\n             at /rustc/90b35a6239c3d8bdabc530a6a0816f7ff89a0aaf/library/core/src/ops/function.rs:250:5\n  11: test::__rust_begin_short_backtrace\n             at /rustc/90b35a6239c3d8bdabc530a6a0816f7ff89a0aaf/library/test/src/lib.rs:621:18\n  12: test::run_test_in_process::{{closure}}\n             at /rustc/90b35a6239c3d8bdabc530a6a0816f7ff89a0aaf/library/test/src/lib.rs:644:60\n  13: <core::panic::unwind_safe::AssertUnwindSafe<F> as core::ops::function::FnOnce<()>>::call_once\n             at /rustc/90b35a6239c3d8bdabc530a6a0816f7ff89a0aaf/library/core/src/panic/unwind_safe.rs:272:9\n  14: std::panicking::try::do_call\n             at /rustc/90b35a6239c3d8bdabc530a6a0816f7ff89a0aaf/library/std/src/panicking.rs:557:40\n  15: std::panicking::try\n             at /rustc/90b35a6239c3d8bdabc530a6a0816f7ff89a0aaf/library/std/src/panicking.rs:520:19\n  16: std::panic::catch_unwind\n             at /rustc/90b35a6239c3d8bdabc530a6a0816f7ff89a0aaf/library/std/src/panic.rs:358:14\n  17: test::run_test_in_process\n             at /rustc/90b35a6239c3d8bdabc530a6a0816f7ff89a0aaf/library/test/src/lib.rs:644:27\n  18: test::run_test::{{closure}}\n             at /rustc/90b35a6239c3d8bdabc530a6a0816f7ff89a0aaf/library/test/src/lib.rs:565:43\n  19: test::run_test::{{closure}}\n             at /rustc/90b35a6239c3d8bdabc530a6a0816f7ff89a0aaf/library/test/src/lib.rs:595:41\n  20: std::sys::backtrace::__rust_begin_short_backtrace\n             at /rustc/90b35a6239c3d8bdabc530a6a0816f7ff89a0aaf/library/std/src/sys/backtrace.rs:154:18\n  21: std::thread::Builder::spawn_unchecked_::{{closure}}::{{closure}}\n             at /rustc/90b35a6239c3d8bdabc530a6a0816f7ff89a0aaf/library/std/src/thread/mod.rs:538:17\n  22: <core::panic::unwind_safe::AssertUnwindSafe<F> as core::ops::function::FnOnce<()>>::call_once\n             at /rustc/90b35a6239c3d8bdabc530a6a0816f7ff89a0aaf/library/core/src/panic/unwind_safe.rs:272:9\n  23: std::panicking::try::do_call\n             at /rustc/90b35a6239c3d8bdabc530a6a0816f7ff89a0aaf/library/std/src/panicking.rs:557:40\n  24: std::panicking::try\n             at /rustc/90b35a6239c3d8bdabc530a6a0816f7ff89a0aaf/library/std/src/panicking.rs:520:19\n  25: std::panic::catch_unwind\n             at /rustc/90b35a6239c3d8bdabc530a6a0816f7ff89a0aaf/library/std/src/panic.rs:358:14\n  26: std::thread::Builder::spawn_unchecked_::{{closure}}\n             at /rustc/90b35a6239c3d8bdabc530a6a0816f7ff89a0aaf/library/std/src/thread/mod.rs:537:30\n  27: core::ops::function::FnOnce::call_once{{vtable.shim}}\n             at /rustc/90b35a6239c3d8bdabc530a6a0816f7ff89a0aaf/library/core/src/ops/function.rs:250:5\n  28: <alloc::boxed::Box<F,A> as core::ops::function::FnOnce<Args>>::call_once\n             at /rustc/90b35a6239c3d8bdabc530a6a0816f7ff89a0aaf/library/alloc/src/boxed.rs:2454:9\n  29: <alloc::boxed::Box<F,A> as core::ops::function::FnOnce<Args>>::call_once\n             at /rustc/90b35a6239c3d8bdabc530a6a0816f7ff89a0aaf/library/alloc/src/boxed.rs:2454:9\n  30: std::sys::pal::unix::thread::Thread::new::thread_start\n             at /rustc/90b35a6239c3d8bdabc530a6a0816f7ff89a0aaf/library/std/src/sys/pal/unix/thread.rs:105:17\n  31: <unknown>\n  32: clone",
[INFO] [stdout] +    "In component \"VEVENT\" at index 0, in component property \"X-TIME-INVALID-HOUR\" at index 2: Found an invalid time at index 0 - Hour must be between 0 and 23",
[INFO] [stdout] +    "In component \"VEVENT\" at index 0, in component property \"X-TIME-INVALID-MINUTE\" at index 3: Found an invalid time at index 0 - Minute must be between 0 and 59",
[INFO] [stdout] +    "In component \"VEVENT\" at index 0, in component property \"X-TIME-INVALID-SECOND\" at index 4: Found an invalid time at index 0 - Second must be between 0 and 60",
[INFO] [stdout] +    "In component \"VEVENT\" at index 0, in component property \"X-UTC-OFFSET-NEGATIVE-ZERO\" at index 6: Found an invalid UTC offset - UTC offset must have a non-zero value if it is negative",
[INFO] [stdout] +    "In component \"VEVENT\" at index 0, in component property \"X-UTC-OFFSET-INVALID-MINUTE\" at index 8: Found an invalid UTC offset - Minutes must be between 0 and 59",
[INFO] [stdout]      "In component \"VEVENT\" at index 0, in component property \"X-BASE-64\" at index 9: Property is declared to have a binary value but the encoding is set to 8BIT, instead of BASE64",
[INFO] [stdout]      "In component \"VEVENT\" at index 0, in component property \"X-BASE-64\" at index 10: Property is declared to have a binary value but the value is not base64",
[INFO] [stdout]      "In component \"VEVENT\" at index 0, in component property \"X-BOOLEAN\" at index 11: Property is declared to have a boolean value but the value is not a boolean",
[INFO] [stdout]      "In component \"VEVENT\" at index 0, in component property \"X-CAL-ADDRESS-NOT-URL\" at index 12: Property is declared to have a calendar address value but the value is not a mailto: URI",
[INFO] [stdout] 
[INFO] [stdout] 
[INFO] [stdout] stack backtrace:
[INFO] [stdout]    0:     0x6292426c7bba - std::backtrace_rs::backtrace::libunwind::trace::h5a5b8284f2d0c266
[INFO] [stdout]                                at /rustc/90b35a6239c3d8bdabc530a6a0816f7ff89a0aaf/library/std/src/../../backtrace/src/backtrace/libunwind.rs:116:5
[INFO] [stdout]    1:     0x6292426c7bba - std::backtrace_rs::backtrace::trace_unsynchronized::h76d4f1c9b0b875e3
[INFO] [stdout]                                at /rustc/90b35a6239c3d8bdabc530a6a0816f7ff89a0aaf/library/std/src/../../backtrace/src/backtrace/mod.rs:66:5
[INFO] [stdout]    2:     0x6292426c7bba - std::sys::backtrace::_print_fmt::hc4546b8364a537c6
[INFO] [stdout]                                at /rustc/90b35a6239c3d8bdabc530a6a0816f7ff89a0aaf/library/std/src/sys/backtrace.rs:66:9
[INFO] [stdout]    3:     0x6292426c7bba - <std::sys::backtrace::BacktraceLock::print::DisplayBacktrace as core::fmt::Display>::fmt::h5b6bd5631a6d1f6b
[INFO] [stdout]                                at /rustc/90b35a6239c3d8bdabc530a6a0816f7ff89a0aaf/library/std/src/sys/backtrace.rs:39:26
[INFO] [stdout]    4:     0x6292426ef2f3 - core::fmt::rt::Argument::fmt::h270f6602a2b96f62
[INFO] [stdout]                                at /rustc/90b35a6239c3d8bdabc530a6a0816f7ff89a0aaf/library/core/src/fmt/rt.rs:177:76
[INFO] [stdout]    5:     0x6292426ef2f3 - core::fmt::write::h7550c97b06c86515
[INFO] [stdout]                                at /rustc/90b35a6239c3d8bdabc530a6a0816f7ff89a0aaf/library/core/src/fmt/mod.rs:1186:21
[INFO] [stdout]    6:     0x6292426c4bb3 - std::io::Write::write_fmt::h509ff860e5956e5e
[INFO] [stdout]                                at /rustc/90b35a6239c3d8bdabc530a6a0816f7ff89a0aaf/library/std/src/io/mod.rs:1839:15
[INFO] [stdout]    7:     0x6292426c7a02 - std::sys::backtrace::BacktraceLock::print::h2395ccd2c84ba3aa
[INFO] [stdout]                                at /rustc/90b35a6239c3d8bdabc530a6a0816f7ff89a0aaf/library/std/src/sys/backtrace.rs:42:9
[INFO] [stdout]    8:     0x6292426c901a - std::panicking::default_hook::{{closure}}::he19d4c7230e07961
[INFO] [stdout]                                at /rustc/90b35a6239c3d8bdabc530a6a0816f7ff89a0aaf/library/std/src/panicking.rs:268:22
[INFO] [stdout]    9:     0x6292426c8e24 - std::panicking::default_hook::hf614597d3c67bbdb
[INFO] [stdout]                                at /rustc/90b35a6239c3d8bdabc530a6a0816f7ff89a0aaf/library/std/src/panicking.rs:292:9
[INFO] [stdout]   10:     0x629242671e49 - <alloc::boxed::Box<F,A> as core::ops::function::Fn<Args>>::call::h39b51ce4599c23d1
[INFO] [stdout]                                at /rustc/90b35a6239c3d8bdabc530a6a0816f7ff89a0aaf/library/alloc/src/boxed.rs:2468:9
[INFO] [stdout]   11:     0x629242671e49 - test::test_main::{{closure}}::he977ae839a582784
[INFO] [stdout]                                at /rustc/90b35a6239c3d8bdabc530a6a0816f7ff89a0aaf/library/test/src/lib.rs:133:21
[INFO] [stdout]   12:     0x6292426c96b8 - <alloc::boxed::Box<F,A> as core::ops::function::Fn<Args>>::call::h9455091b6b06f9fb
[INFO] [stdout]                                at /rustc/90b35a6239c3d8bdabc530a6a0816f7ff89a0aaf/library/alloc/src/boxed.rs:2468:9
[INFO] [stdout]   13:     0x6292426c96b8 - std::panicking::rust_panic_with_hook::h8942133a8b252070
[INFO] [stdout]                                at /rustc/90b35a6239c3d8bdabc530a6a0816f7ff89a0aaf/library/std/src/panicking.rs:809:13
[INFO] [stdout]   14:     0x6292426c947a - std::panicking::begin_panic_handler::{{closure}}::hb5f5963570096b29
[INFO] [stdout]                                at /rustc/90b35a6239c3d8bdabc530a6a0816f7ff89a0aaf/library/std/src/panicking.rs:674:13
[INFO] [stdout]   15:     0x6292426c8099 - std::sys::backtrace::__rust_end_short_backtrace::h6208cedc1922feda
[INFO] [stdout]                                at /rustc/90b35a6239c3d8bdabc530a6a0816f7ff89a0aaf/library/std/src/sys/backtrace.rs:170:18
[INFO] [stdout]   16:     0x6292426c910c - rust_begin_unwind
[INFO] [stdout]                                at /rustc/90b35a6239c3d8bdabc530a6a0816f7ff89a0aaf/library/std/src/panicking.rs:665:5
[INFO] [stdout]   17:     0x62924221c070 - core::panicking::panic_fmt::h0c3082644d1bf418
[INFO] [stdout]                                at /rustc/90b35a6239c3d8bdabc530a6a0816f7ff89a0aaf/library/core/src/panicking.rs:74:14
[INFO] [stdout]   18:     0x6292425c7174 - similar_asserts::SimpleDiff::fail_assertion::h123187dbf3f3cd13
[INFO] [stdout]                                at /opt/rustwide/cargo-home/registry/src/index.crates.io-6f17d22bba15001f/similar-asserts-1.5.0/src/lib.rs:186:9
[INFO] [stdout]   19:     0x6292424ca659 - aetolia::validate::tests::x_property_value_type_checks::h15ae6a4de2c6de88
[INFO] [stdout]                                at /opt/rustwide/workdir/src/validate.rs:550:13
[INFO] [stdout]   20:     0x6292424ca227 - aetolia::validate::tests::x_property_value_type_checks::{{closure}}::h9a0a9b49aff595fb
[INFO] [stdout]                                at /opt/rustwide/workdir/src/validate.rs:2182:38
[INFO] [stdout]   21:     0x62924242c496 - core::ops::function::FnOnce::call_once::h0028d2aa14aad67f
[INFO] [stdout]                                at /rustc/90b35a6239c3d8bdabc530a6a0816f7ff89a0aaf/library/core/src/ops/function.rs:250:5
[INFO] [stdout]   22:     0x62924267680b - core::ops::function::FnOnce::call_once::h109cf8051a59b34e
[INFO] [stdout]                                at /rustc/90b35a6239c3d8bdabc530a6a0816f7ff89a0aaf/library/core/src/ops/function.rs:250:5
[INFO] [stdout]   23:     0x62924267680b - test::__rust_begin_short_backtrace::hf4fff89d377446ba
[INFO] [stdout]                                at /rustc/90b35a6239c3d8bdabc530a6a0816f7ff89a0aaf/library/test/src/lib.rs:621:18
[INFO] [stdout]   24:     0x629242676047 - test::run_test_in_process::{{closure}}::h0e39181dd7ee5a43
[INFO] [stdout]                                at /rustc/90b35a6239c3d8bdabc530a6a0816f7ff89a0aaf/library/test/src/lib.rs:644:60
[INFO] [stdout]   25:     0x629242676047 - <core::panic::unwind_safe::AssertUnwindSafe<F> as core::ops::function::FnOnce<()>>::call_once::hc5a66a30f0bdfd1f
[INFO] [stdout]                                at /rustc/90b35a6239c3d8bdabc530a6a0816f7ff89a0aaf/library/core/src/panic/unwind_safe.rs:272:9
[INFO] [stdout]   26:     0x629242676047 - std::panicking::try::do_call::h873b7cf639554a5e
[INFO] [stdout]                                at /rustc/90b35a6239c3d8bdabc530a6a0816f7ff89a0aaf/library/std/src/panicking.rs:557:40
[INFO] [stdout]   27:     0x629242676047 - std::panicking::try::hdb19862fad9c8bd1
[INFO] [stdout]                                at /rustc/90b35a6239c3d8bdabc530a6a0816f7ff89a0aaf/library/std/src/panicking.rs:520:19
[INFO] [stdout]   28:     0x629242676047 - std::panic::catch_unwind::h281fe732d236d260
[INFO] [stdout]                                at /rustc/90b35a6239c3d8bdabc530a6a0816f7ff89a0aaf/library/std/src/panic.rs:358:14
[INFO] [stdout]   29:     0x629242676047 - test::run_test_in_process::h949b6df8457ed338
[INFO] [stdout]                                at /rustc/90b35a6239c3d8bdabc530a6a0816f7ff89a0aaf/library/test/src/lib.rs:644:27
[INFO] [stdout]   30:     0x629242676047 - test::run_test::{{closure}}::h52c556a6d4740e10
[INFO] [stdout]                                at /rustc/90b35a6239c3d8bdabc530a6a0816f7ff89a0aaf/library/test/src/lib.rs:565:43
[INFO] [stdout]   31:     0x62924263b324 - test::run_test::{{closure}}::h4237f6381c45ccb9
[INFO] [stdout]                                at /rustc/90b35a6239c3d8bdabc530a6a0816f7ff89a0aaf/library/test/src/lib.rs:595:41
[INFO] [stdout]   32:     0x62924263b324 - std::sys::backtrace::__rust_begin_short_backtrace::h505c97a579eca628
[INFO] [stdout]                                at /rustc/90b35a6239c3d8bdabc530a6a0816f7ff89a0aaf/library/std/src/sys/backtrace.rs:154:18
[INFO] [stdout]   33:     0x62924263e9ee - std::thread::Builder::spawn_unchecked_::{{closure}}::{{closure}}::h9e86b2e2bc107ea3
[INFO] [stdout]                                at /rustc/90b35a6239c3d8bdabc530a6a0816f7ff89a0aaf/library/std/src/thread/mod.rs:538:17
[INFO] [stdout]   34:     0x62924263e9ee - <core::panic::unwind_safe::AssertUnwindSafe<F> as core::ops::function::FnOnce<()>>::call_once::h8b06ddb275ff4a25
[INFO] [stdout]                                at /rustc/90b35a6239c3d8bdabc530a6a0816f7ff89a0aaf/library/core/src/panic/unwind_safe.rs:272:9
[INFO] [stdout]   35:     0x62924263e9ee - std::panicking::try::do_call::hb26ecd7cd9a9355d
[INFO] [stdout]                                at /rustc/90b35a6239c3d8bdabc530a6a0816f7ff89a0aaf/library/std/src/panicking.rs:557:40
[INFO] [stdout]   36:     0x62924263e9ee - std::panicking::try::h8ddeca9d705f9069
[INFO] [stdout]                                at /rustc/90b35a6239c3d8bdabc530a6a0816f7ff89a0aaf/library/std/src/panicking.rs:520:19
[INFO] [stdout]   37:     0x62924263e9ee - std::panic::catch_unwind::h49e1c33078844c46
[INFO] [stdout]                                at /rustc/90b35a6239c3d8bdabc530a6a0816f7ff89a0aaf/library/std/src/panic.rs:358:14
[INFO] [stdout]   38:     0x62924263e9ee - std::thread::Builder::spawn_unchecked_::{{closure}}::h6073db6ff56ad35d
[INFO] [stdout]                                at /rustc/90b35a6239c3d8bdabc530a6a0816f7ff89a0aaf/library/std/src/thread/mod.rs:537:30
[INFO] [stdout]   39:     0x62924263e9ee - core::ops::function::FnOnce::call_once{{vtable.shim}}::h2c5a5f3779c774f1
[INFO] [stdout]                                at /rustc/90b35a6239c3d8bdabc530a6a0816f7ff89a0aaf/library/core/src/ops/function.rs:250:5
[INFO] [stdout]   40:     0x6292426cd40b - <alloc::boxed::Box<F,A> as core::ops::function::FnOnce<Args>>::call_once::hf75717d9f28faebf
[INFO] [stdout]                                at /rustc/90b35a6239c3d8bdabc530a6a0816f7ff89a0aaf/library/alloc/src/boxed.rs:2454:9
[INFO] [stdout]   41:     0x6292426cd40b - <alloc::boxed::Box<F,A> as core::ops::function::FnOnce<Args>>::call_once::h7bd883a5f3c5f3c1
[INFO] [stdout]                                at /rustc/90b35a6239c3d8bdabc530a6a0816f7ff89a0aaf/library/alloc/src/boxed.rs:2454:9
[INFO] [stdout]   42:     0x6292426cd40b - std::sys::pal::unix::thread::Thread::new::thread_start::hcc78f3943333fa94
[INFO] [stdout]                                at /rustc/90b35a6239c3d8bdabc530a6a0816f7ff89a0aaf/library/std/src/sys/pal/unix/thread.rs:105:17
[INFO] [stdout]   43:     0x7b65c2faeac3 - <unknown>
[INFO] [stdout]   44:     0x7b65c303fa04 - clone
[INFO] [stdout]   45:                0x0 - <unknown>
[INFO] [stdout] 
[INFO] [stdout] 
[INFO] [stdout] failures:
[INFO] [stdout]     validate::tests::iana_property_value_type_checks
[INFO] [stderr] error: test failed, to rerun pass `--lib`
[INFO] [stdout]     validate::tests::x_property_value_type_checks
[INFO] [stdout] 
[INFO] [stdout] test result: FAILED. 295 passed; 2 failed; 1 ignored; 0 measured; 0 filtered out; finished in 0.35s
[INFO] [stdout] 
[INFO] running `Command { std: "docker" "inspect" "98a5b348e349bfb78c0de886f49a006504019401155cb30b7b7ecb685f1c2a48", kill_on_drop: false }`
[INFO] running `Command { std: "docker" "rm" "-f" "98a5b348e349bfb78c0de886f49a006504019401155cb30b7b7ecb685f1c2a48", kill_on_drop: false }`
[INFO] [stdout] 98a5b348e349bfb78c0de886f49a006504019401155cb30b7b7ecb685f1c2a48
