[INFO] fetching crate aes-edu 0.1.2...
[INFO] testing aes-edu-0.1.2 against beta-2024-12-08 for beta-1.84.0-4-retry
[INFO] extracting crate aes-edu 0.1.2 into /workspace/builds/worker-4-tc2/source
[INFO] validating manifest of crates.io crate aes-edu 0.1.2 on toolchain beta-2024-12-08
[INFO] running `Command { std: CARGO_HOME="/workspace/cargo-home" RUSTUP_HOME="/workspace/rustup-home" "/workspace/cargo-home/bin/cargo" "+beta-2024-12-08" "metadata" "--manifest-path" "Cargo.toml" "--no-deps", kill_on_drop: false }`
[INFO] started tweaking crates.io crate aes-edu 0.1.2
[INFO] finished tweaking crates.io crate aes-edu 0.1.2
[INFO] tweaked toml for crates.io crate aes-edu 0.1.2 written to /workspace/builds/worker-4-tc2/source/Cargo.toml
[INFO] running `Command { std: CARGO_HOME="/workspace/cargo-home" RUSTUP_HOME="/workspace/rustup-home" "/workspace/cargo-home/bin/cargo" "+beta-2024-12-08" "generate-lockfile" "--manifest-path" "Cargo.toml", kill_on_drop: false }`
[INFO] running `Command { std: CARGO_HOME="/workspace/cargo-home" RUSTUP_HOME="/workspace/rustup-home" "/workspace/cargo-home/bin/cargo" "+beta-2024-12-08" "fetch" "--manifest-path" "Cargo.toml", kill_on_drop: false }`
[INFO] running `Command { std: "docker" "create" "-v" "/var/lib/crater-agent-workspace/builds/worker-4-tc2/target:/opt/rustwide/target:rw,Z" "-v" "/var/lib/crater-agent-workspace/builds/worker-4-tc2/source:/opt/rustwide/workdir:ro,Z" "-v" "/var/lib/crater-agent-workspace/cargo-home:/opt/rustwide/cargo-home:ro,Z" "-v" "/var/lib/crater-agent-workspace/rustup-home:/opt/rustwide/rustup-home:ro,Z" "-e" "SOURCE_DIR=/opt/rustwide/workdir" "-e" "CARGO_TARGET_DIR=/opt/rustwide/target" "-e" "CARGO_HOME=/opt/rustwide/cargo-home" "-e" "RUSTUP_HOME=/opt/rustwide/rustup-home" "-w" "/opt/rustwide/workdir" "-m" "1610612736" "--user" "0:0" "--network" "none" "ghcr.io/rust-lang/crates-build-env/linux@sha256:f3a9d4ad9d972b27faf3965f35b62e55ba32bbce8f20bc8fe909558a86702fde" "/opt/rustwide/cargo-home/bin/cargo" "+beta-2024-12-08" "metadata" "--no-deps" "--format-version=1", kill_on_drop: false }`
[INFO] [stdout] bd7b3c22c82caca09ea56766c2eb37b28cf267085810c5730962dfbf58008e0a
[INFO] running `Command { std: "docker" "start" "-a" "bd7b3c22c82caca09ea56766c2eb37b28cf267085810c5730962dfbf58008e0a", kill_on_drop: false }`
[INFO] running `Command { std: "docker" "inspect" "bd7b3c22c82caca09ea56766c2eb37b28cf267085810c5730962dfbf58008e0a", kill_on_drop: false }`
[INFO] running `Command { std: "docker" "rm" "-f" "bd7b3c22c82caca09ea56766c2eb37b28cf267085810c5730962dfbf58008e0a", kill_on_drop: false }`
[INFO] [stdout] bd7b3c22c82caca09ea56766c2eb37b28cf267085810c5730962dfbf58008e0a
[INFO] running `Command { std: "docker" "create" "-v" "/var/lib/crater-agent-workspace/builds/worker-4-tc2/target:/opt/rustwide/target:rw,Z" "-v" "/var/lib/crater-agent-workspace/builds/worker-4-tc2/source:/opt/rustwide/workdir:ro,Z" "-v" "/var/lib/crater-agent-workspace/cargo-home:/opt/rustwide/cargo-home:ro,Z" "-v" "/var/lib/crater-agent-workspace/rustup-home:/opt/rustwide/rustup-home:ro,Z" "-e" "SOURCE_DIR=/opt/rustwide/workdir" "-e" "CARGO_TARGET_DIR=/opt/rustwide/target" "-e" "CARGO_INCREMENTAL=0" "-e" "RUST_BACKTRACE=full" "-e" "RUSTFLAGS=--cap-lints=warn" "-e" "RUSTDOCFLAGS=--cap-lints=warn" "-e" "CARGO_HOME=/opt/rustwide/cargo-home" "-e" "RUSTUP_HOME=/opt/rustwide/rustup-home" "-w" "/opt/rustwide/workdir" "-m" "1610612736" "--user" "0:0" "--network" "none" "ghcr.io/rust-lang/crates-build-env/linux@sha256:f3a9d4ad9d972b27faf3965f35b62e55ba32bbce8f20bc8fe909558a86702fde" "/opt/rustwide/cargo-home/bin/cargo" "+beta-2024-12-08" "build" "--frozen" "--message-format=json", kill_on_drop: false }`
[INFO] [stdout] 41e252d737402829af249d87ba5617e6261faa8fcd01a331540a0f06c3cd568f
[INFO] running `Command { std: "docker" "start" "-a" "41e252d737402829af249d87ba5617e6261faa8fcd01a331540a0f06c3cd568f", kill_on_drop: false }`
[INFO] [stderr]    Compiling aes-edu v0.1.2 (/opt/rustwide/workdir)
[INFO] [stderr]     Finished `dev` profile [unoptimized + debuginfo] target(s) in 0.38s
[INFO] running `Command { std: "docker" "inspect" "41e252d737402829af249d87ba5617e6261faa8fcd01a331540a0f06c3cd568f", kill_on_drop: false }`
[INFO] running `Command { std: "docker" "rm" "-f" "41e252d737402829af249d87ba5617e6261faa8fcd01a331540a0f06c3cd568f", kill_on_drop: false }`
[INFO] [stdout] 41e252d737402829af249d87ba5617e6261faa8fcd01a331540a0f06c3cd568f
[INFO] running `Command { std: "docker" "create" "-v" "/var/lib/crater-agent-workspace/builds/worker-4-tc2/target:/opt/rustwide/target:rw,Z" "-v" "/var/lib/crater-agent-workspace/builds/worker-4-tc2/source:/opt/rustwide/workdir:ro,Z" "-v" "/var/lib/crater-agent-workspace/cargo-home:/opt/rustwide/cargo-home:ro,Z" "-v" "/var/lib/crater-agent-workspace/rustup-home:/opt/rustwide/rustup-home:ro,Z" "-e" "SOURCE_DIR=/opt/rustwide/workdir" "-e" "CARGO_TARGET_DIR=/opt/rustwide/target" "-e" "CARGO_INCREMENTAL=0" "-e" "RUST_BACKTRACE=full" "-e" "RUSTFLAGS=--cap-lints=warn" "-e" "RUSTDOCFLAGS=--cap-lints=warn" "-e" "CARGO_HOME=/opt/rustwide/cargo-home" "-e" "RUSTUP_HOME=/opt/rustwide/rustup-home" "-w" "/opt/rustwide/workdir" "-m" "1610612736" "--user" "0:0" "--network" "none" "ghcr.io/rust-lang/crates-build-env/linux@sha256:f3a9d4ad9d972b27faf3965f35b62e55ba32bbce8f20bc8fe909558a86702fde" "/opt/rustwide/cargo-home/bin/cargo" "+beta-2024-12-08" "test" "--frozen" "--no-run" "--message-format=json", kill_on_drop: false }`
[INFO] [stdout] 75de31d2ce600019deb2cb29f13fa1ccbd33ca9b94b87e1b539972cd347f060d
[INFO] running `Command { std: "docker" "start" "-a" "75de31d2ce600019deb2cb29f13fa1ccbd33ca9b94b87e1b539972cd347f060d", kill_on_drop: false }`
[INFO] [stderr]    Compiling aes-edu v0.1.2 (/opt/rustwide/workdir)
[INFO] [stderr]     Finished `test` profile [unoptimized + debuginfo] target(s) in 0.40s
[INFO] running `Command { std: "docker" "inspect" "75de31d2ce600019deb2cb29f13fa1ccbd33ca9b94b87e1b539972cd347f060d", kill_on_drop: false }`
[INFO] running `Command { std: "docker" "rm" "-f" "75de31d2ce600019deb2cb29f13fa1ccbd33ca9b94b87e1b539972cd347f060d", kill_on_drop: false }`
[INFO] [stdout] 75de31d2ce600019deb2cb29f13fa1ccbd33ca9b94b87e1b539972cd347f060d
[INFO] running `Command { std: "docker" "create" "-v" "/var/lib/crater-agent-workspace/builds/worker-4-tc2/target:/opt/rustwide/target:rw,Z" "-v" "/var/lib/crater-agent-workspace/builds/worker-4-tc2/source:/opt/rustwide/workdir:ro,Z" "-v" "/var/lib/crater-agent-workspace/cargo-home:/opt/rustwide/cargo-home:ro,Z" "-v" "/var/lib/crater-agent-workspace/rustup-home:/opt/rustwide/rustup-home:ro,Z" "-e" "SOURCE_DIR=/opt/rustwide/workdir" "-e" "CARGO_TARGET_DIR=/opt/rustwide/target" "-e" "CARGO_INCREMENTAL=0" "-e" "RUST_BACKTRACE=full" "-e" "RUSTFLAGS=--cap-lints=warn" "-e" "RUSTDOCFLAGS=--cap-lints=warn" "-e" "CARGO_HOME=/opt/rustwide/cargo-home" "-e" "RUSTUP_HOME=/opt/rustwide/rustup-home" "-w" "/opt/rustwide/workdir" "-m" "1610612736" "--user" "0:0" "--network" "none" "ghcr.io/rust-lang/crates-build-env/linux@sha256:f3a9d4ad9d972b27faf3965f35b62e55ba32bbce8f20bc8fe909558a86702fde" "/opt/rustwide/cargo-home/bin/cargo" "+beta-2024-12-08" "test" "--frozen", kill_on_drop: false }`
[INFO] [stdout] ea86770924dba5d1701f115e789a406f8c1fbc56f6a4b11b48c4c9462ca02896
[INFO] running `Command { std: "docker" "start" "-a" "ea86770924dba5d1701f115e789a406f8c1fbc56f6a4b11b48c4c9462ca02896", kill_on_drop: false }`
[INFO] [stderr]     Finished `test` profile [unoptimized + debuginfo] target(s) in 0.01s
[INFO] [stderr]      Running unittests src/lib.rs (/opt/rustwide/target/debug/deps/aes_edu-2fbda7b4728b2dce)
[INFO] [stdout] 
[INFO] [stdout] running 0 tests
[INFO] [stdout] 
[INFO] [stdout] test result: ok. 0 passed; 0 failed; 0 ignored; 0 measured; 0 filtered out; finished in 0.00s
[INFO] [stdout] 
[INFO] [stderr]    Doc-tests aes_edu
[INFO] [stdout] 
[INFO] [stdout] running 10 tests
[INFO] [stdout] test src/lib.rs - aesfunctions::Block::inv_mix_columns (line 179) ... FAILED
[INFO] [stdout] test src/lib.rs - aesfunctions::Block::inv_shift_rows (line 124) ... FAILED
[INFO] [stdout] test src/lib.rs - aesfunctions::Block::mix_columns (line 151) ... FAILED
[INFO] [stdout] test src/lib.rs - aesfunctions::g_mul (line 209) ... FAILED
[INFO] [stdout] test src/lib.rs - aesfunctions::Block::inv_sub_bytes (line 75) ... FAILED
[INFO] [stdout] test src/lib.rs - aesfunctions::Block::add_round_key (line 32) ... FAILED
[INFO] [stdout] test src/lib.rs - aesfunctions::Block::sub_bytes (line 53) ... FAILED
[INFO] [stdout] test src/lib.rs - aesfunctions::Block::shift_rows (line 97) ... FAILED
[INFO] [stdout] test src/lib.rs - aesfunctions::INV_S_BOX (line 272) ... FAILED
[INFO] [stdout] test src/lib.rs - aesfunctions::S_BOX (line 239) ... FAILED
[INFO] [stdout] 
[INFO] [stdout] failures:
[INFO] [stdout] 
[INFO] [stdout] ---- src/lib.rs - aesfunctions::Block::inv_mix_columns (line 179) stdout ----
[INFO] [stdout] error[E0433]: failed to resolve: use of undeclared crate or module `aes_functions`
[INFO] [stdout]  --> src/lib.rs:180:5
[INFO] [stdout]   |
[INFO] [stdout] 3 | use aes_functions::aesfunctions::{Block, AES};
[INFO] [stdout]   |     ^^^^^^^^^^^^^ use of undeclared crate or module `aes_functions`
[INFO] [stdout] 
[INFO] [stdout] error: aborting due to 1 previous error
[INFO] [stdout] 
[INFO] [stdout] For more information about this error, try `rustc --explain E0433`.
[INFO] [stdout] Couldn't compile the test.
[INFO] [stdout] ---- src/lib.rs - aesfunctions::Block::inv_shift_rows (line 124) stdout ----
[INFO] [stdout] error[E0433]: failed to resolve: use of undeclared crate or module `aes_functions`
[INFO] [stdout]  --> src/lib.rs:125:5
[INFO] [stdout]   |
[INFO] [stdout] 3 | use aes_functions::aesfunctions::{Block, AES};
[INFO] [stdout]   |     ^^^^^^^^^^^^^ use of undeclared crate or module `aes_functions`
[INFO] [stdout] 
[INFO] [stdout] error: aborting due to 1 previous error
[INFO] [stdout] 
[INFO] [stdout] For more information about this error, try `rustc --explain E0433`.
[INFO] [stdout] Couldn't compile the test.
[INFO] [stdout] ---- src/lib.rs - aesfunctions::Block::mix_columns (line 151) stdout ----
[INFO] [stdout] error[E0433]: failed to resolve: use of undeclared crate or module `aes_functions`
[INFO] [stdout]  --> src/lib.rs:152:5
[INFO] [stdout]   |
[INFO] [stdout] 3 | use aes_functions::aesfunctions::{Block, AES};
[INFO] [stdout]   |     ^^^^^^^^^^^^^ use of undeclared crate or module `aes_functions`
[INFO] [stdout] 
[INFO] [stdout] error: aborting due to 1 previous error
[INFO] [stdout] 
[INFO] [stdout] For more information about this error, try `rustc --explain E0433`.
[INFO] [stdout] Couldn't compile the test.
[INFO] [stdout] ---- src/lib.rs - aesfunctions::g_mul (line 209) stdout ----
[INFO] [stdout] error[E0433]: failed to resolve: use of undeclared crate or module `aes_functions`
[INFO] [stdout]  --> src/lib.rs:210:5
[INFO] [stdout]   |
[INFO] [stdout] 3 | use aes_functions::aesfunctions::g_mul;
[INFO] [stdout]   |     ^^^^^^^^^^^^^ use of undeclared crate or module `aes_functions`
[INFO] [stdout] 
[INFO] [stdout] error: aborting due to 1 previous error
[INFO] [stdout] 
[INFO] [stdout] For more information about this error, try `rustc --explain E0433`.
[INFO] [stdout] Couldn't compile the test.
[INFO] [stdout] ---- src/lib.rs - aesfunctions::Block::inv_sub_bytes (line 75) stdout ----
[INFO] [stdout] error[E0433]: failed to resolve: use of undeclared crate or module `aes_functions`
[INFO] [stdout]  --> src/lib.rs:76:5
[INFO] [stdout]   |
[INFO] [stdout] 3 | use aes_functions::aesfunctions::{Block, AES};
[INFO] [stdout]   |     ^^^^^^^^^^^^^ use of undeclared crate or module `aes_functions`
[INFO] [stdout] 
[INFO] [stdout] error: aborting due to 1 previous error
[INFO] [stdout] 
[INFO] [stdout] For more information about this error, try `rustc --explain E0433`.
[INFO] [stdout] Couldn't compile the test.
[INFO] [stdout] ---- src/lib.rs - aesfunctions::Block::add_round_key (line 32) stdout ----
[INFO] [stdout] error[E0433]: failed to resolve: use of undeclared crate or module `aes_functions`
[INFO] [stdout]  --> src/lib.rs:33:5
[INFO] [stdout]   |
[INFO] [stdout] 3 | use aes_functions::aesfunctions::{Block, AES};
[INFO] [stdout]   |     ^^^^^^^^^^^^^ use of undeclared crate or module `aes_functions`
[INFO] [stdout] 
[INFO] [stdout] error: aborting due to 1 previous error
[INFO] [stdout] 
[INFO] [stdout] For more information about this error, try `rustc --explain E0433`.
[INFO] [stdout] Couldn't compile the test.
[INFO] [stdout] ---- src/lib.rs - aesfunctions::Block::sub_bytes (line 53) stdout ----
[INFO] [stdout] error[E0433]: failed to resolve: use of undeclared crate or module `aes_functions`
[INFO] [stdout]  --> src/lib.rs:54:5
[INFO] [stdout]   |
[INFO] [stdout] 3 | use aes_functions::aesfunctions::{Block, AES};
[INFO] [stdout]   |     ^^^^^^^^^^^^^ use of undeclared crate or module `aes_functions`
[INFO] [stdout] 
[INFO] [stdout] error: aborting due to 1 previous error
[INFO] [stdout] 
[INFO] [stdout] For more information about this error, try `rustc --explain E0433`.
[INFO] [stdout] Couldn't compile the test.
[INFO] [stdout] ---- src/lib.rs - aesfunctions::Block::shift_rows (line 97) stdout ----
[INFO] [stdout] error[E0433]: failed to resolve: use of undeclared crate or module `aes_functions`
[INFO] [stdout]  --> src/lib.rs:98:5
[INFO] [stdout]   |
[INFO] [stdout] 3 | use aes_functions::aesfunctions::{Block, AES};
[INFO] [stdout]   |     ^^^^^^^^^^^^^ use of undeclared crate or module `aes_functions`
[INFO] [stdout] 
[INFO] [stdout] error: aborting due to 1 previous error
[INFO] [stdout] 
[INFO] [stdout] For more information about this error, try `rustc --explain E0433`.
[INFO] [stdout] Couldn't compile the test.
[INFO] [stdout] ---- src/lib.rs - aesfunctions::INV_S_BOX (line 272) stdout ----
[INFO] [stdout] error[E0433]: failed to resolve: use of undeclared crate or module `aes_functions`
[INFO] [stdout]  --> src/lib.rs:273:5
[INFO] [stdout]   |
[INFO] [stdout] 3 | use aes_functions::aesfunctions::INV_S_BOX;
[INFO] [stdout]   |     ^^^^^^^^^^^^^ use of undeclared crate or module `aes_functions`
[INFO] [stdout] 
[INFO] [stdout] error: aborting due to 1 previous error
[INFO] [stdout] 
[INFO] [stdout] For more information about this error, try `rustc --explain E0433`.
[INFO] [stdout] Couldn't compile the test.
[INFO] [stdout] ---- src/lib.rs - aesfunctions::S_BOX (line 239) stdout ----
[INFO] [stdout] error[E0433]: failed to resolve: use of undeclared crate or module `aes_functions`
[INFO] [stdout]  --> src/lib.rs:240:5
[INFO] [stdout]   |
[INFO] [stdout] 3 | use aes_functions::aesfunctions::S_BOX;
[INFO] [stdout]   |     ^^^^^^^^^^^^^ use of undeclared crate or module `aes_functions`
[INFO] [stdout] 
[INFO] [stdout] error: aborting due to 1 previous error
[INFO] [stdout] 
[INFO] [stdout] For more information about this error, try `rustc --explain E0433`.
[INFO] [stdout] Couldn't compile the test.
[INFO] [stdout] 
[INFO] [stdout] failures:
[INFO] [stdout]     src/lib.rs - aesfunctions::Block::add_round_key (line 32)
[INFO] [stdout]     src/lib.rs - aesfunctions::Block::inv_mix_columns (line 179)
[INFO] [stdout]     src/lib.rs - aesfunctions::Block::inv_shift_rows (line 124)
[INFO] [stdout]     src/lib.rs - aesfunctions::Block::inv_sub_bytes (line 75)
[INFO] [stdout]     src/lib.rs - aesfunctions::Block::mix_columns (line 151)
[INFO] [stdout]     src/lib.rs - aesfunctions::Block::shift_rows (line 97)
[INFO] [stdout]     src/lib.rs - aesfunctions::Block::sub_bytes (line 53)
[INFO] [stdout]     src/lib.rs - aesfunctions::INV_S_BOX (line 272)
[INFO] [stdout]     src/lib.rs - aesfunctions::S_BOX (line 239)
[INFO] [stdout]     src/lib.rs - aesfunctions::g_mul (line 209)
[INFO] [stdout] 
[INFO] [stdout] test result: FAILED. 0 passed; 10 failed; 0 ignored; 0 measured; 0 filtered out; finished in 0.10s
[INFO] [stdout] 
[INFO] [stderr] error: doctest failed, to rerun pass `--doc`
[INFO] running `Command { std: "docker" "inspect" "ea86770924dba5d1701f115e789a406f8c1fbc56f6a4b11b48c4c9462ca02896", kill_on_drop: false }`
[INFO] running `Command { std: "docker" "rm" "-f" "ea86770924dba5d1701f115e789a406f8c1fbc56f6a4b11b48c4c9462ca02896", kill_on_drop: false }`
[INFO] [stdout] ea86770924dba5d1701f115e789a406f8c1fbc56f6a4b11b48c4c9462ca02896
