[INFO] fetching crate aeruginous 3.7.17...
[INFO] testing aeruginous-3.7.17 against 1.83.0 for beta-1.84.0-4-retry
[INFO] extracting crate aeruginous 3.7.17 into /workspace/builds/worker-4-tc1/source
[INFO] validating manifest of crates.io crate aeruginous 3.7.17 on toolchain 1.83.0
[INFO] running `Command { std: CARGO_HOME="/workspace/cargo-home" RUSTUP_HOME="/workspace/rustup-home" "/workspace/cargo-home/bin/cargo" "+1.83.0" "metadata" "--manifest-path" "Cargo.toml" "--no-deps", kill_on_drop: false }`
[INFO] started tweaking crates.io crate aeruginous 3.7.17
[INFO] finished tweaking crates.io crate aeruginous 3.7.17
[INFO] tweaked toml for crates.io crate aeruginous 3.7.17 written to /workspace/builds/worker-4-tc1/source/Cargo.toml
[INFO] crate crates.io crate aeruginous 3.7.17 already has a lockfile, it will not be regenerated
[INFO] running `Command { std: CARGO_HOME="/workspace/cargo-home" RUSTUP_HOME="/workspace/rustup-home" "/workspace/cargo-home/bin/cargo" "+1.83.0" "fetch" "--manifest-path" "Cargo.toml", kill_on_drop: false }`
[INFO] [stderr]     Blocking waiting for file lock on package cache
[INFO] [stderr]     Updating crates.io index
[INFO] [stderr]     Blocking waiting for file lock on package cache
[INFO] [stderr]  Downloading crates ...
[INFO] [stderr]   Downloaded aeruginous-io v0.8.1
[INFO] [stderr]   Downloaded sysexits v0.8.1
[INFO] running `Command { std: "docker" "create" "-v" "/var/lib/crater-agent-workspace/builds/worker-4-tc1/target:/opt/rustwide/target:rw,Z" "-v" "/var/lib/crater-agent-workspace/builds/worker-4-tc1/source:/opt/rustwide/workdir:ro,Z" "-v" "/var/lib/crater-agent-workspace/cargo-home:/opt/rustwide/cargo-home:ro,Z" "-v" "/var/lib/crater-agent-workspace/rustup-home:/opt/rustwide/rustup-home:ro,Z" "-e" "SOURCE_DIR=/opt/rustwide/workdir" "-e" "CARGO_TARGET_DIR=/opt/rustwide/target" "-e" "CARGO_HOME=/opt/rustwide/cargo-home" "-e" "RUSTUP_HOME=/opt/rustwide/rustup-home" "-w" "/opt/rustwide/workdir" "-m" "1610612736" "--user" "0:0" "--network" "none" "ghcr.io/rust-lang/crates-build-env/linux@sha256:f3a9d4ad9d972b27faf3965f35b62e55ba32bbce8f20bc8fe909558a86702fde" "/opt/rustwide/cargo-home/bin/cargo" "+1.83.0" "metadata" "--no-deps" "--format-version=1", kill_on_drop: false }`
[INFO] [stdout] aeb87a1910476d0474291944e4d54418867ce4c040d9558bfe0f5820fded9ce5
[INFO] running `Command { std: "docker" "start" "-a" "aeb87a1910476d0474291944e4d54418867ce4c040d9558bfe0f5820fded9ce5", kill_on_drop: false }`
[INFO] running `Command { std: "docker" "inspect" "aeb87a1910476d0474291944e4d54418867ce4c040d9558bfe0f5820fded9ce5", kill_on_drop: false }`
[INFO] running `Command { std: "docker" "rm" "-f" "aeb87a1910476d0474291944e4d54418867ce4c040d9558bfe0f5820fded9ce5", kill_on_drop: false }`
[INFO] [stdout] aeb87a1910476d0474291944e4d54418867ce4c040d9558bfe0f5820fded9ce5
[INFO] running `Command { std: "docker" "create" "-v" "/var/lib/crater-agent-workspace/builds/worker-4-tc1/target:/opt/rustwide/target:rw,Z" "-v" "/var/lib/crater-agent-workspace/builds/worker-4-tc1/source:/opt/rustwide/workdir:ro,Z" "-v" "/var/lib/crater-agent-workspace/cargo-home:/opt/rustwide/cargo-home:ro,Z" "-v" "/var/lib/crater-agent-workspace/rustup-home:/opt/rustwide/rustup-home:ro,Z" "-e" "SOURCE_DIR=/opt/rustwide/workdir" "-e" "CARGO_TARGET_DIR=/opt/rustwide/target" "-e" "CARGO_INCREMENTAL=0" "-e" "RUST_BACKTRACE=full" "-e" "RUSTFLAGS=--cap-lints=warn" "-e" "RUSTDOCFLAGS=--cap-lints=warn" "-e" "CARGO_HOME=/opt/rustwide/cargo-home" "-e" "RUSTUP_HOME=/opt/rustwide/rustup-home" "-w" "/opt/rustwide/workdir" "-m" "1610612736" "--user" "0:0" "--network" "none" "ghcr.io/rust-lang/crates-build-env/linux@sha256:f3a9d4ad9d972b27faf3965f35b62e55ba32bbce8f20bc8fe909558a86702fde" "/opt/rustwide/cargo-home/bin/cargo" "+1.83.0" "build" "--frozen" "--message-format=json", kill_on_drop: false }`
[INFO] [stdout] 83ee61fd332d3271fc59f7907582709a3d3ae9e4eeedbdcf255007f18ec92aa7
[INFO] running `Command { std: "docker" "start" "-a" "83ee61fd332d3271fc59f7907582709a3d3ae9e4eeedbdcf255007f18ec92aa7", kill_on_drop: false }`
[INFO] [stderr]    Compiling proc-macro2 v1.0.86
[INFO] [stderr]    Compiling unicode-ident v1.0.12
[INFO] [stderr]    Compiling serde v1.0.204
[INFO] [stderr]    Compiling libc v0.2.155
[INFO] [stderr]    Compiling pkg-config v0.3.30
[INFO] [stderr]    Compiling vcpkg v0.2.15
[INFO] [stderr]    Compiling equivalent v1.0.1
[INFO] [stderr]    Compiling hashbrown v0.14.5
[INFO] [stderr]    Compiling tinyvec_macros v0.1.1
[INFO] [stderr]    Compiling unicode-bidi v0.3.15
[INFO] [stderr]    Compiling percent-encoding v2.3.1
[INFO] [stderr]    Compiling autocfg v1.3.0
[INFO] [stderr]    Compiling utf8parse v0.2.2
[INFO] [stderr]    Compiling anstyle v1.0.8
[INFO] [stderr]    Compiling is_terminal_polyfill v1.70.1
[INFO] [stderr]    Compiling anstyle-query v1.1.1
[INFO] [stderr]    Compiling tinyvec v1.8.0
[INFO] [stderr]    Compiling winnow v0.5.40
[INFO] [stderr]    Compiling anstyle-parse v0.2.5
[INFO] [stderr]    Compiling form_urlencoded v1.2.1
[INFO] [stderr]    Compiling semver v1.0.23
[INFO] [stderr]    Compiling colorchoice v1.0.2
[INFO] [stderr]    Compiling strsim v0.11.1
[INFO] [stderr]    Compiling clap_lex v0.7.2
[INFO] [stderr]    Compiling heck v0.5.0
[INFO] [stderr]    Compiling anstream v0.6.15
[INFO] [stderr]    Compiling winnow v0.6.16
[INFO] [stderr]    Compiling log v0.4.22
[INFO] [stderr]    Compiling memchr v2.7.4
[INFO] [stderr]    Compiling num-traits v0.2.19
[INFO] [stderr]    Compiling iana-time-zone v0.1.60
[INFO] [stderr]    Compiling sysexits v0.8.1
[INFO] [stderr]    Compiling base64 v0.21.7
[INFO] [stderr]    Compiling clap_builder v4.5.11
[INFO] [stderr]    Compiling aeruginous-io v0.8.1
[INFO] [stderr]    Compiling unicode-normalization v0.1.23
[INFO] [stderr]    Compiling quote v1.0.36
[INFO] [stderr]    Compiling syn v2.0.72
[INFO] [stderr]    Compiling jobserver v0.1.32
[INFO] [stderr]    Compiling cc v1.1.6
[INFO] [stderr]    Compiling idna v0.5.0
[INFO] [stderr]    Compiling url v2.5.2
[INFO] [stderr]    Compiling libz-sys v1.1.18
[INFO] [stderr]    Compiling libgit2-sys v0.17.0+1.8.1
[INFO] [stderr]    Compiling serde_derive v1.0.204
[INFO] [stderr]    Compiling clap_derive v4.5.11
[INFO] [stderr]    Compiling clap v4.5.11
[INFO] [stderr]    Compiling serde_spanned v0.6.7
[INFO] [stderr]    Compiling indexmap v2.2.6
[INFO] [stderr]    Compiling toml_datetime v0.6.7
[INFO] [stderr]    Compiling bitflags v2.6.0
[INFO] [stderr]    Compiling quick-xml v0.36.1
[INFO] [stderr]    Compiling chrono v0.4.38
[INFO] [stderr]    Compiling ron v0.8.1
[INFO] [stderr]    Compiling git2 v0.19.0
[INFO] [stderr]    Compiling toml_edit v0.19.15
[INFO] [stderr]    Compiling toml_edit v0.22.17
[INFO] [stderr]    Compiling toml v0.7.8
[INFO] [stderr]    Compiling toml v0.8.16
[INFO] [stderr]    Compiling cargo-lock v9.0.0
[INFO] [stderr]    Compiling aeruginous v3.7.17 (/opt/rustwide/workdir)
[INFO] [stderr]     Finished `dev` profile [unoptimized + debuginfo] target(s) in 44.88s
[INFO] running `Command { std: "docker" "inspect" "83ee61fd332d3271fc59f7907582709a3d3ae9e4eeedbdcf255007f18ec92aa7", kill_on_drop: false }`
[INFO] running `Command { std: "docker" "rm" "-f" "83ee61fd332d3271fc59f7907582709a3d3ae9e4eeedbdcf255007f18ec92aa7", kill_on_drop: false }`
[INFO] [stdout] 83ee61fd332d3271fc59f7907582709a3d3ae9e4eeedbdcf255007f18ec92aa7
[INFO] running `Command { std: "docker" "create" "-v" "/var/lib/crater-agent-workspace/builds/worker-4-tc1/target:/opt/rustwide/target:rw,Z" "-v" "/var/lib/crater-agent-workspace/builds/worker-4-tc1/source:/opt/rustwide/workdir:ro,Z" "-v" "/var/lib/crater-agent-workspace/cargo-home:/opt/rustwide/cargo-home:ro,Z" "-v" "/var/lib/crater-agent-workspace/rustup-home:/opt/rustwide/rustup-home:ro,Z" "-e" "SOURCE_DIR=/opt/rustwide/workdir" "-e" "CARGO_TARGET_DIR=/opt/rustwide/target" "-e" "CARGO_INCREMENTAL=0" "-e" "RUST_BACKTRACE=full" "-e" "RUSTFLAGS=--cap-lints=warn" "-e" "RUSTDOCFLAGS=--cap-lints=warn" "-e" "CARGO_HOME=/opt/rustwide/cargo-home" "-e" "RUSTUP_HOME=/opt/rustwide/rustup-home" "-w" "/opt/rustwide/workdir" "-m" "1610612736" "--user" "0:0" "--network" "none" "ghcr.io/rust-lang/crates-build-env/linux@sha256:f3a9d4ad9d972b27faf3965f35b62e55ba32bbce8f20bc8fe909558a86702fde" "/opt/rustwide/cargo-home/bin/cargo" "+1.83.0" "test" "--frozen" "--no-run" "--message-format=json", kill_on_drop: false }`
[INFO] [stdout] 8633c335bf6fb92f56430340930fe328ce6cb9e9de018c9da4a2842d017aca30
[INFO] running `Command { std: "docker" "start" "-a" "8633c335bf6fb92f56430340930fe328ce6cb9e9de018c9da4a2842d017aca30", kill_on_drop: false }`
[INFO] [stderr]    Compiling aeruginous v3.7.17 (/opt/rustwide/workdir)
[INFO] [stderr]     Finished `test` profile [unoptimized + debuginfo] target(s) in 1.69s
[INFO] running `Command { std: "docker" "inspect" "8633c335bf6fb92f56430340930fe328ce6cb9e9de018c9da4a2842d017aca30", kill_on_drop: false }`
[INFO] running `Command { std: "docker" "rm" "-f" "8633c335bf6fb92f56430340930fe328ce6cb9e9de018c9da4a2842d017aca30", kill_on_drop: false }`
[INFO] [stdout] 8633c335bf6fb92f56430340930fe328ce6cb9e9de018c9da4a2842d017aca30
[INFO] running `Command { std: "docker" "create" "-v" "/var/lib/crater-agent-workspace/builds/worker-4-tc1/target:/opt/rustwide/target:rw,Z" "-v" "/var/lib/crater-agent-workspace/builds/worker-4-tc1/source:/opt/rustwide/workdir:ro,Z" "-v" "/var/lib/crater-agent-workspace/cargo-home:/opt/rustwide/cargo-home:ro,Z" "-v" "/var/lib/crater-agent-workspace/rustup-home:/opt/rustwide/rustup-home:ro,Z" "-e" "SOURCE_DIR=/opt/rustwide/workdir" "-e" "CARGO_TARGET_DIR=/opt/rustwide/target" "-e" "CARGO_INCREMENTAL=0" "-e" "RUST_BACKTRACE=full" "-e" "RUSTFLAGS=--cap-lints=warn" "-e" "RUSTDOCFLAGS=--cap-lints=warn" "-e" "CARGO_HOME=/opt/rustwide/cargo-home" "-e" "RUSTUP_HOME=/opt/rustwide/rustup-home" "-w" "/opt/rustwide/workdir" "-m" "1610612736" "--user" "0:0" "--network" "none" "ghcr.io/rust-lang/crates-build-env/linux@sha256:f3a9d4ad9d972b27faf3965f35b62e55ba32bbce8f20bc8fe909558a86702fde" "/opt/rustwide/cargo-home/bin/cargo" "+1.83.0" "test" "--frozen", kill_on_drop: false }`
[INFO] [stdout] bdc60e1193bd61e79a54ffe6261ff4ea5a3a63df503f36413dbd62d8ee9cb5d4
[INFO] running `Command { std: "docker" "start" "-a" "bdc60e1193bd61e79a54ffe6261ff4ea5a3a63df503f36413dbd62d8ee9cb5d4", kill_on_drop: false }`
[INFO] [stderr]     Finished `test` profile [unoptimized + debuginfo] target(s) in 0.09s
[INFO] [stderr]      Running unittests src/lib.rs (/opt/rustwide/target/debug/deps/aeruginous-6c02a48bee616d0e)
[INFO] [stdout] 
[INFO] [stdout] running 0 tests
[INFO] [stdout] 
[INFO] [stdout] test result: ok. 0 passed; 0 failed; 0 ignored; 0 measured; 0 filtered out; finished in 0.00s
[INFO] [stdout] 
[INFO] [stderr]      Running unittests src/main.rs (/opt/rustwide/target/debug/deps/aeruginous-e4769c75bf643431)
[INFO] [stdout] 
[INFO] [stdout] running 0 tests
[INFO] [stdout] 
[INFO] [stdout] test result: ok. 0 passed; 0 failed; 0 ignored; 0 measured; 0 filtered out; finished in 0.00s
[INFO] [stdout] 
[INFO] [stderr]    Doc-tests aeruginous
[INFO] [stdout] 
[INFO] [stdout] running 16 tests
[INFO] [stdout] test src/macros.rs - macros::ceprintln (line 62) ... ok
[INFO] [stdout] test src/macros.rs - macros::ceprint (line 24) ... ok
[INFO] [stdout] test src/version.rs - version::Version::cmp (line 109) ... FAILED
[INFO] [stdout] test src/macros.rs - macros::enum_trait (line 124) ... ok
[INFO] [stdout] test src/traits/convert_buffer.rs - traits::convert_buffer::ConvertBuffer::convert_into (line 52) ... FAILED
[INFO] [stdout] test src/macros.rs - macros::getters (line 260) ... ok
[INFO] [stdout] test src/macros.rs - macros::getters (line 235) ... ok
[INFO] [stdout] test src/macros.rs - macros::implement (line 454) ... ok
[INFO] [stdout] test src/traits/prefer.rs - traits::prefer::Prefer::prefer (line 30) ... ok
[INFO] [stdout] test src/macros.rs - macros::enum_trait (line 145) ... ok
[INFO] [stdout] test src/macros.rs - macros::getters (line 318) ... ok
[INFO] [stdout] test src/macros.rs - macros::enum_trait (line 106) ... ok
[INFO] [stdout] test src/macros.rs - macros::getters (line 296) ... ok
[INFO] [stdout] test src/macros.rs - macros::getters (line 361) ... ok
[INFO] [stdout] test src/traits/convert_buffer.rs - traits::convert_buffer::ConvertBuffer::convert_from (line 28) ... ok
[INFO] [stdout] test src/traits/colour_message.rs - traits::colour_message::ColourMessage::colour_message (line 35) ... ok
[INFO] [stdout] 
[INFO] [stdout] failures:
[INFO] [stdout] 
[INFO] [stdout] ---- src/version.rs - version::Version::cmp (line 109) stdout ----
[INFO] [stdout] error: linking with `cc` failed: exit status: 1
[INFO] [stdout]   |
[INFO] [stdout]   = note: LC_ALL="C" PATH="/opt/rustwide/rustup-home/toolchains/1.83.0-x86_64-unknown-linux-gnu/lib/rustlib/x86_64-unknown-linux-gnu/bin:/opt/rustwide/cargo-home/bin:/usr/local/sbin:/usr/local/bin:/usr/sbin:/usr/bin:/sbin:/bin" VSLANG="1033" "cc" "-m64" "/tmp/rustc1UX0Iu/symbols.o" "/tmp/rustdoctestAUF5HO/rust_out.rust_out.cb03291d53e4e161-cgu.0.rcgu.o" "/tmp/rustdoctestAUF5HO/rust_out.1s7umcihpz0t7nkz1uc2ifee9.rcgu.o" "-Wl,--as-needed" "-Wl,-Bstatic" "/opt/rustwide/target/debug/deps/libaeruginous-4e2d8d28f6f15a57.rlib" "/opt/rustwide/target/debug/deps/libtoml-5cbb087deec88e85.rlib" "/opt/rustwide/target/debug/deps/libtoml_edit-60232ee7b1011bc2.rlib" "/opt/rustwide/target/debug/deps/libwinnow-ad63349da2fc62f0.rlib" "/opt/rustwide/target/debug/deps/libron-ca3b05b2f762e71c.rlib" "/opt/rustwide/target/debug/deps/libbase64-c3b18b0672582aa9.rlib" "/opt/rustwide/target/debug/deps/libquick_xml-88c2d5f05ca105ba.rlib" "/opt/rustwide/target/debug/deps/libmemchr-a61794c77f52d343.rlib" "/opt/rustwide/target/debug/deps/libcargo_lock-4bec203389761ffc.rlib" "/opt/rustwide/target/debug/deps/libtoml-2b5ad974ea3c3e91.rlib" "/opt/rustwide/target/debug/deps/libtoml_edit-3be9449d89a72be7.rlib" "/opt/rustwide/target/debug/deps/libserde_spanned-11aff7d7427d46cd.rlib" "/opt/rustwide/target/debug/deps/libwinnow-7dccece0a677c47e.rlib" "/opt/rustwide/target/debug/deps/libtoml_datetime-c6145a293a3b5fb3.rlib" "/opt/rustwide/target/debug/deps/libsemver-1839f7dbddd43e5a.rlib" "/opt/rustwide/target/debug/deps/libchrono-8dbc0ced3ff68158.rlib" "/opt/rustwide/target/debug/deps/libnum_traits-4f8e78c0cc22ce4d.rlib" "/opt/rustwide/target/debug/deps/libiana_time_zone-2390d39fb9bbfd36.rlib" "/opt/rustwide/target/debug/deps/libindexmap-d3f3236190b25970.rlib" "/opt/rustwide/target/debug/deps/libequivalent-4d5cfde55792e26d.rlib" "/opt/rustwide/target/debug/deps/libhashbrown-7d02282e476b54c1.rlib" "/opt/rustwide/target/debug/deps/libgit2-f9ca9abf4dd3c4a4.rlib" "/opt/rustwide/target/debug/deps/liburl-d79477b6a7acdfea.rlib" "/opt/rustwide/target/debug/deps/libidna-c5cbf6a6a8091d7a.rlib" "/opt/rustwide/target/debug/deps/libunicode_normalization-6cd54dadd8ba4f14.rlib" "/opt/rustwide/target/debug/deps/libtinyvec-ae8d3c8ddfe5386c.rlib" "/opt/rustwide/target/debug/deps/libtinyvec_macros-bb1333ecdeeba2ad.rlib" "/opt/rustwide/target/debug/deps/libunicode_bidi-c5175d65f0694929.rlib" "/opt/rustwide/target/debug/deps/libform_urlencoded-533db7122d3ddfc5.rlib" "/opt/rustwide/target/debug/deps/libpercent_encoding-88cba40a7181d984.rlib" "/opt/rustwide/target/debug/deps/liblog-2579a5a2dbce8c4d.rlib" "/opt/rustwide/target/debug/deps/liblibgit2_sys-35899c6fb6d68907.rlib" "/opt/rustwide/target/debug/deps/liblibz_sys-a3efd02557dbfc90.rlib" "/opt/rustwide/target/debug/deps/liblibc-d396a477bbc82a4b.rlib" "/opt/rustwide/target/debug/deps/libbitflags-c5fec286ff5f9c52.rlib" "/opt/rustwide/target/debug/deps/libserde-a397fd7948b7b3fe.rlib" "/opt/rustwide/target/debug/deps/libaeruginous_io-bfb4512f977ea2d6.rlib" "/opt/rustwide/target/debug/deps/libsysexits-bbf57bc4a9b8d074.rlib" "/opt/rustwide/target/debug/deps/libclap-4f729d34c74e909d.rlib" "/opt/rustwide/target/debug/deps/libclap_builder-11b3bc0a48df89d8.rlib" "/opt/rustwide/target/debug/deps/libstrsim-f67fc7e181d739b6.rlib" "/opt/rustwide/target/debug/deps/libanstream-748e90a67c989567.rlib" "/opt/rustwide/target/debug/deps/libanstyle_query-6b60dcf5a66126f4.rlib" "/opt/rustwide/target/debug/deps/libis_terminal_polyfill-427901c753b7c39d.rlib" "/opt/rustwide/target/debug/deps/libcolorchoice-34e7d99119a7cc27.rlib" "/opt/rustwide/target/debug/deps/libanstyle_parse-e490bb1c7a6e9363.rlib" "/opt/rustwide/target/debug/deps/libutf8parse-3dd3c3e36081117c.rlib" "/opt/rustwide/target/debug/deps/libclap_lex-ff8c1f19c4854b1c.rlib" "/opt/rustwide/target/debug/deps/libanstyle-b1a5fa46dea5de48.rlib" "/opt/rustwide/rustup-home/toolchains/1.83.0-x86_64-unknown-linux-gnu/lib/rustlib/x86_64-unknown-linux-gnu/lib/libstd-ca74a2d9c5166d9f.rlib" "/opt/rustwide/rustup-home/toolchains/1.83.0-x86_64-unknown-linux-gnu/lib/rustlib/x86_64-unknown-linux-gnu/lib/libpanic_unwind-e31ab23316ed5080.rlib" "/opt/rustwide/rustup-home/toolchains/1.83.0-x86_64-unknown-linux-gnu/lib/rustlib/x86_64-unknown-linux-gnu/lib/libobject-27dc4aa955912662.rlib" "/opt/rustwide/rustup-home/toolchains/1.83.0-x86_64-unknown-linux-gnu/lib/rustlib/x86_64-unknown-linux-gnu/lib/libmemchr-bd0d6cccce077b99.rlib" "/opt/rustwide/rustup-home/toolchains/1.83.0-x86_64-unknown-linux-gnu/lib/rustlib/x86_64-unknown-linux-gnu/lib/libaddr2line-8d001680935b5e3c.rlib" "/opt/rustwide/rustup-home/toolchains/1.83.0-x86_64-unknown-linux-gnu/lib/rustlib/x86_64-unknown-linux-gnu/lib/libgimli-ba8ce71964f984f4.rlib" "/opt/rustwide/rustup-home/toolchains/1.83.0-x86_64-unknown-linux-gnu/lib/rustlib/x86_64-unknown-linux-gnu/lib/librustc_demangle-99a73526abcec14b.rlib" "/opt/rustwide/rustup-home/toolchains/1.83.0-x86_64-unknown-linux-gnu/lib/rustlib/x86_64-unknown-linux-gnu/lib/libstd_detect-63ac0d22cff92579.rlib" "/opt/rustwide/rustup-home/toolchains/1.83.0-x86_64-unknown-linux-gnu/lib/rustlib/x86_64-unknown-linux-gnu/lib/libhashbrown-9057355c92c922d5.rlib" "/opt/rustwide/rustup-home/toolchains/1.83.0-x86_64-unknown-linux-gnu/lib/rustlib/x86_64-unknown-linux-gnu/lib/librustc_std_workspace_alloc-358be9bc1f6bab04.rlib" "/opt/rustwide/rustup-home/toolchains/1.83.0-x86_64-unknown-linux-gnu/lib/rustlib/x86_64-unknown-linux-gnu/lib/libminiz_oxide-aca15549d5bff974.rlib" "/opt/rustwide/rustup-home/toolchains/1.83.0-x86_64-unknown-linux-gnu/lib/rustlib/x86_64-unknown-linux-gnu/lib/libadler-8251d2cef7072448.rlib" "/opt/rustwide/rustup-home/toolchains/1.83.0-x86_64-unknown-linux-gnu/lib/rustlib/x86_64-unknown-linux-gnu/lib/libunwind-7d50b86011c66411.rlib" "/opt/rustwide/rustup-home/toolchains/1.83.0-x86_64-unknown-linux-gnu/lib/rustlib/x86_64-unknown-linux-gnu/lib/libcfg_if-51ea098fce5006bf.rlib" "/opt/rustwide/rustup-home/toolchains/1.83.0-x86_64-unknown-linux-gnu/lib/rustlib/x86_64-unknown-linux-gnu/lib/liblibc-5a14e0d0b712e731.rlib" "/opt/rustwide/rustup-home/toolchains/1.83.0-x86_64-unknown-linux-gnu/lib/rustlib/x86_64-unknown-linux-gnu/lib/liballoc-8b83dbf3a7b8f999.rlib" "/opt/rustwide/rustup-home/toolchains/1.83.0-x86_64-unknown-linux-gnu/lib/rustlib/x86_64-unknown-linux-gnu/lib/librustc_std_workspace_core-c6fd227bdc7b39ff.rlib" "/opt/rustwide/rustup-home/toolchains/1.83.0-x86_64-unknown-linux-gnu/lib/rustlib/x86_64-unknown-linux-gnu/lib/libcore-959d3389fa3da8a5.rlib" "/opt/rustwide/rustup-home/toolchains/1.83.0-x86_64-unknown-linux-gnu/lib/rustlib/x86_64-unknown-linux-gnu/lib/libcompiler_builtins-abe05db089cc2c62.rlib" "-Wl,-Bdynamic" "-lz" "-lgcc_s" "-lutil" "-lrt" "-lpthread" "-lm" "-ldl" "-lc" "-Wl,--eh-frame-hdr" "-Wl,-z,noexecstack" "-L" "/opt/rustwide/target/debug/build/libgit2-sys-2bd2fa796cee8c4f/out/build" "-L" "/opt/rustwide/rustup-home/toolchains/1.83.0-x86_64-unknown-linux-gnu/lib/rustlib/x86_64-unknown-linux-gnu/lib" "-o" "/tmp/rustdoctestAUF5HO/rust_out" "-Wl,--gc-sections" "-pie" "-Wl,-z,relro,-z,now" "-nodefaultlibs"
[INFO] [stdout]   = note: collect2: fatal error: ld terminated with signal 9 [Killed]
[INFO] [stdout]           compilation terminated.
[INFO] [stdout]           
[INFO] [stdout] 
[INFO] [stdout] error: aborting due to 1 previous error
[INFO] [stdout] 
[INFO] [stdout] Couldn't compile the test.
[INFO] [stdout] ---- src/traits/convert_buffer.rs - traits::convert_buffer::ConvertBuffer::convert_into (line 52) stdout ----
[INFO] [stdout] error: linking with `cc` failed: exit status: 1
[INFO] [stdout]   |
[INFO] [stdout]   = note: LC_ALL="C" PATH="/opt/rustwide/rustup-home/toolchains/1.83.0-x86_64-unknown-linux-gnu/lib/rustlib/x86_64-unknown-linux-gnu/bin:/opt/rustwide/cargo-home/bin:/usr/local/sbin:/usr/local/bin:/usr/sbin:/usr/bin:/sbin:/bin" VSLANG="1033" "cc" "-m64" "/tmp/rustcI3vwg7/symbols.o" "/tmp/rustdoctestk3vJX4/rust_out.rust_out.cb03291d53e4e161-cgu.0.rcgu.o" "/tmp/rustdoctestk3vJX4/rust_out.1s7umcihpz0t7nkz1uc2ifee9.rcgu.o" "-Wl,--as-needed" "-Wl,-Bstatic" "/opt/rustwide/target/debug/deps/libaeruginous-4e2d8d28f6f15a57.rlib" "/opt/rustwide/target/debug/deps/libtoml-5cbb087deec88e85.rlib" "/opt/rustwide/target/debug/deps/libtoml_edit-60232ee7b1011bc2.rlib" "/opt/rustwide/target/debug/deps/libwinnow-ad63349da2fc62f0.rlib" "/opt/rustwide/target/debug/deps/libron-ca3b05b2f762e71c.rlib" "/opt/rustwide/target/debug/deps/libbase64-c3b18b0672582aa9.rlib" "/opt/rustwide/target/debug/deps/libquick_xml-88c2d5f05ca105ba.rlib" "/opt/rustwide/target/debug/deps/libmemchr-a61794c77f52d343.rlib" "/opt/rustwide/target/debug/deps/libcargo_lock-4bec203389761ffc.rlib" "/opt/rustwide/target/debug/deps/libtoml-2b5ad974ea3c3e91.rlib" "/opt/rustwide/target/debug/deps/libtoml_edit-3be9449d89a72be7.rlib" "/opt/rustwide/target/debug/deps/libserde_spanned-11aff7d7427d46cd.rlib" "/opt/rustwide/target/debug/deps/libwinnow-7dccece0a677c47e.rlib" "/opt/rustwide/target/debug/deps/libtoml_datetime-c6145a293a3b5fb3.rlib" "/opt/rustwide/target/debug/deps/libsemver-1839f7dbddd43e5a.rlib" "/opt/rustwide/target/debug/deps/libchrono-8dbc0ced3ff68158.rlib" "/opt/rustwide/target/debug/deps/libnum_traits-4f8e78c0cc22ce4d.rlib" "/opt/rustwide/target/debug/deps/libiana_time_zone-2390d39fb9bbfd36.rlib" "/opt/rustwide/target/debug/deps/libindexmap-d3f3236190b25970.rlib" "/opt/rustwide/target/debug/deps/libequivalent-4d5cfde55792e26d.rlib" "/opt/rustwide/target/debug/deps/libhashbrown-7d02282e476b54c1.rlib" "/opt/rustwide/target/debug/deps/libgit2-f9ca9abf4dd3c4a4.rlib" "/opt/rustwide/target/debug/deps/liburl-d79477b6a7acdfea.rlib" "/opt/rustwide/target/debug/deps/libidna-c5cbf6a6a8091d7a.rlib" "/opt/rustwide/target/debug/deps/libunicode_normalization-6cd54dadd8ba4f14.rlib" "/opt/rustwide/target/debug/deps/libtinyvec-ae8d3c8ddfe5386c.rlib" "/opt/rustwide/target/debug/deps/libtinyvec_macros-bb1333ecdeeba2ad.rlib" "/opt/rustwide/target/debug/deps/libunicode_bidi-c5175d65f0694929.rlib" "/opt/rustwide/target/debug/deps/libform_urlencoded-533db7122d3ddfc5.rlib" "/opt/rustwide/target/debug/deps/libpercent_encoding-88cba40a7181d984.rlib" "/opt/rustwide/target/debug/deps/liblog-2579a5a2dbce8c4d.rlib" "/opt/rustwide/target/debug/deps/liblibgit2_sys-35899c6fb6d68907.rlib" "/opt/rustwide/target/debug/deps/liblibz_sys-a3efd02557dbfc90.rlib" "/opt/rustwide/target/debug/deps/liblibc-d396a477bbc82a4b.rlib" "/opt/rustwide/target/debug/deps/libbitflags-c5fec286ff5f9c52.rlib" "/opt/rustwide/target/debug/deps/libserde-a397fd7948b7b3fe.rlib" "/opt/rustwide/target/debug/deps/libaeruginous_io-bfb4512f977ea2d6.rlib" "/opt/rustwide/target/debug/deps/libsysexits-bbf57bc4a9b8d074.rlib" "/opt/rustwide/target/debug/deps/libclap-4f729d34c74e909d.rlib" "/opt/rustwide/target/debug/deps/libclap_builder-11b3bc0a48df89d8.rlib" "/opt/rustwide/target/debug/deps/libstrsim-f67fc7e181d739b6.rlib" "/opt/rustwide/target/debug/deps/libanstream-748e90a67c989567.rlib" "/opt/rustwide/target/debug/deps/libanstyle_query-6b60dcf5a66126f4.rlib" "/opt/rustwide/target/debug/deps/libis_terminal_polyfill-427901c753b7c39d.rlib" "/opt/rustwide/target/debug/deps/libcolorchoice-34e7d99119a7cc27.rlib" "/opt/rustwide/target/debug/deps/libanstyle_parse-e490bb1c7a6e9363.rlib" "/opt/rustwide/target/debug/deps/libutf8parse-3dd3c3e36081117c.rlib" "/opt/rustwide/target/debug/deps/libclap_lex-ff8c1f19c4854b1c.rlib" "/opt/rustwide/target/debug/deps/libanstyle-b1a5fa46dea5de48.rlib" "/opt/rustwide/rustup-home/toolchains/1.83.0-x86_64-unknown-linux-gnu/lib/rustlib/x86_64-unknown-linux-gnu/lib/libstd-ca74a2d9c5166d9f.rlib" "/opt/rustwide/rustup-home/toolchains/1.83.0-x86_64-unknown-linux-gnu/lib/rustlib/x86_64-unknown-linux-gnu/lib/libpanic_unwind-e31ab23316ed5080.rlib" "/opt/rustwide/rustup-home/toolchains/1.83.0-x86_64-unknown-linux-gnu/lib/rustlib/x86_64-unknown-linux-gnu/lib/libobject-27dc4aa955912662.rlib" "/opt/rustwide/rustup-home/toolchains/1.83.0-x86_64-unknown-linux-gnu/lib/rustlib/x86_64-unknown-linux-gnu/lib/libmemchr-bd0d6cccce077b99.rlib" "/opt/rustwide/rustup-home/toolchains/1.83.0-x86_64-unknown-linux-gnu/lib/rustlib/x86_64-unknown-linux-gnu/lib/libaddr2line-8d001680935b5e3c.rlib" "/opt/rustwide/rustup-home/toolchains/1.83.0-x86_64-unknown-linux-gnu/lib/rustlib/x86_64-unknown-linux-gnu/lib/libgimli-ba8ce71964f984f4.rlib" "/opt/rustwide/rustup-home/toolchains/1.83.0-x86_64-unknown-linux-gnu/lib/rustlib/x86_64-unknown-linux-gnu/lib/librustc_demangle-99a73526abcec14b.rlib" "/opt/rustwide/rustup-home/toolchains/1.83.0-x86_64-unknown-linux-gnu/lib/rustlib/x86_64-unknown-linux-gnu/lib/libstd_detect-63ac0d22cff92579.rlib" "/opt/rustwide/rustup-home/toolchains/1.83.0-x86_64-unknown-linux-gnu/lib/rustlib/x86_64-unknown-linux-gnu/lib/libhashbrown-9057355c92c922d5.rlib" "/opt/rustwide/rustup-home/toolchains/1.83.0-x86_64-unknown-linux-gnu/lib/rustlib/x86_64-unknown-linux-gnu/lib/librustc_std_workspace_alloc-358be9bc1f6bab04.rlib" "/opt/rustwide/rustup-home/toolchains/1.83.0-x86_64-unknown-linux-gnu/lib/rustlib/x86_64-unknown-linux-gnu/lib/libminiz_oxide-aca15549d5bff974.rlib" "/opt/rustwide/rustup-home/toolchains/1.83.0-x86_64-unknown-linux-gnu/lib/rustlib/x86_64-unknown-linux-gnu/lib/libadler-8251d2cef7072448.rlib" "/opt/rustwide/rustup-home/toolchains/1.83.0-x86_64-unknown-linux-gnu/lib/rustlib/x86_64-unknown-linux-gnu/lib/libunwind-7d50b86011c66411.rlib" "/opt/rustwide/rustup-home/toolchains/1.83.0-x86_64-unknown-linux-gnu/lib/rustlib/x86_64-unknown-linux-gnu/lib/libcfg_if-51ea098fce5006bf.rlib" "/opt/rustwide/rustup-home/toolchains/1.83.0-x86_64-unknown-linux-gnu/lib/rustlib/x86_64-unknown-linux-gnu/lib/liblibc-5a14e0d0b712e731.rlib" "/opt/rustwide/rustup-home/toolchains/1.83.0-x86_64-unknown-linux-gnu/lib/rustlib/x86_64-unknown-linux-gnu/lib/liballoc-8b83dbf3a7b8f999.rlib" "/opt/rustwide/rustup-home/toolchains/1.83.0-x86_64-unknown-linux-gnu/lib/rustlib/x86_64-unknown-linux-gnu/lib/librustc_std_workspace_core-c6fd227bdc7b39ff.rlib" "/opt/rustwide/rustup-home/toolchains/1.83.0-x86_64-unknown-linux-gnu/lib/rustlib/x86_64-unknown-linux-gnu/lib/libcore-959d3389fa3da8a5.rlib" "/opt/rustwide/rustup-home/toolchains/1.83.0-x86_64-unknown-linux-gnu/lib/rustlib/x86_64-unknown-linux-gnu/lib/libcompiler_builtins-abe05db089cc2c62.rlib" "-Wl,-Bdynamic" "-lz" "-lgcc_s" "-lutil" "-lrt" "-lpthread" "-lm" "-ldl" "-lc" "-Wl,--eh-frame-hdr" "-Wl,-z,noexecstack" "-L" "/opt/rustwide/target/debug/build/libgit2-sys-2bd2fa796cee8c4f/out/build" "-L" "/opt/rustwide/rustup-home/toolchains/1.83.0-x86_64-unknown-linux-gnu/lib/rustlib/x86_64-unknown-linux-gnu/lib" "-o" "/tmp/rustdoctestk3vJX4/rust_out" "-Wl,--gc-sections" "-pie" "-Wl,-z,relro,-z,now" "-nodefaultlibs"
[INFO] [stdout]   = note: collect2: fatal error: ld terminated with signal 9 [Killed]
[INFO] [stdout]           compilation terminated.
[INFO] [stdout]           
[INFO] [stdout] 
[INFO] [stdout] error: aborting due to 1 previous error
[INFO] [stdout] 
[INFO] [stdout] Couldn't compile the test.
[INFO] [stdout] 
[INFO] [stdout] failures:
[INFO] [stdout]     src/traits/convert_buffer.rs - traits::convert_buffer::ConvertBuffer::convert_into (line 52)
[INFO] [stdout]     src/version.rs - version::Version::cmp (line 109)
[INFO] [stdout] 
[INFO] [stdout] test result: FAILED. 14 passed; 2 failed; 0 ignored; 0 measured; 0 filtered out; finished in 5.00s
[INFO] [stdout] 
[INFO] [stderr] error: doctest failed, to rerun pass `--doc`
[INFO] running `Command { std: "docker" "inspect" "bdc60e1193bd61e79a54ffe6261ff4ea5a3a63df503f36413dbd62d8ee9cb5d4", kill_on_drop: false }`
[INFO] running `Command { std: "docker" "rm" "-f" "bdc60e1193bd61e79a54ffe6261ff4ea5a3a63df503f36413dbd62d8ee9cb5d4", kill_on_drop: false }`
[INFO] [stdout] bdc60e1193bd61e79a54ffe6261ff4ea5a3a63df503f36413dbd62d8ee9cb5d4
