[INFO] fetching crate aeron 0.2.0...
[INFO] testing aeron-0.2.0 against beta-2024-12-08 for beta-1.84.0-4-retry
[INFO] extracting crate aeron 0.2.0 into /workspace/builds/worker-7-tc2/source
[INFO] validating manifest of crates.io crate aeron 0.2.0 on toolchain beta-2024-12-08
[INFO] running `Command { std: CARGO_HOME="/workspace/cargo-home" RUSTUP_HOME="/workspace/rustup-home" "/workspace/cargo-home/bin/cargo" "+beta-2024-12-08" "metadata" "--manifest-path" "Cargo.toml" "--no-deps", kill_on_drop: false }`
[INFO] started tweaking crates.io crate aeron 0.2.0
[INFO] removed 0 missing examples
[INFO] removed 0 missing tests
[INFO] finished tweaking crates.io crate aeron 0.2.0
[INFO] tweaked toml for crates.io crate aeron 0.2.0 written to /workspace/builds/worker-7-tc2/source/Cargo.toml
[INFO] crate crates.io crate aeron 0.2.0 already has a lockfile, it will not be regenerated
[INFO] running `Command { std: CARGO_HOME="/workspace/cargo-home" RUSTUP_HOME="/workspace/rustup-home" "/workspace/cargo-home/bin/cargo" "+beta-2024-12-08" "fetch" "--manifest-path" "Cargo.toml", kill_on_drop: false }`
[INFO] running `Command { std: "docker" "create" "-v" "/var/lib/crater-agent-workspace/builds/worker-7-tc2/target:/opt/rustwide/target:rw,Z" "-v" "/var/lib/crater-agent-workspace/builds/worker-7-tc2/source:/opt/rustwide/workdir:ro,Z" "-v" "/var/lib/crater-agent-workspace/cargo-home:/opt/rustwide/cargo-home:ro,Z" "-v" "/var/lib/crater-agent-workspace/rustup-home:/opt/rustwide/rustup-home:ro,Z" "-e" "SOURCE_DIR=/opt/rustwide/workdir" "-e" "CARGO_TARGET_DIR=/opt/rustwide/target" "-e" "CARGO_HOME=/opt/rustwide/cargo-home" "-e" "RUSTUP_HOME=/opt/rustwide/rustup-home" "-w" "/opt/rustwide/workdir" "-m" "1610612736" "--user" "0:0" "--network" "none" "ghcr.io/rust-lang/crates-build-env/linux@sha256:f3a9d4ad9d972b27faf3965f35b62e55ba32bbce8f20bc8fe909558a86702fde" "/opt/rustwide/cargo-home/bin/cargo" "+beta-2024-12-08" "metadata" "--no-deps" "--format-version=1", kill_on_drop: false }`
[INFO] [stdout] e3ff07df12d5d08330133b488ee36ea567762288b2abc05db0e7a540cd317055
[INFO] running `Command { std: "docker" "start" "-a" "e3ff07df12d5d08330133b488ee36ea567762288b2abc05db0e7a540cd317055", kill_on_drop: false }`
[INFO] running `Command { std: "docker" "inspect" "e3ff07df12d5d08330133b488ee36ea567762288b2abc05db0e7a540cd317055", kill_on_drop: false }`
[INFO] running `Command { std: "docker" "rm" "-f" "e3ff07df12d5d08330133b488ee36ea567762288b2abc05db0e7a540cd317055", kill_on_drop: false }`
[INFO] [stdout] e3ff07df12d5d08330133b488ee36ea567762288b2abc05db0e7a540cd317055
[INFO] running `Command { std: "docker" "create" "-v" "/var/lib/crater-agent-workspace/builds/worker-7-tc2/target:/opt/rustwide/target:rw,Z" "-v" "/var/lib/crater-agent-workspace/builds/worker-7-tc2/source:/opt/rustwide/workdir:ro,Z" "-v" "/var/lib/crater-agent-workspace/cargo-home:/opt/rustwide/cargo-home:ro,Z" "-v" "/var/lib/crater-agent-workspace/rustup-home:/opt/rustwide/rustup-home:ro,Z" "-e" "SOURCE_DIR=/opt/rustwide/workdir" "-e" "CARGO_TARGET_DIR=/opt/rustwide/target" "-e" "CARGO_INCREMENTAL=0" "-e" "RUST_BACKTRACE=full" "-e" "RUSTFLAGS=--cap-lints=warn" "-e" "RUSTDOCFLAGS=--cap-lints=warn" "-e" "CARGO_HOME=/opt/rustwide/cargo-home" "-e" "RUSTUP_HOME=/opt/rustwide/rustup-home" "-w" "/opt/rustwide/workdir" "-m" "1610612736" "--user" "0:0" "--network" "none" "ghcr.io/rust-lang/crates-build-env/linux@sha256:f3a9d4ad9d972b27faf3965f35b62e55ba32bbce8f20bc8fe909558a86702fde" "/opt/rustwide/cargo-home/bin/cargo" "+beta-2024-12-08" "build" "--frozen" "--message-format=json", kill_on_drop: false }`
[INFO] [stdout] 188c41b8a7100c176f3c32c8ad952de2c2dcf05024e5e1cf9e4519bd4383d515
[INFO] running `Command { std: "docker" "start" "-a" "188c41b8a7100c176f3c32c8ad952de2c2dcf05024e5e1cf9e4519bd4383d515", kill_on_drop: false }`
[INFO] [stderr]    Compiling libc v0.2.158
[INFO] [stderr]    Compiling proc-macro2 v1.0.86
[INFO] [stderr]    Compiling unicode-ident v1.0.12
[INFO] [stderr]    Compiling autocfg v1.3.0
[INFO] [stderr]    Compiling cfg-if v1.0.0
[INFO] [stderr]    Compiling memchr v2.7.4
[INFO] [stderr]    Compiling semver v1.0.23
[INFO] [stderr]    Compiling byteorder v1.5.0
[INFO] [stderr]    Compiling cfg_aliases v0.2.1
[INFO] [stderr]    Compiling regex-syntax v0.8.4
[INFO] [stderr]    Compiling bitflags v2.6.0
[INFO] [stderr]    Compiling log v0.4.22
[INFO] [stderr]    Compiling humantime v2.1.0
[INFO] [stderr]    Compiling termcolor v1.4.1
[INFO] [stderr]    Compiling thiserror v1.0.63
[INFO] [stderr]    Compiling iana-time-zone v0.1.60
[INFO] [stderr]    Compiling nix v0.29.0
[INFO] [stderr]    Compiling cache_line_size v1.0.0
[INFO] [stderr]    Compiling galvanic-assert v0.8.7
[INFO] [stderr]    Compiling lazy_static v1.5.0
[INFO] [stderr]    Compiling aeron_archiver_codecs v0.1.1
[INFO] [stderr]    Compiling num-traits v0.2.19
[INFO] [stderr]    Compiling memoffset v0.9.1
[INFO] [stderr]    Compiling rustc_version v0.4.1
[INFO] [stderr]    Compiling aho-corasick v1.1.3
[INFO] [stderr]    Compiling aeron v0.2.0 (/opt/rustwide/workdir)
[INFO] [stderr]    Compiling quote v1.0.37
[INFO] [stderr]    Compiling syn v2.0.77
[INFO] [stderr]    Compiling getrandom v0.2.15
[INFO] [stderr]    Compiling is-terminal v0.4.13
[INFO] [stderr]    Compiling num_cpus v1.16.0
[INFO] [stderr]    Compiling memmap v0.7.0
[INFO] [stderr]    Compiling chrono v0.4.38
[INFO] [stderr]    Compiling rand_core v0.6.4
[INFO] [stderr]    Compiling core_affinity v0.8.1
[INFO] [stderr]    Compiling regex-automata v0.4.7
[INFO] [stderr]    Compiling ctrlc v3.4.5
[INFO] [stderr]    Compiling zerocopy-derive v0.7.35
[INFO] [stderr]    Compiling thiserror-impl v1.0.63
[INFO] [stderr]    Compiling zerocopy v0.7.35
[INFO] [stderr]    Compiling ppv-lite86 v0.2.20
[INFO] [stderr]    Compiling regex v1.10.6
[INFO] [stderr]    Compiling rand_chacha v0.3.1
[INFO] [stderr]    Compiling env_logger v0.10.2
[INFO] [stderr]    Compiling rand v0.8.5
[INFO] [stderr]    Compiling pretty_env_logger v0.5.0
[INFO] [stdout] warning: creating a shared reference to mutable static is discouraged
[INFO] [stdout]   --> src/concurrent/status/status_indicator_reader.rs:47:20
[INFO] [stdout]    |
[INFO] [stdout] 47 |         assert_eq!(STATIC_ALIGNED_BUFFER_SLICE.0.len(), I64_SIZE as usize);
[INFO] [stdout]    |                    ^^^^^^^^^^^^^^^^^^^^^^^^^^^^^^^^^^^ shared reference to mutable static
[INFO] [stdout]    |
[INFO] [stdout]    = note: for more information, see <https://doc.rust-lang.org/nightly/edition-guide/rust-2024/static-mut-references.html>
[INFO] [stdout]    = note: shared references to mutable statics are dangerous; it's undefined behavior if the static is mutated or if a mutable reference is created for it while the shared reference lives
[INFO] [stdout]    = note: `#[warn(static_mut_refs)]` on by default
[INFO] [stdout] 
[INFO] [stdout] 
[INFO] [stdout] warning: creating a mutable reference to mutable static is discouraged
[INFO] [stdout]   --> src/concurrent/status/status_indicator_reader.rs:48:34
[INFO] [stdout]    |
[INFO] [stdout] 48 |         AtomicBuffer::wrap_slice(&mut STATIC_ALIGNED_BUFFER_SLICE.0)
[INFO] [stdout]    |                                  ^^^^^^^^^^^^^^^^^^^^^^^^^^^^^^^^^^ mutable reference to mutable static
[INFO] [stdout]    |
[INFO] [stdout]    = note: for more information, see <https://doc.rust-lang.org/nightly/edition-guide/rust-2024/static-mut-references.html>
[INFO] [stdout]    = note: mutable references to mutable statics are dangerous; it's undefined behavior if any other pointer to the static is used or if any other reference is created for the static while the mutable reference lives
[INFO] [stdout] help: use `&raw mut` instead to create a raw pointer
[INFO] [stdout]    |
[INFO] [stdout] 48 |         AtomicBuffer::wrap_slice(&raw mut STATIC_ALIGNED_BUFFER_SLICE.0)
[INFO] [stdout]    |                                  ~~~~~~~~
[INFO] [stdout] 
[INFO] [stdout] 
[INFO] [stderr]     Finished `dev` profile [unoptimized + debuginfo] target(s) in 17.53s
[INFO] running `Command { std: "docker" "inspect" "188c41b8a7100c176f3c32c8ad952de2c2dcf05024e5e1cf9e4519bd4383d515", kill_on_drop: false }`
[INFO] running `Command { std: "docker" "rm" "-f" "188c41b8a7100c176f3c32c8ad952de2c2dcf05024e5e1cf9e4519bd4383d515", kill_on_drop: false }`
[INFO] [stdout] 188c41b8a7100c176f3c32c8ad952de2c2dcf05024e5e1cf9e4519bd4383d515
[INFO] running `Command { std: "docker" "create" "-v" "/var/lib/crater-agent-workspace/builds/worker-7-tc2/target:/opt/rustwide/target:rw,Z" "-v" "/var/lib/crater-agent-workspace/builds/worker-7-tc2/source:/opt/rustwide/workdir:ro,Z" "-v" "/var/lib/crater-agent-workspace/cargo-home:/opt/rustwide/cargo-home:ro,Z" "-v" "/var/lib/crater-agent-workspace/rustup-home:/opt/rustwide/rustup-home:ro,Z" "-e" "SOURCE_DIR=/opt/rustwide/workdir" "-e" "CARGO_TARGET_DIR=/opt/rustwide/target" "-e" "CARGO_INCREMENTAL=0" "-e" "RUST_BACKTRACE=full" "-e" "RUSTFLAGS=--cap-lints=warn" "-e" "RUSTDOCFLAGS=--cap-lints=warn" "-e" "CARGO_HOME=/opt/rustwide/cargo-home" "-e" "RUSTUP_HOME=/opt/rustwide/rustup-home" "-w" "/opt/rustwide/workdir" "-m" "1610612736" "--user" "0:0" "--network" "none" "ghcr.io/rust-lang/crates-build-env/linux@sha256:f3a9d4ad9d972b27faf3965f35b62e55ba32bbce8f20bc8fe909558a86702fde" "/opt/rustwide/cargo-home/bin/cargo" "+beta-2024-12-08" "test" "--frozen" "--no-run" "--message-format=json", kill_on_drop: false }`
[INFO] [stdout] 539bfc508e75ecd120c8fe62804538420d8050fab2ff8d9816b7b5b0c8ac5940
[INFO] running `Command { std: "docker" "start" "-a" "539bfc508e75ecd120c8fe62804538420d8050fab2ff8d9816b7b5b0c8ac5940", kill_on_drop: false }`
[INFO] [stderr]    Compiling syn v2.0.77
[INFO] [stderr]    Compiling byteorder v1.5.0
[INFO] [stderr]    Compiling bitflags v2.6.0
[INFO] [stderr]    Compiling equivalent v1.0.1
[INFO] [stderr]    Compiling syn v1.0.109
[INFO] [stderr]    Compiling hashbrown v0.14.5
[INFO] [stderr]    Compiling utf8parse v0.2.2
[INFO] [stderr]    Compiling toml_datetime v0.6.8
[INFO] [stderr]    Compiling crossbeam-utils v0.8.20
[INFO] [stderr]    Compiling winnow v0.5.40
[INFO] [stderr]    Compiling anstyle v1.0.8
[INFO] [stderr]    Compiling is_terminal_polyfill v1.70.1
[INFO] [stderr]    Compiling adler2 v2.0.0
[INFO] [stderr]    Compiling rustix v0.38.36
[INFO] [stderr]    Compiling once_cell v1.19.0
[INFO] [stderr]    Compiling colorchoice v1.0.2
[INFO] [stderr]    Compiling anstyle-query v1.1.1
[INFO] [stderr]    Compiling crc32fast v1.4.2
[INFO] [stderr]    Compiling anstyle-parse v0.2.5
[INFO] [stderr]    Compiling miniz_oxide v0.8.0
[INFO] [stderr]    Compiling strsim v0.11.1
[INFO] [stderr]    Compiling clap_lex v0.7.2
[INFO] [stderr]    Compiling anstream v0.6.15
[INFO] [stderr]    Compiling nix v0.29.0
[INFO] [stderr]    Compiling minimal-lexical v0.2.1
[INFO] [stderr]    Compiling heck v0.5.0
[INFO] [stderr]    Compiling linux-raw-sys v0.4.14
[INFO] [stderr]    Compiling base64 v0.21.7
[INFO] [stderr]    Compiling fastrand v2.1.1
[INFO] [stderr]    Compiling clap_builder v4.5.17
[INFO] [stderr]    Compiling crossbeam-channel v0.5.13
[INFO] [stderr]    Compiling nom v7.1.3
[INFO] [stderr]    Compiling flate2 v1.0.33
[INFO] [stderr]    Compiling indexmap v2.5.0
[INFO] [stderr]    Compiling ctrlc v3.4.5
[INFO] [stderr]    Compiling hdrhistogram v7.5.4
[INFO] [stderr]    Compiling toml_edit v0.19.15
[INFO] [stderr]    Compiling zerocopy-derive v0.7.35
[INFO] [stderr]    Compiling thiserror-impl v1.0.63
[INFO] [stderr]    Compiling clap_derive v4.5.13
[INFO] [stderr]    Compiling tempfile v3.12.0
[INFO] [stderr]    Compiling ntest_test_cases v0.9.3
[INFO] [stderr]    Compiling zerocopy v0.7.35
[INFO] [stderr]    Compiling thiserror v1.0.63
[INFO] [stderr]    Compiling proc-macro-crate v1.3.1
[INFO] [stderr]    Compiling ntest_timeout v0.9.3
[INFO] [stderr]    Compiling ppv-lite86 v0.2.20
[INFO] [stderr]    Compiling clap v4.5.17
[INFO] [stderr]    Compiling rand_chacha v0.3.1
[INFO] [stderr]    Compiling ntest v0.9.3
[INFO] [stderr]    Compiling rand v0.8.5
[INFO] [stderr]    Compiling aeron v0.2.0 (/opt/rustwide/workdir)
[INFO] [stdout] warning: creating a shared reference to mutable static is discouraged
[INFO] [stdout]   --> src/concurrent/status/status_indicator_reader.rs:47:20
[INFO] [stdout]    |
[INFO] [stdout] 47 |         assert_eq!(STATIC_ALIGNED_BUFFER_SLICE.0.len(), I64_SIZE as usize);
[INFO] [stdout]    |                    ^^^^^^^^^^^^^^^^^^^^^^^^^^^^^^^^^^^ shared reference to mutable static
[INFO] [stdout]    |
[INFO] [stdout]    = note: for more information, see <https://doc.rust-lang.org/nightly/edition-guide/rust-2024/static-mut-references.html>
[INFO] [stdout]    = note: shared references to mutable statics are dangerous; it's undefined behavior if the static is mutated or if a mutable reference is created for it while the shared reference lives
[INFO] [stdout]    = note: `#[warn(static_mut_refs)]` on by default
[INFO] [stdout] 
[INFO] [stdout] 
[INFO] [stdout] warning: creating a mutable reference to mutable static is discouraged
[INFO] [stdout]   --> src/concurrent/status/status_indicator_reader.rs:48:34
[INFO] [stdout]    |
[INFO] [stdout] 48 |         AtomicBuffer::wrap_slice(&mut STATIC_ALIGNED_BUFFER_SLICE.0)
[INFO] [stdout]    |                                  ^^^^^^^^^^^^^^^^^^^^^^^^^^^^^^^^^^ mutable reference to mutable static
[INFO] [stdout]    |
[INFO] [stdout]    = note: for more information, see <https://doc.rust-lang.org/nightly/edition-guide/rust-2024/static-mut-references.html>
[INFO] [stdout]    = note: mutable references to mutable statics are dangerous; it's undefined behavior if any other pointer to the static is used or if any other reference is created for the static while the mutable reference lives
[INFO] [stdout] help: use `&raw mut` instead to create a raw pointer
[INFO] [stdout]    |
[INFO] [stdout] 48 |         AtomicBuffer::wrap_slice(&raw mut STATIC_ALIGNED_BUFFER_SLICE.0)
[INFO] [stdout]    |                                  ~~~~~~~~
[INFO] [stdout] 
[INFO] [stdout] 
[INFO] [stdout] warning: creating a shared reference to mutable static is discouraged
[INFO] [stdout]   --> src/concurrent/status/status_indicator_reader.rs:47:20
[INFO] [stdout]    |
[INFO] [stdout] 47 |         assert_eq!(STATIC_ALIGNED_BUFFER_SLICE.0.len(), I64_SIZE as usize);
[INFO] [stdout]    |                    ^^^^^^^^^^^^^^^^^^^^^^^^^^^^^^^^^^^ shared reference to mutable static
[INFO] [stdout]    |
[INFO] [stdout]    = note: for more information, see <https://doc.rust-lang.org/nightly/edition-guide/rust-2024/static-mut-references.html>
[INFO] [stdout]    = note: shared references to mutable statics are dangerous; it's undefined behavior if the static is mutated or if a mutable reference is created for it while the shared reference lives
[INFO] [stdout]    = note: `#[warn(static_mut_refs)]` on by default
[INFO] [stdout] 
[INFO] [stdout] 
[INFO] [stdout] warning: creating a mutable reference to mutable static is discouraged
[INFO] [stdout]   --> src/concurrent/status/status_indicator_reader.rs:48:34
[INFO] [stdout]    |
[INFO] [stdout] 48 |         AtomicBuffer::wrap_slice(&mut STATIC_ALIGNED_BUFFER_SLICE.0)
[INFO] [stdout]    |                                  ^^^^^^^^^^^^^^^^^^^^^^^^^^^^^^^^^^ mutable reference to mutable static
[INFO] [stdout]    |
[INFO] [stdout]    = note: for more information, see <https://doc.rust-lang.org/nightly/edition-guide/rust-2024/static-mut-references.html>
[INFO] [stdout]    = note: mutable references to mutable statics are dangerous; it's undefined behavior if any other pointer to the static is used or if any other reference is created for the static while the mutable reference lives
[INFO] [stdout] help: use `&raw mut` instead to create a raw pointer
[INFO] [stdout]    |
[INFO] [stdout] 48 |         AtomicBuffer::wrap_slice(&raw mut STATIC_ALIGNED_BUFFER_SLICE.0)
[INFO] [stdout]    |                                  ~~~~~~~~
[INFO] [stdout] 
[INFO] [stdout] 
[INFO] [stderr]     Finished `test` profile [unoptimized + debuginfo] target(s) in 29.80s
[INFO] running `Command { std: "docker" "inspect" "539bfc508e75ecd120c8fe62804538420d8050fab2ff8d9816b7b5b0c8ac5940", kill_on_drop: false }`
[INFO] running `Command { std: "docker" "rm" "-f" "539bfc508e75ecd120c8fe62804538420d8050fab2ff8d9816b7b5b0c8ac5940", kill_on_drop: false }`
[INFO] [stdout] 539bfc508e75ecd120c8fe62804538420d8050fab2ff8d9816b7b5b0c8ac5940
[INFO] running `Command { std: "docker" "create" "-v" "/var/lib/crater-agent-workspace/builds/worker-7-tc2/target:/opt/rustwide/target:rw,Z" "-v" "/var/lib/crater-agent-workspace/builds/worker-7-tc2/source:/opt/rustwide/workdir:ro,Z" "-v" "/var/lib/crater-agent-workspace/cargo-home:/opt/rustwide/cargo-home:ro,Z" "-v" "/var/lib/crater-agent-workspace/rustup-home:/opt/rustwide/rustup-home:ro,Z" "-e" "SOURCE_DIR=/opt/rustwide/workdir" "-e" "CARGO_TARGET_DIR=/opt/rustwide/target" "-e" "CARGO_INCREMENTAL=0" "-e" "RUST_BACKTRACE=full" "-e" "RUSTFLAGS=--cap-lints=warn" "-e" "RUSTDOCFLAGS=--cap-lints=warn" "-e" "CARGO_HOME=/opt/rustwide/cargo-home" "-e" "RUSTUP_HOME=/opt/rustwide/rustup-home" "-w" "/opt/rustwide/workdir" "-m" "1610612736" "--user" "0:0" "--network" "none" "ghcr.io/rust-lang/crates-build-env/linux@sha256:f3a9d4ad9d972b27faf3965f35b62e55ba32bbce8f20bc8fe909558a86702fde" "/opt/rustwide/cargo-home/bin/cargo" "+beta-2024-12-08" "test" "--frozen", kill_on_drop: false }`
[INFO] [stdout] a6c73dd986b95f6c953770fe97ddb4f650b28454c1ce884e358cbf798fe342b4
[INFO] running `Command { std: "docker" "start" "-a" "a6c73dd986b95f6c953770fe97ddb4f650b28454c1ce884e358cbf798fe342b4", kill_on_drop: false }`
[INFO] [stderr] warning: creating a shared reference to mutable static is discouraged
[INFO] [stderr]   --> src/concurrent/status/status_indicator_reader.rs:47:20
[INFO] [stderr]    |
[INFO] [stderr] 47 |         assert_eq!(STATIC_ALIGNED_BUFFER_SLICE.0.len(), I64_SIZE as usize);
[INFO] [stderr]    |                    ^^^^^^^^^^^^^^^^^^^^^^^^^^^^^^^^^^^ shared reference to mutable static
[INFO] [stderr]    |
[INFO] [stderr]    = note: for more information, see <https://doc.rust-lang.org/nightly/edition-guide/rust-2024/static-mut-references.html>
[INFO] [stderr]    = note: shared references to mutable statics are dangerous; it's undefined behavior if the static is mutated or if a mutable reference is created for it while the shared reference lives
[INFO] [stderr]    = note: `#[warn(static_mut_refs)]` on by default
[INFO] [stderr] 
[INFO] [stderr] warning: creating a mutable reference to mutable static is discouraged
[INFO] [stderr]   --> src/concurrent/status/status_indicator_reader.rs:48:34
[INFO] [stderr]    |
[INFO] [stderr] 48 |         AtomicBuffer::wrap_slice(&mut STATIC_ALIGNED_BUFFER_SLICE.0)
[INFO] [stderr]    |                                  ^^^^^^^^^^^^^^^^^^^^^^^^^^^^^^^^^^ mutable reference to mutable static
[INFO] [stderr]    |
[INFO] [stderr]    = note: for more information, see <https://doc.rust-lang.org/nightly/edition-guide/rust-2024/static-mut-references.html>
[INFO] [stderr]    = note: mutable references to mutable statics are dangerous; it's undefined behavior if any other pointer to the static is used or if any other reference is created for the static while the mutable reference lives
[INFO] [stderr] help: use `&raw mut` instead to create a raw pointer
[INFO] [stderr]    |
[INFO] [stderr] 48 |         AtomicBuffer::wrap_slice(&raw mut STATIC_ALIGNED_BUFFER_SLICE.0)
[INFO] [stderr]    |                                  ~~~~~~~~
[INFO] [stderr] 
[INFO] [stderr] warning: `aeron` (lib) generated 2 warnings
[INFO] [stderr] warning: `aeron` (lib test) generated 2 warnings (2 duplicates)
[INFO] [stderr]     Finished `test` profile [unoptimized + debuginfo] target(s) in 0.18s
[INFO] [stderr]      Running unittests src/lib.rs (/opt/rustwide/target/debug/deps/aeron-73509640b9092ae5)
[INFO] [stdout] 
[INFO] [stdout] running 227 tests
[INFO] [stdout] test channel_uri::tests::should_parse_simple_default_uris ... ok
[INFO] [stdout] test channel_uri::tests::should_allow_return_default_if_param_not_specified ... ok
[INFO] [stdout] test channel_uri::tests::should_parse_with_multiple_arguments ... ok
[INFO] [stdout] test channel_uri::tests::should_parse_with_single_parameter ... ok
[INFO] [stdout] test channel_uri::tests::should_reject_invalid_media ... ok
[INFO] [stdout] test channel_uri::tests::should_reject_uri_without_aeron_prefix ... ok
[INFO] [stdout] test channel_uri::tests::should_reject_with_invalid_params ... ok
[INFO] [stdout] test channel_uri::tests::should_reject_with_missing_query_separator_when_followed_with_params ... ok
[INFO] [stdout] test channel_uri::tests::should_reject_with_out_of_place_colon ... ok
[INFO] [stdout] test channel_uri::tests::should_round_trip_to_string ... ok
[INFO] [stdout] test channel_uri::tests::should_round_trip_to_string_builder ... ok
[INFO] [stdout] test channel_uri_string_builder::tests::should_generate_basic_ipc_channel ... ok
[INFO] [stdout] test channel_uri_string_builder::tests::should_generate_basic_udp_channel_spy ... ok
[INFO] [stdout] test channel_uri_string_builder::tests::should_generate_complex_udp_channel ... ok
[INFO] [stdout] test channel_uri_string_builder::tests::should_generate_replay_udp_channel ... ok
[INFO] [stdout] test channel_uri_string_builder::tests::should_generate_basic_udp_channel ... ok
[INFO] [stdout] test channel_uri::tests::should_round_trip_to_string_builder_with_prefix ... ok
[INFO] [stdout] test client_conductor::tests::should_close_exclusive_publication_on_inter_service_timeout ... ok
[INFO] [stdout] test client_conductor::tests::should_call_on_unavailable_counter ... ok
[INFO] [stdout] test client_conductor::tests::should_call_error_handler_when_inter_service_timeout_exceeded ... ok
[INFO] [stdout] test client_conductor::tests::should_exception_on_find_when_receiving_error_response_on_add_subscription ... ok
[INFO] [stdout] test client_conductor::tests::should_exception_on_find_when_receiving_error_response_on_add_counter ... ok
[INFO] [stdout] test client_conductor::tests::should_call_on_new_pub_after_log_buffers_created ... ok
[INFO] [stdout] test client_conductor::tests::should_call_error_handler_when_driver_inactive_on_idle ... ok
[INFO] [stdout] test client_conductor::tests::should_call_unavailable_image_if_subscription_released ... ok
[INFO] [stdout] test client_conductor::tests::should_exception_on_find_when_receiving_error_response_on_add_exclusive_publication ... ok
[INFO] [stdout] test client_conductor::tests::should_ignore_exclusive_publication_ready_for_unknown_correlation_id ... ok
[INFO] [stdout] test client_conductor::tests::should_close_publication_on_inter_service_timeout ... ok
[INFO] [stdout] test client_conductor::tests::should_ignore_publication_ready_for_unknown_correlation_id ... ok
[INFO] [stdout] test client_conductor::tests::should_exception_when_release_subscription_after_driver_inactive ... ok
[INFO] [stdout] test client_conductor::tests::should_call_on_new_sub_after_operation_success ... ok
[INFO] [stdout] test client_conductor::tests::should_call_inactive_connection_after_inactive_connection ... ok
[INFO] [stdout] test client_conductor::tests::should_ignore_operation_success_for_unknown_correlation_id ... ok
[INFO] [stdout] test client_conductor::tests::should_call_new_connection_after_on_new_connection ... ok
[INFO] [stdout] test client_conductor::tests::should_not_call_inactive_connection_if_uninteresting_connection_correlation_id ... ok
[INFO] [stdout] test client_conductor::tests::should_exception_when_add_subscription_after_driver_inactive ... ok
[INFO] [stdout] test client_conductor::tests::should_exception_on_find_when_receiving_error_response_on_add_publication ... ok
[INFO] [stdout] test client_conductor::tests::should_not_call_new_connection_if_no_operation_success ... ok
[INFO] [stdout] test client_conductor::tests::should_exception_when_release_publication_after_driver_inactive ... ok
[INFO] [stdout] test client_conductor::tests::should_release_publication_after_going_out_of_scope ... ok
[INFO] [stdout] test client_conductor::tests::should_return_different_id_for_duplicate_add_exclusive_publication ... ok
[INFO] [stdout] test client_conductor::tests::should_return_different_ids_for_duplicate_add_counter_calls ... ok
[INFO] [stdout] test client_conductor::tests::should_release_exclusive_publication_after_going_out_of_scope ... ok
[INFO] [stdout] test client_conductor::tests::should_return_different_counter_after_on_available_counters ... ok
[INFO] [stdout] test client_conductor::tests::should_exception_when_add_publication_after_driver_inactive ... ok
[INFO] [stdout] test client_conductor::tests::should_not_call_new_connection_if_uninteresting_registration_id ... ok
[INFO] [stdout] test client_conductor::tests::should_release_subscription_after_going_out_of_scope ... ok
[INFO] [stdout] test client_conductor::tests::should_return_null_for_counter_without_on_available_counter ... ok
[INFO] [stdout] test client_conductor::tests::should_not_call_inactive_connection_if_no_operation_success ... ok
[INFO] [stdout] test client_conductor::tests::should_release_counter_after_going_out_of_scope ... ok
[INFO] [stdout] test client_conductor::tests::should_return_counter_after_on_available_counter ... ok
[INFO] [stdout] test client_conductor::tests::should_return_exclusive_publication_after_log_buffers_created ... ok
[INFO] [stdout] test client_conductor::tests::should_return_null_for_publication_without_log_buffers ... ok
[INFO] [stdout] test client_conductor::tests::should_not_find_counter_on_available_counter_for_unknown_correlation_id ... ok
[INFO] [stdout] test client_conductor::tests::should_return_null_for_exclusive_publication_without_log_buffers ... ok
[INFO] [stdout] test client_conductor::tests::should_return_different_ids_for_duplicate_add_subscription ... ok
[INFO] [stdout] test client_conductor::tests::should_return_null_for_unknown_counter ... ok
[INFO] [stdout] test client_conductor::tests::should_return_null_for_subscription_without_operation_success ... ok
[INFO] [stdout] test client_conductor::tests::should_return_different_subscription_after_operation_success ... ok
[INFO] [stdout] test client_conductor::tests::should_return_same_publication_after_log_buffers_created ... ok
[INFO] [stdout] test client_conductor::tests::should_return_same_exclusive_publication_after_log_buffers_created ... ok
[INFO] [stdout] test client_conductor::tests::should_return_publication_after_log_buffers_created ... ok
[INFO] [stdout] test client_conductor::tests::should_return_same_find_counter_after_on_available_counter ... ok
[INFO] [stdout] test client_conductor::tests::should_return_subscription_after_operation_success ... ok
[INFO] [stdout] test concurrent::atomic_buffer::tests::atomic_buffer_aligned_buffer_create ... ok
[INFO] [stdout] test concurrent::atomic_buffer::tests::atomic_buffer_can_be_created ... ok
[INFO] [stdout] test concurrent::atomic_buffer::tests::atomic_buffer_get_as_mut_slice ... ok
[INFO] [stdout] test concurrent::atomic_buffer::tests::atomic_buffer_get_as_slice ... ok
[INFO] [stdout] test concurrent::atomic_buffer::tests::atomic_buffer_get_sub_slice ... ok
[INFO] [stdout] test client_conductor::tests::should_send_publication_to_driver ... ok
[INFO] [stdout] test concurrent::atomic_buffer::tests::atomic_buffer_preserves_from_aligned ... ok
[INFO] [stdout] test concurrent::atomic_buffer::tests::atomic_buffer_put_and_get_string ... ok
[INFO] [stdout] test concurrent::atomic_buffer::tests::atomic_buffer_put_bytes ... ok
[INFO] [stdout] test concurrent::atomic_buffer::tests::atomic_buffer_put_bytes_with_write_trait ... ok
[INFO] [stdout] test concurrent::atomic_buffer::tests::atomic_buffer_write_read ... ok
[INFO] [stdout] test concurrent::broadcast::broadcast_receiver::tests::test_1 ... ok
[INFO] [stdout] test concurrent::broadcast::broadcast_transmitter::tests::should_calculate_capacity_for_buffer ... ok
[INFO] [stdout] test client_conductor::tests::should_return_null_for_unknown_subscription ... ok
[INFO] [stdout] test concurrent::broadcast::broadcast_transmitter::tests::should_throw_exception_when_max_message_length_exceeded ... ok
[INFO] [stdout] test client_conductor::tests::should_timeout_add_exclusive_publication_without_publication_ready ... ok
[INFO] [stdout] test client_conductor::tests::should_return_null_for_unknown_publication ... ok
[INFO] [stdout] test concurrent::broadcast::broadcast_transmitter::tests::should_transmit_into_empty_buffer ... ok
[INFO] [stdout] test concurrent::broadcast::broadcast_transmitter::tests::should_throw_exception_for_capacity_that_is_not_power_of_two ... ok
[INFO] [stdout] test concurrent::broadcast::broadcast_transmitter::tests::should_transmit_into_used_buffer ... ok
[INFO] [stdout] test concurrent::broadcast::broadcast_transmitter::tests::should_transmit_into_end_of_buffer ... ok
[INFO] [stdout] test concurrent::counters::tests::test_counters_check_overflow ... ok
[INFO] [stdout] test concurrent::counters::tests::test_counters_check_empty ... ok
[INFO] [stdout] test concurrent::counters::tests::test_counters_free_and_not_reuse_counters_that_have_cool_down ... ok
[INFO] [stdout] test concurrent::counters::tests::test_counters_free_and_reuse_counters ... ok
[INFO] [stdout] test concurrent::counters::tests::test_counters_check_alloc ... ok
[INFO] [stdout] test client_conductor::tests::should_return_null_for_unknown_exclusive_publication ... ok
[INFO] [stdout] test concurrent::broadcast::broadcast_transmitter::tests::should_throw_exception_when_message_type_id_invalid ... ok
[INFO] [stdout] test concurrent::counters::tests::test_counters_free_and_reuse_counters_after_cool_down ... ok
[INFO] [stdout] test concurrent::counters::tests::test_counters_recycle ... ok
[INFO] [stdout] test concurrent::counters::tests::test_counters_packed_struct_read_write ... ok
[INFO] [stdout] test concurrent::counters::tests::test_counters_store_meta_data ... ok
[INFO] [stdout] test concurrent::atomic_buffer::tests::atomic_buffer_get_sub_slice_out_of_bounds - should panic ... ok
[INFO] [stdout] test concurrent::counters::tests::test_counters_store_and_load_value ... ok
[INFO] [stdout] test concurrent::counters::tests::test_counters_map_position ... ok
[INFO] [stdout] test concurrent::logbuffer::term_appender::tests::test_term_appender_append_frame_to_empty_log ... ok
[INFO] [stdout] test concurrent::logbuffer::term_appender::tests::test_term_appender_buf_capacity ... ok
[INFO] [stdout] test concurrent::logbuffer::term_appender::tests::test_term_appender_claim_region_for_zero_copy_encoding ... ok
[INFO] [stdout] test concurrent::logbuffer::term_reader::tests::test_term_reader_not_read_last_message_when_padding ... ok
[INFO] [stdout] test concurrent::logbuffer::term_appender::tests::test_term_appender_append_frame_twice ... ok
[INFO] [stdout] test client_conductor::tests::should_return_same_find_subscription_after_operation_success ... ok
[INFO] [stdout] test concurrent::logbuffer::term_reader::tests::test_term_reader_read_first_message ... ok
[INFO] [stdout] test concurrent::logbuffer::term_appender::tests::test_term_appender_fragment_message ... ok
[INFO] [stdout] test concurrent::logbuffer::term_reader::tests::test_term_reader_read_last_message ... ok
[INFO] [stdout] test concurrent::logbuffer::term_reader::tests::test_term_reader_read_multiple_messages ... ok
[INFO] [stdout] test concurrent::logbuffer::term_reader::tests::test_term_reader_not_read_past_tail ... ok
[INFO] [stdout] test concurrent::logbuffer::term_appender::tests::test_term_appender_pad_log ... ok
[INFO] [stdout] test concurrent::logbuffer::term_reader::tests::test_term_reader_read_one_limited_message ... ok
[INFO] [stdout] test concurrent::logbuffer::term_scan::tests::test_scan_empty_buffer ... ok
[INFO] [stdout] test concurrent::logbuffer::term_scan::tests::test_scan_fail_to_scan_message_larger_than_max_length ... ok
[INFO] [stdout] test client_conductor::tests::should_send_add_exclusive_publication_to_driver ... ok
[INFO] [stdout] test concurrent::logbuffer::term_scan::tests::test_scan_fail_to_read_first_message_because_of_limit ... ok
[INFO] [stdout] test concurrent::logbuffer::term_scan::tests::test_scan_last_message_in_buffer_minus_padding_limited_by_mtu ... ok
[INFO] [stdout] test concurrent::logbuffer::term_scan::tests::test_scan_pack_padding_and_offset_into_resulting_status ... ok
[INFO] [stdout] test concurrent::logbuffer::term_scan::tests::test_scan_read_block_of_one_message_then_padding ... ok
[INFO] [stdout] test concurrent::logbuffer::term_scan::tests::test_scan_last_frame_in_buffer ... ok
[INFO] [stdout] test concurrent::logbuffer::term_scan::tests::test_scan_read_one_message_on_limit ... ok
[INFO] [stdout] test client_conductor::tests::should_timeout_add_counter_without_on_available_counter ... ok
[INFO] [stdout] test concurrent::logbuffer::term_scan::tests::test_scan_read_block_of_two_messages ... ok
[INFO] [stdout] test concurrent::logbuffer::term_scan::tests::test_scan_read_block_of_three_messages_that_fill_buffer ... ok
[INFO] [stdout] test concurrent::logbuffer::term_scan::tests::test_scan_report_single_gap_when_buffer_is_full ... ok
[INFO] [stdout] test concurrent::logbuffer::term_scan::tests::test_scan_last_message_in_buffer_plus_padding ... ok
[INFO] [stdout] test concurrent::logbuffer::term_scan::tests::test_scan_report_single_gap_when_buffer_not_full ... ok
[INFO] [stdout] test concurrent::ring_buffer::tests::ring_buffer_calculate_capacity_for_buffer ... ok
[INFO] [stdout] test concurrent::logbuffer::term_scan::tests::test_scan_read_block_of_two_messages_because_of_limit ... ok
[INFO] [stdout] test concurrent::logbuffer::term_scan::tests::test_scan_two_messages_and_stop_at_mtu_boundary ... ok
[INFO] [stdout] test concurrent::logbuffer::term_scan::tests::test_scan_read_first_message ... ok
[INFO] [stdout] test concurrent::ring_buffer::tests::ring_buffer_header_construction ... ok
[INFO] [stdout] test concurrent::logbuffer::term_scan::tests::test_scan_single_message ... ok
[INFO] [stdout] test concurrent::logbuffer::term_scan::tests::test_scan_two_messages_that_fit_in_single_mtu ... ok
[INFO] [stdout] test concurrent::ring_buffer::tests::ring_buffer_capacity_not_power_of_two ... ok
[INFO] [stdout] test concurrent::logbuffer::term_scan::tests::test_scan_report_no_gap_when_hwm_is_in_padding ... ok
[INFO] [stdout] test concurrent::logbuffer::term_scan::tests::test_scan_report_gap_at_beginning_of_buffer ... ok
[INFO] [stdout] test concurrent::logbuffer::term_scan::tests::test_scan_two_messages_and_stop_at_second_that_spans_mtu ... ok
[INFO] [stdout] test concurrent::ring_buffer::tests::ring_buffer_max_message_size_exceeded ... ok
[INFO] [stdout] test concurrent::ring_buffer::tests::ring_buffer_should_not_read_single_message_part_way_through_writing ... ok
[INFO] [stdout] test concurrent::ring_buffer::tests::ring_buffer_should_not_unblock_gap_with_message_race_on_second_message_increasing_tail_then_interrupting ... ok
[INFO] [stdout] test concurrent::ring_buffer::tests::ring_buffer_should_cope_with_exception_from_handler ... ok
[INFO] [stdout] test concurrent::ring_buffer::tests::ring_buffer_should_insert_padding_record_plus_message_on_buffer_wrap_with_head_equal_to_tail ... ok
[INFO] [stdout] test concurrent::ring_buffer::tests::ring_buffer_should_limit_read_of_messages ... ok
[INFO] [stdout] test concurrent::ring_buffer::tests::ring_buffer_should_insert_padding_record_plus_message_on_buffer_wrap ... ok
[INFO] [stdout] test concurrent::ring_buffer::tests::ring_buffer_should_read_single_message ... ok
[INFO] [stdout] test concurrent::ring_buffer::tests::ring_buffer_should_not_unblock_when_empty ... ok
[INFO] [stdout] test concurrent::ring_buffer::tests::ring_buffer_should_read_nothing_from_empty_buffer ... ok
[INFO] [stdout] test concurrent::ring_buffer::tests::ring_buffer_should_unblock_message_with_header ... ok
[INFO] [stdout] test concurrent::ring_buffer::tests::ring_buffer_should_reject_write_when_insufficient_space ... ok
[INFO] [stdout] test concurrent::status::status_indicator_reader::tests::test_id_not_allocated ... ok
[INFO] [stdout] test concurrent::ring_buffer::tests::ring_buffer_should_read_two_messages ... ok
[INFO] [stdout] test concurrent::ring_buffer::tests::ring_buffer_should_reject_write_when_buffer_full ... ok
[INFO] [stdout] test concurrent::ring_buffer::tests::ring_buffer_that_capacity_ok ... ok
[INFO] [stdout] test concurrent::ring_buffer::tests::ring_buffer_that_writes_to_empty ... ok
[INFO] [stdout] test concurrent::status::status_indicator_reader::tests::test ... ok
[INFO] [stdout] test concurrent::ring_buffer::tests::ring_buffer_should_unblock_gap_with_zeros ... ok
[INFO] [stdout] test client_conductor::tests::should_send_subscription_to_driver ... ok
[INFO] [stdout] test client_conductor::tests::should_timeout_add_publication_without_publication_ready ... ok
[INFO] [stdout] test client_conductor::tests::should_send_add_counter_to_driver ... ok
[INFO] [stdout] test client_conductor::tests::should_timeout_add_subscription_without_operation_success ... ok
[INFO] [stdout] test exclusive_publication::tests::should_report_initial_position ... ok
[INFO] [stdout] test exclusive_publication::tests::should_ensure_the_publication_is_open_before_offer ... ok
[INFO] [stdout] test exclusive_publication::tests::should_fail_to_offer_when_append_fails ... ok
[INFO] [stdout] test fragment_assembler::test::should_not_reassemble_if_end_first_fragment ... ok
[INFO] [stdout] test fragment_assembler::test::should_not_reassemble_if_missing_begin ... ok
[INFO] [stdout] test fragment_assembler::test::should_pass_through_unfragmented_message ... ok
[INFO] [stdout] test fragment_assembler::test::should_reassemble_from_three_fragments ... ok
[INFO] [stdout] test fragment_assembler::test::should_reassemble_from_two_fragments ... ok
[INFO] [stdout] test exclusive_publication::tests::should_report_that_publication_has_been_connected_yet ... ok
[INFO] [stdout] test image::tests::check_partition_count ... ok
[INFO] [stdout] test exclusive_publication::tests::should_report_correct_term_buffer_length ... ok
[INFO] [stdout] test exclusive_publication::tests::should_ensure_the_publication_is_open_before_claim ... ok
[INFO] [stdout] test exclusive_publication::tests::should_report_max_message_length ... ok
[INFO] [stdout] test image::tests::should_ensure_image_is_open_before_poll ... ok
[INFO] [stdout] test exclusive_publication::tests::should_ensure_the_publication_is_open_before_reading_position ... ok
[INFO] [stdout] test exclusive_publication::tests::should_fail_to_offer_a_message_when_limited ... ok
[INFO] [stdout] test exclusive_publication::tests::should_offer_a_message_upon_construction ... ok
[INFO] [stdout] test image::tests::should_ensure_image_is_open_before_reading_position ... ok
[INFO] [stdout] test exclusive_publication::tests::should_rotate_when_claim_trips ... ok
[INFO] [stdout] test image::tests::should_poll_fragments_to_bounded_controlled_fragment_handler_with_initial_offset_not_zero ... ok
[INFO] [stdout] test image::tests::should_not_poll_one_fragment_to_controlled_fragment_handler_on_abort ... ok
[INFO] [stdout] test image::tests::should_poll_fragments_to_bounded_controlled_fragment_handler_with_max_position_above_int_max_value ... ok
[INFO] [stdout] test exclusive_publication::tests::should_report_that_publication_has_not_been_connected_yet ... ok
[INFO] [stdout] test image::tests::should_poll_fragments_to_bounded_fragment_handler_with_max_position_above_int_max_value ... ok
[INFO] [stdout] test exclusive_publication::tests::should_rotate_when_append_trips ... ok
[INFO] [stdout] test image::tests::should_poll_fragments_to_bounded_fragment_handler_with_max_position_before_next_message ... ok
[INFO] [stdout] test image::tests::should_poll_no_fragments_to_bounded_fragment_handler_with_max_position_before_initial_position ... ok
[INFO] [stdout] test image::tests::should_poll_fragments_to_bounded_controlled_fragment_handler_with_max_position_before_next_message ... ok
[INFO] [stdout] test image::tests::should_poll_fragments_to_bounded_controlled_fragment_handler_with_max_position_after_end_of_term ... ok
[INFO] [stdout] test image::tests::should_poll_one_fragment_to_controlled_fragment_handler_on_continue ... ok
[INFO] [stdout] test image::tests::should_poll_fragments_to_bounded_fragment_handler_with_max_position_after_end_of_term ... ok
[INFO] [stdout] test concurrent::ring_buffer::tests::ring_buffer_should_exchange_messages ... ok
[INFO] [stdout] test image::tests::should_poll_fragments_to_bounded_fragment_handler_within_itial_offset_not_zero ... ok
[INFO] [stdout] test image::tests::should_poll_no_fragments_to_controlled_fragment_handler ... ok
[INFO] [stdout] test image::tests::should_poll_fragments_to_controlled_fragment_handler_on_continue ... ok
[INFO] [stdout] test image::tests::should_poll_no_fragments_to_bounded_controlled_fragment_handler_with_max_position_before_initial_position ... ok
[INFO] [stdout] test image::tests::should_report_correct_term_buffer_length ... ok
[INFO] [stdout] test image::tests::should_poll_one_fragment_to_controlled_fragment_handler_on_break ... ok
[INFO] [stdout] test image::tests::should_report_correct_position_on_reception ... ok
[INFO] [stdout] test image::tests::should_poll_fragments_to_controlled_fragment_handler_on_commit ... ok
[INFO] [stdout] test image::tests::should_report_correct_initial_term_id ... ok
[INFO] [stdout] test image::tests::should_report_correct_position_on_reception_with_non_zero_position_in_noninitial_term_id ... ok
[INFO] [stdout] test image::tests::should_report_correct_position_on_reception_with_non_zero_position_initial_term_id ... ok
[INFO] [stdout] test publication::tests::should_report_correct_term_buffer_length ... ok
[INFO] [stdout] test publication::tests::should_fail_to_offer_when_append_fails ... ok
[INFO] [stdout] test utils::bit_utils::tests::test_next_power_of_two ... ok
[INFO] [stdout] test utils::bit_utils::tests::test_number_of_trailing_zeroes ... ok
[INFO] [stdout] test utils::memory_mapped_file::tests::test_creating_file ... FAILED
[INFO] [stdout] test utils::memory_mapped_file::tests::test_file_size ... ok
[INFO] [stdout] test utils::memory_mapped_file::tests::test_read_write ... ok
[INFO] [stdout] test utils::types::tests::offset_simple ... ok
[INFO] [stdout] test publication::tests::should_ensure_the_publication_is_open_before_offer ... ok
[INFO] [stdout] test publication::tests::should_ensure_the_publication_is_open_before_claim ... ok
[INFO] [stdout] test publication::tests::should_offer_a_message_upon_construction ... ok
[INFO] [stdout] test publication::tests::should_rotate_when_append_trips ... ok
[INFO] [stdout] test publication::tests::should_report_initial_position ... ok
[INFO] [stdout] test publication::tests::should_report_that_publication_has_been_connected_yet ... ok
[INFO] [stdout] test publication::tests::should_fail_to_offer_a_message_when_limited ... ok
[INFO] [stdout] test publication::tests::should_ensure_the_publication_is_open_before_reading_position ... ok
[INFO] [stdout] test publication::tests::should_report_max_message_length ... ok
[INFO] [stdout] test publication::tests::should_report_that_publication_has_not_been_connected_yet ... ok
[INFO] [stdout] test publication::tests::should_rotate_when_claim_trips ... ok
[INFO] [stdout] test concurrent::ring_buffer::tests::ring_buffer_should_provide_correlation_ids ... ok
[INFO] [stdout] test client_conductor::tests::should_close_subscription_on_inter_service_timeout - should panic ... ok
[INFO] [stdout] test client_conductor::tests::should_close_all_publications_and_subscriptions_on_inter_service_timeout - should panic ... ok
[INFO] [stdout] test client_conductor::tests::should_remove_image_on_inter_service_timeout - should panic ... ok
[INFO] [stdout] 
[INFO] [stdout] failures:
[INFO] [stdout] 
[INFO] [stdout] ---- utils::memory_mapped_file::tests::test_creating_file stdout ----
[INFO] [stdout] thread 'utils::memory_mapped_file::tests::test_creating_file' panicked at src/utils/memory_mapped_file.rs:156:69:
[INFO] [stdout] called `Result::unwrap()` on an `Err` value: MemMappedFileError(Os { code: 30, kind: ReadOnlyFilesystem, message: "Read-only file system" })
[INFO] [stdout] stack backtrace:
[INFO] [stdout]    0:     0x55c9955f0bca - std::backtrace_rs::backtrace::libunwind::trace::h8810477743020387
[INFO] [stdout]                                at /rustc/202008a1b8de96d2e5b6bc02d379db03a877d34d/library/std/src/../../backtrace/src/backtrace/libunwind.rs:116:5
[INFO] [stdout]    1:     0x55c9955f0bca - std::backtrace_rs::backtrace::trace_unsynchronized::h3aa55355dd6c54a6
[INFO] [stdout]                                at /rustc/202008a1b8de96d2e5b6bc02d379db03a877d34d/library/std/src/../../backtrace/src/backtrace/mod.rs:66:5
[INFO] [stdout]    2:     0x55c9955f0bca - std::sys::backtrace::_print_fmt::h8588b0f62410823f
[INFO] [stdout]                                at /rustc/202008a1b8de96d2e5b6bc02d379db03a877d34d/library/std/src/sys/backtrace.rs:66:9
[INFO] [stdout]    3:     0x55c9955f0bca - <std::sys::backtrace::BacktraceLock::print::DisplayBacktrace as core::fmt::Display>::fmt::h98c26ac25ffe89bb
[INFO] [stdout]                                at /rustc/202008a1b8de96d2e5b6bc02d379db03a877d34d/library/std/src/sys/backtrace.rs:39:26
[INFO] [stdout]    4:     0x55c995617d33 - core::fmt::rt::Argument::fmt::hf95377f4aebd453b
[INFO] [stdout]                                at /rustc/202008a1b8de96d2e5b6bc02d379db03a877d34d/library/core/src/fmt/rt.rs:177:76
[INFO] [stdout]    5:     0x55c995617d33 - core::fmt::write::h0dd5f6e2238c7982
[INFO] [stdout]                                at /rustc/202008a1b8de96d2e5b6bc02d379db03a877d34d/library/core/src/fmt/mod.rs:1189:21
[INFO] [stdout]    6:     0x55c9955edba3 - std::io::Write::write_fmt::h03bb0ca26e6faf8c
[INFO] [stdout]                                at /rustc/202008a1b8de96d2e5b6bc02d379db03a877d34d/library/std/src/io/mod.rs:1884:15
[INFO] [stdout]    7:     0x55c9955f0a12 - std::sys::backtrace::BacktraceLock::print::h5c19c1c038ee186d
[INFO] [stdout]                                at /rustc/202008a1b8de96d2e5b6bc02d379db03a877d34d/library/std/src/sys/backtrace.rs:42:9
[INFO] [stdout]    8:     0x55c9955f204d - std::panicking::default_hook::{{closure}}::h77172f079a1fcb13
[INFO] [stdout]                                at /rustc/202008a1b8de96d2e5b6bc02d379db03a877d34d/library/std/src/panicking.rs:268:22
[INFO] [stdout]    9:     0x55c9955f1e57 - std::panicking::default_hook::he5f8e3b203ccddba
[INFO] [stdout]                                at /rustc/202008a1b8de96d2e5b6bc02d379db03a877d34d/library/std/src/panicking.rs:292:9
[INFO] [stdout]   10:     0x55c99559bba7 - <alloc::boxed::Box<F,A> as core::ops::function::Fn<Args>>::call::h7a3c7b4a1ae77f2f
[INFO] [stdout]                                at /rustc/202008a1b8de96d2e5b6bc02d379db03a877d34d/library/alloc/src/boxed.rs:1986:9
[INFO] [stdout]   11:     0x55c99559bba7 - test::test_main::{{closure}}::hf0d3b69ae9b353d1
[INFO] [stdout]                                at /rustc/202008a1b8de96d2e5b6bc02d379db03a877d34d/library/test/src/lib.rs:134:21
[INFO] [stdout]   12:     0x55c9955f26f8 - <alloc::boxed::Box<F,A> as core::ops::function::Fn<Args>>::call::h6332e82e7b189abd
[INFO] [stdout]                                at /rustc/202008a1b8de96d2e5b6bc02d379db03a877d34d/library/alloc/src/boxed.rs:1986:9
[INFO] [stdout]   13:     0x55c9955f26f8 - std::panicking::rust_panic_with_hook::h53863d4e9018df39
[INFO] [stdout]                                at /rustc/202008a1b8de96d2e5b6bc02d379db03a877d34d/library/std/src/panicking.rs:809:13
[INFO] [stdout]   14:     0x55c9955f24ba - std::panicking::begin_panic_handler::{{closure}}::h67280e6fa0757873
[INFO] [stdout]                                at /rustc/202008a1b8de96d2e5b6bc02d379db03a877d34d/library/std/src/panicking.rs:674:13
[INFO] [stdout]   15:     0x55c9955f10a9 - std::sys::backtrace::__rust_end_short_backtrace::h1dac3f54d6fbbeb2
[INFO] [stdout]                                at /rustc/202008a1b8de96d2e5b6bc02d379db03a877d34d/library/std/src/sys/backtrace.rs:170:18
[INFO] [stdout]   16:     0x55c9955f214c - rust_begin_unwind
[INFO] [stdout]                                at /rustc/202008a1b8de96d2e5b6bc02d379db03a877d34d/library/std/src/panicking.rs:665:5
[INFO] [stdout]   17:     0x55c995415b60 - core::panicking::panic_fmt::h6792bd1b2bf01041
[INFO] [stdout]                                at /rustc/202008a1b8de96d2e5b6bc02d379db03a877d34d/library/core/src/panicking.rs:76:14
[INFO] [stdout]   18:     0x55c995415fe6 - core::result::unwrap_failed::h05e0602ed34287c5
[INFO] [stdout]                                at /rustc/202008a1b8de96d2e5b6bc02d379db03a877d34d/library/core/src/result.rs:1699:5
[INFO] [stdout]   19:     0x55c99549524d - core::result::Result<T,E>::unwrap::h449d422f35fabadb
[INFO] [stdout]                                at /rustc/202008a1b8de96d2e5b6bc02d379db03a877d34d/library/core/src/result.rs:1104:23
[INFO] [stdout]   20:     0x55c99549524d - aeron::utils::memory_mapped_file::tests::test_creating_file::h8e7e204907a87bfa
[INFO] [stdout]                                at /opt/rustwide/workdir/src/utils/memory_mapped_file.rs:156:9
[INFO] [stdout]   21:     0x55c995495197 - aeron::utils::memory_mapped_file::tests::test_creating_file::{{closure}}::hf7d3e32d06ee1f98
[INFO] [stdout]                                at /opt/rustwide/workdir/src/utils/memory_mapped_file.rs:155:28
[INFO] [stdout]   22:     0x55c9954d5a66 - core::ops::function::FnOnce::call_once::hb052b6470c1b0e0a
[INFO] [stdout]                                at /rustc/202008a1b8de96d2e5b6bc02d379db03a877d34d/library/core/src/ops/function.rs:250:5
[INFO] [stdout]   23:     0x55c9955a06cb - core::ops::function::FnOnce::call_once::h871bf86719ec9aa4
[INFO] [stdout]                                at /rustc/202008a1b8de96d2e5b6bc02d379db03a877d34d/library/core/src/ops/function.rs:250:5
[INFO] [stdout]   24:     0x55c9955a06cb - test::__rust_begin_short_backtrace::h2167df1e2b7d76fd
[INFO] [stdout]                                at /rustc/202008a1b8de96d2e5b6bc02d379db03a877d34d/library/test/src/lib.rs:632:18
[INFO] [stdout]   25:     0x55c9955a00b8 - test::run_test_in_process::{{closure}}::h15d92f75a3adfb79
[INFO] [stdout]                                at /rustc/202008a1b8de96d2e5b6bc02d379db03a877d34d/library/test/src/lib.rs:655:60
[INFO] [stdout]   26:     0x55c9955a00b8 - <core::panic::unwind_safe::AssertUnwindSafe<F> as core::ops::function::FnOnce<()>>::call_once::hb6c8955835a8dbbb
[INFO] [stdout]                                at /rustc/202008a1b8de96d2e5b6bc02d379db03a877d34d/library/core/src/panic/unwind_safe.rs:272:9
[INFO] [stdout]   27:     0x55c9955a00b8 - std::panicking::try::do_call::hc79d0fc888a0bd30
[INFO] [stdout]                                at /rustc/202008a1b8de96d2e5b6bc02d379db03a877d34d/library/std/src/panicking.rs:557:40
[INFO] [stdout]   28:     0x55c9955a00b8 - std::panicking::try::hb8a7878e3a8589d6
[INFO] [stdout]                                at /rustc/202008a1b8de96d2e5b6bc02d379db03a877d34d/library/std/src/panicking.rs:520:19
[INFO] [stdout]   29:     0x55c9955a00b8 - std::panic::catch_unwind::hb8e4600ff0ff5cfa
[INFO] [stdout]                                at /rustc/202008a1b8de96d2e5b6bc02d379db03a877d34d/library/std/src/panic.rs:358:14
[INFO] [stdout]   30:     0x55c9955a00b8 - test::run_test_in_process::hc2900b0b18688dd6
[INFO] [stdout]                                at /rustc/202008a1b8de96d2e5b6bc02d379db03a877d34d/library/test/src/lib.rs:655:27
[INFO] [stdout]   31:     0x55c9955a00b8 - test::run_test::{{closure}}::hac2a9cb07be3d48d
[INFO] [stdout]                                at /rustc/202008a1b8de96d2e5b6bc02d379db03a877d34d/library/test/src/lib.rs:576:43
[INFO] [stdout]   32:     0x55c995563b5a - test::run_test::{{closure}}::h4a5b729e66a38cd8
[INFO] [stdout]                                at /rustc/202008a1b8de96d2e5b6bc02d379db03a877d34d/library/test/src/lib.rs:606:41
[INFO] [stdout]   33:     0x55c995563b5a - std::sys::backtrace::__rust_begin_short_backtrace::h0496fb742492f573
[INFO] [stdout]                                at /rustc/202008a1b8de96d2e5b6bc02d379db03a877d34d/library/std/src/sys/backtrace.rs:154:18
[INFO] [stdout]   34:     0x55c9955674d4 - std::thread::Builder::spawn_unchecked_::{{closure}}::{{closure}}::hbb6d257c550a54bd
[INFO] [stdout]                                at /rustc/202008a1b8de96d2e5b6bc02d379db03a877d34d/library/std/src/thread/mod.rs:561:17
[INFO] [stdout]   35:     0x55c9955674d4 - <core::panic::unwind_safe::AssertUnwindSafe<F> as core::ops::function::FnOnce<()>>::call_once::h46696fe4a6832328
[INFO] [stdout]                                at /rustc/202008a1b8de96d2e5b6bc02d379db03a877d34d/library/core/src/panic/unwind_safe.rs:272:9
[INFO] [stdout]   36:     0x55c9955674d4 - std::panicking::try::do_call::h2625a51b667bfb64
[INFO] [stdout]                                at /rustc/202008a1b8de96d2e5b6bc02d379db03a877d34d/library/std/src/panicking.rs:557:40
[INFO] [stdout]   37:     0x55c9955674d4 - std::panicking::try::hb956a59a1973aa4c
[INFO] [stdout]                                at /rustc/202008a1b8de96d2e5b6bc02d379db03a877d34d/library/std/src/panicking.rs:520:19
[INFO] [stdout]   38:     0x55c9955674d4 - std::panic::catch_unwind::h64f3b9d1067ef6a0
[INFO] [stdout]                                at /rustc/202008a1b8de96d2e5b6bc02d379db03a877d34d/library/std/src/panic.rs:358:14
[INFO] [stdout]   39:     0x55c9955674d4 - std::thread::Builder::spawn_unchecked_::{{closure}}::h42b2841295b6c0b2
[INFO] [stdout]                                at /rustc/202008a1b8de96d2e5b6bc02d379db03a877d34d/library/std/src/thread/mod.rs:559:30
[INFO] [stdout]   40:     0x55c9955674d4 - core::ops::function::FnOnce::call_once{{vtable.shim}}::h6127de71b8124639
[INFO] [stdout]                                at /rustc/202008a1b8de96d2e5b6bc02d379db03a877d34d/library/core/src/ops/function.rs:250:5
[INFO] [stdout]   41:     0x55c9955f704b - <alloc::boxed::Box<F,A> as core::ops::function::FnOnce<Args>>::call_once::h42f0ba71002a1b2c
[INFO] [stdout]                                at /rustc/202008a1b8de96d2e5b6bc02d379db03a877d34d/library/alloc/src/boxed.rs:1972:9
[INFO] [stdout]   42:     0x55c9955f704b - <alloc::boxed::Box<F,A> as core::ops::function::FnOnce<Args>>::call_once::had9e47d7a3dcecb8
[INFO] [stdout]                                at /rustc/202008a1b8de96d2e5b6bc02d379db03a877d34d/library/alloc/src/boxed.rs:1972:9
[INFO] [stdout]   43:     0x55c9955f704b - std::sys::pal::unix::thread::Thread::new::thread_start::h48cf765408f6f5f2
[INFO] [stdout]                                at /rustc/202008a1b8de96d2e5b6bc02d379db03a877d34d/library/std/src/sys/pal/unix/thread.rs:105:17
[INFO] [stdout]   44:     0x70b3e3573ac3 - <unknown>
[INFO] [stdout]   45:     0x70b3e3604a04 - clone
[INFO] [stdout]   46:                0x0 - <unknown>
[INFO] [stdout] 
[INFO] [stdout] 
[INFO] [stdout] failures:
[INFO] [stdout]     utils::memory_mapped_file::tests::test_creating_file
[INFO] [stdout] 
[INFO] [stdout] test result: FAILED. 226 passed; 1 failed; 0 ignored; 0 measured; 0 filtered out; finished in 5.66s
[INFO] [stdout] 
[INFO] [stderr] error: test failed, to rerun pass `--lib`
[INFO] running `Command { std: "docker" "inspect" "a6c73dd986b95f6c953770fe97ddb4f650b28454c1ce884e358cbf798fe342b4", kill_on_drop: false }`
[INFO] running `Command { std: "docker" "rm" "-f" "a6c73dd986b95f6c953770fe97ddb4f650b28454c1ce884e358cbf798fe342b4", kill_on_drop: false }`
[INFO] [stdout] a6c73dd986b95f6c953770fe97ddb4f650b28454c1ce884e358cbf798fe342b4
